Aug 02 18:52:01.591088 np0000006314 devstack@neutron-api.service[90753]: DEBUG neutron.api.extensions [None req-93b20172-81e7-4d99-a9fa-1085042b4e53 None None] Ext name="L2 Adjacency" alias="l2_adjacency" description="Display L2 Adjacency for Neutron Networks." updated="2016-04-12T16:00:00-00:00" {{(pid=90753) _check_extension /opt/stack/neutron/neutron/api/extensions.py:415}}
Aug 02 18:52:01.591281 np0000006314 devstack@neutron-api.service[90753]: INFO neutron.api.extensions [None req-93b20172-81e7-4d99-a9fa-1085042b4e53 None None] Extension l2_adjacency not supported by any of loaded plugins
Aug 02 18:52:01.591408 np0000006314 devstack@neutron-api.service[90753]: DEBUG neutron.api.extensions [None req-93b20172-81e7-4d99-a9fa-1085042b4e53 None None] Loading extension file: l3.py {{(pid=90753) _load_all_extensions_from_path /opt/stack/neutron/neutron/api/extensions.py:449}}
Aug 02 18:52:01.591467 np0000006314 devstack@neutron-api.service[90751]: DEBUG neutron.plugins.ml2.plugin [None req-8d86cd38-1324-4657-95e5-6f1ef9d091c0 None None] neutron.plugins.ml2.plugin.Ml2Plugin method _start_rpc_notifiers called with arguments () {} {{(pid=90751) wrapper /opt/stack/data/venv/lib/python3.12/site-packages/oslo_log/helpers.py:77}}
Aug 02 18:52:01.591876 np0000006314 devstack@neutron-api.service[90751]: DEBUG neutron_lib.callbacks.manager [None req-8d86cd38-1324-4657-95e5-6f1ef9d091c0 None None] Subscribe: > port after_create 55550000, False {{(pid=90751) subscribe /opt/stack/data/venv/lib/python3.12/site-packages/neutron_lib/callbacks/manager.py:52}}
Aug 02 18:52:01.592045 np0000006314 devstack@neutron-api.service[90751]: DEBUG neutron_lib.callbacks.manager [None req-8d86cd38-1324-4657-95e5-6f1ef9d091c0 None None] Subscribe: > port after_update 55550000, False {{(pid=90751) subscribe /opt/stack/data/venv/lib/python3.12/site-packages/neutron_lib/callbacks/manager.py:52}}
Aug 02 18:52:01.592086 np0000006314 devstack@neutron-api.service[90753]: DEBUG neutron.api.extensions [None req-93b20172-81e7-4d99-a9fa-1085042b4e53 None None] Ext name="Neutron L3 Router" alias="router" description="Router abstraction for basic L3 forwarding between L2 Neutron networks and access to external networks via a NAT gateway." updated="2012-07-20T10:00:00-00:00" {{(pid=90753) _check_extension /opt/stack/neutron/neutron/api/extensions.py:415}}
Aug 02 18:52:01.592187 np0000006314 devstack@neutron-api.service[90751]: DEBUG neutron_lib.callbacks.manager [None req-8d86cd38-1324-4657-95e5-6f1ef9d091c0 None None] Subscribe: > port after_delete 55550000, False {{(pid=90751) subscribe /opt/stack/data/venv/lib/python3.12/site-packages/neutron_lib/callbacks/manager.py:52}}
Aug 02 18:52:01.592220 np0000006314 devstack@neutron-api.service[90753]: INFO neutron.api.extensions [None req-93b20172-81e7-4d99-a9fa-1085042b4e53 None None] Loaded extension: router
Aug 02 18:52:01.592335 np0000006314 devstack@neutron-api.service[90751]: DEBUG neutron_lib.callbacks.manager [None req-8d86cd38-1324-4657-95e5-6f1ef9d091c0 None None] Subscribe: > subnet after_create 55550000, False {{(pid=90751) subscribe /opt/stack/data/venv/lib/python3.12/site-packages/neutron_lib/callbacks/manager.py:52}}
Aug 02 18:52:01.592369 np0000006314 devstack@neutron-api.service[90753]: DEBUG neutron.api.extensions [None req-93b20172-81e7-4d99-a9fa-1085042b4e53 None None] Loading extension file: l3_agent_scheduler_ha_chassis_priority.py {{(pid=90753) _load_all_extensions_from_path /opt/stack/neutron/neutron/api/extensions.py:449}}
Aug 02 18:52:01.592961 np0000006314 devstack@neutron-api.service[90751]: DEBUG neutron_lib.callbacks.manager [None req-8d86cd38-1324-4657-95e5-6f1ef9d091c0 None None] Subscribe: > subnet after_update 55550000, False {{(pid=90751) subscribe /opt/stack/data/venv/lib/python3.12/site-packages/neutron_lib/callbacks/manager.py:52}}
Aug 02 18:52:01.593016 np0000006314 devstack@neutron-api.service[90753]: DEBUG neutron.api.extensions [None req-93b20172-81e7-4d99-a9fa-1085042b4e53 None None] Ext name="L3 Agent Scheduler HA Chassis Priority" alias="l3-agent-scheduler-ha-chassis-priority" description="Exposes the HA_Chassis priority in the L3 Agent Scheduler API responses and allows setting priority when scheduling a router to a chassis." updated="2026-03-31T00:00:00-00:00" {{(pid=90753) _check_extension /opt/stack/neutron/neutron/api/extensions.py:415}}
Aug 02 18:52:01.593046 np0000006314 devstack@neutron-api.service[90751]: DEBUG neutron_lib.callbacks.manager [None req-8d86cd38-1324-4657-95e5-6f1ef9d091c0 None None] Subscribe: > subnet after_delete 55550000, False {{(pid=90751) subscribe /opt/stack/data/venv/lib/python3.12/site-packages/neutron_lib/callbacks/manager.py:52}}
Aug 02 18:52:01.593046 np0000006314 devstack@neutron-api.service[90751]: DEBUG neutron_lib.callbacks.manager [None req-8d86cd38-1324-4657-95e5-6f1ef9d091c0 None None] Subscribe: > network after_create 55550000, False {{(pid=90751) subscribe /opt/stack/data/venv/lib/python3.12/site-packages/neutron_lib/callbacks/manager.py:52}}
Aug 02 18:52:01.593090 np0000006314 devstack@neutron-api.service[90753]: INFO neutron.api.extensions [None req-93b20172-81e7-4d99-a9fa-1085042b4e53 None None] Loaded extension: l3-agent-scheduler-ha-chassis-priority
Aug 02 18:52:01.593090 np0000006314 devstack@neutron-api.service[90753]: DEBUG neutron.api.extensions [None req-93b20172-81e7-4d99-a9fa-1085042b4e53 None None] Loading extension file: l3_conntrack_helper.py {{(pid=90753) _load_all_extensions_from_path /opt/stack/neutron/neutron/api/extensions.py:449}}
Aug 02 18:52:01.593136 np0000006314 devstack@neutron-api.service[90751]: DEBUG neutron_lib.callbacks.manager [None req-8d86cd38-1324-4657-95e5-6f1ef9d091c0 None None] Subscribe: > network after_update 55550000, False {{(pid=90751) subscribe /opt/stack/data/venv/lib/python3.12/site-packages/neutron_lib/callbacks/manager.py:52}}
Aug 02 18:52:01.593136 np0000006314 devstack@neutron-api.service[90751]: DEBUG neutron_lib.callbacks.manager [None req-8d86cd38-1324-4657-95e5-6f1ef9d091c0 None None] Subscribe: > network after_delete 55550000, False {{(pid=90751) subscribe /opt/stack/data/venv/lib/python3.12/site-packages/neutron_lib/callbacks/manager.py:52}}
Aug 02 18:52:01.593185 np0000006314 devstack@neutron-api.service[90751]: DEBUG neutron_lib.callbacks.manager [None req-8d86cd38-1324-4657-95e5-6f1ef9d091c0 None None] Subscribe: > security_group after_create 55550000, False {{(pid=90751) subscribe /opt/stack/data/venv/lib/python3.12/site-packages/neutron_lib/callbacks/manager.py:52}}
Aug 02 18:52:01.593283 np0000006314 devstack@neutron-api.service[90751]: DEBUG neutron_lib.callbacks.manager [None req-8d86cd38-1324-4657-95e5-6f1ef9d091c0 None None] Subscribe: > security_group after_update 55550000, False {{(pid=90751) subscribe /opt/stack/data/venv/lib/python3.12/site-packages/neutron_lib/callbacks/manager.py:52}}
Aug 02 18:52:01.593383 np0000006314 devstack@neutron-api.service[90751]: DEBUG neutron_lib.callbacks.manager [None req-8d86cd38-1324-4657-95e5-6f1ef9d091c0 None None] Subscribe: > security_group after_delete 55550000, False {{(pid=90751) subscribe /opt/stack/data/venv/lib/python3.12/site-packages/neutron_lib/callbacks/manager.py:52}}
Aug 02 18:52:01.593496 np0000006314 devstack@neutron-api.service[90751]: DEBUG neutron_lib.callbacks.manager [None req-8d86cd38-1324-4657-95e5-6f1ef9d091c0 None None] Subscribe: > security_group_rule after_create 55550000, False {{(pid=90751) subscribe /opt/stack/data/venv/lib/python3.12/site-packages/neutron_lib/callbacks/manager.py:52}}
Aug 02 18:52:01.593636 np0000006314 devstack@neutron-api.service[90751]: DEBUG neutron_lib.callbacks.manager [None req-8d86cd38-1324-4657-95e5-6f1ef9d091c0 None None] Subscribe: > security_group_rule after_update 55550000, False {{(pid=90751) subscribe /opt/stack/data/venv/lib/python3.12/site-packages/neutron_lib/callbacks/manager.py:52}}
Aug 02 18:52:01.593704 np0000006314 devstack@neutron-api.service[90753]: DEBUG neutron.api.extensions [None req-93b20172-81e7-4d99-a9fa-1085042b4e53 None None] Ext name="L3 Conntrack helper" alias="l3-conntrack-helper" description="Allow adding CT target rules for conntrack helper" updated="2019-04-04T10:00:00-00:00" {{(pid=90753) _check_extension /opt/stack/neutron/neutron/api/extensions.py:415}}
Aug 02 18:52:01.593806 np0000006314 devstack@neutron-api.service[90751]: DEBUG neutron_lib.callbacks.manager [None req-8d86cd38-1324-4657-95e5-6f1ef9d091c0 None None] Subscribe: > security_group_rule after_delete 55550000, False {{(pid=90751) subscribe /opt/stack/data/venv/lib/python3.12/site-packages/neutron_lib/callbacks/manager.py:52}}
Aug 02 18:52:01.593897 np0000006314 devstack@neutron-api.service[90753]: INFO neutron.api.extensions [None req-93b20172-81e7-4d99-a9fa-1085042b4e53 None None] Extension l3-conntrack-helper not supported by any of loaded plugins
Aug 02 18:52:01.593949 np0000006314 devstack@neutron-api.service[90751]: DEBUG neutron_lib.callbacks.manager [None req-8d86cd38-1324-4657-95e5-6f1ef9d091c0 None None] Subscribe: > address_group after_create 55550000, False {{(pid=90751) subscribe /opt/stack/data/venv/lib/python3.12/site-packages/neutron_lib/callbacks/manager.py:52}}
Aug 02 18:52:01.594008 np0000006314 devstack@neutron-api.service[90753]: DEBUG neutron.api.extensions [None req-93b20172-81e7-4d99-a9fa-1085042b4e53 None None] Loading extension file: l3_enable_default_route_bfd.py {{(pid=90753) _load_all_extensions_from_path /opt/stack/neutron/neutron/api/extensions.py:449}}
Aug 02 18:52:01.594102 np0000006314 devstack@neutron-api.service[90751]: DEBUG neutron_lib.callbacks.manager [None req-8d86cd38-1324-4657-95e5-6f1ef9d091c0 None None] Subscribe: > address_group after_update 55550000, False {{(pid=90751) subscribe /opt/stack/data/venv/lib/python3.12/site-packages/neutron_lib/callbacks/manager.py:52}}
Aug 02 18:52:01.594255 np0000006314 devstack@neutron-api.service[90751]: DEBUG neutron_lib.callbacks.manager [None req-8d86cd38-1324-4657-95e5-6f1ef9d091c0 None None] Subscribe: > address_group after_delete 55550000, False {{(pid=90751) subscribe /opt/stack/data/venv/lib/python3.12/site-packages/neutron_lib/callbacks/manager.py:52}}
Aug 02 18:52:01.594595 np0000006314 devstack@neutron-api.service[90753]: DEBUG neutron.api.extensions [None req-93b20172-81e7-4d99-a9fa-1085042b4e53 None None] Ext name="Enable Default Route BFD" alias="enable-default-route-bfd" description="Enables configurable BFD behavior for default routes" updated="2023-02-27T00:00:00-00:00" {{(pid=90753) _check_extension /opt/stack/neutron/neutron/api/extensions.py:415}}
Aug 02 18:52:01.594737 np0000006314 devstack@neutron-api.service[90751]: DEBUG neutron.plugins.ml2.ovo_rpc [None req-8d86cd38-1324-4657-95e5-6f1ef9d091c0 None None] ML2 OVO RPC backend initialized. {{(pid=90751) __init__ /opt/stack/neutron/neutron/plugins/ml2/ovo_rpc.py:117}}
Aug 02 18:52:01.594809 np0000006314 devstack@neutron-api.service[90753]: INFO neutron.api.extensions [None req-93b20172-81e7-4d99-a9fa-1085042b4e53 None None] Loaded extension: enable-default-route-bfd
Aug 02 18:52:01.594809 np0000006314 devstack@neutron-api.service[90753]: DEBUG neutron.api.extensions [None req-93b20172-81e7-4d99-a9fa-1085042b4e53 None None] Loading extension file: l3_enable_default_route_ecmp.py {{(pid=90753) _load_all_extensions_from_path /opt/stack/neutron/neutron/api/extensions.py:449}}
Aug 02 18:52:01.594978 np0000006314 devstack@neutron-api.service[90753]: DEBUG neutron.api.extensions [None req-93b20172-81e7-4d99-a9fa-1085042b4e53 None None] Ext name="Enable Default Route ECMP" alias="enable-default-route-ecmp" description="Enables configurable ECMP behavior for default routes" updated="2023-02-27T00:00:00-00:00" {{(pid=90753) _check_extension /opt/stack/neutron/neutron/api/extensions.py:415}}
Aug 02 18:52:01.595201 np0000006314 devstack@neutron-api.service[90753]: INFO neutron.api.extensions [None req-93b20172-81e7-4d99-a9fa-1085042b4e53 None None] Loaded extension: enable-default-route-ecmp
Aug 02 18:52:01.595329 np0000006314 devstack@neutron-api.service[90753]: DEBUG neutron.api.extensions [None req-93b20172-81e7-4d99-a9fa-1085042b4e53 None None] Loading extension file: l3_ext_gw_mode.py {{(pid=90753) _load_all_extensions_from_path /opt/stack/neutron/neutron/api/extensions.py:449}}
Aug 02 18:52:01.595652 np0000006314 devstack@neutron-api.service[90751]: INFO neutron.quota [None req-8d86cd38-1324-4657-95e5-6f1ef9d091c0 None None] Loaded quota_driver: .
Aug 02 18:52:01.595681 np0000006314 devstack@neutron-api.service[90753]: DEBUG neutron.api.extensions [None req-93b20172-81e7-4d99-a9fa-1085042b4e53 None None] Ext name="Neutron L3 Configurable external gateway mode" alias="ext-gw-mode" description="Extension of the router abstraction for specifying whether SNAT should occur on the external gateway" updated="2013-03-28T10:00:00-00:00" {{(pid=90753) _check_extension /opt/stack/neutron/neutron/api/extensions.py:415}}
Aug 02 18:52:01.595817 np0000006314 devstack@neutron-api.service[90751]: INFO neutron.plugins.ml2.plugin [None req-8d86cd38-1324-4657-95e5-6f1ef9d091c0 None None] Modular L2 Plugin initialization complete
Aug 02 18:52:01.595871 np0000006314 devstack@neutron-api.service[90753]: INFO neutron.api.extensions [None req-93b20172-81e7-4d99-a9fa-1085042b4e53 None None] Loaded extension: ext-gw-mode
Aug 02 18:52:01.596096 np0000006314 devstack@neutron-api.service[90751]: DEBUG neutron.manager [None req-8d86cd38-1324-4657-95e5-6f1ef9d091c0 None None] Loading services supported by the core plugin {{(pid=90751) _load_services_from_core_plugin /opt/stack/neutron/neutron/manager.py:167}}
Aug 02 18:52:01.596182 np0000006314 devstack@neutron-api.service[90753]: DEBUG neutron.api.extensions [None req-93b20172-81e7-4d99-a9fa-1085042b4e53 None None] Loading extension file: l3_ext_ha_mode.py {{(pid=90753) _load_all_extensions_from_path /opt/stack/neutron/neutron/api/extensions.py:449}}
Aug 02 18:52:01.596229 np0000006314 devstack@neutron-api.service[90751]: INFO neutron.plugins.ml2.managers [None req-8d86cd38-1324-4657-95e5-6f1ef9d091c0 None None] Got port-security extension from driver 'port_security'
Aug 02 18:52:01.596300 np0000006314 devstack@neutron-api.service[90753]: DEBUG neutron.api.extensions [None req-93b20172-81e7-4d99-a9fa-1085042b4e53 None None] Ext name="HA Router extension" alias="l3-ha" description="Adds HA capability to routers." updated="2014-04-26T00:00:00-00:00" {{(pid=90753) _check_extension /opt/stack/neutron/neutron/api/extensions.py:415}}
Aug 02 18:52:01.596481 np0000006314 devstack@neutron-api.service[90751]: DEBUG neutron.manager [None req-8d86cd38-1324-4657-95e5-6f1ef9d091c0 None None] Loading service plugins: ['ovn-router', 'auto_allocate', 'tag', 'timestamp', 'network_ip_availability', 'flavors', 'revisions'] {{(pid=90751) _load_service_plugins /opt/stack/neutron/neutron/manager.py:192}}
Aug 02 18:52:01.596508 np0000006314 devstack@neutron-api.service[90753]: INFO neutron.api.extensions [None req-93b20172-81e7-4d99-a9fa-1085042b4e53 None None] Loaded extension: l3-ha
Aug 02 18:52:01.596594 np0000006314 devstack@neutron-api.service[90751]: INFO neutron.manager [None req-8d86cd38-1324-4657-95e5-6f1ef9d091c0 None None] Loading Plugin: ovn-router
Aug 02 18:52:01.596635 np0000006314 devstack@neutron-api.service[90753]: DEBUG neutron.api.extensions [None req-93b20172-81e7-4d99-a9fa-1085042b4e53 None None] Loading extension file: l3_ext_ndp_proxy.py {{(pid=90753) _load_all_extensions_from_path /opt/stack/neutron/neutron/api/extensions.py:449}}
Aug 02 18:52:01.598557 np0000006314 devstack@neutron-api.service[90753]: DEBUG neutron.api.extensions [None req-93b20172-81e7-4d99-a9fa-1085042b4e53 None None] Ext name="Router support to enable NDP proxy" alias="l3-ext-ndp-proxy" description="Router extension to enable ndp proxy" updated="2020-08-25T00:00:00-00:00" {{(pid=90753) _check_extension /opt/stack/neutron/neutron/api/extensions.py:415}}
Aug 02 18:52:01.598801 np0000006314 devstack@neutron-api.service[90753]: INFO neutron.api.extensions [None req-93b20172-81e7-4d99-a9fa-1085042b4e53 None None] Extension l3-ext-ndp-proxy not supported by any of loaded plugins
Aug 02 18:52:01.598888 np0000006314 devstack@neutron-api.service[90753]: DEBUG neutron.api.extensions [None req-93b20172-81e7-4d99-a9fa-1085042b4e53 None None] Loading extension file: l3_extra_gws.py {{(pid=90753) _load_all_extensions_from_path /opt/stack/neutron/neutron/api/extensions.py:449}}
Aug 02 18:52:01.599096 np0000006314 devstack@neutron-api.service[90753]: DEBUG neutron.api.extensions [None req-93b20172-81e7-4d99-a9fa-1085042b4e53 None None] Ext name="Neutron L3 External Gateway Multihoming" alias="external-gateway-multihoming" description="Allow multiple external gateway ports per router" updated="2023-01-18T00:00:00-00:00" {{(pid=90753) _check_extension /opt/stack/neutron/neutron/api/extensions.py:415}}
Aug 02 18:52:01.599256 np0000006314 devstack@neutron-api.service[90753]: INFO neutron.api.extensions [None req-93b20172-81e7-4d99-a9fa-1085042b4e53 None None] Loaded extension: external-gateway-multihoming
Aug 02 18:52:01.599341 np0000006314 devstack@neutron-api.service[90753]: DEBUG neutron.api.extensions [None req-93b20172-81e7-4d99-a9fa-1085042b4e53 None None] Loading extension file: l3_flavors.py {{(pid=90753) _load_all_extensions_from_path /opt/stack/neutron/neutron/api/extensions.py:449}}
Aug 02 18:52:01.599559 np0000006314 devstack@neutron-api.service[90753]: DEBUG neutron.api.extensions [None req-93b20172-81e7-4d99-a9fa-1085042b4e53 None None] Ext name="Router Flavor Extension" alias="l3-flavors" description="Flavor support for routers." updated="2016-05-17T00:00:00-00:00" {{(pid=90753) _check_extension /opt/stack/neutron/neutron/api/extensions.py:415}}
Aug 02 18:52:01.599804 np0000006314 devstack@neutron-api.service[90753]: INFO neutron.api.extensions [None req-93b20172-81e7-4d99-a9fa-1085042b4e53 None None] Loaded extension: l3-flavors
Aug 02 18:52:01.599928 np0000006314 devstack@neutron-api.service[90753]: DEBUG neutron.api.extensions [None req-93b20172-81e7-4d99-a9fa-1085042b4e53 None None] Loading extension file: l3_ndp_proxy.py {{(pid=90753) _load_all_extensions_from_path /opt/stack/neutron/neutron/api/extensions.py:449}}
Aug 02 18:52:01.600870 np0000006314 devstack@neutron-api.service[90753]: DEBUG neutron.api.extensions [None req-93b20172-81e7-4d99-a9fa-1085042b4e53 None None] Ext name="name" alias="l3-ndp-proxy" description="description" updated="2021-06-29T10:00:00-00:00" {{(pid=90753) _check_extension /opt/stack/neutron/neutron/api/extensions.py:415}}
Aug 02 18:52:01.600870 np0000006314 devstack@neutron-api.service[90753]: INFO neutron.api.extensions [None req-93b20172-81e7-4d99-a9fa-1085042b4e53 None None] Extension l3-ndp-proxy not supported by any of loaded plugins
Aug 02 18:52:01.600870 np0000006314 devstack@neutron-api.service[90753]: DEBUG neutron.api.extensions [None req-93b20172-81e7-4d99-a9fa-1085042b4e53 None None] Loading extension file: l3_port_ip_change_not_allowed.py {{(pid=90753) _load_all_extensions_from_path /opt/stack/neutron/neutron/api/extensions.py:449}}
Aug 02 18:52:01.600870 np0000006314 devstack@neutron-api.service[90753]: DEBUG neutron.api.extensions [None req-93b20172-81e7-4d99-a9fa-1085042b4e53 None None] Ext name="Prevent L3 router ports IP address change extension" alias="l3-port-ip-change-not-allowed" description="Prevent change of IP address for some L3 router ports" updated="2018-10-09T10:00:00-00:00" {{(pid=90753) _check_extension /opt/stack/neutron/neutron/api/extensions.py:415}}
Aug 02 18:52:01.601188 np0000006314 devstack@neutron-api.service[90753]: INFO neutron.api.extensions [None req-93b20172-81e7-4d99-a9fa-1085042b4e53 None None] Extension l3-port-ip-change-not-allowed not supported by any of loaded plugins
Aug 02 18:52:01.601188 np0000006314 devstack@neutron-api.service[90753]: DEBUG neutron.api.extensions [None req-93b20172-81e7-4d99-a9fa-1085042b4e53 None None] Loading extension file: l3agentscheduler.py {{(pid=90753) _load_all_extensions_from_path /opt/stack/neutron/neutron/api/extensions.py:449}}
Aug 02 18:52:01.602031 np0000006314 devstack@neutron-api.service[90753]: DEBUG neutron.api.extensions [None req-93b20172-81e7-4d99-a9fa-1085042b4e53 None None] Ext name="L3 Agent Scheduler" alias="l3_agent_scheduler" description="Schedule routers among l3 agents" updated="2013-02-07T10:00:00-00:00" {{(pid=90753) _check_extension /opt/stack/neutron/neutron/api/extensions.py:415}}
Aug 02 18:52:01.602285 np0000006314 devstack@neutron-api.service[90753]: INFO neutron.api.extensions [None req-93b20172-81e7-4d99-a9fa-1085042b4e53 None None] Loaded extension: l3_agent_scheduler
Aug 02 18:52:01.602411 np0000006314 devstack@neutron-api.service[90753]: DEBUG neutron.api.extensions [None req-93b20172-81e7-4d99-a9fa-1085042b4e53 None None] Loading extension file: local_ip.py {{(pid=90753) _load_all_extensions_from_path /opt/stack/neutron/neutron/api/extensions.py:449}}
Aug 02 18:52:01.602865 np0000006314 devstack@neutron-api.service[90753]: DEBUG neutron.api.extensions [None req-93b20172-81e7-4d99-a9fa-1085042b4e53 None None] Ext name="Local IP" alias="local_ip" description="Support Node Local Virtual IP" updated="2021-07-26T10:00:00-00:00" {{(pid=90753) _check_extension /opt/stack/neutron/neutron/api/extensions.py:415}}
Aug 02 18:52:01.603643 np0000006314 devstack@neutron-api.service[90753]: INFO neutron.api.extensions [None req-93b20172-81e7-4d99-a9fa-1085042b4e53 None None] Extension local_ip not supported by any of loaded plugins
Aug 02 18:52:01.603643 np0000006314 devstack@neutron-api.service[90753]: DEBUG neutron.api.extensions [None req-93b20172-81e7-4d99-a9fa-1085042b4e53 None None] Loading extension file: logging.py {{(pid=90753) _load_all_extensions_from_path /opt/stack/neutron/neutron/api/extensions.py:449}}
Aug 02 18:52:01.603643 np0000006314 devstack@neutron-api.service[90753]: DEBUG neutron.api.extensions [None req-93b20172-81e7-4d99-a9fa-1085042b4e53 None None] Ext name="Logging API Extension" alias="logging" description="Provides a logging API for resources such as security group and firewall." updated="2017-01-01T10:00:00-00:00" {{(pid=90753) _check_extension /opt/stack/neutron/neutron/api/extensions.py:415}}
Aug 02 18:52:01.603899 np0000006314 devstack@neutron-api.service[90753]: INFO neutron.api.extensions [None req-93b20172-81e7-4d99-a9fa-1085042b4e53 None None] Extension logging not supported by any of loaded plugins
Aug 02 18:52:01.603899 np0000006314 devstack@neutron-api.service[90753]: DEBUG neutron.api.extensions [None req-93b20172-81e7-4d99-a9fa-1085042b4e53 None None] Loading extension file: metering.py {{(pid=90753) _load_all_extensions_from_path /opt/stack/neutron/neutron/api/extensions.py:449}}
Aug 02 18:52:01.604319 np0000006314 devstack@neutron-api.service[90753]: DEBUG neutron.api.extensions [None req-93b20172-81e7-4d99-a9fa-1085042b4e53 None None] Ext name="Neutron Metering" alias="metering" description="Neutron Metering extension." updated="2013-06-12T10:00:00-00:00" {{(pid=90753) _check_extension /opt/stack/neutron/neutron/api/extensions.py:415}}
Aug 02 18:52:01.604455 np0000006314 devstack@neutron-api.service[90753]: INFO neutron.api.extensions [None req-93b20172-81e7-4d99-a9fa-1085042b4e53 None None] Extension metering not supported by any of loaded plugins
Aug 02 18:52:01.604528 np0000006314 devstack@neutron-api.service[90753]: DEBUG neutron.api.extensions [None req-93b20172-81e7-4d99-a9fa-1085042b4e53 None None] Loading extension file: metering_source_and_destination_fields.py {{(pid=90753) _load_all_extensions_from_path /opt/stack/neutron/neutron/api/extensions.py:449}}
Aug 02 18:52:01.604890 np0000006314 devstack@neutron-api.service[90753]: DEBUG neutron.api.extensions [None req-93b20172-81e7-4d99-a9fa-1085042b4e53 None None] Ext name="Neutron Metering with source and destination filtering" alias="metering_source_and_destination_fields" description="Neutron Metering extension that enables the use of source and destination IP prefixes to create metering label rules." updated="2020-08-21T08:12:00-00:00" {{(pid=90753) _check_extension /opt/stack/neutron/neutron/api/extensions.py:415}}
Aug 02 18:52:01.605126 np0000006314 devstack@neutron-api.service[90753]: INFO neutron.api.extensions [None req-93b20172-81e7-4d99-a9fa-1085042b4e53 None None] Extension metering_source_and_destination_fields not supported by any of loaded plugins
Aug 02 18:52:01.605254 np0000006314 devstack@neutron-api.service[90753]: DEBUG neutron.api.extensions [None req-93b20172-81e7-4d99-a9fa-1085042b4e53 None None] Loading extension file: multiprovidernet.py {{(pid=90753) _load_all_extensions_from_path /opt/stack/neutron/neutron/api/extensions.py:449}}
Aug 02 18:52:01.605567 np0000006314 devstack@neutron-api.service[90753]: DEBUG neutron.api.extensions [None req-93b20172-81e7-4d99-a9fa-1085042b4e53 None None] Ext name="Multi Provider Network" alias="multi-provider" description="Expose mapping of virtual networks to multiple physical networks" updated="2013-06-27T10:00:00-00:00" {{(pid=90753) _check_extension /opt/stack/neutron/neutron/api/extensions.py:415}}
Aug 02 18:52:01.605836 np0000006314 devstack@neutron-api.service[90753]: INFO neutron.api.extensions [None req-93b20172-81e7-4d99-a9fa-1085042b4e53 None None] Loaded extension: multi-provider
Aug 02 18:52:01.605925 np0000006314 devstack@neutron-api.service[90753]: DEBUG neutron.api.extensions [None req-93b20172-81e7-4d99-a9fa-1085042b4e53 None None] Loading extension file: netmtu.py {{(pid=90753) _load_all_extensions_from_path /opt/stack/neutron/neutron/api/extensions.py:449}}
Aug 02 18:52:01.606190 np0000006314 devstack@neutron-api.service[90753]: DEBUG neutron.api.extensions [None req-93b20172-81e7-4d99-a9fa-1085042b4e53 None None] Ext name="Network MTU" alias="net-mtu" description="Provides MTU attribute for a network resource." updated="2015-03-25T10:00:00-00:00" {{(pid=90753) _check_extension /opt/stack/neutron/neutron/api/extensions.py:415}}
Aug 02 18:52:01.606415 np0000006314 devstack@neutron-api.service[90753]: INFO neutron.api.extensions [None req-93b20172-81e7-4d99-a9fa-1085042b4e53 None None] Loaded extension: net-mtu
Aug 02 18:52:01.606954 np0000006314 devstack@neutron-api.service[90753]: DEBUG neutron.api.extensions [None req-93b20172-81e7-4d99-a9fa-1085042b4e53 None None] Loading extension file: netmtu_writable.py {{(pid=90753) _load_all_extensions_from_path /opt/stack/neutron/neutron/api/extensions.py:449}}
Aug 02 18:52:01.606954 np0000006314 devstack@neutron-api.service[90753]: DEBUG neutron.api.extensions [None req-93b20172-81e7-4d99-a9fa-1085042b4e53 None None] Ext name="Network MTU (writable)" alias="net-mtu-writable" description="Provides a writable MTU attribute for a network resource." updated="2017-07-12T00:00:00-00:00" {{(pid=90753) _check_extension /opt/stack/neutron/neutron/api/extensions.py:415}}
Aug 02 18:52:01.606954 np0000006314 devstack@neutron-api.service[90753]: INFO neutron.api.extensions [None req-93b20172-81e7-4d99-a9fa-1085042b4e53 None None] Loaded extension: net-mtu-writable
Aug 02 18:52:01.607351 np0000006314 devstack@neutron-api.service[90753]: DEBUG neutron.api.extensions [None req-93b20172-81e7-4d99-a9fa-1085042b4e53 None None] Loading extension file: network_availability_zone.py {{(pid=90753) _load_all_extensions_from_path /opt/stack/neutron/neutron/api/extensions.py:449}}
Aug 02 18:52:01.607689 np0000006314 devstack@neutron-api.service[90753]: DEBUG neutron.api.extensions [None req-93b20172-81e7-4d99-a9fa-1085042b4e53 None None] Ext name="Network Availability Zone" alias="network_availability_zone" description="Availability zone support for network." updated="2015-01-01T10:00:00-00:00" {{(pid=90753) _check_extension /opt/stack/neutron/neutron/api/extensions.py:415}}
Aug 02 18:52:01.607689 np0000006314 devstack@neutron-api.service[90753]: INFO neutron.api.extensions [None req-93b20172-81e7-4d99-a9fa-1085042b4e53 None None] Loaded extension: network_availability_zone
Aug 02 18:52:01.607893 np0000006314 devstack@neutron-api.service[90753]: DEBUG neutron.api.extensions [None req-93b20172-81e7-4d99-a9fa-1085042b4e53 None None] Loading extension file: network_ha.py {{(pid=90753) _load_all_extensions_from_path /opt/stack/neutron/neutron/api/extensions.py:449}}
Aug 02 18:52:01.607961 np0000006314 devstack@neutron-api.service[90751]: DEBUG neutron_lib.callbacks.manager [None req-8d86cd38-1324-4657-95e5-6f1ef9d091c0 None None] Subscribe: > router before_delete 55550000, False {{(pid=90751) subscribe /opt/stack/data/venv/lib/python3.12/site-packages/neutron_lib/callbacks/manager.py:52}}
Aug 02 18:52:01.608089 np0000006314 devstack@neutron-api.service[90751]: DEBUG neutron_lib.callbacks.manager [None req-8d86cd38-1324-4657-95e5-6f1ef9d091c0 None None] Subscribe: port before_update 55550000, False {{(pid=90751) subscribe /opt/stack/data/venv/lib/python3.12/site-packages/neutron_lib/callbacks/manager.py:52}}
Aug 02 18:52:01.608117 np0000006314 devstack@neutron-api.service[90753]: DEBUG neutron.api.extensions [None req-93b20172-81e7-4d99-a9fa-1085042b4e53 None None] Ext name="Network HA creation flag" alias="network_ha" description="Network high availability creation flag." updated="2023-04-27T10:00:00-00:00" {{(pid=90753) _check_extension /opt/stack/neutron/neutron/api/extensions.py:415}}
Aug 02 18:52:01.608203 np0000006314 devstack@neutron-api.service[90751]: DEBUG neutron_lib.callbacks.manager [None req-8d86cd38-1324-4657-95e5-6f1ef9d091c0 None None] Subscribe: port after_update 55550000, False {{(pid=90751) subscribe /opt/stack/data/venv/lib/python3.12/site-packages/neutron_lib/callbacks/manager.py:52}}
Aug 02 18:52:01.608335 np0000006314 devstack@neutron-api.service[90751]: DEBUG neutron_lib.callbacks.manager [None req-8d86cd38-1324-4657-95e5-6f1ef9d091c0 None None] Subscribe: > port precommit_delete 55550000, False {{(pid=90751) subscribe /opt/stack/data/venv/lib/python3.12/site-packages/neutron_lib/callbacks/manager.py:52}}
Aug 02 18:52:01.608361 np0000006314 devstack@neutron-api.service[90753]: INFO neutron.api.extensions [None req-93b20172-81e7-4d99-a9fa-1085042b4e53 None None] Extension network_ha not supported by any of loaded plugins
Aug 02 18:52:01.608431 np0000006314 devstack@neutron-api.service[90751]: DEBUG neutron_lib.callbacks.manager [None req-8d86cd38-1324-4657-95e5-6f1ef9d091c0 None None] Subscribe: port before_update 55550000, False {{(pid=90751) subscribe /opt/stack/data/venv/lib/python3.12/site-packages/neutron_lib/callbacks/manager.py:52}}
Aug 02 18:52:01.608461 np0000006314 devstack@neutron-api.service[90753]: DEBUG neutron.api.extensions [None req-93b20172-81e7-4d99-a9fa-1085042b4e53 None None] Loading extension file: network_ip_availability.py {{(pid=90753) _load_all_extensions_from_path /opt/stack/neutron/neutron/api/extensions.py:449}}
Aug 02 18:52:01.608534 np0000006314 devstack@neutron-api.service[90751]: DEBUG neutron_lib.callbacks.manager [None req-8d86cd38-1324-4657-95e5-6f1ef9d091c0 None None] Subscribe: port before_delete 55550000, False {{(pid=90751) subscribe /opt/stack/data/venv/lib/python3.12/site-packages/neutron_lib/callbacks/manager.py:52}}
Aug 02 18:52:01.608627 np0000006314 devstack@neutron-api.service[90751]: DEBUG neutron_lib.callbacks.manager [None req-8d86cd38-1324-4657-95e5-6f1ef9d091c0 None None] Subscribe: > router precommit_create 55550000, False {{(pid=90751) subscribe /opt/stack/data/venv/lib/python3.12/site-packages/neutron_lib/callbacks/manager.py:52}}
Aug 02 18:52:01.608726 np0000006314 devstack@neutron-api.service[90751]: DEBUG neutron_lib.callbacks.manager [None req-8d86cd38-1324-4657-95e5-6f1ef9d091c0 None None] Subscribe: > router precommit_create 55550000, False {{(pid=90751) subscribe /opt/stack/data/venv/lib/python3.12/site-packages/neutron_lib/callbacks/manager.py:52}}
Aug 02 18:52:01.608827 np0000006314 devstack@neutron-api.service[90751]: DEBUG neutron_lib.callbacks.manager [None req-8d86cd38-1324-4657-95e5-6f1ef9d091c0 None None] Subscribe: > router precommit_update 55550000, False {{(pid=90751) subscribe /opt/stack/data/venv/lib/python3.12/site-packages/neutron_lib/callbacks/manager.py:52}}
Aug 02 18:52:01.608879 np0000006314 devstack@neutron-api.service[90753]: DEBUG neutron.api.extensions [None req-93b20172-81e7-4d99-a9fa-1085042b4e53 None None] Ext name="Network IP Availability" alias="network-ip-availability" description="Provides IP availability data for each network and subnet." updated="2015-09-24T00:00:00-00:00" {{(pid=90753) _check_extension /opt/stack/neutron/neutron/api/extensions.py:415}}
Aug 02 18:52:01.608961 np0000006314 devstack@neutron-api.service[90751]: DEBUG neutron_lib.callbacks.manager [None req-8d86cd38-1324-4657-95e5-6f1ef9d091c0 None None] Subscribe: subnet after_update 55550000, False {{(pid=90751) subscribe /opt/stack/data/venv/lib/python3.12/site-packages/neutron_lib/callbacks/manager.py:52}}
Aug 02 18:52:01.609056 np0000006314 devstack@neutron-api.service[90753]: INFO neutron.api.extensions [None req-93b20172-81e7-4d99-a9fa-1085042b4e53 None None] Loaded extension: network-ip-availability
Aug 02 18:52:01.609149 np0000006314 devstack@neutron-api.service[90751]: DEBUG neutron.quota.resource_registry [None req-8d86cd38-1324-4657-95e5-6f1ef9d091c0 None None] Tracking information for resource: router configured {{(pid=90751) set_tracked_resource /opt/stack/neutron/neutron/quota/resource_registry.py:203}}
Aug 02 18:52:01.609213 np0000006314 devstack@neutron-api.service[90753]: DEBUG neutron.api.extensions [None req-93b20172-81e7-4d99-a9fa-1085042b4e53 None None] Loading extension file: network_ip_availability_details.py {{(pid=90753) _load_all_extensions_from_path /opt/stack/neutron/neutron/api/extensions.py:449}}
Aug 02 18:52:01.609276 np0000006314 devstack@neutron-api.service[90751]: DEBUG neutron.quota.resource_registry [None req-8d86cd38-1324-4657-95e5-6f1ef9d091c0 None None] Tracking information for resource: floatingip configured {{(pid=90751) set_tracked_resource /opt/stack/neutron/neutron/quota/resource_registry.py:203}}
Aug 02 18:52:01.609276 np0000006314 devstack@neutron-api.service[90751]: INFO neutron.services.ovn_l3.plugin [None req-8d86cd38-1324-4657-95e5-6f1ef9d091c0 None None] Starting OVNL3RouterPlugin
Aug 02 18:52:01.609741 np0000006314 devstack@neutron-api.service[90751]: DEBUG neutron_lib.callbacks.manager [None req-8d86cd38-1324-4657-95e5-6f1ef9d091c0 None None] Subscribe: > port_forwarding_plugin after_init 55550000, False {{(pid=90751) subscribe /opt/stack/data/venv/lib/python3.12/site-packages/neutron_lib/callbacks/manager.py:52}}
Aug 02 18:52:01.609809 np0000006314 devstack@neutron-api.service[90753]: DEBUG neutron.api.extensions [None req-93b20172-81e7-4d99-a9fa-1085042b4e53 None None] Ext name="Network IP Availability Details Extension" alias="network-ip-availability-details" description="Add ip_availability_details attribute to network-ip-availabilities resource." updated="2025-10-31T00:00:00-00:00" {{(pid=90753) _check_extension /opt/stack/neutron/neutron/api/extensions.py:415}}
Aug 02 18:52:01.609809 np0000006314 devstack@neutron-api.service[90753]: INFO neutron.api.extensions [None req-93b20172-81e7-4d99-a9fa-1085042b4e53 None None] Loaded extension: network-ip-availability-details
Aug 02 18:52:01.609876 np0000006314 devstack@neutron-api.service[90751]: DEBUG neutron_lib.callbacks.manager [None req-8d86cd38-1324-4657-95e5-6f1ef9d091c0 None None] Subscribe: > router before_create 55550100, False {{(pid=90751) subscribe /opt/stack/data/venv/lib/python3.12/site-packages/neutron_lib/callbacks/manager.py:52}}
Aug 02 18:52:01.609922 np0000006314 devstack@neutron-api.service[90753]: DEBUG neutron.api.extensions [None req-93b20172-81e7-4d99-a9fa-1085042b4e53 None None] Loading extension file: network_segment_range.py {{(pid=90753) _load_all_extensions_from_path /opt/stack/neutron/neutron/api/extensions.py:449}}
Aug 02 18:52:01.609995 np0000006314 devstack@neutron-api.service[90751]: DEBUG neutron_lib.callbacks.manager [None req-8d86cd38-1324-4657-95e5-6f1ef9d091c0 None None] Subscribe: > router precommit_delete 55550100, False {{(pid=90751) subscribe /opt/stack/data/venv/lib/python3.12/site-packages/neutron_lib/callbacks/manager.py:52}}
Aug 02 18:52:01.609995 np0000006314 devstack@neutron-api.service[90751]: DEBUG neutron_lib.callbacks.manager [None req-8d86cd38-1324-4657-95e5-6f1ef9d091c0 None None] Subscribe: > router precommit_create 55550100, False {{(pid=90751) subscribe /opt/stack/data/venv/lib/python3.12/site-packages/neutron_lib/callbacks/manager.py:52}}
Aug 02 18:52:01.609995 np0000006314 devstack@neutron-api.service[90751]: DEBUG neutron_lib.callbacks.manager [None req-8d86cd38-1324-4657-95e5-6f1ef9d091c0 None None] Subscribe: > router precommit_update 55550100, False {{(pid=90751) subscribe /opt/stack/data/venv/lib/python3.12/site-packages/neutron_lib/callbacks/manager.py:52}}
Aug 02 18:52:01.610320 np0000006314 devstack@neutron-api.service[90753]: DEBUG neutron.api.extensions [None req-93b20172-81e7-4d99-a9fa-1085042b4e53 None None] Ext name="Neutron Network Segment Range" alias="network-segment-range" description="Provides support for the network segment range management" updated="2018-11-29T00:00:00-00:00" {{(pid=90753) _check_extension /opt/stack/neutron/neutron/api/extensions.py:415}}
Aug 02 18:52:01.610463 np0000006314 devstack@neutron-api.service[90753]: INFO neutron.api.extensions [None req-93b20172-81e7-4d99-a9fa-1085042b4e53 None None] Extension network-segment-range not supported by any of loaded plugins
Aug 02 18:52:01.610640 np0000006314 devstack@neutron-api.service[90753]: DEBUG neutron.api.extensions [None req-93b20172-81e7-4d99-a9fa-1085042b4e53 None None] Loading extension file: pagination.py {{(pid=90753) _load_all_extensions_from_path /opt/stack/neutron/neutron/api/extensions.py:449}}
Aug 02 18:52:01.610941 np0000006314 devstack@neutron-api.service[90753]: DEBUG neutron.api.extensions [None req-93b20172-81e7-4d99-a9fa-1085042b4e53 None None] Ext name="Pagination support" alias="pagination" description="Extension that indicates that pagination is enabled." updated="2016-06-12T00:00:00-00:00" {{(pid=90753) _check_extension /opt/stack/neutron/neutron/api/extensions.py:415}}
Aug 02 18:52:01.611068 np0000006314 devstack@neutron-api.service[90753]: INFO neutron.api.extensions [None req-93b20172-81e7-4d99-a9fa-1085042b4e53 None None] Loaded extension: pagination
Aug 02 18:52:01.611183 np0000006314 devstack@neutron-api.service[90753]: DEBUG neutron.api.extensions [None req-93b20172-81e7-4d99-a9fa-1085042b4e53 None None] Loading extension file: port_device_profile.py {{(pid=90753) _load_all_extensions_from_path /opt/stack/neutron/neutron/api/extensions.py:449}}
Aug 02 18:52:01.611537 np0000006314 devstack@neutron-api.service[90753]: DEBUG neutron.api.extensions [None req-93b20172-81e7-4d99-a9fa-1085042b4e53 None None] Ext name="Port device profile" alias="port-device-profile" description="Expose the port device profile (Cyborg)" updated="2020-12-17T10:00:00-00:00" {{(pid=90753) _check_extension /opt/stack/neutron/neutron/api/extensions.py:415}}
Aug 02 18:52:01.612228 np0000006314 devstack@neutron-api.service[90753]: INFO neutron.api.extensions [None req-93b20172-81e7-4d99-a9fa-1085042b4e53 None None] Loaded extension: port-device-profile
Aug 02 18:52:01.612228 np0000006314 devstack@neutron-api.service[90753]: DEBUG neutron.api.extensions [None req-93b20172-81e7-4d99-a9fa-1085042b4e53 None None] Loading extension file: port_hardware_offload_type.py {{(pid=90753) _load_all_extensions_from_path /opt/stack/neutron/neutron/api/extensions.py:449}}
Aug 02 18:52:01.612228 np0000006314 devstack@neutron-api.service[90753]: DEBUG neutron.api.extensions [None req-93b20172-81e7-4d99-a9fa-1085042b4e53 None None] Ext name="Port hardware offload" alias="port-hardware-offload-type" description="Expose port hardware offload extension" updated="2023-05-09T10:00:00-00:00" {{(pid=90753) _check_extension /opt/stack/neutron/neutron/api/extensions.py:415}}
Aug 02 18:52:01.612228 np0000006314 devstack@neutron-api.service[90753]: INFO neutron.api.extensions [None req-93b20172-81e7-4d99-a9fa-1085042b4e53 None None] Extension port-hardware-offload-type not supported by any of loaded plugins
Aug 02 18:52:01.612379 np0000006314 devstack@neutron-api.service[90753]: DEBUG neutron.api.extensions [None req-93b20172-81e7-4d99-a9fa-1085042b4e53 None None] Loading extension file: port_hint_ovs_tx_steering.py {{(pid=90753) _load_all_extensions_from_path /opt/stack/neutron/neutron/api/extensions.py:449}}
Aug 02 18:52:01.612700 np0000006314 devstack@neutron-api.service[90753]: DEBUG neutron.api.extensions [None req-93b20172-81e7-4d99-a9fa-1085042b4e53 None None] Ext name="Port hint: Open vSwitch Tx steering" alias="port-hint-ovs-tx-steering" description="Enable Port hint: Open vSwitch Tx steering" updated="2023-01-01T00:00:00-00:00" {{(pid=90753) _check_extension /opt/stack/neutron/neutron/api/extensions.py:415}}
Aug 02 18:52:01.613008 np0000006314 devstack@neutron-api.service[90753]: INFO neutron.api.extensions [None req-93b20172-81e7-4d99-a9fa-1085042b4e53 None None] Extension port-hint-ovs-tx-steering not supported by any of loaded plugins
Aug 02 18:52:01.613061 np0000006314 devstack@neutron-api.service[90751]: DEBUG neutron.services.provider_configuration [None req-8d86cd38-1324-4657-95e5-6f1ef9d091c0 None None] Service providers = [] {{(pid=90751) parse_service_provider_opt /opt/stack/neutron/neutron/services/provider_configuration.py:170}}
Aug 02 18:52:01.613061 np0000006314 devstack@neutron-api.service[90751]: DEBUG neutron.db.servicetype_db [None req-8d86cd38-1324-4657-95e5-6f1ef9d091c0 None None] Adding provider configuration for service L3_ROUTER_NAT {{(pid=90751) add_provider_configuration /opt/stack/neutron/neutron/db/servicetype_db.py:45}}
Aug 02 18:52:01.613276 np0000006314 devstack@neutron-api.service[90753]: DEBUG neutron.api.extensions [None req-93b20172-81e7-4d99-a9fa-1085042b4e53 None None] Loading extension file: port_hints.py {{(pid=90753) _load_all_extensions_from_path /opt/stack/neutron/neutron/api/extensions.py:449}}
Aug 02 18:52:01.613383 np0000006314 devstack@neutron-api.service[90753]: DEBUG neutron.api.extensions [None req-93b20172-81e7-4d99-a9fa-1085042b4e53 None None] Ext name="Port hints" alias="port-hints" description="Backend specific port hints to allow backend specific tuning" updated="2023-01-01T00:00:00-00:00" {{(pid=90753) _check_extension /opt/stack/neutron/neutron/api/extensions.py:415}}
Aug 02 18:52:01.613811 np0000006314 devstack@neutron-api.service[90753]: INFO neutron.api.extensions [None req-93b20172-81e7-4d99-a9fa-1085042b4e53 None None] Extension port-hints not supported by any of loaded plugins
Aug 02 18:52:01.613811 np0000006314 devstack@neutron-api.service[90753]: DEBUG neutron.api.extensions [None req-93b20172-81e7-4d99-a9fa-1085042b4e53 None None] Loading extension file: port_mac_address_override.py {{(pid=90753) _load_all_extensions_from_path /opt/stack/neutron/neutron/api/extensions.py:449}}
Aug 02 18:52:01.614056 np0000006314 devstack@neutron-api.service[90753]: DEBUG neutron.api.extensions [None req-93b20172-81e7-4d99-a9fa-1085042b4e53 None None] Ext name="Neutron Port MAC address override" alias="port-mac-override" description="Allow overriding the MAC address of a direct-physical Port via the active binding profile" updated="2022-03-18T10:00:00-00:00" {{(pid=90753) _check_extension /opt/stack/neutron/neutron/api/extensions.py:415}}
Aug 02 18:52:01.614341 np0000006314 devstack@neutron-api.service[90753]: INFO neutron.api.extensions [None req-93b20172-81e7-4d99-a9fa-1085042b4e53 None None] Extension port-mac-override not supported by any of loaded plugins
Aug 02 18:52:01.614428 np0000006314 devstack@neutron-api.service[90751]: DEBUG neutron_lib.callbacks.manager [None req-8d86cd38-1324-4657-95e5-6f1ef9d091c0 None None] Subscribe: > router precommit_create 55549900, False {{(pid=90751) subscribe /opt/stack/data/venv/lib/python3.12/site-packages/neutron_lib/callbacks/manager.py:52}}
Aug 02 18:52:01.614520 np0000006314 devstack@neutron-api.service[90753]: DEBUG neutron.api.extensions [None req-93b20172-81e7-4d99-a9fa-1085042b4e53 None None] Loading extension file: port_mac_address_regenerate.py {{(pid=90753) _load_all_extensions_from_path /opt/stack/neutron/neutron/api/extensions.py:449}}
Aug 02 18:52:01.614591 np0000006314 devstack@neutron-api.service[90751]: DEBUG neutron_lib.callbacks.manager [None req-8d86cd38-1324-4657-95e5-6f1ef9d091c0 None None] Subscribe: > router_interface after_create 55550000, False {{(pid=90751) subscribe /opt/stack/data/venv/lib/python3.12/site-packages/neutron_lib/callbacks/manager.py:52}}
Aug 02 18:52:01.614591 np0000006314 devstack@neutron-api.service[90751]: DEBUG neutron_lib.callbacks.manager [None req-8d86cd38-1324-4657-95e5-6f1ef9d091c0 None None] Subscribe: > floatingip after_create 55550000, False {{(pid=90751) subscribe /opt/stack/data/venv/lib/python3.12/site-packages/neutron_lib/callbacks/manager.py:52}}
Aug 02 18:52:01.614591 np0000006314 devstack@neutron-api.service[90751]: DEBUG neutron_lib.callbacks.manager [None req-8d86cd38-1324-4657-95e5-6f1ef9d091c0 None None] Subscribe: > floatingip precommit_create 55550000, False {{(pid=90751) subscribe /opt/stack/data/venv/lib/python3.12/site-packages/neutron_lib/callbacks/manager.py:52}}
Aug 02 18:52:01.614708 np0000006314 devstack@neutron-api.service[90753]: DEBUG neutron.api.extensions [None req-93b20172-81e7-4d99-a9fa-1085042b4e53 None None] Ext name="Neutron Port MAC address regenerate" alias="port-mac-address-regenerate" description="Network port MAC address regenerate" updated="2018-05-03T10:00:00-00:00" {{(pid=90753) _check_extension /opt/stack/neutron/neutron/api/extensions.py:415}}
Aug 02 18:52:01.614750 np0000006314 devstack@neutron-api.service[90751]: DEBUG neutron_lib.callbacks.manager [None req-8d86cd38-1324-4657-95e5-6f1ef9d091c0 None None] Subscribe: > floatingip precommit_update 55550000, False {{(pid=90751) subscribe /opt/stack/data/venv/lib/python3.12/site-packages/neutron_lib/callbacks/manager.py:52}}
Aug 02 18:52:01.614777 np0000006314 devstack@neutron-api.service[90751]: DEBUG neutron_lib.callbacks.manager [None req-8d86cd38-1324-4657-95e5-6f1ef9d091c0 None None] Subscribe: > floatingip after_delete 55550000, False {{(pid=90751) subscribe /opt/stack/data/venv/lib/python3.12/site-packages/neutron_lib/callbacks/manager.py:52}}
Aug 02 18:52:01.614882 np0000006314 devstack@neutron-api.service[90751]: DEBUG neutron_lib.callbacks.manager [None req-8d86cd38-1324-4657-95e5-6f1ef9d091c0 None None] Subscribe: > floatingip after_status_update 55550000, False {{(pid=90751) subscribe /opt/stack/data/venv/lib/python3.12/site-packages/neutron_lib/callbacks/manager.py:52}}
Aug 02 18:52:01.614906 np0000006314 devstack@neutron-api.service[90753]: INFO neutron.api.extensions [None req-93b20172-81e7-4d99-a9fa-1085042b4e53 None None] Loaded extension: port-mac-address-regenerate
Aug 02 18:52:01.615004 np0000006314 devstack@neutron-api.service[90751]: DEBUG neutron_lib.callbacks.manager [None req-8d86cd38-1324-4657-95e5-6f1ef9d091c0 None None] Subscribe: > floatingip after_update 55550000, False {{(pid=90751) subscribe /opt/stack/data/venv/lib/python3.12/site-packages/neutron_lib/callbacks/manager.py:52}}
Aug 02 18:52:01.615032 np0000006314 devstack@neutron-api.service[90753]: DEBUG neutron.api.extensions [None req-93b20172-81e7-4d99-a9fa-1085042b4e53 None None] Loading extension file: port_numa_affinity_policy.py {{(pid=90753) _load_all_extensions_from_path /opt/stack/neutron/neutron/api/extensions.py:449}}
Aug 02 18:52:01.615074 np0000006314 devstack@neutron-api.service[90751]: DEBUG neutron_lib.callbacks.manager [None req-8d86cd38-1324-4657-95e5-6f1ef9d091c0 None None] Subscribe: > port_forwarding after_create 55550000, False {{(pid=90751) subscribe /opt/stack/data/venv/lib/python3.12/site-packages/neutron_lib/callbacks/manager.py:52}}
Aug 02 18:52:01.615168 np0000006314 devstack@neutron-api.service[90751]: DEBUG neutron_lib.callbacks.manager [None req-8d86cd38-1324-4657-95e5-6f1ef9d091c0 None None] Subscribe: > router_interface after_delete 55550000, False {{(pid=90751) subscribe /opt/stack/data/venv/lib/python3.12/site-packages/neutron_lib/callbacks/manager.py:52}}
Aug 02 18:52:01.615256 np0000006314 devstack@neutron-api.service[90751]: DEBUG neutron_lib.callbacks.manager [None req-8d86cd38-1324-4657-95e5-6f1ef9d091c0 None None] Subscribe: > router after_create 55550000, False {{(pid=90751) subscribe /opt/stack/data/venv/lib/python3.12/site-packages/neutron_lib/callbacks/manager.py:52}}
Aug 02 18:52:01.615335 np0000006314 devstack@neutron-api.service[90753]: DEBUG neutron.api.extensions [None req-93b20172-81e7-4d99-a9fa-1085042b4e53 None None] Ext name="Port NUMA affinity policy" alias="port-numa-affinity-policy" description="Expose the port NUMA affinity policy" updated="2020-07-08T10:00:00-00:00" {{(pid=90753) _check_extension /opt/stack/neutron/neutron/api/extensions.py:415}}
Aug 02 18:52:01.615365 np0000006314 devstack@neutron-api.service[90751]: DEBUG neutron_lib.callbacks.manager [None req-8d86cd38-1324-4657-95e5-6f1ef9d091c0 None None] Subscribe: > router precommit_create 55550000, False {{(pid=90751) subscribe /opt/stack/data/venv/lib/python3.12/site-packages/neutron_lib/callbacks/manager.py:52}}
Aug 02 18:52:01.615433 np0000006314 devstack@neutron-api.service[90751]: DEBUG neutron_lib.callbacks.manager [None req-8d86cd38-1324-4657-95e5-6f1ef9d091c0 None None] Subscribe: > router after_delete 55550000, False {{(pid=90751) subscribe /opt/stack/data/venv/lib/python3.12/site-packages/neutron_lib/callbacks/manager.py:52}}
