Aug 02 18:52:02.246512 np0000006314 devstack@neutron-api.service[90752]: DEBUG ovsdbapp.backend.ovs_idl [None req-8d6b1154-9f98-4876-b078-0551f32f21d3 None None] Created lookup_table index Port_Binding.logical_port {{(pid=90752) autocreate_indices /opt/stack/data/venv/lib/python3.12/site-packages/ovsdbapp/backend/ovs_idl/__init__.py:87}}
Aug 02 18:52:02.246512 np0000006314 devstack@neutron-api.service[90752]: DEBUG ovsdbapp.backend.ovs_idl [None req-8d6b1154-9f98-4876-b078-0551f32f21d3 None None] Created schema index Chassis_Private.name {{(pid=90752) autocreate_indices /opt/stack/data/venv/lib/python3.12/site-packages/ovsdbapp/backend/ovs_idl/__init__.py:106}}
Aug 02 18:52:02.246688 np0000006314 devstack@neutron-api.service[90752]: DEBUG ovsdbapp.backend.ovs_idl [None req-8d6b1154-9f98-4876-b078-0551f32f21d3 None None] Created schema index Datapath_Binding.tunnel_key {{(pid=90752) autocreate_indices /opt/stack/data/venv/lib/python3.12/site-packages/ovsdbapp/backend/ovs_idl/__init__.py:106}}
Aug 02 18:52:02.248532 np0000006314 devstack@neutron-api.service[90752]: INFO ovsdbapp.backend.ovs_idl.vlog [None req-8d6b1154-9f98-4876-b078-0551f32f21d3 None None] ssl:10.4.3.105:6642: connecting...
Aug 02 18:52:02.252692 np0000006314 devstack@neutron-api.service[90752]: INFO ovsdbapp.backend.ovs_idl.vlog [None req-8d6b1154-9f98-4876-b078-0551f32f21d3 None None] ssl:10.4.3.105:6642: connected
Aug 02 18:52:02.275657 np0000006314 devstack@neutron-api.service[90752]: DEBUG neutron.common.ovn.hash_ring_manager [None req-8d6b1154-9f98-4876-b078-0551f32f21d3 None None] Allow caching, nodes 4>=4 {{(pid=90752) _wait_startup_before_caching /opt/stack/neutron/neutron/common/ovn/hash_ring_manager.py:71}}
Aug 02 18:52:02.280258 np0000006314 devstack@neutron-api.service[90752]: DEBUG neutron.common.ovn.hash_ring_manager [None req-8d6b1154-9f98-4876-b078-0551f32f21d3 None None] Hash Ring loaded. 4 active nodes. 0 offline nodes {{(pid=90752) _load_hash_ring /opt/stack/neutron/neutron/common/ovn/hash_ring_manager.py:110}}
Aug 02 18:52:02.280903 np0000006314 devstack@neutron-api.service[90752]: DEBUG ovsdbapp.backend.ovs_idl.event [None req-8d6b1154-9f98-4876-b078-0551f32f21d3 None None] Matched CREATE: ChassisAgentWriteEvent(events=('create', 'update'), table='Chassis_Private', conditions=None, old_conditions=None), priority=20 to row=Chassis_Private(uuid=1b5e7069-ff7c-48a0-b59a-c90d8e47985c, chassis=2764c07f-e9e1-4ab2-b7f2-69e214556ca9, external_ids={'neutron:ovn-bridge': 'br-int', 'neutron:ovn-neutron-agent-id': '76c606cf-24e2-56d6-a1a4-bff3947f42ab', 'neutron:ovn-neutron-agent-sb-cfg': '0'}, name='8f9600eb-46cc-4e0f-bec3-815f2f854a8e', nb_cfg=0, nb_cfg_timestamp=0) old= {{(pid=90752) matches /opt/stack/data/venv/lib/python3.12/site-packages/ovsdbapp/backend/ovs_idl/event.py:55}}
Aug 02 18:52:02.281242 np0000006314 devstack@neutron-api.service[90752]: DEBUG ovsdbapp.backend.ovs_idl.event [None req-8d6b1154-9f98-4876-b078-0551f32f21d3 None None] Matched CREATE: ChassisOVNAgentWriteEvent(events=('create', 'update'), table='Chassis_Private', conditions=None, old_conditions=None), priority=20 to row=Chassis_Private(uuid=1b5e7069-ff7c-48a0-b59a-c90d8e47985c, chassis=2764c07f-e9e1-4ab2-b7f2-69e214556ca9, external_ids={'neutron:ovn-bridge': 'br-int', 'neutron:ovn-neutron-agent-id': '76c606cf-24e2-56d6-a1a4-bff3947f42ab', 'neutron:ovn-neutron-agent-sb-cfg': '0'}, name='8f9600eb-46cc-4e0f-bec3-815f2f854a8e', nb_cfg=0, nb_cfg_timestamp=0) old= {{(pid=90752) matches /opt/stack/data/venv/lib/python3.12/site-packages/ovsdbapp/backend/ovs_idl/event.py:55}}
Aug 02 18:52:02.283004 np0000006314 devstack@neutron-api.service[90752]: INFO neutron.plugins.ml2.drivers.ovn.mech_driver.mech_driver [None req-8d6b1154-9f98-4876-b078-0551f32f21d3 None None] WorkerService process has finished the post initialization
Aug 02 18:52:02.283291 np0000006314 devstack@neutron-api.service[90752]: DEBUG oslo_concurrency.processutils [None req-8d6b1154-9f98-4876-b078-0551f32f21d3 None None] Running cmd (subprocess): ovsdb-client transact ssl:10.4.3.105:6641 --timeout 180 -p /opt/stack/data/CA/int-ca/private/devstack-cert.key -c /opt/stack/data/CA/int-ca/devstack-cert.crt -C /opt/stack/data/CA/int-ca/ca-chain.pem ["OVN_Northbound", {"op": "wait", "timeout": 0, "table": "Port_Group", "where": [["name", "==", "pvlan_pg_drop"]], "until": "==", "rows": []}, {"op": "insert", "table": "ACL", "row": {"action": "drop", "direction": "to-lport", "match": "outport == @pvlan_pg_drop && ip", "priority": 1010}, "uuid-name": "pvlandroptoport"}, {"op": "insert", "table": "ACL", "row": {"action": "drop", "direction": "from-lport", "match": "inport == @pvlan_pg_drop && ip", "priority": 1010}, "uuid-name": "pvlandropfromport"}, {"op": "insert", "table": "Port_Group", "row": {"name": "pvlan_pg_drop", "acls": ["set", [["named-uuid", "pvlandroptoport"], ["named-uuid", "pvlandropfromport"]]]}}] {{(pid=90752) execute /opt/stack/data/venv/lib/python3.12/site-packages/oslo_concurrency/processutils.py:440}}
Aug 02 18:52:02.318711 np0000006314 devstack@neutron-api.service[90752]: DEBUG oslo_concurrency.processutils [None req-8d6b1154-9f98-4876-b078-0551f32f21d3 None None] CMD "ovsdb-client transact ssl:10.4.3.105:6641 --timeout 180 -p /opt/stack/data/CA/int-ca/private/devstack-cert.key -c /opt/stack/data/CA/int-ca/devstack-cert.crt -C /opt/stack/data/CA/int-ca/ca-chain.pem ["OVN_Northbound", {"op": "wait", "timeout": 0, "table": "Port_Group", "where": [["name", "==", "pvlan_pg_drop"]], "until": "==", "rows": []}, {"op": "insert", "table": "ACL", "row": {"action": "drop", "direction": "to-lport", "match": "outport == @pvlan_pg_drop && ip", "priority": 1010}, "uuid-name": "pvlandroptoport"}, {"op": "insert", "table": "ACL", "row": {"action": "drop", "direction": "from-lport", "match": "inport == @pvlan_pg_drop && ip", "priority": 1010}, "uuid-name": "pvlandropfromport"}, {"op": "insert", "table": "Port_Group", "row": {"name": "pvlan_pg_drop", "acls": ["set", [["named-uuid", "pvlandroptoport"], ["named-uuid", "pvlandropfromport"]]]}}]" returned: 0 in 0.035s {{(pid=90752) execute /opt/stack/data/venv/lib/python3.12/site-packages/oslo_concurrency/processutils.py:468}}
Aug 02 18:52:02.320624 np0000006314 devstack@neutron-api.service[90752]: WSGI app 0 (mountpoint='') ready in 7 seconds on interpreter 0x796f58ea4668 pid: 90752 (default app)
Aug 02 18:52:02.691860 np0000006314 devstack@neutron-api.service[90754]: DEBUG neutron.common.ovn.hash_ring_manager [-] Allow caching, nodes 4>=4 {{(pid=90754) _wait_startup_before_caching /opt/stack/neutron/neutron/common/ovn/hash_ring_manager.py:71}}
Aug 02 18:52:02.692271 np0000006314 devstack@neutron-api.service[90753]: DEBUG neutron.common.ovn.hash_ring_manager [-] Allow caching, nodes 4>=4 {{(pid=90753) _wait_startup_before_caching /opt/stack/neutron/neutron/common/ovn/hash_ring_manager.py:71}}
Aug 02 18:52:02.692633 np0000006314 devstack@neutron-api.service[90754]: DEBUG neutron.plugins.ml2.drivers.ovn.mech_driver.ovsdb.ovsdb_monitor [-] Hash Ring: Node 96e53ecd6e0a51889ce47b1d2acf98b9 (host: np0000006314) handling event "update" for row 615bfe4e-ff9d-4e4a-9292-add07dc5118e (table: Connection) {{(pid=90754) notify /opt/stack/neutron/neutron/plugins/ml2/drivers/ovn/mech_driver/ovsdb/ovsdb_monitor.py:1013}}
Aug 02 18:52:02.693791 np0000006314 devstack@neutron-api.service[90751]: DEBUG neutron.common.ovn.hash_ring_manager [-] Allow caching, nodes 4>=4 {{(pid=90751) _wait_startup_before_caching /opt/stack/neutron/neutron/common/ovn/hash_ring_manager.py:71}}
Aug 02 18:52:02.694286 np0000006314 devstack@neutron-api.service[90751]: DEBUG neutron.plugins.ml2.drivers.ovn.mech_driver.ovsdb.ovsdb_monitor [-] Hash Ring: Node d39eb322eed354d2bc4f6f45d2493170 (host: np0000006314) handling event "update" for row 615bfe4e-ff9d-4e4a-9292-add07dc5118e (table: Connection) {{(pid=90751) notify /opt/stack/neutron/neutron/plugins/ml2/drivers/ovn/mech_driver/ovsdb/ovsdb_monitor.py:1013}}
Aug 02 18:52:05.201959 np0000006314 devstack@neutron-api.service[90754]: DEBUG neutron.plugins.ml2.drivers.ovn.mech_driver.ovsdb.ovsdb_monitor [-] Hash Ring: Node 96e53ecd6e0a51889ce47b1d2acf98b9 (host: np0000006314) handling event "update" for row 615bfe4e-ff9d-4e4a-9292-add07dc5118e (table: Connection) {{(pid=90754) notify /opt/stack/neutron/neutron/plugins/ml2/drivers/ovn/mech_driver/ovsdb/ovsdb_monitor.py:1013}}
Aug 02 18:52:05.202261 np0000006314 devstack@neutron-api.service[90751]: DEBUG neutron.plugins.ml2.drivers.ovn.mech_driver.ovsdb.ovsdb_monitor [-] Hash Ring: Node d39eb322eed354d2bc4f6f45d2493170 (host: np0000006314) handling event "update" for row 615bfe4e-ff9d-4e4a-9292-add07dc5118e (table: Connection) {{(pid=90751) notify /opt/stack/neutron/neutron/plugins/ml2/drivers/ovn/mech_driver/ovsdb/ovsdb_monitor.py:1013}}
Aug 02 18:52:05.771324 np0000006314 devstack@neutron-api.service[90754]: DEBUG neutron.api.wsgi [None req-0abc092d-fb4b-4ed3-a354-abea7ac06c87 admin admin] Missing Content-Type {{(pid=90754) get_content_type /opt/stack/neutron/neutron/api/wsgi.py:80}}
Aug 02 18:52:05.771721 np0000006314 devstack@neutron-api.service[90754]: DEBUG neutron.api.wsgi [None req-0abc092d-fb4b-4ed3-a354-abea7ac06c87 admin admin] https://10.4.3.105/networking/v2.0/extensions returned with HTTP 200 {{(pid=90754) __call__ /opt/stack/neutron/neutron/api/wsgi.py:540}}
Aug 02 18:52:05.772088 np0000006314 devstack@neutron-api.service[90754]: [pid: 90754|app: 0|req: 2/2] 10.4.3.105 () {64 vars in 1292 bytes} [Sun Aug 2 18:52:05 2026] GET /networking/v2.0/extensions => generated 16171 bytes in 566 msecs (HTTP/1.1 200) 4 headers in 159 bytes (1 switches on core 0)
Aug 02 18:52:06.124992 np0000006314 devstack@neutron-api.service[90751]: DEBUG neutron.api.v2.base [None req-bad5746d-156c-489b-bf1c-f58189dcd348 admin admin] Request body: {'subnetpool': {'shared': True, 'prefixes': ['10.1.0.0/20'], 'name': 'shared-default-subnetpool-v4', 'is_default': True, 'default_prefixlen': 26}} {{(pid=90751) prepare_request_body /opt/stack/neutron/neutron/api/v2/base.py:727}}
Aug 02 18:52:06.302051 np0000006314 devstack@neutron-api.service[90751]: DEBUG neutron.policy [None req-bad5746d-156c-489b-bf1c-f58189dcd348 admin admin] Loaded default policies from ['neutron'] under neutron.policies entry points {{(pid=90751) register_rules /opt/stack/neutron/neutron/policy.py:65}}
Aug 02 18:52:06.423515 np0000006314 devstack@neutron-api.service[90751]: DEBUG neutron_lib.callbacks.manager [None req-bad5746d-156c-489b-bf1c-f58189dcd348 admin admin] Publish callbacks ['neutron.objects.securitygroup.RbacNeutronDbObjectMixin.validate_rbac_policy_change-2423887509321', 'neutron.objects.address_group.RbacNeutronDbObjectMixin.validate_rbac_policy_change-2423887556554', 'neutron.objects.network.RbacNeutronDbObjectMixin.validate_rbac_policy_change-2423887681767', 'neutron.objects.qos.policy.RbacNeutronDbObjectMixin.validate_rbac_policy_change-2423887672224', 'neutron.objects.subnetpool.RbacNeutronDbObjectMixin.validate_rbac_policy_change-2423887693022', 'neutron.objects.address_scope.RbacNeutronDbObjectMixin.validate_rbac_policy_change-2423887709699', 'neutron.plugins.ml2.plugin.External_net_db_mixin._process_ext_policy_create-1706138', 'neutron.plugins.ml2.plugin.NeutronDbPluginV2.validate_network_rbac_policy_change-1714342'] for rbac-policy (None), before_create {{(pid=90751) _notify_loop /opt/stack/data/venv/lib/python3.12/site-packages/neutron_lib/callbacks/manager.py:184}}
Aug 02 18:52:06.460485 np0000006314 devstack@neutron-api.service[90751]: DEBUG neutron_lib.callbacks.manager [None req-bad5746d-156c-489b-bf1c-f58189dcd348 admin admin] Publish callbacks [] for subnetpool (None), before_response {{(pid=90751) _notify_loop /opt/stack/data/venv/lib/python3.12/site-packages/neutron_lib/callbacks/manager.py:184}}
Aug 02 18:52:06.461009 np0000006314 devstack@neutron-api.service[90751]: [pid: 90751|app: 0|req: 1/3] 10.4.3.105 () {68 vars in 1336 bytes} [Sun Aug 2 18:52:06 2026] POST /networking/v2.0/subnetpools => generated 533 bytes in 424 msecs (HTTP/1.1 201) 4 headers in 162 bytes (1 switches on core 0)
Aug 02 18:52:06.764982 np0000006314 devstack@neutron-api.service[90753]: DEBUG neutron.api.v2.base [None req-d01daf10-a99e-4e1b-acba-8c0922564ad2 admin admin] Request body: {'subnetpool': {'shared': True, 'prefixes': ['fd99:fa12:abb1::/56'], 'name': 'shared-default-subnetpool-v6', 'is_default': True, 'default_prefixlen': 64}} {{(pid=90753) prepare_request_body /opt/stack/neutron/neutron/api/v2/base.py:727}}
Aug 02 18:52:06.909290 np0000006314 devstack@neutron-api.service[90753]: DEBUG neutron.policy [None req-d01daf10-a99e-4e1b-acba-8c0922564ad2 admin admin] Loaded default policies from ['neutron'] under neutron.policies entry points {{(pid=90753) register_rules /opt/stack/neutron/neutron/policy.py:65}}
Aug 02 18:52:07.032284 np0000006314 devstack@neutron-api.service[90753]: DEBUG neutron_lib.callbacks.manager [None req-d01daf10-a99e-4e1b-acba-8c0922564ad2 admin admin] Publish callbacks ['neutron.objects.securitygroup.RbacNeutronDbObjectMixin.validate_rbac_policy_change-2423886821790', 'neutron.objects.address_group.RbacNeutronDbObjectMixin.validate_rbac_policy_change-2423886832374', 'neutron.objects.network.RbacNeutronDbObjectMixin.validate_rbac_policy_change-2423886785482', 'neutron.objects.qos.policy.RbacNeutronDbObjectMixin.validate_rbac_policy_change-2423886780621', 'neutron.objects.subnetpool.RbacNeutronDbObjectMixin.validate_rbac_policy_change-2423886757789', 'neutron.objects.address_scope.RbacNeutronDbObjectMixin.validate_rbac_policy_change-2423886752829', 'neutron.plugins.ml2.plugin.External_net_db_mixin._process_ext_policy_create-4113703', 'neutron.plugins.ml2.plugin.NeutronDbPluginV2.validate_network_rbac_policy_change-4073787'] for rbac-policy (None), before_create {{(pid=90753) _notify_loop /opt/stack/data/venv/lib/python3.12/site-packages/neutron_lib/callbacks/manager.py:184}}
Aug 02 18:52:07.071227 np0000006314 devstack@neutron-api.service[90753]: DEBUG neutron_lib.callbacks.manager [None req-d01daf10-a99e-4e1b-acba-8c0922564ad2 admin admin] Publish callbacks [] for subnetpool (None), before_response {{(pid=90753) _notify_loop /opt/stack/data/venv/lib/python3.12/site-packages/neutron_lib/callbacks/manager.py:184}}
Aug 02 18:52:07.071804 np0000006314 devstack@neutron-api.service[90753]: [pid: 90753|app: 0|req: 1/4] 10.4.3.105 () {68 vars in 1336 bytes} [Sun Aug 2 18:52:06 2026] POST /networking/v2.0/subnetpools => generated 543 bytes in 393 msecs (HTTP/1.1 201) 4 headers in 162 bytes (1 switches on core 0)
Aug 02 18:52:07.393629 np0000006314 devstack@neutron-api.service[90752]: DEBUG neutron.api.v2.base [None req-0ff88aa6-d581-486f-87ba-f0de44e3c4fd admin admin] Request body: {'network': {'admin_state_up': True, 'name': 'private'}} {{(pid=90752) prepare_request_body /opt/stack/neutron/neutron/api/v2/base.py:727}}
Aug 02 18:52:07.425137 np0000006314 devstack@neutron-api.service[90752]: DEBUG neutron.pecan_wsgi.hooks.quota_enforcement [None req-0ff88aa6-d581-486f-87ba-f0de44e3c4fd admin admin] Made reservation on behalf of 967ca7e40bd5449dbd59dba726c5b68f for: {'network': 1} {{(pid=90752) before /opt/stack/neutron/neutron/pecan_wsgi/hooks/quota_enforcement.py:66}}
Aug 02 18:52:07.600866 np0000006314 devstack@neutron-api.service[90752]: DEBUG neutron.policy [None req-0ff88aa6-d581-486f-87ba-f0de44e3c4fd admin admin] Loaded default policies from ['neutron'] under neutron.policies entry points {{(pid=90752) register_rules /opt/stack/neutron/neutron/policy.py:65}}
Aug 02 18:52:07.680446 np0000006314 devstack@neutron-api.service[90752]: DEBUG neutron_lib.callbacks.manager [None req-0ff88aa6-d581-486f-87ba-f0de44e3c4fd admin admin] Publish callbacks ['neutron.plugins.ml2.plugin.SecurityGroupDbMixin._ensure_default_security_group_handler-4007315'] for network (None), before_create {{(pid=90752) _notify_loop /opt/stack/data/venv/lib/python3.12/site-packages/neutron_lib/callbacks/manager.py:184}}
Aug 02 18:52:07.698427 np0000006314 devstack@neutron-api.service[90752]: DEBUG neutron_lib.callbacks.manager [None req-0ff88aa6-d581-486f-87ba-f0de44e3c4fd admin admin] Publish callbacks [] for security_group (None), before_create {{(pid=90752) _notify_loop /opt/stack/data/venv/lib/python3.12/site-packages/neutron_lib/callbacks/manager.py:184}}
Aug 02 18:52:07.780317 np0000006314 devstack@neutron-api.service[90752]: DEBUG neutron_lib.callbacks.manager [None req-0ff88aa6-d581-486f-87ba-f0de44e3c4fd admin admin] Publish callbacks ['neutron.plugins.ml2.drivers.ovn.mech_driver.mech_driver.OVNMechanismDriver._create_security_group_precommit-321637'] for security_group (24b7297a-f5b4-4ebb-a1b7-38e22c4e088c), precommit_create {{(pid=90752) _notify_loop /opt/stack/data/venv/lib/python3.12/site-packages/neutron_lib/callbacks/manager.py:184}}
Aug 02 18:52:07.780510 np0000006314 devstack@neutron-api.service[90752]: DEBUG neutron.db.ovn_revision_numbers_db [None req-0ff88aa6-d581-486f-87ba-f0de44e3c4fd admin admin] create_initial_revision uuid=24b7297a-f5b4-4ebb-a1b7-38e22c4e088c, type=security_groups, rev=-1 {{(pid=90752) create_initial_revision /opt/stack/neutron/neutron/db/ovn_revision_numbers_db.py:98}}
Aug 02 18:52:07.782535 np0000006314 devstack@neutron-api.service[90752]: DEBUG neutron.db.ovn_revision_numbers_db [None req-0ff88aa6-d581-486f-87ba-f0de44e3c4fd admin admin] create_initial_revision uuid=06743239-bdab-4893-98e7-c018d9fa9bc5, type=security_group_rules, rev=-1 {{(pid=90752) create_initial_revision /opt/stack/neutron/neutron/db/ovn_revision_numbers_db.py:98}}
Aug 02 18:52:07.783453 np0000006314 devstack@neutron-api.service[90752]: DEBUG neutron.db.ovn_revision_numbers_db [None req-0ff88aa6-d581-486f-87ba-f0de44e3c4fd admin admin] create_initial_revision uuid=8573c9a3-54de-4a85-9159-7bd2f8532406, type=security_group_rules, rev=-1 {{(pid=90752) create_initial_revision /opt/stack/neutron/neutron/db/ovn_revision_numbers_db.py:98}}
Aug 02 18:52:07.784533 np0000006314 devstack@neutron-api.service[90752]: DEBUG neutron.db.ovn_revision_numbers_db [None req-0ff88aa6-d581-486f-87ba-f0de44e3c4fd admin admin] create_initial_revision uuid=cfaf2c0f-d803-4ccf-92d7-3e9804d2a818, type=security_group_rules, rev=-1 {{(pid=90752) create_initial_revision /opt/stack/neutron/neutron/db/ovn_revision_numbers_db.py:98}}
Aug 02 18:52:07.785381 np0000006314 devstack@neutron-api.service[90752]: DEBUG neutron.db.ovn_revision_numbers_db [None req-0ff88aa6-d581-486f-87ba-f0de44e3c4fd admin admin] create_initial_revision uuid=d6d2039f-2969-483c-83d0-2c95b49ce523, type=security_group_rules, rev=-1 {{(pid=90752) create_initial_revision /opt/stack/neutron/neutron/db/ovn_revision_numbers_db.py:98}}
Aug 02 18:52:07.788320 np0000006314 devstack@neutron-api.service[90752]: DEBUG neutron_lib.callbacks.manager [None req-0ff88aa6-d581-486f-87ba-f0de44e3c4fd admin admin] Publish callbacks ['neutron.plugins.ml2.drivers.ovn.mech_driver.mech_driver.OVNMechanismDriver._create_security_group-321647', 'neutron.plugins.ml2.ovo_rpc._ObjectChangeHandler.handle_event-2613776'] for security_group (24b7297a-f5b4-4ebb-a1b7-38e22c4e088c), after_create {{(pid=90752) _notify_loop /opt/stack/data/venv/lib/python3.12/site-packages/neutron_lib/callbacks/manager.py:184}}
Aug 02 18:52:07.788482 np0000006314 devstack@neutron-api.service[90752]: INFO neutron.plugins.ml2.drivers.ovn.mech_driver.ovsdb.extensions.qos [None req-0ff88aa6-d581-486f-87ba-f0de44e3c4fd admin admin] Starting OVNClientQosExtension
Aug 02 18:52:07.788593 np0000006314 devstack@neutron-api.service[90752]: INFO neutron.plugins.ml2.drivers.ovn.mech_driver.ovsdb.extensions.placement [None req-0ff88aa6-d581-486f-87ba-f0de44e3c4fd admin admin] Starting OVNClientPlacementExtension
Aug 02 18:52:07.789652 np0000006314 devstack@neutron-api.service[90752]: DEBUG ovsdbapp.backend.ovs_idl.transaction [-] Running txn n=1 command(idx=0): PgAddCommand(_result=None, name=pg_24b7297a_f5b4_4ebb_a1b7_38e22c4e088c, may_exist=False, columns={'acls': [], 'external_ids': {'neutron:security_group_id': '24b7297a-f5b4-4ebb-a1b7-38e22c4e088c'}}) {{(pid=90752) do_commit /opt/stack/data/venv/lib/python3.12/site-packages/ovsdbapp/backend/ovs_idl/transaction.py:89}}
Aug 02 18:52:07.793377 np0000006314 devstack@neutron-api.service[90752]: DEBUG ovsdbapp.backend.ovs_idl.transaction [-] Running txn n=1 command(idx=1): PgAclAddCommand(_result=None, entity=pg_24b7297a_f5b4_4ebb_a1b7_38e22c4e088c, direction=to-lport, priority=1002, match=outport == @pg_24b7297a_f5b4_4ebb_a1b7_38e22c4e088c && ip4 && ip4.src == $pg_24b7297a_f5b4_4ebb_a1b7_38e22c4e088c_ip4, action=allow-related, log=False, may_exist=True, severity=[], name=[], meter=[], external_ids={'neutron:security_group_rule_id': '06743239-bdab-4893-98e7-c018d9fa9bc5'}) {{(pid=90752) do_commit /opt/stack/data/venv/lib/python3.12/site-packages/ovsdbapp/backend/ovs_idl/transaction.py:89}}
Aug 02 18:52:07.793769 np0000006314 devstack@neutron-api.service[90752]: DEBUG ovsdbapp.backend.ovs_idl.transaction [-] Running txn n=1 command(idx=2): PgAclAddCommand(_result=None, entity=pg_24b7297a_f5b4_4ebb_a1b7_38e22c4e088c, direction=from-lport, priority=1002, match=inport == @pg_24b7297a_f5b4_4ebb_a1b7_38e22c4e088c && ip4, action=allow-related, log=False, may_exist=True, severity=[], name=[], meter=[], external_ids={'neutron:security_group_rule_id': '8573c9a3-54de-4a85-9159-7bd2f8532406'}) {{(pid=90752) do_commit /opt/stack/data/venv/lib/python3.12/site-packages/ovsdbapp/backend/ovs_idl/transaction.py:89}}
Aug 02 18:52:07.794052 np0000006314 devstack@neutron-api.service[90752]: DEBUG ovsdbapp.backend.ovs_idl.transaction [-] Running txn n=1 command(idx=3): PgAclAddCommand(_result=None, entity=pg_24b7297a_f5b4_4ebb_a1b7_38e22c4e088c, direction=to-lport, priority=1002, match=outport == @pg_24b7297a_f5b4_4ebb_a1b7_38e22c4e088c && ip6 && ip6.src == $pg_24b7297a_f5b4_4ebb_a1b7_38e22c4e088c_ip6, action=allow-related, log=False, may_exist=True, severity=[], name=[], meter=[], external_ids={'neutron:security_group_rule_id': 'cfaf2c0f-d803-4ccf-92d7-3e9804d2a818'}) {{(pid=90752) do_commit /opt/stack/data/venv/lib/python3.12/site-packages/ovsdbapp/backend/ovs_idl/transaction.py:89}}
Aug 02 18:52:07.794322 np0000006314 devstack@neutron-api.service[90752]: DEBUG ovsdbapp.backend.ovs_idl.transaction [-] Running txn n=1 command(idx=4): PgAclAddCommand(_result=None, entity=pg_24b7297a_f5b4_4ebb_a1b7_38e22c4e088c, direction=from-lport, priority=1002, match=inport == @pg_24b7297a_f5b4_4ebb_a1b7_38e22c4e088c && ip6, action=allow-related, log=False, may_exist=True, severity=[], name=[], meter=[], external_ids={'neutron:security_group_rule_id': 'd6d2039f-2969-483c-83d0-2c95b49ce523'}) {{(pid=90752) do_commit /opt/stack/data/venv/lib/python3.12/site-packages/ovsdbapp/backend/ovs_idl/transaction.py:89}}
Aug 02 18:52:07.800042 np0000006314 devstack@neutron-api.service[90751]: DEBUG neutron.plugins.ml2.drivers.ovn.mech_driver.ovsdb.ovsdb_monitor [-] Hash Ring: Node d39eb322eed354d2bc4f6f45d2493170 (host: np0000006314) handling event "create" for row 9a0d43aa-7be4-4979-8c6c-0580f1ae3016 (table: ACL) {{(pid=90751) notify /opt/stack/neutron/neutron/plugins/ml2/drivers/ovn/mech_driver/ovsdb/ovsdb_monitor.py:1013}}
Aug 02 18:52:07.800401 np0000006314 devstack@neutron-api.service[90754]: DEBUG neutron.plugins.ml2.drivers.ovn.mech_driver.ovsdb.ovsdb_monitor [-] Hash Ring: Node 96e53ecd6e0a51889ce47b1d2acf98b9 (host: np0000006314) handling event "create" for row 0b49a5fb-b334-4a6b-850a-86d8e9458479 (table: ACL) {{(pid=90754) notify /opt/stack/neutron/neutron/plugins/ml2/drivers/ovn/mech_driver/ovsdb/ovsdb_monitor.py:1013}}
Aug 02 18:52:07.800677 np0000006314 devstack@neutron-api.service[90751]: DEBUG neutron.plugins.ml2.drivers.ovn.mech_driver.ovsdb.ovsdb_monitor [-] Hash Ring: Node d39eb322eed354d2bc4f6f45d2493170 (host: np0000006314) handling event "create" for row f1fc0dac-07d3-4b91-855a-8b012e6d20df (table: Port_Group) {{(pid=90751) notify /opt/stack/neutron/neutron/plugins/ml2/drivers/ovn/mech_driver/ovsdb/ovsdb_monitor.py:1013}}
Aug 02 18:52:07.800740 np0000006314 devstack@neutron-api.service[90754]: DEBUG neutron.plugins.ml2.drivers.ovn.mech_driver.ovsdb.ovsdb_monitor [-] Hash Ring: Node 96e53ecd6e0a51889ce47b1d2acf98b9 (host: np0000006314) handling event "create" for row 94c7abe9-9806-46b6-bf38-e4de0e697de3 (table: ACL) {{(pid=90754) notify /opt/stack/neutron/neutron/plugins/ml2/drivers/ovn/mech_driver/ovsdb/ovsdb_monitor.py:1013}}
Aug 02 18:52:07.800740 np0000006314 devstack@neutron-api.service[90754]: DEBUG neutron.plugins.ml2.drivers.ovn.mech_driver.ovsdb.ovsdb_monitor [-] Hash Ring: Node 96e53ecd6e0a51889ce47b1d2acf98b9 (host: np0000006314) handling event "create" for row 9a0d43aa-7be4-4979-8c6c-0580f1ae3016 (table: ACL) {{(pid=90754) notify /opt/stack/neutron/neutron/plugins/ml2/drivers/ovn/mech_driver/ovsdb/ovsdb_monitor.py:1013}}
Aug 02 18:52:07.800740 np0000006314 devstack@neutron-api.service[90754]: DEBUG neutron.plugins.ml2.drivers.ovn.mech_driver.ovsdb.ovsdb_monitor [-] Hash Ring: Node 96e53ecd6e0a51889ce47b1d2acf98b9 (host: np0000006314) handling event "create" for row bf85ffc6-a405-4e07-acf2-015e3454f8f3 (table: ACL) {{(pid=90754) notify /opt/stack/neutron/neutron/plugins/ml2/drivers/ovn/mech_driver/ovsdb/ovsdb_monitor.py:1013}}
Aug 02 18:52:07.800740 np0000006314 devstack@neutron-api.service[90754]: DEBUG neutron.plugins.ml2.drivers.ovn.mech_driver.ovsdb.ovsdb_monitor [-] Hash Ring: Node 96e53ecd6e0a51889ce47b1d2acf98b9 (host: np0000006314) handling event "create" for row f1fc0dac-07d3-4b91-855a-8b012e6d20df (table: Port_Group) {{(pid=90754) notify /opt/stack/neutron/neutron/plugins/ml2/drivers/ovn/mech_driver/ovsdb/ovsdb_monitor.py:1013}}
Aug 02 18:52:07.800920 np0000006314 devstack@neutron-api.service[90753]: DEBUG neutron.plugins.ml2.drivers.ovn.mech_driver.ovsdb.ovsdb_monitor [-] Hash Ring: Node bb639f16f52a5d37b3242eb91b0cbf67 (host: np0000006314) handling event "create" for row 0b49a5fb-b334-4a6b-850a-86d8e9458479 (table: ACL) {{(pid=90753) notify /opt/stack/neutron/neutron/plugins/ml2/drivers/ovn/mech_driver/ovsdb/ovsdb_monitor.py:1013}}
Aug 02 18:52:07.801172 np0000006314 devstack@neutron-api.service[90753]: DEBUG neutron.plugins.ml2.drivers.ovn.mech_driver.ovsdb.ovsdb_monitor [-] Hash Ring: Node bb639f16f52a5d37b3242eb91b0cbf67 (host: np0000006314) handling event "create" for row 94c7abe9-9806-46b6-bf38-e4de0e697de3 (table: ACL) {{(pid=90753) notify /opt/stack/neutron/neutron/plugins/ml2/drivers/ovn/mech_driver/ovsdb/ovsdb_monitor.py:1013}}
Aug 02 18:52:07.801204 np0000006314 devstack@neutron-api.service[90752]: DEBUG neutron.plugins.ml2.drivers.ovn.mech_driver.ovsdb.ovsdb_monitor [-] Hash Ring: Node 3dc17531d72c5ab883b8e8212a7bdbf7 (host: np0000006314) handling event "create" for row 9a0d43aa-7be4-4979-8c6c-0580f1ae3016 (table: ACL) {{(pid=90752) notify /opt/stack/neutron/neutron/plugins/ml2/drivers/ovn/mech_driver/ovsdb/ovsdb_monitor.py:1013}}
Aug 02 18:52:07.801374 np0000006314 devstack@neutron-api.service[90752]: DEBUG neutron.plugins.ml2.drivers.ovn.mech_driver.ovsdb.ovsdb_monitor [-] Hash Ring: Node 3dc17531d72c5ab883b8e8212a7bdbf7 (host: np0000006314) handling event "create" for row bf85ffc6-a405-4e07-acf2-015e3454f8f3 (table: ACL) {{(pid=90752) notify /opt/stack/neutron/neutron/plugins/ml2/drivers/ovn/mech_driver/ovsdb/ovsdb_monitor.py:1013}}
Aug 02 18:52:07.821872 np0000006314 devstack@neutron-api.service[90752]: INFO neutron.db.ovn_revision_numbers_db [None req-0ff88aa6-d581-486f-87ba-f0de44e3c4fd admin admin] Successfully bumped revision number for resource 24b7297a-f5b4-4ebb-a1b7-38e22c4e088c (type: security_groups) to 1
Aug 02 18:52:07.832665 np0000006314 devstack@neutron-api.service[90752]: INFO neutron.db.ovn_revision_numbers_db [None req-0ff88aa6-d581-486f-87ba-f0de44e3c4fd admin admin] Successfully bumped revision number for resource 06743239-bdab-4893-98e7-c018d9fa9bc5 (type: security_group_rules) to 0
Aug 02 18:52:07.841032 np0000006314 devstack@neutron-api.service[90752]: INFO neutron.db.ovn_revision_numbers_db [None req-0ff88aa6-d581-486f-87ba-f0de44e3c4fd admin admin] Successfully bumped revision number for resource 8573c9a3-54de-4a85-9159-7bd2f8532406 (type: security_group_rules) to 0
Aug 02 18:52:07.849315 np0000006314 devstack@neutron-api.service[90752]: INFO neutron.db.ovn_revision_numbers_db [None req-0ff88aa6-d581-486f-87ba-f0de44e3c4fd admin admin] Successfully bumped revision number for resource cfaf2c0f-d803-4ccf-92d7-3e9804d2a818 (type: security_group_rules) to 0
Aug 02 18:52:07.857810 np0000006314 devstack@neutron-api.service[90752]: INFO neutron.db.ovn_revision_numbers_db [None req-0ff88aa6-d581-486f-87ba-f0de44e3c4fd admin admin] Successfully bumped revision number for resource d6d2039f-2969-483c-83d0-2c95b49ce523 (type: security_group_rules) to 0
Aug 02 18:52:07.877741 np0000006314 devstack@neutron-api.service[90752]: DEBUG neutron.api.rpc.handlers.resources_rpc [None req-0ff88aa6-d581-486f-87ba-f0de44e3c4fd admin admin] Pushing event updated for resources: {'SecurityGroup': ['ID=24b7297a-f5b4-4ebb-a1b7-38e22c4e088c,revision_number=1']} {{(pid=90752) push /opt/stack/neutron/neutron/api/rpc/handlers/resources_rpc.py:237}}
Aug 02 18:52:07.883888 np0000006314 devstack@neutron-api.service[90752]: DEBUG ovsdbapp.backend.ovs_idl.transaction [-] Running txn n=1 command(idx=0): CheckLivenessCommand(_result=None) {{(pid=90752) do_commit /opt/stack/data/venv/lib/python3.12/site-packages/ovsdbapp/backend/ovs_idl/transaction.py:89}}
Aug 02 18:52:07.887527 np0000006314 devstack@neutron-api.service[90751]: DEBUG neutron.plugins.ml2.drivers.ovn.mech_driver.ovsdb.ovsdb_monitor [-] Hash Ring: Node d39eb322eed354d2bc4f6f45d2493170 (host: np0000006314) handling event "update" for row f22f0dd4-c26b-43c4-a9a7-fbbc2cc945e7 (table: NB_Global) {{(pid=90751) notify /opt/stack/neutron/neutron/plugins/ml2/drivers/ovn/mech_driver/ovsdb/ovsdb_monitor.py:1013}}
Aug 02 18:52:07.887715 np0000006314 devstack@neutron-api.service[90754]: DEBUG neutron.plugins.ml2.drivers.ovn.mech_driver.ovsdb.ovsdb_monitor [-] Hash Ring: Node 96e53ecd6e0a51889ce47b1d2acf98b9 (host: np0000006314) handling event "update" for row f22f0dd4-c26b-43c4-a9a7-fbbc2cc945e7 (table: NB_Global) {{(pid=90754) notify /opt/stack/neutron/neutron/plugins/ml2/drivers/ovn/mech_driver/ovsdb/ovsdb_monitor.py:1013}}
Aug 02 18:52:07.887980 np0000006314 devstack@neutron-api.service[90752]: DEBUG neutron.api.rpc.callbacks.version_manager [None req-0ff88aa6-d581-486f-87ba-f0de44e3c4fd admin admin] Tracked resource versions report:
Aug 02 18:52:07.887980 np0000006314 devstack@neutron-api.service[90752]: pushed versions:
Aug 02 18:52:07.887980 np0000006314 devstack@neutron-api.service[90752]: { 'AddressGroup': {'1.2'},
Aug 02 18:52:07.887980 np0000006314 devstack@neutron-api.service[90752]: 'Agent': {'1.1'},
Aug 02 18:52:07.887980 np0000006314 devstack@neutron-api.service[90752]: 'ConntrackHelper': {'1.0'},
Aug 02 18:52:07.887980 np0000006314 devstack@neutron-api.service[90752]: 'LocalIPAssociation': {'1.0'},
Aug 02 18:52:07.887980 np0000006314 devstack@neutron-api.service[90752]: 'Log': {'1.0'},
Aug 02 18:52:07.887980 np0000006314 devstack@neutron-api.service[90752]: 'NDPProxy': {'1.0'},
Aug 02 18:52:07.887980 np0000006314 devstack@neutron-api.service[90752]: 'Network': {'1.3'},
Aug 02 18:52:07.887980 np0000006314 devstack@neutron-api.service[90752]: 'Port': {'1.11'},
Aug 02 18:52:07.887980 np0000006314 devstack@neutron-api.service[90752]: 'PortForwarding': {'1.3'},
Aug 02 18:52:07.887980 np0000006314 devstack@neutron-api.service[90752]: 'QosPolicy': {'1.10'},
Aug 02 18:52:07.887980 np0000006314 devstack@neutron-api.service[90752]: 'SecurityGroup': {'1.6'},
Aug 02 18:52:07.887980 np0000006314 devstack@neutron-api.service[90752]: 'SecurityGroupRule': {'1.3'},
Aug 02 18:52:07.887980 np0000006314 devstack@neutron-api.service[90752]: 'SubPort': {'1.0'},
Aug 02 18:52:07.887980 np0000006314 devstack@neutron-api.service[90752]: 'Subnet': {'1.2'},
Aug 02 18:52:07.887980 np0000006314 devstack@neutron-api.service[90752]: 'Trunk': {'1.1'}}
Aug 02 18:52:07.887980 np0000006314 devstack@neutron-api.service[90752]: consumer versions:
Aug 02 18:52:07.887980 np0000006314 devstack@neutron-api.service[90752]: {}
Aug 02 18:52:07.887980 np0000006314 devstack@neutron-api.service[90752]: {{(pid=90752) report /opt/stack/neutron/neutron/api/rpc/callbacks/version_manager.py:183}}
Aug 02 18:52:07.888447 np0000006314 devstack@neutron-api.service[90754]: DEBUG neutron.plugins.ml2.drivers.ovn.mech_driver.ovsdb.ovsdb_monitor [-] Hash Ring: Node 96e53ecd6e0a51889ce47b1d2acf98b9 (host: np0000006314) handling event "update" for row f22f0dd4-c26b-43c4-a9a7-fbbc2cc945e7 (table: NB_Global) {{(pid=90754) notify /opt/stack/neutron/neutron/plugins/ml2/drivers/ovn/mech_driver/ovsdb/ovsdb_monitor.py:1013}}
Aug 02 18:52:07.889152 np0000006314 devstack@neutron-api.service[90751]: DEBUG neutron.plugins.ml2.drivers.ovn.mech_driver.ovsdb.ovsdb_monitor [-] Hash Ring: Node d39eb322eed354d2bc4f6f45d2493170 (host: np0000006314) handling event "update" for row f22f0dd4-c26b-43c4-a9a7-fbbc2cc945e7 (table: NB_Global) {{(pid=90751) notify /opt/stack/neutron/neutron/plugins/ml2/drivers/ovn/mech_driver/ovsdb/ovsdb_monitor.py:1013}}
Aug 02 18:52:07.889714 np0000006314 devstack@neutron-api.service[90754]: DEBUG neutron.plugins.ml2.drivers.ovn.mech_driver.ovsdb.ovsdb_monitor [-] Hash Ring: Node 96e53ecd6e0a51889ce47b1d2acf98b9 (host: np0000006314) handling event "update" for row f22f0dd4-c26b-43c4-a9a7-fbbc2cc945e7 (table: NB_Global) {{(pid=90754) notify /opt/stack/neutron/neutron/plugins/ml2/drivers/ovn/mech_driver/ovsdb/ovsdb_monitor.py:1013}}
Aug 02 18:52:07.889831 np0000006314 devstack@neutron-api.service[90751]: DEBUG neutron.plugins.ml2.drivers.ovn.mech_driver.ovsdb.ovsdb_monitor [-] Hash Ring: Node d39eb322eed354d2bc4f6f45d2493170 (host: np0000006314) handling event "update" for row f22f0dd4-c26b-43c4-a9a7-fbbc2cc945e7 (table: NB_Global) {{(pid=90751) notify /opt/stack/neutron/neutron/plugins/ml2/drivers/ovn/mech_driver/ovsdb/ovsdb_monitor.py:1013}}
Aug 02 18:52:07.890925 np0000006314 devstack@neutron-api.service[90754]: DEBUG ovsdbapp.backend.ovs_idl.event [-] Matched UPDATE: ChassisAgentWriteEvent(events=('create', 'update'), table='Chassis_Private', conditions=None, old_conditions=None), priority=20 to row=Chassis_Private(uuid=1b5e7069-ff7c-48a0-b59a-c90d8e47985c, chassis=2764c07f-e9e1-4ab2-b7f2-69e214556ca9, external_ids={'neutron:ovn-bridge': 'br-int', 'neutron:ovn-neutron-agent-id': '76c606cf-24e2-56d6-a1a4-bff3947f42ab', 'neutron:ovn-neutron-agent-sb-cfg': '0'}, name='8f9600eb-46cc-4e0f-bec3-815f2f854a8e', nb_cfg=1, nb_cfg_timestamp=1785696727886) old=Chassis_Private(uuid=1b5e7069-ff7c-48a0-b59a-c90d8e47985c, nb_cfg=0, nb_cfg_timestamp=0) {{(pid=90754) matches /opt/stack/data/venv/lib/python3.12/site-packages/ovsdbapp/backend/ovs_idl/event.py:55}}
Aug 02 18:52:07.891189 np0000006314 devstack@neutron-api.service[90751]: DEBUG neutron.plugins.ml2.drivers.ovn.mech_driver.ovsdb.ovsdb_monitor [-] Hash Ring: Node d39eb322eed354d2bc4f6f45d2493170 (host: np0000006314) handling event "update" for row f22f0dd4-c26b-43c4-a9a7-fbbc2cc945e7 (table: NB_Global) {{(pid=90751) notify /opt/stack/neutron/neutron/plugins/ml2/drivers/ovn/mech_driver/ovsdb/ovsdb_monitor.py:1013}}
Aug 02 18:52:07.891716 np0000006314 devstack@neutron-api.service[90753]: DEBUG ovsdbapp.backend.ovs_idl.event [-] Matched UPDATE: ChassisAgentWriteEvent(events=('create', 'update'), table='Chassis_Private', conditions=None, old_conditions=None), priority=20 to row=Chassis_Private(uuid=1b5e7069-ff7c-48a0-b59a-c90d8e47985c, chassis=2764c07f-e9e1-4ab2-b7f2-69e214556ca9, external_ids={'neutron:ovn-bridge': 'br-int', 'neutron:ovn-neutron-agent-id': '76c606cf-24e2-56d6-a1a4-bff3947f42ab', 'neutron:ovn-neutron-agent-sb-cfg': '0'}, name='8f9600eb-46cc-4e0f-bec3-815f2f854a8e', nb_cfg=1, nb_cfg_timestamp=1785696727886) old=Chassis_Private(uuid=1b5e7069-ff7c-48a0-b59a-c90d8e47985c, nb_cfg=0, nb_cfg_timestamp=0) {{(pid=90753) matches /opt/stack/data/venv/lib/python3.12/site-packages/ovsdbapp/backend/ovs_idl/event.py:55}}
Aug 02 18:52:07.892036 np0000006314 devstack@neutron-api.service[90753]: DEBUG neutron.plugins.ml2.drivers.ovn.mech_driver.ovsdb.ovsdb_monitor [-] Hash Ring: Node bb639f16f52a5d37b3242eb91b0cbf67 (host: np0000006314) handling event "update" for row 1b5e7069-ff7c-48a0-b59a-c90d8e47985c (table: Chassis_Private) {{(pid=90753) notify /opt/stack/neutron/neutron/plugins/ml2/drivers/ovn/mech_driver/ovsdb/ovsdb_monitor.py:1013}}
Aug 02 18:52:07.892227 np0000006314 devstack@neutron-api.service[90751]: DEBUG ovsdbapp.backend.ovs_idl.event [-] Matched UPDATE: ChassisAgentWriteEvent(events=('create', 'update'), table='Chassis_Private', conditions=None, old_conditions=None), priority=20 to row=Chassis_Private(uuid=1b5e7069-ff7c-48a0-b59a-c90d8e47985c, chassis=2764c07f-e9e1-4ab2-b7f2-69e214556ca9, external_ids={'neutron:ovn-bridge': 'br-int', 'neutron:ovn-neutron-agent-id': '76c606cf-24e2-56d6-a1a4-bff3947f42ab', 'neutron:ovn-neutron-agent-sb-cfg': '0'}, name='8f9600eb-46cc-4e0f-bec3-815f2f854a8e', nb_cfg=1, nb_cfg_timestamp=1785696727886) old=Chassis_Private(uuid=1b5e7069-ff7c-48a0-b59a-c90d8e47985c, nb_cfg=0, nb_cfg_timestamp=0) {{(pid=90751) matches /opt/stack/data/venv/lib/python3.12/site-packages/ovsdbapp/backend/ovs_idl/event.py:55}}
Aug 02 18:52:07.894165 np0000006314 devstack@neutron-api.service[90754]: DEBUG neutron.plugins.ml2.drivers.ovn.mech_driver.ovsdb.ovsdb_monitor [-] Hash Ring: Node 96e53ecd6e0a51889ce47b1d2acf98b9 (host: np0000006314) handling event "update" for row f22f0dd4-c26b-43c4-a9a7-fbbc2cc945e7 (table: NB_Global) {{(pid=90754) notify /opt/stack/neutron/neutron/plugins/ml2/drivers/ovn/mech_driver/ovsdb/ovsdb_monitor.py:1013}}
Aug 02 18:52:07.895051 np0000006314 devstack@neutron-api.service[90752]: DEBUG ovsdbapp.backend.ovs_idl.event [-] Matched UPDATE: ChassisAgentWriteEvent(events=('create', 'update'), table='Chassis_Private', conditions=None, old_conditions=None), priority=20 to row=Chassis_Private(uuid=1b5e7069-ff7c-48a0-b59a-c90d8e47985c, chassis=2764c07f-e9e1-4ab2-b7f2-69e214556ca9, external_ids={'neutron:ovn-bridge': 'br-int', 'neutron:ovn-neutron-agent-id': '76c606cf-24e2-56d6-a1a4-bff3947f42ab', 'neutron:ovn-neutron-agent-sb-cfg': '0'}, name='8f9600eb-46cc-4e0f-bec3-815f2f854a8e', nb_cfg=1, nb_cfg_timestamp=1785696727886) old=Chassis_Private(uuid=1b5e7069-ff7c-48a0-b59a-c90d8e47985c, nb_cfg=0, nb_cfg_timestamp=0) {{(pid=90752) matches /opt/stack/data/venv/lib/python3.12/site-packages/ovsdbapp/backend/ovs_idl/event.py:55}}
Aug 02 18:52:07.895137 np0000006314 devstack@neutron-api.service[90753]: DEBUG ovsdbapp.backend.ovs_idl.event [-] Matched UPDATE: ChassisOVNAgentWriteEvent(events=('create', 'update'), table='Chassis_Private', conditions=None, old_conditions=None), priority=20 to row=Chassis_Private(uuid=1b5e7069-ff7c-48a0-b59a-c90d8e47985c, chassis=2764c07f-e9e1-4ab2-b7f2-69e214556ca9, external_ids={'neutron:ovn-bridge': 'br-int', 'neutron:ovn-neutron-agent-id': '76c606cf-24e2-56d6-a1a4-bff3947f42ab', 'neutron:ovn-neutron-agent-sb-cfg': '1'}, name='8f9600eb-46cc-4e0f-bec3-815f2f854a8e', nb_cfg=1, nb_cfg_timestamp=1785696727886) old=Chassis_Private(uuid=1b5e7069-ff7c-48a0-b59a-c90d8e47985c, external_ids={'neutron:ovn-bridge': 'br-int', 'neutron:ovn-neutron-agent-id': '76c606cf-24e2-56d6-a1a4-bff3947f42ab', 'neutron:ovn-neutron-agent-sb-cfg': '0'}) {{(pid=90753) matches /opt/stack/data/venv/lib/python3.12/site-packages/ovsdbapp/backend/ovs_idl/event.py:55}}
Aug 02 18:52:07.895505 np0000006314 devstack@neutron-api.service[90753]: DEBUG neutron.plugins.ml2.drivers.ovn.mech_driver.ovsdb.ovsdb_monitor [-] Hash Ring: Node bb639f16f52a5d37b3242eb91b0cbf67 (host: np0000006314) handling event "update" for row 1b5e7069-ff7c-48a0-b59a-c90d8e47985c (table: Chassis_Private) {{(pid=90753) notify /opt/stack/neutron/neutron/plugins/ml2/drivers/ovn/mech_driver/ovsdb/ovsdb_monitor.py:1013}}
Aug 02 18:52:07.895771 np0000006314 devstack@neutron-api.service[90754]: DEBUG neutron.common.ovn.hash_ring_manager [-] Allow caching, nodes 4>=4 {{(pid=90754) _wait_startup_before_caching /opt/stack/neutron/neutron/common/ovn/hash_ring_manager.py:71}}
Aug 02 18:52:07.895975 np0000006314 devstack@neutron-api.service[90754]: DEBUG neutron.plugins.ml2.drivers.ovn.mech_driver.ovsdb.ovsdb_monitor [-] Hash Ring: Node 96e53ecd6e0a51889ce47b1d2acf98b9 (host: np0000006314) handling event "update" for row 1b5e7069-ff7c-48a0-b59a-c90d8e47985c (table: Chassis_Private) {{(pid=90754) notify /opt/stack/neutron/neutron/plugins/ml2/drivers/ovn/mech_driver/ovsdb/ovsdb_monitor.py:1013}}
Aug 02 18:52:07.897024 np0000006314 devstack@neutron-api.service[90751]: DEBUG neutron.common.ovn.hash_ring_manager [-] Allow caching, nodes 4>=4 {{(pid=90751) _wait_startup_before_caching /opt/stack/neutron/neutron/common/ovn/hash_ring_manager.py:71}}
Aug 02 18:52:07.897289 np0000006314 devstack@neutron-api.service[90752]: DEBUG ovsdbapp.backend.ovs_idl.event [-] Matched UPDATE: ChassisOVNAgentWriteEvent(events=('create', 'update'), table='Chassis_Private', conditions=None, old_conditions=None), priority=20 to row=Chassis_Private(uuid=1b5e7069-ff7c-48a0-b59a-c90d8e47985c, chassis=2764c07f-e9e1-4ab2-b7f2-69e214556ca9, external_ids={'neutron:ovn-bridge': 'br-int', 'neutron:ovn-neutron-agent-id': '76c606cf-24e2-56d6-a1a4-bff3947f42ab', 'neutron:ovn-neutron-agent-sb-cfg': '1'}, name='8f9600eb-46cc-4e0f-bec3-815f2f854a8e', nb_cfg=1, nb_cfg_timestamp=1785696727886) old=Chassis_Private(uuid=1b5e7069-ff7c-48a0-b59a-c90d8e47985c, external_ids={'neutron:ovn-bridge': 'br-int', 'neutron:ovn-neutron-agent-id': '76c606cf-24e2-56d6-a1a4-bff3947f42ab', 'neutron:ovn-neutron-agent-sb-cfg': '0'}) {{(pid=90752) matches /opt/stack/data/venv/lib/python3.12/site-packages/ovsdbapp/backend/ovs_idl/event.py:55}}
Aug 02 18:52:07.897379 np0000006314 devstack@neutron-api.service[90754]: DEBUG ovsdbapp.backend.ovs_idl.event [-] Matched UPDATE: ChassisOVNAgentWriteEvent(events=('create', 'update'), table='Chassis_Private', conditions=None, old_conditions=None), priority=20 to row=Chassis_Private(uuid=1b5e7069-ff7c-48a0-b59a-c90d8e47985c, chassis=2764c07f-e9e1-4ab2-b7f2-69e214556ca9, external_ids={'neutron:ovn-bridge': 'br-int', 'neutron:ovn-neutron-agent-id': '76c606cf-24e2-56d6-a1a4-bff3947f42ab', 'neutron:ovn-neutron-agent-sb-cfg': '1'}, name='8f9600eb-46cc-4e0f-bec3-815f2f854a8e', nb_cfg=1, nb_cfg_timestamp=1785696727886) old=Chassis_Private(uuid=1b5e7069-ff7c-48a0-b59a-c90d8e47985c, external_ids={'neutron:ovn-bridge': 'br-int', 'neutron:ovn-neutron-agent-id': '76c606cf-24e2-56d6-a1a4-bff3947f42ab', 'neutron:ovn-neutron-agent-sb-cfg': '0'}) {{(pid=90754) matches /opt/stack/data/venv/lib/python3.12/site-packages/ovsdbapp/backend/ovs_idl/event.py:55}}
Aug 02 18:52:07.897665 np0000006314 devstack@neutron-api.service[90754]: DEBUG neutron.plugins.ml2.drivers.ovn.mech_driver.ovsdb.ovsdb_monitor [-] Hash Ring: Node 96e53ecd6e0a51889ce47b1d2acf98b9 (host: np0000006314) handling event "update" for row 1b5e7069-ff7c-48a0-b59a-c90d8e47985c (table: Chassis_Private) {{(pid=90754) notify /opt/stack/neutron/neutron/plugins/ml2/drivers/ovn/mech_driver/ovsdb/ovsdb_monitor.py:1013}}
Aug 02 18:52:07.898188 np0000006314 devstack@neutron-api.service[90751]: DEBUG ovsdbapp.backend.ovs_idl.event [-] Matched UPDATE: ChassisOVNAgentWriteEvent(events=('create', 'update'), table='Chassis_Private', conditions=None, old_conditions=None), priority=20 to row=Chassis_Private(uuid=1b5e7069-ff7c-48a0-b59a-c90d8e47985c, chassis=2764c07f-e9e1-4ab2-b7f2-69e214556ca9, external_ids={'neutron:ovn-bridge': 'br-int', 'neutron:ovn-neutron-agent-id': '76c606cf-24e2-56d6-a1a4-bff3947f42ab', 'neutron:ovn-neutron-agent-sb-cfg': '1'}, name='8f9600eb-46cc-4e0f-bec3-815f2f854a8e', nb_cfg=1, nb_cfg_timestamp=1785696727886) old=Chassis_Private(uuid=1b5e7069-ff7c-48a0-b59a-c90d8e47985c, external_ids={'neutron:ovn-bridge': 'br-int', 'neutron:ovn-neutron-agent-id': '76c606cf-24e2-56d6-a1a4-bff3947f42ab', 'neutron:ovn-neutron-agent-sb-cfg': '0'}) {{(pid=90751) matches /opt/stack/data/venv/lib/python3.12/site-packages/ovsdbapp/backend/ovs_idl/event.py:55}}
Aug 02 18:52:07.934994 np0000006314 devstack@neutron-api.service[90752]: DEBUG neutron.plugins.ml2.drivers.helpers [None req-0ff88aa6-d581-486f-87ba-f0de44e3c4fd admin admin] geneve segment allocate from pool success with {'geneve_vni': 5779} {{(pid=90752) allocate_partially_specified_segment /opt/stack/neutron/neutron/plugins/ml2/drivers/helpers.py:142}}
Aug 02 18:52:07.944783 np0000006314 devstack@neutron-api.service[90752]: DEBUG neutron_lib.callbacks.manager [None req-0ff88aa6-d581-486f-87ba-f0de44e3c4fd admin admin] Publish callbacks ['neutron.services.segments.db._add_segment_host_mapping_for_segment-8344939076992', 'neutron.plugins.ml2.plugin.Ml2Plugin._handle_segment_change-125277'] for segment (986a4a42-8003-492d-a1f4-764e689feeb2), precommit_create {{(pid=90752) _notify_loop /opt/stack/data/venv/lib/python3.12/site-packages/neutron_lib/callbacks/manager.py:184}}
Aug 02 18:52:07.944982 np0000006314 devstack@neutron-api.service[90752]: INFO neutron.db.segments_db [None req-0ff88aa6-d581-486f-87ba-f0de44e3c4fd admin admin] Added segment 986a4a42-8003-492d-a1f4-764e689feeb2 of type geneve for network 61063101-8ca2-4259-9d65-1282c8ad549d
Aug 02 18:52:07.982165 np0000006314 devstack@neutron-api.service[90752]: DEBUG neutron_lib.callbacks.manager [None req-0ff88aa6-d581-486f-87ba-f0de44e3c4fd admin admin] Publish callbacks ['neutron.services.auto_allocate.db._ensure_external_network_default_value_callback-8344937835460'] for network (61063101-8ca2-4259-9d65-1282c8ad549d), precommit_create {{(pid=90752) _notify_loop /opt/stack/data/venv/lib/python3.12/site-packages/neutron_lib/callbacks/manager.py:184}}
Aug 02 18:52:07.997487 np0000006314 devstack@neutron-api.service[90752]: DEBUG neutron.plugins.ml2.drivers.ovn.mech_driver.mech_driver [None req-0ff88aa6-d581-486f-87ba-f0de44e3c4fd admin admin] Validating network segment with type geneve, segmentation ID 5779, physical network None {{(pid=90752) _validate_network_segments /opt/stack/neutron/neutron/plugins/ml2/drivers/ovn/mech_driver/mech_driver.py:646}}
Aug 02 18:52:07.997726 np0000006314 devstack@neutron-api.service[90752]: DEBUG neutron.db.ovn_revision_numbers_db [None req-0ff88aa6-d581-486f-87ba-f0de44e3c4fd admin admin] create_initial_revision uuid=61063101-8ca2-4259-9d65-1282c8ad549d, type=networks, rev=-1 {{(pid=90752) create_initial_revision /opt/stack/neutron/neutron/db/ovn_revision_numbers_db.py:98}}
Aug 02 18:52:08.011823 np0000006314 devstack@neutron-api.service[90752]: DEBUG neutron_lib.callbacks.manager [None req-0ff88aa6-d581-486f-87ba-f0de44e3c4fd admin admin] Publish callbacks ['neutron.plugins.ml2.ovo_rpc._ObjectChangeHandler.handle_event-2613781'] for network (61063101-8ca2-4259-9d65-1282c8ad549d), after_create {{(pid=90752) _notify_loop /opt/stack/data/venv/lib/python3.12/site-packages/neutron_lib/callbacks/manager.py:184}}
Aug 02 18:52:08.056161 np0000006314 devstack@neutron-api.service[90752]: DEBUG neutron.api.rpc.handlers.resources_rpc [None req-0ff88aa6-d581-486f-87ba-f0de44e3c4fd admin admin] Pushing event updated for resources: {'Network': ['ID=61063101-8ca2-4259-9d65-1282c8ad549d,revision_number=1']} {{(pid=90752) push /opt/stack/neutron/neutron/api/rpc/handlers/resources_rpc.py:237}}
Aug 02 18:52:08.063674 np0000006314 devstack@neutron-api.service[90752]: DEBUG ovsdbapp.backend.ovs_idl.transaction [-] Running txn n=1 command(idx=0): AddNetworkCommand(_result=None, network_uuid=61063101-8ca2-4259-9d65-1282c8ad549d, may_exist=True, columns={'external_ids': {'neutron:network_name': 'private', 'neutron:mtu': '1372', 'neutron:revision_number': '1', 'neutron:availability_zone_hints': '', 'neutron:provnet-network-type': 'geneve'}, 'other_config': {'mcast_snoop': 'false', 'mcast_flood_unregistered': 'false', 'vlan-passthru': 'false'}}) {{(pid=90752) do_commit /opt/stack/data/venv/lib/python3.12/site-packages/ovsdbapp/backend/ovs_idl/transaction.py:89}}
Aug 02 18:52:08.064136 np0000006314 devstack@neutron-api.service[90752]: DEBUG neutron.common.ovn.utils [-] OVS persist_uuid supported=True {{(pid=90752) ovs_persist_uuid_supported /opt/stack/neutron/neutron/common/ovn/utils.py:1565}}
Aug 02 18:52:08.067163 np0000006314 devstack@neutron-api.service[90753]: DEBUG neutron.plugins.ml2.drivers.ovn.mech_driver.ovsdb.ovsdb_monitor [-] Hash Ring: Node bb639f16f52a5d37b3242eb91b0cbf67 (host: np0000006314) handling event "create" for row 61063101-8ca2-4259-9d65-1282c8ad549d (table: Logical_Switch) {{(pid=90753) notify /opt/stack/neutron/neutron/plugins/ml2/drivers/ovn/mech_driver/ovsdb/ovsdb_monitor.py:1013}}
Aug 02 18:52:08.068400 np0000006314 devstack@neutron-api.service[90754]: DEBUG neutron.plugins.ml2.drivers.ovn.mech_driver.ovsdb.ovsdb_monitor [-] Hash Ring: Node 96e53ecd6e0a51889ce47b1d2acf98b9 (host: np0000006314) handling event "create" for row 61063101-8ca2-4259-9d65-1282c8ad549d (table: Logical_Switch) {{(pid=90754) notify /opt/stack/neutron/neutron/plugins/ml2/drivers/ovn/mech_driver/ovsdb/ovsdb_monitor.py:1013}}
Aug 02 18:52:08.071436 np0000006314 devstack@neutron-api.service[90754]: DEBUG neutron.plugins.ml2.drivers.ovn.mech_driver.ovsdb.ovsdb_monitor [-] Hash Ring: Node 96e53ecd6e0a51889ce47b1d2acf98b9 (host: np0000006314) handling event "create" for row 35c8facc-4f81-409f-a931-7fb0e26984cc (table: Datapath_Binding) {{(pid=90754) notify /opt/stack/neutron/neutron/plugins/ml2/drivers/ovn/mech_driver/ovsdb/ovsdb_monitor.py:1013}}
Aug 02 18:52:08.091146 np0000006314 devstack@neutron-api.service[90752]: INFO neutron.db.ovn_revision_numbers_db [None req-0ff88aa6-d581-486f-87ba-f0de44e3c4fd admin admin] Successfully bumped revision number for resource 61063101-8ca2-4259-9d65-1282c8ad549d (type: networks) to 1
