Jun 03 05:19:42.976853 np0000002012 nova-scheduler[95754]: DEBUG cotyledon.oslo_config_glue [-] oslo_limit.connect_retry_delay = None {{(pid=95754) log_opt_values /opt/stack/data/venv/lib/python3.12/site-packages/oslo_config/cfg.py:3256}}
Jun 03 05:19:42.976896 np0000002012 nova-scheduler[95754]: DEBUG cotyledon.oslo_config_glue [-] oslo_limit.endpoint_id = None {{(pid=95754) log_opt_values /opt/stack/data/venv/lib/python3.12/site-packages/oslo_config/cfg.py:3256}}
Jun 03 05:19:42.976924 np0000002012 nova-scheduler[95754]: DEBUG cotyledon.oslo_config_glue [-] oslo_limit.endpoint_interface = public {{(pid=95754) log_opt_values /opt/stack/data/venv/lib/python3.12/site-packages/oslo_config/cfg.py:3256}}
Jun 03 05:19:42.976962 np0000002012 nova-scheduler[95754]: DEBUG cotyledon.oslo_config_glue [-] oslo_limit.endpoint_override = None {{(pid=95754) log_opt_values /opt/stack/data/venv/lib/python3.12/site-packages/oslo_config/cfg.py:3256}}
Jun 03 05:19:42.977005 np0000002012 nova-scheduler[95754]: DEBUG cotyledon.oslo_config_glue [-] oslo_limit.endpoint_region_name = None {{(pid=95754) log_opt_values /opt/stack/data/venv/lib/python3.12/site-packages/oslo_config/cfg.py:3256}}
Jun 03 05:19:42.977038 np0000002012 nova-scheduler[95754]: DEBUG cotyledon.oslo_config_glue [-] oslo_limit.endpoint_service_name = None {{(pid=95754) log_opt_values /opt/stack/data/venv/lib/python3.12/site-packages/oslo_config/cfg.py:3256}}
Jun 03 05:19:42.977078 np0000002012 nova-scheduler[95754]: DEBUG cotyledon.oslo_config_glue [-] oslo_limit.endpoint_service_type = None {{(pid=95754) log_opt_values /opt/stack/data/venv/lib/python3.12/site-packages/oslo_config/cfg.py:3256}}
Jun 03 05:19:42.977108 np0000002012 nova-scheduler[95754]: DEBUG cotyledon.oslo_config_glue [-] oslo_limit.insecure = False {{(pid=95754) log_opt_values /opt/stack/data/venv/lib/python3.12/site-packages/oslo_config/cfg.py:3256}}
Jun 03 05:19:42.977166 np0000002012 nova-scheduler[95754]: DEBUG cotyledon.oslo_config_glue [-] oslo_limit.keyfile = None {{(pid=95754) log_opt_values /opt/stack/data/venv/lib/python3.12/site-packages/oslo_config/cfg.py:3256}}
Jun 03 05:19:42.977166 np0000002012 nova-scheduler[95754]: DEBUG cotyledon.oslo_config_glue [-] oslo_limit.max_version = None {{(pid=95754) log_opt_values /opt/stack/data/venv/lib/python3.12/site-packages/oslo_config/cfg.py:3256}}
Jun 03 05:19:42.977213 np0000002012 nova-scheduler[95754]: DEBUG cotyledon.oslo_config_glue [-] oslo_limit.min_version = None {{(pid=95754) log_opt_values /opt/stack/data/venv/lib/python3.12/site-packages/oslo_config/cfg.py:3256}}
Jun 03 05:19:42.977251 np0000002012 nova-scheduler[95754]: DEBUG cotyledon.oslo_config_glue [-] oslo_limit.region_name = None {{(pid=95754) log_opt_values /opt/stack/data/venv/lib/python3.12/site-packages/oslo_config/cfg.py:3256}}
Jun 03 05:19:42.977279 np0000002012 nova-scheduler[95754]: DEBUG cotyledon.oslo_config_glue [-] oslo_limit.retriable_status_codes = None {{(pid=95754) log_opt_values /opt/stack/data/venv/lib/python3.12/site-packages/oslo_config/cfg.py:3256}}
Jun 03 05:19:42.977334 np0000002012 nova-scheduler[95754]: DEBUG cotyledon.oslo_config_glue [-] oslo_limit.service_name = None {{(pid=95754) log_opt_values /opt/stack/data/venv/lib/python3.12/site-packages/oslo_config/cfg.py:3256}}
Jun 03 05:19:42.977368 np0000002012 nova-scheduler[95754]: DEBUG cotyledon.oslo_config_glue [-] oslo_limit.service_type = None {{(pid=95754) log_opt_values /opt/stack/data/venv/lib/python3.12/site-packages/oslo_config/cfg.py:3256}}
Jun 03 05:19:42.977393 np0000002012 nova-scheduler[95754]: DEBUG cotyledon.oslo_config_glue [-] oslo_limit.split_loggers = False {{(pid=95754) log_opt_values /opt/stack/data/venv/lib/python3.12/site-packages/oslo_config/cfg.py:3256}}
Jun 03 05:19:42.977432 np0000002012 nova-scheduler[95754]: DEBUG cotyledon.oslo_config_glue [-] oslo_limit.status_code_retries = None {{(pid=95754) log_opt_values /opt/stack/data/venv/lib/python3.12/site-packages/oslo_config/cfg.py:3256}}
Jun 03 05:19:42.977466 np0000002012 nova-scheduler[95754]: DEBUG cotyledon.oslo_config_glue [-] oslo_limit.status_code_retry_delay = None {{(pid=95754) log_opt_values /opt/stack/data/venv/lib/python3.12/site-packages/oslo_config/cfg.py:3256}}
Jun 03 05:19:42.977491 np0000002012 nova-scheduler[95754]: DEBUG cotyledon.oslo_config_glue [-] oslo_limit.timeout = None {{(pid=95754) log_opt_values /opt/stack/data/venv/lib/python3.12/site-packages/oslo_config/cfg.py:3256}}
Jun 03 05:19:42.977515 np0000002012 nova-scheduler[95754]: DEBUG cotyledon.oslo_config_glue [-] oslo_limit.valid_interfaces = None {{(pid=95754) log_opt_values /opt/stack/data/venv/lib/python3.12/site-packages/oslo_config/cfg.py:3256}}
Jun 03 05:19:42.977556 np0000002012 nova-scheduler[95754]: DEBUG cotyledon.oslo_config_glue [-] oslo_limit.version = None {{(pid=95754) log_opt_values /opt/stack/data/venv/lib/python3.12/site-packages/oslo_config/cfg.py:3256}}
Jun 03 05:19:42.977610 np0000002012 nova-scheduler[95754]: DEBUG cotyledon.oslo_config_glue [-] oslo_reports.file_event_handler = None {{(pid=95754) log_opt_values /opt/stack/data/venv/lib/python3.12/site-packages/oslo_config/cfg.py:3256}}
Jun 03 05:19:42.977673 np0000002012 nova-scheduler[95754]: DEBUG cotyledon.oslo_config_glue [-] oslo_reports.file_event_handler_interval = 1 {{(pid=95754) log_opt_values /opt/stack/data/venv/lib/python3.12/site-packages/oslo_config/cfg.py:3256}}
Jun 03 05:19:42.977715 np0000002012 nova-scheduler[95754]: DEBUG cotyledon.oslo_config_glue [-] oslo_reports.log_dir = None {{(pid=95754) log_opt_values /opt/stack/data/venv/lib/python3.12/site-packages/oslo_config/cfg.py:3256}}
Jun 03 05:19:42.977789 np0000002012 nova-scheduler[95754]: DEBUG cotyledon.oslo_config_glue [-] ******************************************************************************** {{(pid=95754) log_opt_values /opt/stack/data/venv/lib/python3.12/site-packages/oslo_config/cfg.py:3263}}
Jun 03 05:19:42.977917 np0000002012 nova-scheduler[95754]: DEBUG cotyledon._service_worker [-] Run service ServiceWrapper(2) [95754] {{(pid=95754) wait_forever /opt/stack/data/venv/lib/python3.12/site-packages/cotyledon/_service_worker.py:218}}
Jun 03 05:19:42.979099 np0000002012 nova-scheduler[95754]: INFO nova.service [-] Starting scheduler node (version 33.1.0)
Jun 03 05:19:42.982775 np0000002012 nova-scheduler[95754]: INFO dbcounter [None req-8a7006fd-f174-4c68-809c-d297fe6c1750 None None] Registered counter for database nova_cell0
Jun 03 05:19:42.994270 np0000002012 nova-scheduler[95752]: DEBUG oslo_db.sqlalchemy.engines [None req-87c70354-00a6-4363-9127-ce764436ae18 None None] MySQL server mode set to STRICT_TRANS_TABLES,STRICT_ALL_TABLES,NO_ZERO_IN_DATE,NO_ZERO_DATE,ERROR_FOR_DIVISION_BY_ZERO,TRADITIONAL,NO_ENGINE_SUBSTITUTION {{(pid=95752) _check_effective_sql_mode /opt/stack/data/venv/lib/python3.12/site-packages/oslo_db/sqlalchemy/engines.py:325}}
Jun 03 05:19:42.997345 np0000002012 nova-scheduler[95726]: DEBUG oslo_db.sqlalchemy.engines [None req-36f8e0d8-50b0-407e-adbd-98b4141e3f22 None None] MySQL server mode set to STRICT_TRANS_TABLES,STRICT_ALL_TABLES,NO_ZERO_IN_DATE,NO_ZERO_DATE,ERROR_FOR_DIVISION_BY_ZERO,TRADITIONAL,NO_ENGINE_SUBSTITUTION {{(pid=95726) _check_effective_sql_mode /opt/stack/data/venv/lib/python3.12/site-packages/oslo_db/sqlalchemy/engines.py:325}}
Jun 03 05:19:43.002511 np0000002012 nova-scheduler[95752]: DEBUG dbcounter [-] [95752] Writer thread running {{(pid=95752) stat_writer /opt/stack/data/venv/lib/python3.12/site-packages/dbcounter.py:102}}
Jun 03 05:19:43.006416 np0000002012 nova-scheduler[95726]: DEBUG dbcounter [-] [95726] Writer thread running {{(pid=95726) stat_writer /opt/stack/data/venv/lib/python3.12/site-packages/dbcounter.py:102}}
Jun 03 05:19:43.019753 np0000002012 nova-scheduler[95752]: DEBUG nova.service [None req-87c70354-00a6-4363-9127-ce764436ae18 None None] Creating RPC server for service: nova-scheduler on topic: scheduler {{(pid=95752) start /opt/stack/nova/nova/service.py:195}}
Jun 03 05:19:43.024716 np0000002012 nova-scheduler[95754]: DEBUG oslo_db.sqlalchemy.engines [None req-8a7006fd-f174-4c68-809c-d297fe6c1750 None None] MySQL server mode set to STRICT_TRANS_TABLES,STRICT_ALL_TABLES,NO_ZERO_IN_DATE,NO_ZERO_DATE,ERROR_FOR_DIVISION_BY_ZERO,TRADITIONAL,NO_ENGINE_SUBSTITUTION {{(pid=95754) _check_effective_sql_mode /opt/stack/data/venv/lib/python3.12/site-packages/oslo_db/sqlalchemy/engines.py:325}}
Jun 03 05:19:43.025604 np0000002012 nova-scheduler[95726]: DEBUG nova.service [None req-36f8e0d8-50b0-407e-adbd-98b4141e3f22 None None] Creating RPC server for service: nova-scheduler on topic: scheduler {{(pid=95726) start /opt/stack/nova/nova/service.py:195}}
Jun 03 05:19:43.033701 np0000002012 nova-scheduler[95754]: DEBUG dbcounter [-] [95754] Writer thread running {{(pid=95754) stat_writer /opt/stack/data/venv/lib/python3.12/site-packages/dbcounter.py:102}}
Jun 03 05:19:43.038495 np0000002012 nova-scheduler[95754]: DEBUG nova.service [None req-8a7006fd-f174-4c68-809c-d297fe6c1750 None None] Creating RPC server for service: nova-scheduler on topic: scheduler {{(pid=95754) start /opt/stack/nova/nova/service.py:195}}
Jun 03 05:19:43.052949 np0000002012 nova-scheduler[95752]: DEBUG nova.service [None req-87c70354-00a6-4363-9127-ce764436ae18 None None] Join ServiceGroup membership for this service scheduler {{(pid=95752) start /opt/stack/nova/nova/service.py:221}}
Jun 03 05:19:43.053130 np0000002012 nova-scheduler[95752]: DEBUG nova.servicegroup.drivers.db [None req-87c70354-00a6-4363-9127-ce764436ae18 None None] DB_Driver: join new ServiceGroup member np0000002012 to the scheduler group, service = {{(pid=95752) join /opt/stack/nova/nova/servicegroup/drivers/db.py:44}}
Jun 03 05:19:43.062654 np0000002012 nova-scheduler[95754]: DEBUG nova.service [None req-8a7006fd-f174-4c68-809c-d297fe6c1750 None None] Join ServiceGroup membership for this service scheduler {{(pid=95754) start /opt/stack/nova/nova/service.py:221}}
Jun 03 05:19:43.062867 np0000002012 nova-scheduler[95754]: DEBUG nova.servicegroup.drivers.db [None req-8a7006fd-f174-4c68-809c-d297fe6c1750 None None] DB_Driver: join new ServiceGroup member np0000002012 to the scheduler group, service = {{(pid=95754) join /opt/stack/nova/nova/servicegroup/drivers/db.py:44}}
Jun 03 05:19:43.063675 np0000002012 nova-scheduler[95726]: DEBUG nova.service [None req-36f8e0d8-50b0-407e-adbd-98b4141e3f22 None None] Join ServiceGroup membership for this service scheduler {{(pid=95726) start /opt/stack/nova/nova/service.py:221}}
Jun 03 05:19:43.063900 np0000002012 nova-scheduler[95726]: DEBUG nova.servicegroup.drivers.db [None req-36f8e0d8-50b0-407e-adbd-98b4141e3f22 None None] DB_Driver: join new ServiceGroup member np0000002012 to the scheduler group, service = {{(pid=95726) join /opt/stack/nova/nova/servicegroup/drivers/db.py:44}}
Jun 03 05:19:48.072332 np0000002012 nova-scheduler[95752]: DEBUG oslo.service.backend._threading.loopingcall [-] Fixed interval looping call 'nova.servicegroup.drivers.db.DbDriver._report_state' sleeping for 119.98 seconds {{(pid=95752) _run_loop /opt/stack/data/venv/lib/python3.12/site-packages/oslo_service/backend/_threading/loopingcall.py:125}}
Jun 03 05:19:48.075041 np0000002012 nova-scheduler[95726]: DEBUG oslo.service.backend._threading.loopingcall [-] Fixed interval looping call 'nova.servicegroup.drivers.db.DbDriver._report_state' sleeping for 119.99 seconds {{(pid=95726) _run_loop /opt/stack/data/venv/lib/python3.12/site-packages/oslo_service/backend/_threading/loopingcall.py:125}}
Jun 03 05:19:48.076183 np0000002012 nova-scheduler[95754]: DEBUG oslo.service.backend._threading.loopingcall [-] Fixed interval looping call 'nova.servicegroup.drivers.db.DbDriver._report_state' sleeping for 119.99 seconds {{(pid=95754) _run_loop /opt/stack/data/venv/lib/python3.12/site-packages/oslo_service/backend/_threading/loopingcall.py:125}}
Jun 03 05:19:51.592102 np0000002012 nova-scheduler[94470]: DEBUG dbcounter [-] [94470] Writing DB stats nova_api:SELECT=3 {{(pid=94470) stat_writer /opt/stack/data/venv/lib/python3.12/site-packages/dbcounter.py:115}}
Jun 03 05:19:51.723960 np0000002012 nova-scheduler[94470]: DEBUG dbcounter [-] [94470] Writing DB stats nova_cell1:SELECT=1 {{(pid=94470) stat_writer /opt/stack/data/venv/lib/python3.12/site-packages/dbcounter.py:115}}
Jun 03 05:19:51.726757 np0000002012 nova-scheduler[94470]: DEBUG dbcounter [-] [94470] Writing DB stats nova_cell0:SELECT=1 {{(pid=94470) stat_writer /opt/stack/data/venv/lib/python3.12/site-packages/dbcounter.py:115}}
Jun 03 05:19:58.066797 np0000002012 nova-scheduler[95752]: DEBUG dbcounter [-] [95752] Writing DB stats nova_cell0:SELECT=4,nova_cell0:INSERT=1,nova_cell0:UPDATE=1 {{(pid=95752) stat_writer /opt/stack/data/venv/lib/python3.12/site-packages/dbcounter.py:115}}
Jun 03 05:19:58.074639 np0000002012 nova-scheduler[95754]: DEBUG dbcounter [-] [95754] Writing DB stats nova_cell0:SELECT=3 {{(pid=95754) stat_writer /opt/stack/data/venv/lib/python3.12/site-packages/dbcounter.py:115}}
Jun 03 05:19:58.074941 np0000002012 nova-scheduler[95726]: DEBUG dbcounter [-] [95726] Writing DB stats nova_cell0:SELECT=5,nova_cell0:INSERT=1 {{(pid=95726) stat_writer /opt/stack/data/venv/lib/python3.12/site-packages/dbcounter.py:115}}
Jun 03 05:20:20.065773 np0000002012 nova-scheduler[95726]: DEBUG oslo.service.backend._threading.loopingcall [None req-6b059125-257d-458f-9bd5-3e5a80d8277f None None] Dynamic interval looping call 'nova.service.Service.periodic_tasks' sleeping for 60.00 seconds {{(pid=95726) _run_loop /opt/stack/data/venv/lib/python3.12/site-packages/oslo_service/backend/_threading/loopingcall.py:125}}
Jun 03 05:20:23.055052 np0000002012 nova-scheduler[95752]: DEBUG oslo.service.backend._threading.loopingcall [None req-2a321c1b-7caf-48f0-8c23-9195c6595a02 None None] Dynamic interval looping call 'nova.service.Service.periodic_tasks' sleeping for 60.00 seconds {{(pid=95752) _run_loop /opt/stack/data/venv/lib/python3.12/site-packages/oslo_service/backend/_threading/loopingcall.py:125}}
Jun 03 05:20:32.065397 np0000002012 nova-scheduler[95754]: DEBUG oslo.service.backend._threading.loopingcall [None req-668f4872-3c0c-4900-9ff7-5ab85aae82db None None] Dynamic interval looping call 'nova.service.Service.periodic_tasks' sleeping for 60.00 seconds {{(pid=95754) _run_loop /opt/stack/data/venv/lib/python3.12/site-packages/oslo_service/backend/_threading/loopingcall.py:125}}
Jun 03 05:21:20.066247 np0000002012 nova-scheduler[95726]: DEBUG oslo.service.backend._threading.loopingcall [None req-6b059125-257d-458f-9bd5-3e5a80d8277f None None] Dynamic interval looping call 'nova.service.Service.periodic_tasks' sleeping for 60.00 seconds {{(pid=95726) _run_loop /opt/stack/data/venv/lib/python3.12/site-packages/oslo_service/backend/_threading/loopingcall.py:125}}
Jun 03 05:21:23.055498 np0000002012 nova-scheduler[95752]: DEBUG oslo.service.backend._threading.loopingcall [None req-2a321c1b-7caf-48f0-8c23-9195c6595a02 None None] Dynamic interval looping call 'nova.service.Service.periodic_tasks' sleeping for 60.00 seconds {{(pid=95752) _run_loop /opt/stack/data/venv/lib/python3.12/site-packages/oslo_service/backend/_threading/loopingcall.py:125}}
Jun 03 05:21:32.066003 np0000002012 nova-scheduler[95754]: DEBUG oslo.service.backend._threading.loopingcall [None req-668f4872-3c0c-4900-9ff7-5ab85aae82db None None] Dynamic interval looping call 'nova.service.Service.periodic_tasks' sleeping for 60.00 seconds {{(pid=95754) _run_loop /opt/stack/data/venv/lib/python3.12/site-packages/oslo_service/backend/_threading/loopingcall.py:125}}
Jun 03 05:21:48.064954 np0000002012 nova-scheduler[95752]: DEBUG oslo.service.backend._threading.loopingcall [-] Fixed interval looping call 'nova.servicegroup.drivers.db.DbDriver._report_state' sleeping for 119.99 seconds {{(pid=95752) _run_loop /opt/stack/data/venv/lib/python3.12/site-packages/oslo_service/backend/_threading/loopingcall.py:125}}
Jun 03 05:21:48.069162 np0000002012 nova-scheduler[95726]: DEBUG oslo.service.backend._threading.loopingcall [-] Fixed interval looping call 'nova.servicegroup.drivers.db.DbDriver._report_state' sleeping for 120.00 seconds {{(pid=95726) _run_loop /opt/stack/data/venv/lib/python3.12/site-packages/oslo_service/backend/_threading/loopingcall.py:125}}
Jun 03 05:21:48.070300 np0000002012 nova-scheduler[95754]: DEBUG oslo.service.backend._threading.loopingcall [-] Fixed interval looping call 'nova.servicegroup.drivers.db.DbDriver._report_state' sleeping for 120.00 seconds {{(pid=95754) _run_loop /opt/stack/data/venv/lib/python3.12/site-packages/oslo_service/backend/_threading/loopingcall.py:125}}
Jun 03 05:21:58.055982 np0000002012 nova-scheduler[95752]: DEBUG dbcounter [-] [95752] Writing DB stats nova_cell0:SELECT=1,nova_cell0:UPDATE=1 {{(pid=95752) stat_writer /opt/stack/data/venv/lib/python3.12/site-packages/dbcounter.py:115}}
Jun 03 05:21:58.067244 np0000002012 nova-scheduler[95726]: DEBUG dbcounter [-] [95726] Writing DB stats nova_cell0:SELECT=1 {{(pid=95726) stat_writer /opt/stack/data/venv/lib/python3.12/site-packages/dbcounter.py:115}}
Jun 03 05:21:58.068921 np0000002012 nova-scheduler[95754]: DEBUG dbcounter [-] [95754] Writing DB stats nova_cell0:SELECT=1 {{(pid=95754) stat_writer /opt/stack/data/venv/lib/python3.12/site-packages/dbcounter.py:115}}
Jun 03 05:22:20.066708 np0000002012 nova-scheduler[95726]: DEBUG oslo.service.backend._threading.loopingcall [None req-6b059125-257d-458f-9bd5-3e5a80d8277f None None] Dynamic interval looping call 'nova.service.Service.periodic_tasks' sleeping for 60.00 seconds {{(pid=95726) _run_loop /opt/stack/data/venv/lib/python3.12/site-packages/oslo_service/backend/_threading/loopingcall.py:125}}
Jun 03 05:22:23.056051 np0000002012 nova-scheduler[95752]: DEBUG oslo.service.backend._threading.loopingcall [None req-2a321c1b-7caf-48f0-8c23-9195c6595a02 None None] Dynamic interval looping call 'nova.service.Service.periodic_tasks' sleeping for 60.00 seconds {{(pid=95752) _run_loop /opt/stack/data/venv/lib/python3.12/site-packages/oslo_service/backend/_threading/loopingcall.py:125}}
Jun 03 05:22:31.543506 np0000002012 nova-scheduler[95752]: DEBUG nova.scheduler.manager [None req-756386b3-a5ed-4707-a403-40eefd829d80 tempest-ServerActionsTestOtherA-393223349 tempest-ServerActionsTestOtherA-393223349-project-member] Starting to schedule for instances: ['64ebfa19-a919-4712-b465-f54a7bedad32'] {{(pid=95752) select_destinations /opt/stack/nova/nova/scheduler/manager.py:210}}
Jun 03 05:22:31.544364 np0000002012 nova-scheduler[95752]: DEBUG nova.scheduler.request_filter [None req-756386b3-a5ed-4707-a403-40eefd829d80 tempest-ServerActionsTestOtherA-393223349 tempest-ServerActionsTestOtherA-393223349-project-member] compute_status_filter request filter added forbidden trait COMPUTE_STATUS_DISABLED {{(pid=95752) compute_status_filter /opt/stack/nova/nova/scheduler/request_filter.py:253}}
Jun 03 05:22:31.544564 np0000002012 nova-scheduler[95752]: DEBUG nova.scheduler.request_filter [None req-756386b3-a5ed-4707-a403-40eefd829d80 tempest-ServerActionsTestOtherA-393223349 tempest-ServerActionsTestOtherA-393223349-project-member] Request filter 'compute_status_filter' took 0.0 seconds {{(pid=95752) wrapper /opt/stack/nova/nova/scheduler/request_filter.py:46}}
Jun 03 05:22:31.544907 np0000002012 nova-scheduler[95752]: DEBUG nova.scheduler.request_filter [None req-756386b3-a5ed-4707-a403-40eefd829d80 tempest-ServerActionsTestOtherA-393223349 tempest-ServerActionsTestOtherA-393223349-project-member] Request filter 'accelerators_filter' took 0.0 seconds {{(pid=95752) wrapper /opt/stack/nova/nova/scheduler/request_filter.py:46}}
Jun 03 05:22:31.545166 np0000002012 nova-scheduler[95752]: DEBUG nova.scheduler.request_filter [None req-756386b3-a5ed-4707-a403-40eefd829d80 tempest-ServerActionsTestOtherA-393223349 tempest-ServerActionsTestOtherA-393223349-project-member] Request filter 'packed_virtqueue_filter' took 0.0 seconds {{(pid=95752) wrapper /opt/stack/nova/nova/scheduler/request_filter.py:46}}
Jun 03 05:22:31.545498 np0000002012 nova-scheduler[95752]: DEBUG nova.scheduler.request_filter [None req-756386b3-a5ed-4707-a403-40eefd829d80 tempest-ServerActionsTestOtherA-393223349 tempest-ServerActionsTestOtherA-393223349-project-member] Request filter 'remote_managed_ports_filter' took 0.0 seconds {{(pid=95752) wrapper /opt/stack/nova/nova/scheduler/request_filter.py:46}}
Jun 03 05:22:31.545746 np0000002012 nova-scheduler[95752]: DEBUG nova.scheduler.request_filter [None req-756386b3-a5ed-4707-a403-40eefd829d80 tempest-ServerActionsTestOtherA-393223349 tempest-ServerActionsTestOtherA-393223349-project-member] ephemeral_encryption_filter skipped {{(pid=95752) ephemeral_encryption_filter /opt/stack/nova/nova/scheduler/request_filter.py:426}}
Jun 03 05:22:31.545937 np0000002012 nova-scheduler[95752]: DEBUG nova.scheduler.request_filter [None req-756386b3-a5ed-4707-a403-40eefd829d80 tempest-ServerActionsTestOtherA-393223349 tempest-ServerActionsTestOtherA-393223349-project-member] virtio_sound_filter skipped {{(pid=95752) virtio_sound_filter /opt/stack/nova/nova/scheduler/request_filter.py:460}}
Jun 03 05:22:31.546142 np0000002012 nova-scheduler[95752]: DEBUG nova.scheduler.request_filter [None req-756386b3-a5ed-4707-a403-40eefd829d80 tempest-ServerActionsTestOtherA-393223349 tempest-ServerActionsTestOtherA-393223349-project-member] tpm_secret_security_filter skipped {{(pid=95752) tpm_secret_security_filter /opt/stack/nova/nova/scheduler/request_filter.py:477}}
Jun 03 05:22:32.066465 np0000002012 nova-scheduler[95754]: DEBUG oslo.service.backend._threading.loopingcall [None req-668f4872-3c0c-4900-9ff7-5ab85aae82db None None] Dynamic interval looping call 'nova.service.Service.periodic_tasks' sleeping for 60.00 seconds {{(pid=95754) _run_loop /opt/stack/data/venv/lib/python3.12/site-packages/oslo_service/backend/_threading/loopingcall.py:125}}
Jun 03 05:22:32.195297 np0000002012 nova-scheduler[95752]: INFO nova.utils [None req-756386b3-a5ed-4707-a403-40eefd829d80 tempest-ServerActionsTestOtherA-393223349 tempest-ServerActionsTestOtherA-393223349-project-member] The cell worker thread pool ForkProcess-2.cell_worker is initialized
Jun 03 05:22:32.195690 np0000002012 nova-scheduler[95752]: DEBUG oslo_concurrency.lockutils [None req-756386b3-a5ed-4707-a403-40eefd829d80 tempest-ServerActionsTestOtherA-393223349 tempest-ServerActionsTestOtherA-393223349-project-member] Acquiring lock "aeea2808-e335-40c5-b366-8765cd4146ab" by "nova.context.set_target_cell..get_or_set_cached_cell_and_set_connections" {{(pid=95752) inner /opt/stack/data/venv/lib/python3.12/site-packages/oslo_concurrency/lockutils.py:511}}
Jun 03 05:22:32.195887 np0000002012 nova-scheduler[95752]: DEBUG oslo_concurrency.lockutils [None req-756386b3-a5ed-4707-a403-40eefd829d80 tempest-ServerActionsTestOtherA-393223349 tempest-ServerActionsTestOtherA-393223349-project-member] Lock "aeea2808-e335-40c5-b366-8765cd4146ab" acquired by "nova.context.set_target_cell..get_or_set_cached_cell_and_set_connections" :: waited 0.000s {{(pid=95752) inner /opt/stack/data/venv/lib/python3.12/site-packages/oslo_concurrency/lockutils.py:524}}
Jun 03 05:22:32.197457 np0000002012 nova-scheduler[95752]: DEBUG oslo_concurrency.lockutils [None req-756386b3-a5ed-4707-a403-40eefd829d80 tempest-ServerActionsTestOtherA-393223349 tempest-ServerActionsTestOtherA-393223349-project-member] Lock "aeea2808-e335-40c5-b366-8765cd4146ab" "released" by "nova.context.set_target_cell..get_or_set_cached_cell_and_set_connections" :: held 0.001s {{(pid=95752) inner /opt/stack/data/venv/lib/python3.12/site-packages/oslo_concurrency/lockutils.py:543}}
Jun 03 05:22:32.199286 np0000002012 nova-scheduler[95752]: INFO dbcounter [None req-756386b3-a5ed-4707-a403-40eefd829d80 tempest-ServerActionsTestOtherA-393223349 tempest-ServerActionsTestOtherA-393223349-project-member] Registered counter for database nova_cell1
Jun 03 05:22:32.244890 np0000002012 nova-scheduler[95752]: DEBUG oslo_db.sqlalchemy.engines [None req-756386b3-a5ed-4707-a403-40eefd829d80 tempest-ServerActionsTestOtherA-393223349 tempest-ServerActionsTestOtherA-393223349-project-member] MySQL server mode set to STRICT_TRANS_TABLES,STRICT_ALL_TABLES,NO_ZERO_IN_DATE,NO_ZERO_DATE,ERROR_FOR_DIVISION_BY_ZERO,TRADITIONAL,NO_ENGINE_SUBSTITUTION {{(pid=95752) _check_effective_sql_mode /opt/stack/data/venv/lib/python3.12/site-packages/oslo_db/sqlalchemy/engines.py:325}}
Jun 03 05:22:32.251392 np0000002012 nova-scheduler[95752]: DEBUG dbcounter [-] [95752] Writer thread running {{(pid=95752) stat_writer /opt/stack/data/venv/lib/python3.12/site-packages/dbcounter.py:102}}
Jun 03 05:22:32.263203 np0000002012 nova-scheduler[95752]: DEBUG oslo_db.sqlalchemy.engines [None req-756386b3-a5ed-4707-a403-40eefd829d80 tempest-ServerActionsTestOtherA-393223349 tempest-ServerActionsTestOtherA-393223349-project-member] Parent process 94470 forked (95752) with an open database connection, which is being discarded and recreated. {{(pid=95752) checkout /opt/stack/data/venv/lib/python3.12/site-packages/oslo_db/sqlalchemy/engines.py:402}}
Jun 03 05:22:32.303400 np0000002012 nova-scheduler[95752]: DEBUG dbcounter [-] [95752] Writer thread running {{(pid=95752) stat_writer /opt/stack/data/venv/lib/python3.12/site-packages/dbcounter.py:102}}
Jun 03 05:22:32.306232 np0000002012 nova-scheduler[95752]: DEBUG oslo_concurrency.lockutils [None req-756386b3-a5ed-4707-a403-40eefd829d80 tempest-ServerActionsTestOtherA-393223349 tempest-ServerActionsTestOtherA-393223349-project-member] Acquiring lock "aeea2808-e335-40c5-b366-8765cd4146ab" by "nova.context.set_target_cell..get_or_set_cached_cell_and_set_connections" {{(pid=95752) inner /opt/stack/data/venv/lib/python3.12/site-packages/oslo_concurrency/lockutils.py:511}}
Jun 03 05:22:32.306547 np0000002012 nova-scheduler[95752]: DEBUG oslo_concurrency.lockutils [None req-756386b3-a5ed-4707-a403-40eefd829d80 tempest-ServerActionsTestOtherA-393223349 tempest-ServerActionsTestOtherA-393223349-project-member] Lock "aeea2808-e335-40c5-b366-8765cd4146ab" acquired by "nova.context.set_target_cell..get_or_set_cached_cell_and_set_connections" :: waited 0.000s {{(pid=95752) inner /opt/stack/data/venv/lib/python3.12/site-packages/oslo_concurrency/lockutils.py:524}}
Jun 03 05:22:32.306547 np0000002012 nova-scheduler[95752]: DEBUG oslo_concurrency.lockutils [None req-756386b3-a5ed-4707-a403-40eefd829d80 tempest-ServerActionsTestOtherA-393223349 tempest-ServerActionsTestOtherA-393223349-project-member] Lock "aeea2808-e335-40c5-b366-8765cd4146ab" "released" by "nova.context.set_target_cell..get_or_set_cached_cell_and_set_connections" :: held 0.000s {{(pid=95752) inner /opt/stack/data/venv/lib/python3.12/site-packages/oslo_concurrency/lockutils.py:543}}
Jun 03 05:22:32.310161 np0000002012 nova-scheduler[95752]: DEBUG oslo_concurrency.lockutils [None req-756386b3-a5ed-4707-a403-40eefd829d80 tempest-ServerActionsTestOtherA-393223349 tempest-ServerActionsTestOtherA-393223349-project-member] Acquiring lock "('np0000002012', 'np0000002012')" by "nova.scheduler.host_manager.HostState.update.._locked_update" {{(pid=95752) inner /opt/stack/data/venv/lib/python3.12/site-packages/oslo_concurrency/lockutils.py:511}}
Jun 03 05:22:32.310316 np0000002012 nova-scheduler[95752]: DEBUG oslo_concurrency.lockutils [None req-756386b3-a5ed-4707-a403-40eefd829d80 tempest-ServerActionsTestOtherA-393223349 tempest-ServerActionsTestOtherA-393223349-project-member] Lock "('np0000002012', 'np0000002012')" acquired by "nova.scheduler.host_manager.HostState.update.._locked_update" :: waited 0.000s {{(pid=95752) inner /opt/stack/data/venv/lib/python3.12/site-packages/oslo_concurrency/lockutils.py:524}}
Jun 03 05:22:32.311905 np0000002012 nova-scheduler[95752]: DEBUG nova.scheduler.host_manager [None req-756386b3-a5ed-4707-a403-40eefd829d80 tempest-ServerActionsTestOtherA-393223349 tempest-ServerActionsTestOtherA-393223349-project-member] Update host state from compute node: ComputeNode(cpu_allocation_ratio=4.0,cpu_info='{"arch": "x86_64", "model": "EPYC-Milan", "vendor": "AMD", "topology": {"cells": 1, "sockets": 12, "cores": 1, "threads": 1}, "maxphysaddr": {"mode": "emulate", "bits": 40}, "features": ["lm", "cx8", "vaes", "sha-ni", "popcnt", "x2apic", "cx16", "tsc_adjust", "pae", "fpu", "pcid", "arat", "adx", "cr8legacy", "vme", "v-vmsave-vmload", "pdpe1gb", "rdpid", "de", "sse2", "sse4.2", "erms", "skip-l1dfl-vmentry", "pat", "lfence-always-serializing", "flushbyasid", "mce", "amd-stibp", "apic", "fsrm", "sep", "fxsr_opt", "stibp", "rdtscp", "misalignsse", "clflush", "movbe", "no-nested-data-bp", "mmxext", "avx2", "ibpb", "tsc", "syscall", "topoext", "npt", "tsc-scale", "clzero", "msr", "nx", "bmi1", "ssse3", "tsc-deadline", "fsgsbase", "xsavec", "lbrv", "lahf_lm", "hypervisor", "mca", "aes", "xsave", "mds-no", "clwb", "mtrr", "xsaves", "pse36", "cmp_legacy", "nrip-save", "pschange-mc-no", "null-sel-clr-base", "smap", "spec-ctrl", "rdseed", "mmx", "xgetbv1", "perfctr_core", "pge", "ssbd", "fma", "rdrand", "sse4.1", "clflushopt", "avx", "rdctl-no", "xsaveerptr", "sse4a", "osvw", "svm", "cmov", "pni", "wbnoinvd", "arch-capabilities", "xsaveopt", "pclmuldq", "amd-ssbd", "invpcid", "fxsr", "umip", "f16c", "smep", "pfthreshold", "bmi2", "pse", "stibp-always-on", "sse", "amd-psfd", "abm", "svme-addr-chk", "vgif", "vpclmulqdq", "3dnowprefetch", "vmcb-clean", "ibrs", "gds-no", "virt-ssbd", "pku", "pause-filter"]}',created_at=2026-06-03T05:20:07Z,current_workload=0,deleted=False,deleted_at=None,disk_allocation_ratio=1.0,disk_available_least=74,free_disk_gb=95,free_ram_mb=23518,host='np0000002012',host_ip=10.4.3.83,hypervisor_hostname='np0000002012',hypervisor_type='QEMU',hypervisor_version=8002002,id=1,local_gb=95,local_gb_used=0,mapped=1,memory_mb=24030,memory_mb_used=512,metrics='[]',numa_topology='{"nova_object.name": "NUMATopology", "nova_object.namespace": "nova", "nova_object.version": "1.2", "nova_object.data": {"cells": [{"nova_object.name": "NUMACell", "nova_object.namespace": "nova", "nova_object.version": "1.5", "nova_object.data": {"id": 0, "cpuset": [0, 1, 2, 3, 4, 5, 6, 7, 8, 9, 10, 11], "pcpuset": [0, 1, 2, 3, 4, 5, 6, 7, 8, 9, 10, 11], "memory": 24030, "cpu_usage": 0, "memory_usage": 0, "pinned_cpus": [], "siblings": [[6], [2], [5], [11], [8], [4], [1], [7], [10], [0], [3], [9]], "mempages": [{"nova_object.name": "NUMAPagesTopology", "nova_object.namespace": "nova", "nova_object.version": "1.1", "nova_object.data": {"size_kb": 4, "total": 6151796, "used": 0, "reserved": 0}, "nova_object.changes": ["size_kb", "used", "reserved", "total"]}, {"nova_object.name": "NUMAPagesTopology", "nova_object.namespace": "nova", "nova_object.version": "1.1", "nova_object.data": {"size_kb": 2048, "total": 0, "used": 0, "reserved": 0}, "nova_object.changes": ["size_kb", "used", "reserved", "total"]}, {"nova_object.name": "NUMAPagesTopology", "nova_object.namespace": "nova", "nova_object.version": "1.1", "nova_object.data": {"size_kb": 1048576, "total": 0, "used": 0, "reserved": 0}, "nova_object.changes": ["size_kb", "used", "reserved", "total"]}], "network_metadata": {"nova_object.name": "NetworkMetadata", "nova_object.namespace": "nova", "nova_object.version": "1.0", "nova_object.data": {"physnets": [], "tunneled": false}, "nova_object.changes": ["tunneled", "physnets"]}, "socket": null}, "nova_object.changes": ["memory", "mempages", "cpu_usage", "pcpuset", "id", "socket", "pinned_cpus", "network_metadata", "memory_usage", "siblings", "cpuset"]}]}, "nova_object.changes": ["cells"]}',pci_device_pools=PciDevicePoolList,ram_allocation_ratio=1.0,running_vms=0,service_id=2,stats={failed_builds='0',uptime=' 05:21:53 up 27 min, 2 users, load average: 1.22, 1.42, 0.85
Jun 03 05:22:32.311905 np0000002012 nova-scheduler[95752]: '},supported_hv_specs=[HVSpec,HVSpec,HVSpec,HVSpec,HVSpec,HVSpec,HVSpec,HVSpec,HVSpec,HVSpec,HVSpec,HVSpec,HVSpec,HVSpec,HVSpec,HVSpec,HVSpec,HVSpec,HVSpec,HVSpec,HVSpec,HVSpec,HVSpec,HVSpec,HVSpec],updated_at=2026-06-03T05:21:55Z,uuid=18ca383f-f0f1-451d-9fd3-000b97085308,vcpus=12,vcpus_used=0) {{(pid=95752) _locked_update /opt/stack/nova/nova/scheduler/host_manager.py:168}}
Jun 03 05:22:32.312454 np0000002012 nova-scheduler[95752]: DEBUG nova.scheduler.host_manager [None req-756386b3-a5ed-4707-a403-40eefd829d80 tempest-ServerActionsTestOtherA-393223349 tempest-ServerActionsTestOtherA-393223349-project-member] Update host state with aggregates: [] {{(pid=95752) _locked_update /opt/stack/nova/nova/scheduler/host_manager.py:171}}
Jun 03 05:22:32.312454 np0000002012 nova-scheduler[95752]: DEBUG nova.scheduler.host_manager [None req-756386b3-a5ed-4707-a403-40eefd829d80 tempest-ServerActionsTestOtherA-393223349 tempest-ServerActionsTestOtherA-393223349-project-member] Update host state with service dict: {'id': 2, 'uuid': 'c8337410-69fb-4069-b853-14b95cb20e34', 'host': 'np0000002012', 'binary': 'nova-compute', 'topic': 'compute', 'report_count': 2, 'disabled': False, 'disabled_reason': None, 'last_seen_up': datetime.datetime(2026, 6, 3, 5, 22, 16, tzinfo=datetime.timezone.utc), 'forced_down': False, 'version': 72, 'created_at': datetime.datetime(2026, 6, 3, 5, 20, 6, tzinfo=datetime.timezone.utc), 'updated_at': datetime.datetime(2026, 6, 3, 5, 22, 16, tzinfo=datetime.timezone.utc), 'deleted_at': None, 'deleted': False} {{(pid=95752) _locked_update /opt/stack/nova/nova/scheduler/host_manager.py:174}}
Jun 03 05:22:32.312454 np0000002012 nova-scheduler[95752]: DEBUG nova.scheduler.host_manager [None req-756386b3-a5ed-4707-a403-40eefd829d80 tempest-ServerActionsTestOtherA-393223349 tempest-ServerActionsTestOtherA-393223349-project-member] Update host state with instances: [] {{(pid=95752) _locked_update /opt/stack/nova/nova/scheduler/host_manager.py:177}}
Jun 03 05:22:32.312712 np0000002012 nova-scheduler[95752]: DEBUG oslo_concurrency.lockutils [None req-756386b3-a5ed-4707-a403-40eefd829d80 tempest-ServerActionsTestOtherA-393223349 tempest-ServerActionsTestOtherA-393223349-project-member] Lock "('np0000002012', 'np0000002012')" "released" by "nova.scheduler.host_manager.HostState.update.._locked_update" :: held 0.002s {{(pid=95752) inner /opt/stack/data/venv/lib/python3.12/site-packages/oslo_concurrency/lockutils.py:543}}
Jun 03 05:22:32.312996 np0000002012 nova-scheduler[95752]: DEBUG nova.filters [None req-756386b3-a5ed-4707-a403-40eefd829d80 tempest-ServerActionsTestOtherA-393223349 tempest-ServerActionsTestOtherA-393223349-project-member] Starting with 1 host(s) {{(pid=95752) get_filtered_objects /opt/stack/nova/nova/filters.py:70}}
Jun 03 05:22:32.313216 np0000002012 nova-scheduler[95752]: DEBUG nova.filters [None req-756386b3-a5ed-4707-a403-40eefd829d80 tempest-ServerActionsTestOtherA-393223349 tempest-ServerActionsTestOtherA-393223349-project-member] Filter ComputeFilter returned 1 host(s) {{(pid=95752) get_filtered_objects /opt/stack/nova/nova/filters.py:102}}
Jun 03 05:22:32.313324 np0000002012 nova-scheduler[95752]: DEBUG nova.filters [None req-756386b3-a5ed-4707-a403-40eefd829d80 tempest-ServerActionsTestOtherA-393223349 tempest-ServerActionsTestOtherA-393223349-project-member] Filter ComputeCapabilitiesFilter returned 1 host(s) {{(pid=95752) get_filtered_objects /opt/stack/nova/nova/filters.py:102}}
Jun 03 05:22:32.313519 np0000002012 nova-scheduler[95752]: DEBUG nova.filters [None req-756386b3-a5ed-4707-a403-40eefd829d80 tempest-ServerActionsTestOtherA-393223349 tempest-ServerActionsTestOtherA-393223349-project-member] Filter ImagePropertiesFilter returned 1 host(s) {{(pid=95752) get_filtered_objects /opt/stack/nova/nova/filters.py:102}}
Jun 03 05:22:32.313682 np0000002012 nova-scheduler[95752]: DEBUG nova.filters [None req-756386b3-a5ed-4707-a403-40eefd829d80 tempest-ServerActionsTestOtherA-393223349 tempest-ServerActionsTestOtherA-393223349-project-member] Filter ServerGroupAntiAffinityFilter returned 1 host(s) {{(pid=95752) get_filtered_objects /opt/stack/nova/nova/filters.py:102}}
Jun 03 05:22:32.313920 np0000002012 nova-scheduler[95752]: DEBUG nova.filters [None req-756386b3-a5ed-4707-a403-40eefd829d80 tempest-ServerActionsTestOtherA-393223349 tempest-ServerActionsTestOtherA-393223349-project-member] Filter ServerGroupAffinityFilter returned 1 host(s) {{(pid=95752) get_filtered_objects /opt/stack/nova/nova/filters.py:102}}
Jun 03 05:22:32.314016 np0000002012 nova-scheduler[95752]: DEBUG nova.filters [None req-756386b3-a5ed-4707-a403-40eefd829d80 tempest-ServerActionsTestOtherA-393223349 tempest-ServerActionsTestOtherA-393223349-project-member] Filter SameHostFilter returned 1 host(s) {{(pid=95752) get_filtered_objects /opt/stack/nova/nova/filters.py:102}}
Jun 03 05:22:32.314194 np0000002012 nova-scheduler[95752]: DEBUG nova.filters [None req-756386b3-a5ed-4707-a403-40eefd829d80 tempest-ServerActionsTestOtherA-393223349 tempest-ServerActionsTestOtherA-393223349-project-member] Filter DifferentHostFilter returned 1 host(s) {{(pid=95752) get_filtered_objects /opt/stack/nova/nova/filters.py:102}}
Jun 03 05:22:32.314339 np0000002012 nova-scheduler[95752]: DEBUG nova.scheduler.manager [None req-756386b3-a5ed-4707-a403-40eefd829d80 tempest-ServerActionsTestOtherA-393223349 tempest-ServerActionsTestOtherA-393223349-project-member] Filtered [(np0000002012, np0000002012) ram: 23518MB disk: 75776MB io_ops: 0 instances: 0, allocation_candidates: 1] {{(pid=95752) _get_sorted_hosts /opt/stack/nova/nova/scheduler/manager.py:743}}
Jun 03 05:22:32.314410 np0000002012 nova-scheduler[95752]: DEBUG nova.scheduler.manager [None req-756386b3-a5ed-4707-a403-40eefd829d80 tempest-ServerActionsTestOtherA-393223349 tempest-ServerActionsTestOtherA-393223349-project-member] Weighed [WeighedHost [host: (np0000002012, np0000002012) ram: 23518MB disk: 75776MB io_ops: 0 instances: 0, allocation_candidates: 1, weight: 0.0]] {{(pid=95752) _get_sorted_hosts /opt/stack/nova/nova/scheduler/manager.py:765}}
Jun 03 05:22:32.314570 np0000002012 nova-scheduler[95752]: DEBUG nova.scheduler.utils [None req-756386b3-a5ed-4707-a403-40eefd829d80 tempest-ServerActionsTestOtherA-393223349 tempest-ServerActionsTestOtherA-393223349-project-member] Attempting to claim resources in the placement API for instance 64ebfa19-a919-4712-b465-f54a7bedad32 {{(pid=95752) claim_resources /opt/stack/nova/nova/scheduler/utils.py:1345}}
Jun 03 05:22:32.478683 np0000002012 nova-scheduler[95752]: DEBUG nova.scheduler.manager [None req-756386b3-a5ed-4707-a403-40eefd829d80 tempest-ServerActionsTestOtherA-393223349 tempest-ServerActionsTestOtherA-393223349-project-member] [instance: 64ebfa19-a919-4712-b465-f54a7bedad32] Selected host: (np0000002012, np0000002012) ram: 23518MB disk: 75776MB io_ops: 0 instances: 0, allocation_candidates: 1 {{(pid=95752) _consume_selected_host /opt/stack/nova/nova/scheduler/manager.py:625}}
Jun 03 05:22:32.478974 np0000002012 nova-scheduler[95752]: DEBUG oslo_concurrency.lockutils [None req-756386b3-a5ed-4707-a403-40eefd829d80 tempest-ServerActionsTestOtherA-393223349 tempest-ServerActionsTestOtherA-393223349-project-member] Acquiring lock "('np0000002012', 'np0000002012')" by "nova.scheduler.host_manager.HostState.consume_from_request.._locked" {{(pid=95752) inner /opt/stack/data/venv/lib/python3.12/site-packages/oslo_concurrency/lockutils.py:511}}
Jun 03 05:22:32.479133 np0000002012 nova-scheduler[95752]: DEBUG oslo_concurrency.lockutils [None req-756386b3-a5ed-4707-a403-40eefd829d80 tempest-ServerActionsTestOtherA-393223349 tempest-ServerActionsTestOtherA-393223349-project-member] Lock "('np0000002012', 'np0000002012')" acquired by "nova.scheduler.host_manager.HostState.consume_from_request.._locked" :: waited 0.000s {{(pid=95752) inner /opt/stack/data/venv/lib/python3.12/site-packages/oslo_concurrency/lockutils.py:524}}
Jun 03 05:22:32.479291 np0000002012 nova-scheduler[95752]: DEBUG oslo_concurrency.lockutils [None req-756386b3-a5ed-4707-a403-40eefd829d80 tempest-ServerActionsTestOtherA-393223349 tempest-ServerActionsTestOtherA-393223349-project-member] Lock "('np0000002012', 'np0000002012')" "released" by "nova.scheduler.host_manager.HostState.consume_from_request.._locked" :: held 0.000s {{(pid=95752) inner /opt/stack/data/venv/lib/python3.12/site-packages/oslo_concurrency/lockutils.py:543}}
Jun 03 05:22:39.613499 np0000002012 nova-scheduler[95754]: DEBUG nova.scheduler.manager [None req-29b0e47b-52b2-457d-9be1-b4c2f3fc9009 tempest-VolumesAdminNegativeTest-490113843 tempest-VolumesAdminNegativeTest-490113843-project-member] Starting to schedule for instances: ['c854fadd-3276-4cb2-b2ef-e8f8a8a0706a'] {{(pid=95754) select_destinations /opt/stack/nova/nova/scheduler/manager.py:210}}
Jun 03 05:22:39.614097 np0000002012 nova-scheduler[95754]: DEBUG nova.scheduler.request_filter [None req-29b0e47b-52b2-457d-9be1-b4c2f3fc9009 tempest-VolumesAdminNegativeTest-490113843 tempest-VolumesAdminNegativeTest-490113843-project-member] compute_status_filter request filter added forbidden trait COMPUTE_STATUS_DISABLED {{(pid=95754) compute_status_filter /opt/stack/nova/nova/scheduler/request_filter.py:253}}
Jun 03 05:22:39.614465 np0000002012 nova-scheduler[95754]: DEBUG nova.scheduler.request_filter [None req-29b0e47b-52b2-457d-9be1-b4c2f3fc9009 tempest-VolumesAdminNegativeTest-490113843 tempest-VolumesAdminNegativeTest-490113843-project-member] Request filter 'compute_status_filter' took 0.0 seconds {{(pid=95754) wrapper /opt/stack/nova/nova/scheduler/request_filter.py:46}}
Jun 03 05:22:39.614465 np0000002012 nova-scheduler[95754]: DEBUG nova.scheduler.request_filter [None req-29b0e47b-52b2-457d-9be1-b4c2f3fc9009 tempest-VolumesAdminNegativeTest-490113843 tempest-VolumesAdminNegativeTest-490113843-project-member] Request filter 'accelerators_filter' took 0.0 seconds {{(pid=95754) wrapper /opt/stack/nova/nova/scheduler/request_filter.py:46}}
Jun 03 05:22:39.614571 np0000002012 nova-scheduler[95754]: DEBUG nova.scheduler.request_filter [None req-29b0e47b-52b2-457d-9be1-b4c2f3fc9009 tempest-VolumesAdminNegativeTest-490113843 tempest-VolumesAdminNegativeTest-490113843-project-member] Request filter 'packed_virtqueue_filter' took 0.0 seconds {{(pid=95754) wrapper /opt/stack/nova/nova/scheduler/request_filter.py:46}}
Jun 03 05:22:39.614838 np0000002012 nova-scheduler[95754]: DEBUG nova.scheduler.request_filter [None req-29b0e47b-52b2-457d-9be1-b4c2f3fc9009 tempest-VolumesAdminNegativeTest-490113843 tempest-VolumesAdminNegativeTest-490113843-project-member] Request filter 'remote_managed_ports_filter' took 0.0 seconds {{(pid=95754) wrapper /opt/stack/nova/nova/scheduler/request_filter.py:46}}
Jun 03 05:22:39.614958 np0000002012 nova-scheduler[95754]: DEBUG nova.scheduler.request_filter [None req-29b0e47b-52b2-457d-9be1-b4c2f3fc9009 tempest-VolumesAdminNegativeTest-490113843 tempest-VolumesAdminNegativeTest-490113843-project-member] ephemeral_encryption_filter skipped {{(pid=95754) ephemeral_encryption_filter /opt/stack/nova/nova/scheduler/request_filter.py:426}}
Jun 03 05:22:39.615077 np0000002012 nova-scheduler[95754]: DEBUG nova.scheduler.request_filter [None req-29b0e47b-52b2-457d-9be1-b4c2f3fc9009 tempest-VolumesAdminNegativeTest-490113843 tempest-VolumesAdminNegativeTest-490113843-project-member] virtio_sound_filter skipped {{(pid=95754) virtio_sound_filter /opt/stack/nova/nova/scheduler/request_filter.py:460}}
Jun 03 05:22:39.615188 np0000002012 nova-scheduler[95754]: DEBUG nova.scheduler.request_filter [None req-29b0e47b-52b2-457d-9be1-b4c2f3fc9009 tempest-VolumesAdminNegativeTest-490113843 tempest-VolumesAdminNegativeTest-490113843-project-member] tpm_secret_security_filter skipped {{(pid=95754) tpm_secret_security_filter /opt/stack/nova/nova/scheduler/request_filter.py:477}}
Jun 03 05:22:39.711707 np0000002012 nova-scheduler[95754]: INFO nova.utils [None req-29b0e47b-52b2-457d-9be1-b4c2f3fc9009 tempest-VolumesAdminNegativeTest-490113843 tempest-VolumesAdminNegativeTest-490113843-project-member] The cell worker thread pool ForkProcess-3.cell_worker is initialized
Jun 03 05:22:39.711707 np0000002012 nova-scheduler[95754]: DEBUG oslo_concurrency.lockutils [None req-29b0e47b-52b2-457d-9be1-b4c2f3fc9009 tempest-VolumesAdminNegativeTest-490113843 tempest-VolumesAdminNegativeTest-490113843-project-member] Acquiring lock "aeea2808-e335-40c5-b366-8765cd4146ab" by "nova.context.set_target_cell..get_or_set_cached_cell_and_set_connections" {{(pid=95754) inner /opt/stack/data/venv/lib/python3.12/site-packages/oslo_concurrency/lockutils.py:511}}
Jun 03 05:22:39.711707 np0000002012 nova-scheduler[95754]: DEBUG oslo_concurrency.lockutils [None req-29b0e47b-52b2-457d-9be1-b4c2f3fc9009 tempest-VolumesAdminNegativeTest-490113843 tempest-VolumesAdminNegativeTest-490113843-project-member] Lock "aeea2808-e335-40c5-b366-8765cd4146ab" acquired by "nova.context.set_target_cell..get_or_set_cached_cell_and_set_connections" :: waited 0.000s {{(pid=95754) inner /opt/stack/data/venv/lib/python3.12/site-packages/oslo_concurrency/lockutils.py:524}}
Jun 03 05:22:39.712070 np0000002012 nova-scheduler[95754]: DEBUG oslo_concurrency.lockutils [None req-29b0e47b-52b2-457d-9be1-b4c2f3fc9009 tempest-VolumesAdminNegativeTest-490113843 tempest-VolumesAdminNegativeTest-490113843-project-member] Lock "aeea2808-e335-40c5-b366-8765cd4146ab" "released" by "nova.context.set_target_cell..get_or_set_cached_cell_and_set_connections" :: held 0.001s {{(pid=95754) inner /opt/stack/data/venv/lib/python3.12/site-packages/oslo_concurrency/lockutils.py:543}}
Jun 03 05:22:39.713822 np0000002012 nova-scheduler[95754]: INFO dbcounter [None req-29b0e47b-52b2-457d-9be1-b4c2f3fc9009 tempest-VolumesAdminNegativeTest-490113843 tempest-VolumesAdminNegativeTest-490113843-project-member] Registered counter for database nova_cell1
Jun 03 05:22:39.751325 np0000002012 nova-scheduler[95754]: DEBUG oslo_db.sqlalchemy.engines [None req-29b0e47b-52b2-457d-9be1-b4c2f3fc9009 tempest-VolumesAdminNegativeTest-490113843 tempest-VolumesAdminNegativeTest-490113843-project-member] MySQL server mode set to STRICT_TRANS_TABLES,STRICT_ALL_TABLES,NO_ZERO_IN_DATE,NO_ZERO_DATE,ERROR_FOR_DIVISION_BY_ZERO,TRADITIONAL,NO_ENGINE_SUBSTITUTION {{(pid=95754) _check_effective_sql_mode /opt/stack/data/venv/lib/python3.12/site-packages/oslo_db/sqlalchemy/engines.py:325}}
Jun 03 05:22:39.756520 np0000002012 nova-scheduler[95754]: DEBUG dbcounter [-] [95754] Writer thread running {{(pid=95754) stat_writer /opt/stack/data/venv/lib/python3.12/site-packages/dbcounter.py:102}}
Jun 03 05:22:39.822353 np0000002012 nova-scheduler[95754]: DEBUG dbcounter [-] [95754] Writer thread running {{(pid=95754) stat_writer /opt/stack/data/venv/lib/python3.12/site-packages/dbcounter.py:102}}
Jun 03 05:22:39.825085 np0000002012 nova-scheduler[95754]: DEBUG oslo_concurrency.lockutils [None req-29b0e47b-52b2-457d-9be1-b4c2f3fc9009 tempest-VolumesAdminNegativeTest-490113843 tempest-VolumesAdminNegativeTest-490113843-project-member] Acquiring lock "aeea2808-e335-40c5-b366-8765cd4146ab" by "nova.context.set_target_cell..get_or_set_cached_cell_and_set_connections" {{(pid=95754) inner /opt/stack/data/venv/lib/python3.12/site-packages/oslo_concurrency/lockutils.py:511}}
Jun 03 05:22:39.825292 np0000002012 nova-scheduler[95754]: DEBUG oslo_concurrency.lockutils [None req-29b0e47b-52b2-457d-9be1-b4c2f3fc9009 tempest-VolumesAdminNegativeTest-490113843 tempest-VolumesAdminNegativeTest-490113843-project-member] Lock "aeea2808-e335-40c5-b366-8765cd4146ab" acquired by "nova.context.set_target_cell..get_or_set_cached_cell_and_set_connections" :: waited 0.000s {{(pid=95754) inner /opt/stack/data/venv/lib/python3.12/site-packages/oslo_concurrency/lockutils.py:524}}
Jun 03 05:22:39.825447 np0000002012 nova-scheduler[95754]: DEBUG oslo_concurrency.lockutils [None req-29b0e47b-52b2-457d-9be1-b4c2f3fc9009 tempest-VolumesAdminNegativeTest-490113843 tempest-VolumesAdminNegativeTest-490113843-project-member] Lock "aeea2808-e335-40c5-b366-8765cd4146ab" "released" by "nova.context.set_target_cell..get_or_set_cached_cell_and_set_connections" :: held 0.000s {{(pid=95754) inner /opt/stack/data/venv/lib/python3.12/site-packages/oslo_concurrency/lockutils.py:543}}
Jun 03 05:22:39.829898 np0000002012 nova-scheduler[95754]: DEBUG oslo_concurrency.lockutils [None req-29b0e47b-52b2-457d-9be1-b4c2f3fc9009 tempest-VolumesAdminNegativeTest-490113843 tempest-VolumesAdminNegativeTest-490113843-project-member] Acquiring lock "('np0000002012', 'np0000002012')" by "nova.scheduler.host_manager.HostState.update.._locked_update" {{(pid=95754) inner /opt/stack/data/venv/lib/python3.12/site-packages/oslo_concurrency/lockutils.py:511}}
Jun 03 05:22:39.830157 np0000002012 nova-scheduler[95754]: DEBUG oslo_concurrency.lockutils [None req-29b0e47b-52b2-457d-9be1-b4c2f3fc9009 tempest-VolumesAdminNegativeTest-490113843 tempest-VolumesAdminNegativeTest-490113843-project-member] Lock "('np0000002012', 'np0000002012')" acquired by "nova.scheduler.host_manager.HostState.update.._locked_update" :: waited 0.000s {{(pid=95754) inner /opt/stack/data/venv/lib/python3.12/site-packages/oslo_concurrency/lockutils.py:524}}
