Jun 09 07:57:12.406639 np0000002426 devstack@g-api.service[99000]: DEBUG glance_store.location [None req-c54174b8-6214-4479-9922-95e70d297609 tempest-VolumesNegativeTest-1418293082 tempest-VolumesNegativeTest-1418293082-project-member] Registering scheme swift with {'store': , 'location_class': , 'store_entry': 'swift'} {{(pid=99000) register_scheme_map /opt/stack/data/venv/lib/python3.12/site-packages/glance_store/location.py:146}}
Jun 09 07:57:12.406732 np0000002426 devstack@g-api.service[99000]: DEBUG glance_store.location [None req-c54174b8-6214-4479-9922-95e70d297609 tempest-VolumesNegativeTest-1418293082 tempest-VolumesNegativeTest-1418293082-project-member] Registering scheme swift+http with {'store': , 'location_class': , 'store_entry': 'swift'} {{(pid=99000) register_scheme_map /opt/stack/data/venv/lib/python3.12/site-packages/glance_store/location.py:146}}
Jun 09 07:57:12.406852 np0000002426 devstack@g-api.service[99000]: DEBUG glance_store.location [None req-c54174b8-6214-4479-9922-95e70d297609 tempest-VolumesNegativeTest-1418293082 tempest-VolumesNegativeTest-1418293082-project-member] Registering scheme swift+https with {'store': , 'location_class': , 'store_entry': 'swift'} {{(pid=99000) register_scheme_map /opt/stack/data/venv/lib/python3.12/site-packages/glance_store/location.py:146}}
Jun 09 07:57:12.406852 np0000002426 devstack@g-api.service[99000]: DEBUG glance_store.location [None req-c54174b8-6214-4479-9922-95e70d297609 tempest-VolumesNegativeTest-1418293082 tempest-VolumesNegativeTest-1418293082-project-member] Registering scheme swift with {'store': , 'location_class': , 'store_entry': 'swift'} {{(pid=99000) register_scheme_map /opt/stack/data/venv/lib/python3.12/site-packages/glance_store/location.py:146}}
Jun 09 07:57:12.406990 np0000002426 devstack@g-api.service[99000]: DEBUG glance_store.location [None req-c54174b8-6214-4479-9922-95e70d297609 tempest-VolumesNegativeTest-1418293082 tempest-VolumesNegativeTest-1418293082-project-member] Registering scheme swift+http with {'store': , 'location_class': , 'store_entry': 'swift'} {{(pid=99000) register_scheme_map /opt/stack/data/venv/lib/python3.12/site-packages/glance_store/location.py:146}}
Jun 09 07:57:12.407028 np0000002426 devstack@g-api.service[99000]: DEBUG glance_store.location [None req-c54174b8-6214-4479-9922-95e70d297609 tempest-VolumesNegativeTest-1418293082 tempest-VolumesNegativeTest-1418293082-project-member] Registering scheme swift+config with {'store': , 'location_class': , 'store_entry': 'swift'} {{(pid=99000) register_scheme_map /opt/stack/data/venv/lib/python3.12/site-packages/glance_store/location.py:146}}
Jun 09 07:57:12.407080 np0000002426 devstack@g-api.service[99000]: DEBUG glance_store.backend [None req-c54174b8-6214-4479-9922-95e70d297609 tempest-VolumesNegativeTest-1418293082 tempest-VolumesNegativeTest-1418293082-project-member] Skipping store.set_acls... not implemented. {{(pid=99000) set_acls /opt/stack/data/venv/lib/python3.12/site-packages/glance_store/backend.py:507}}
Jun 09 07:57:12.420534 np0000002426 devstack@g-api.service[99000]: INFO glance.api.v2.image_actions [None req-c54174b8-6214-4479-9922-95e70d297609 tempest-VolumesNegativeTest-1418293082 tempest-VolumesNegativeTest-1418293082-project-member] Image 3dd19ddb-3a44-4132-b57d-8ffbd33a712f is deactivated
Jun 09 07:57:12.421055 np0000002426 devstack@g-api.service[99000]: [pid: 99000|app: 0|req: 129/265] 127.0.0.1 () {42 vars in 896 bytes} [Tue Jun 9 07:57:12 2026] POST /v2/images/3dd19ddb-3a44-4132-b57d-8ffbd33a712f/actions/deactivate => generated 0 bytes in 56 msecs (HTTP/1.1 204) 4 headers in 171 bytes (1 switches on core 0)
Jun 09 07:57:12.428164 np0000002426 devstack@g-api.service[99001]: DEBUG glance.api.middleware.version_negotiation [None req-0173d0e3-8151-4263-b3d3-8ab5763f24a7 tempest-VolumesNegativeTest-1418293082 tempest-VolumesNegativeTest-1418293082-project-member] Determining version of request: GET /v2/images/3dd19ddb-3a44-4132-b57d-8ffbd33a712f Accept: application/json {{(pid=99001) process_request /opt/stack/glance/glance/api/middleware/version_negotiation.py:44}}
Jun 09 07:57:12.428596 np0000002426 devstack@g-api.service[99001]: DEBUG glance.api.middleware.version_negotiation [None req-0173d0e3-8151-4263-b3d3-8ab5763f24a7 tempest-VolumesNegativeTest-1418293082 tempest-VolumesNegativeTest-1418293082-project-member] Using url versioning {{(pid=99001) process_request /opt/stack/glance/glance/api/middleware/version_negotiation.py:57}}
Jun 09 07:57:12.428596 np0000002426 devstack@g-api.service[99001]: DEBUG glance.api.middleware.version_negotiation [None req-0173d0e3-8151-4263-b3d3-8ab5763f24a7 tempest-VolumesNegativeTest-1418293082 tempest-VolumesNegativeTest-1418293082-project-member] Matched version: v2 {{(pid=99001) process_request /opt/stack/glance/glance/api/middleware/version_negotiation.py:69}}
Jun 09 07:57:12.428596 np0000002426 devstack@g-api.service[99001]: DEBUG glance.api.middleware.version_negotiation [None req-0173d0e3-8151-4263-b3d3-8ab5763f24a7 tempest-VolumesNegativeTest-1418293082 tempest-VolumesNegativeTest-1418293082-project-member] new path /v2/images/3dd19ddb-3a44-4132-b57d-8ffbd33a712f {{(pid=99001) process_request /opt/stack/glance/glance/api/middleware/version_negotiation.py:70}}
Jun 09 07:57:12.441548 np0000002426 devstack@g-api.service[99001]: [pid: 99001|app: 0|req: 137/266] 127.0.0.1 () {40 vars in 838 bytes} [Tue Jun 9 07:57:12 2026] GET /v2/images/3dd19ddb-3a44-4132-b57d-8ffbd33a712f => generated 816 bytes in 13 msecs (HTTP/1.1 200) 4 headers in 157 bytes (1 switches on core 0)
Jun 09 07:57:12.449169 np0000002426 devstack@g-api.service[99000]: DEBUG glance.api.middleware.version_negotiation [None req-c54174b8-6214-4479-9922-95e70d297609 tempest-VolumesNegativeTest-1418293082 tempest-VolumesNegativeTest-1418293082-project-member] Determining version of request: GET /v2/images/3dd19ddb-3a44-4132-b57d-8ffbd33a712f Accept: application/json {{(pid=99000) process_request /opt/stack/glance/glance/api/middleware/version_negotiation.py:44}}
Jun 09 07:57:12.449169 np0000002426 devstack@g-api.service[99000]: DEBUG glance.api.middleware.version_negotiation [None req-c54174b8-6214-4479-9922-95e70d297609 tempest-VolumesNegativeTest-1418293082 tempest-VolumesNegativeTest-1418293082-project-member] Using url versioning {{(pid=99000) process_request /opt/stack/glance/glance/api/middleware/version_negotiation.py:57}}
Jun 09 07:57:12.451108 np0000002426 devstack@g-api.service[99000]: DEBUG glance.api.middleware.version_negotiation [None req-c54174b8-6214-4479-9922-95e70d297609 tempest-VolumesNegativeTest-1418293082 tempest-VolumesNegativeTest-1418293082-project-member] Matched version: v2 {{(pid=99000) process_request /opt/stack/glance/glance/api/middleware/version_negotiation.py:69}}
Jun 09 07:57:12.452092 np0000002426 devstack@g-api.service[99000]: DEBUG glance.api.middleware.version_negotiation [None req-c54174b8-6214-4479-9922-95e70d297609 tempest-VolumesNegativeTest-1418293082 tempest-VolumesNegativeTest-1418293082-project-member] new path /v2/images/3dd19ddb-3a44-4132-b57d-8ffbd33a712f {{(pid=99000) process_request /opt/stack/glance/glance/api/middleware/version_negotiation.py:70}}
Jun 09 07:57:12.462558 np0000002426 devstack@g-api.service[99000]: [pid: 99000|app: 0|req: 130/267] 127.0.0.1 () {40 vars in 838 bytes} [Tue Jun 9 07:57:12 2026] GET /v2/images/3dd19ddb-3a44-4132-b57d-8ffbd33a712f => generated 816 bytes in 14 msecs (HTTP/1.1 200) 4 headers in 157 bytes (1 switches on core 0)
Jun 09 07:57:12.482328 np0000002426 devstack@g-api.service[99001]: DEBUG glance.api.middleware.version_negotiation [None req-f9b0282f-1346-4a36-8aa8-0002d8357c97 tempest-VolumesNegativeTest-1418293082 tempest-VolumesNegativeTest-1418293082-project-member] Determining version of request: GET /v2/images/3dd19ddb-3a44-4132-b57d-8ffbd33a712f Accept: */* {{(pid=99001) process_request /opt/stack/glance/glance/api/middleware/version_negotiation.py:44}}
Jun 09 07:57:12.482638 np0000002426 devstack@g-api.service[99001]: DEBUG glance.api.middleware.version_negotiation [None req-f9b0282f-1346-4a36-8aa8-0002d8357c97 tempest-VolumesNegativeTest-1418293082 tempest-VolumesNegativeTest-1418293082-project-member] Using url versioning {{(pid=99001) process_request /opt/stack/glance/glance/api/middleware/version_negotiation.py:57}}
Jun 09 07:57:12.482694 np0000002426 devstack@g-api.service[99001]: DEBUG glance.api.middleware.version_negotiation [None req-f9b0282f-1346-4a36-8aa8-0002d8357c97 tempest-VolumesNegativeTest-1418293082 tempest-VolumesNegativeTest-1418293082-project-member] Matched version: v2 {{(pid=99001) process_request /opt/stack/glance/glance/api/middleware/version_negotiation.py:69}}
Jun 09 07:57:12.483308 np0000002426 devstack@g-api.service[99001]: DEBUG glance.api.middleware.version_negotiation [None req-f9b0282f-1346-4a36-8aa8-0002d8357c97 tempest-VolumesNegativeTest-1418293082 tempest-VolumesNegativeTest-1418293082-project-member] new path /v2/images/3dd19ddb-3a44-4132-b57d-8ffbd33a712f {{(pid=99001) process_request /opt/stack/glance/glance/api/middleware/version_negotiation.py:70}}
Jun 09 07:57:12.491382 np0000002426 devstack@g-api.service[99001]: [pid: 99001|app: 0|req: 138/268] 127.0.0.1 () {44 vars in 1115 bytes} [Tue Jun 9 07:57:12 2026] GET /v2/images/3dd19ddb-3a44-4132-b57d-8ffbd33a712f => generated 816 bytes in 9 msecs (HTTP/1.1 200) 4 headers in 157 bytes (1 switches on core 0)
Jun 09 07:57:12.500086 np0000002426 devstack@g-api.service[99000]: DEBUG glance.api.middleware.version_negotiation [None req-4d148ba4-29d3-4c7a-b879-8fe06de39f7e tempest-VolumesNegativeTest-1418293082 tempest-VolumesNegativeTest-1418293082-project-member] Determining version of request: GET /v2/schemas/image Accept: */* {{(pid=99000) process_request /opt/stack/glance/glance/api/middleware/version_negotiation.py:44}}
Jun 09 07:57:12.500246 np0000002426 devstack@g-api.service[99000]: DEBUG glance.api.middleware.version_negotiation [None req-4d148ba4-29d3-4c7a-b879-8fe06de39f7e tempest-VolumesNegativeTest-1418293082 tempest-VolumesNegativeTest-1418293082-project-member] Using url versioning {{(pid=99000) process_request /opt/stack/glance/glance/api/middleware/version_negotiation.py:57}}
Jun 09 07:57:12.500365 np0000002426 devstack@g-api.service[99000]: DEBUG glance.api.middleware.version_negotiation [None req-4d148ba4-29d3-4c7a-b879-8fe06de39f7e tempest-VolumesNegativeTest-1418293082 tempest-VolumesNegativeTest-1418293082-project-member] Matched version: v2 {{(pid=99000) process_request /opt/stack/glance/glance/api/middleware/version_negotiation.py:69}}
Jun 09 07:57:12.500578 np0000002426 devstack@g-api.service[99000]: DEBUG glance.api.middleware.version_negotiation [None req-4d148ba4-29d3-4c7a-b879-8fe06de39f7e tempest-VolumesNegativeTest-1418293082 tempest-VolumesNegativeTest-1418293082-project-member] new path /v2/schemas/image {{(pid=99000) process_request /opt/stack/glance/glance/api/middleware/version_negotiation.py:70}}
Jun 09 07:57:12.502905 np0000002426 devstack@g-api.service[99000]: [pid: 99000|app: 0|req: 131/269] 127.0.0.1 () {44 vars in 1055 bytes} [Tue Jun 9 07:57:12 2026] GET /v2/schemas/image => generated 6083 bytes in 3 msecs (HTTP/1.1 200) 4 headers in 158 bytes (1 switches on core 0)
Jun 09 07:57:12.513827 np0000002426 devstack@g-api.service[99001]: DEBUG glance.api.middleware.version_negotiation [None req-fe1c3270-f949-4614-ab3c-c7c9d8084364 tempest-VolumesNegativeTest-1418293082 tempest-VolumesNegativeTest-1418293082-project-member] Determining version of request: GET /v2/schemas/image Accept: */* {{(pid=99001) process_request /opt/stack/glance/glance/api/middleware/version_negotiation.py:44}}
Jun 09 07:57:12.514124 np0000002426 devstack@g-api.service[99001]: DEBUG glance.api.middleware.version_negotiation [None req-fe1c3270-f949-4614-ab3c-c7c9d8084364 tempest-VolumesNegativeTest-1418293082 tempest-VolumesNegativeTest-1418293082-project-member] Using url versioning {{(pid=99001) process_request /opt/stack/glance/glance/api/middleware/version_negotiation.py:57}}
Jun 09 07:57:12.514316 np0000002426 devstack@g-api.service[99001]: DEBUG glance.api.middleware.version_negotiation [None req-fe1c3270-f949-4614-ab3c-c7c9d8084364 tempest-VolumesNegativeTest-1418293082 tempest-VolumesNegativeTest-1418293082-project-member] Matched version: v2 {{(pid=99001) process_request /opt/stack/glance/glance/api/middleware/version_negotiation.py:69}}
Jun 09 07:57:12.514517 np0000002426 devstack@g-api.service[99001]: DEBUG glance.api.middleware.version_negotiation [None req-fe1c3270-f949-4614-ab3c-c7c9d8084364 tempest-VolumesNegativeTest-1418293082 tempest-VolumesNegativeTest-1418293082-project-member] new path /v2/schemas/image {{(pid=99001) process_request /opt/stack/glance/glance/api/middleware/version_negotiation.py:70}}
Jun 09 07:57:12.516731 np0000002426 devstack@g-api.service[99001]: [pid: 99001|app: 0|req: 139/270] 127.0.0.1 () {44 vars in 1055 bytes} [Tue Jun 9 07:57:12 2026] GET /v2/schemas/image => generated 6083 bytes in 3 msecs (HTTP/1.1 200) 4 headers in 158 bytes (1 switches on core 0)
Jun 09 07:57:12.530496 np0000002426 devstack@g-api.service[99000]: DEBUG glance.api.middleware.version_negotiation [None req-fe1c3270-f949-4614-ab3c-c7c9d8084364 tempest-VolumesNegativeTest-1418293082 tempest-VolumesNegativeTest-1418293082-project-member] Determining version of request: GET /v2/images/3dd19ddb-3a44-4132-b57d-8ffbd33a712f Accept: */* {{(pid=99000) process_request /opt/stack/glance/glance/api/middleware/version_negotiation.py:44}}
Jun 09 07:57:12.530649 np0000002426 devstack@g-api.service[99000]: DEBUG glance.api.middleware.version_negotiation [None req-fe1c3270-f949-4614-ab3c-c7c9d8084364 tempest-VolumesNegativeTest-1418293082 tempest-VolumesNegativeTest-1418293082-project-member] Using url versioning {{(pid=99000) process_request /opt/stack/glance/glance/api/middleware/version_negotiation.py:57}}
Jun 09 07:57:12.531055 np0000002426 devstack@g-api.service[99000]: DEBUG glance.api.middleware.version_negotiation [None req-fe1c3270-f949-4614-ab3c-c7c9d8084364 tempest-VolumesNegativeTest-1418293082 tempest-VolumesNegativeTest-1418293082-project-member] Matched version: v2 {{(pid=99000) process_request /opt/stack/glance/glance/api/middleware/version_negotiation.py:69}}
Jun 09 07:57:12.531324 np0000002426 devstack@g-api.service[99000]: DEBUG glance.api.middleware.version_negotiation [None req-fe1c3270-f949-4614-ab3c-c7c9d8084364 tempest-VolumesNegativeTest-1418293082 tempest-VolumesNegativeTest-1418293082-project-member] new path /v2/images/3dd19ddb-3a44-4132-b57d-8ffbd33a712f {{(pid=99000) process_request /opt/stack/glance/glance/api/middleware/version_negotiation.py:70}}
Jun 09 07:57:12.545023 np0000002426 devstack@g-api.service[99000]: [pid: 99000|app: 0|req: 132/271] 127.0.0.1 () {44 vars in 1115 bytes} [Tue Jun 9 07:57:12 2026] GET /v2/images/3dd19ddb-3a44-4132-b57d-8ffbd33a712f => generated 816 bytes in 15 msecs (HTTP/1.1 200) 4 headers in 157 bytes (1 switches on core 0)
Jun 09 07:57:12.556326 np0000002426 devstack@g-api.service[99001]: DEBUG glance.api.middleware.version_negotiation [None req-fe1c3270-f949-4614-ab3c-c7c9d8084364 tempest-VolumesNegativeTest-1418293082 tempest-VolumesNegativeTest-1418293082-project-member] Determining version of request: GET /v2/schemas/image Accept: */* {{(pid=99001) process_request /opt/stack/glance/glance/api/middleware/version_negotiation.py:44}}
Jun 09 07:57:12.556661 np0000002426 devstack@g-api.service[99001]: DEBUG glance.api.middleware.version_negotiation [None req-fe1c3270-f949-4614-ab3c-c7c9d8084364 tempest-VolumesNegativeTest-1418293082 tempest-VolumesNegativeTest-1418293082-project-member] Using url versioning {{(pid=99001) process_request /opt/stack/glance/glance/api/middleware/version_negotiation.py:57}}
Jun 09 07:57:12.556661 np0000002426 devstack@g-api.service[99001]: DEBUG glance.api.middleware.version_negotiation [None req-fe1c3270-f949-4614-ab3c-c7c9d8084364 tempest-VolumesNegativeTest-1418293082 tempest-VolumesNegativeTest-1418293082-project-member] Matched version: v2 {{(pid=99001) process_request /opt/stack/glance/glance/api/middleware/version_negotiation.py:69}}
Jun 09 07:57:12.557024 np0000002426 devstack@g-api.service[99001]: DEBUG glance.api.middleware.version_negotiation [None req-fe1c3270-f949-4614-ab3c-c7c9d8084364 tempest-VolumesNegativeTest-1418293082 tempest-VolumesNegativeTest-1418293082-project-member] new path /v2/schemas/image {{(pid=99001) process_request /opt/stack/glance/glance/api/middleware/version_negotiation.py:70}}
Jun 09 07:57:12.559877 np0000002426 devstack@g-api.service[99001]: [pid: 99001|app: 0|req: 140/272] 127.0.0.1 () {44 vars in 1055 bytes} [Tue Jun 9 07:57:12 2026] GET /v2/schemas/image => generated 6083 bytes in 4 msecs (HTTP/1.1 200) 4 headers in 158 bytes (1 switches on core 0)
Jun 09 07:57:12.569328 np0000002426 devstack@g-api.service[99000]: DEBUG glance.api.middleware.version_negotiation [None req-fe1c3270-f949-4614-ab3c-c7c9d8084364 tempest-VolumesNegativeTest-1418293082 tempest-VolumesNegativeTest-1418293082-project-member] Determining version of request: GET /v2/schemas/image Accept: */* {{(pid=99000) process_request /opt/stack/glance/glance/api/middleware/version_negotiation.py:44}}
Jun 09 07:57:12.569328 np0000002426 devstack@g-api.service[99000]: DEBUG glance.api.middleware.version_negotiation [None req-fe1c3270-f949-4614-ab3c-c7c9d8084364 tempest-VolumesNegativeTest-1418293082 tempest-VolumesNegativeTest-1418293082-project-member] Using url versioning {{(pid=99000) process_request /opt/stack/glance/glance/api/middleware/version_negotiation.py:57}}
Jun 09 07:57:12.569328 np0000002426 devstack@g-api.service[99000]: DEBUG glance.api.middleware.version_negotiation [None req-fe1c3270-f949-4614-ab3c-c7c9d8084364 tempest-VolumesNegativeTest-1418293082 tempest-VolumesNegativeTest-1418293082-project-member] Matched version: v2 {{(pid=99000) process_request /opt/stack/glance/glance/api/middleware/version_negotiation.py:69}}
Jun 09 07:57:12.569474 np0000002426 devstack@g-api.service[99000]: DEBUG glance.api.middleware.version_negotiation [None req-fe1c3270-f949-4614-ab3c-c7c9d8084364 tempest-VolumesNegativeTest-1418293082 tempest-VolumesNegativeTest-1418293082-project-member] new path /v2/schemas/image {{(pid=99000) process_request /opt/stack/glance/glance/api/middleware/version_negotiation.py:70}}
Jun 09 07:57:12.572803 np0000002426 devstack@g-api.service[99000]: [pid: 99000|app: 0|req: 133/273] 127.0.0.1 () {44 vars in 1055 bytes} [Tue Jun 9 07:57:12 2026] GET /v2/schemas/image => generated 6083 bytes in 4 msecs (HTTP/1.1 200) 4 headers in 158 bytes (1 switches on core 0)
Jun 09 07:57:12.597707 np0000002426 devstack@g-api.service[99001]: DEBUG glance.api.middleware.version_negotiation [None req-fe1c3270-f949-4614-ab3c-c7c9d8084364 tempest-VolumesNegativeTest-1418293082 tempest-VolumesNegativeTest-1418293082-project-member] Determining version of request: GET /v2/images/3dd19ddb-3a44-4132-b57d-8ffbd33a712f Accept: */* {{(pid=99001) process_request /opt/stack/glance/glance/api/middleware/version_negotiation.py:44}}
Jun 09 07:57:12.598129 np0000002426 devstack@g-api.service[99001]: DEBUG glance.api.middleware.version_negotiation [None req-fe1c3270-f949-4614-ab3c-c7c9d8084364 tempest-VolumesNegativeTest-1418293082 tempest-VolumesNegativeTest-1418293082-project-member] Using url versioning {{(pid=99001) process_request /opt/stack/glance/glance/api/middleware/version_negotiation.py:57}}
Jun 09 07:57:12.598129 np0000002426 devstack@g-api.service[99001]: DEBUG glance.api.middleware.version_negotiation [None req-fe1c3270-f949-4614-ab3c-c7c9d8084364 tempest-VolumesNegativeTest-1418293082 tempest-VolumesNegativeTest-1418293082-project-member] Matched version: v2 {{(pid=99001) process_request /opt/stack/glance/glance/api/middleware/version_negotiation.py:69}}
Jun 09 07:57:12.598272 np0000002426 devstack@g-api.service[99001]: DEBUG glance.api.middleware.version_negotiation [None req-fe1c3270-f949-4614-ab3c-c7c9d8084364 tempest-VolumesNegativeTest-1418293082 tempest-VolumesNegativeTest-1418293082-project-member] new path /v2/images/3dd19ddb-3a44-4132-b57d-8ffbd33a712f {{(pid=99001) process_request /opt/stack/glance/glance/api/middleware/version_negotiation.py:70}}
Jun 09 07:57:12.607129 np0000002426 devstack@g-api.service[99001]: [pid: 99001|app: 0|req: 141/274] 127.0.0.1 () {44 vars in 1115 bytes} [Tue Jun 9 07:57:12 2026] GET /v2/images/3dd19ddb-3a44-4132-b57d-8ffbd33a712f => generated 816 bytes in 9 msecs (HTTP/1.1 200) 4 headers in 157 bytes (1 switches on core 0)
Jun 09 07:57:12.616956 np0000002426 devstack@g-api.service[99000]: DEBUG glance.api.middleware.version_negotiation [None req-fe1c3270-f949-4614-ab3c-c7c9d8084364 tempest-VolumesNegativeTest-1418293082 tempest-VolumesNegativeTest-1418293082-project-member] Determining version of request: GET /v2/schemas/image Accept: */* {{(pid=99000) process_request /opt/stack/glance/glance/api/middleware/version_negotiation.py:44}}
Jun 09 07:57:12.617281 np0000002426 devstack@g-api.service[99000]: DEBUG glance.api.middleware.version_negotiation [None req-fe1c3270-f949-4614-ab3c-c7c9d8084364 tempest-VolumesNegativeTest-1418293082 tempest-VolumesNegativeTest-1418293082-project-member] Using url versioning {{(pid=99000) process_request /opt/stack/glance/glance/api/middleware/version_negotiation.py:57}}
Jun 09 07:57:12.617349 np0000002426 devstack@g-api.service[99000]: DEBUG glance.api.middleware.version_negotiation [None req-fe1c3270-f949-4614-ab3c-c7c9d8084364 tempest-VolumesNegativeTest-1418293082 tempest-VolumesNegativeTest-1418293082-project-member] Matched version: v2 {{(pid=99000) process_request /opt/stack/glance/glance/api/middleware/version_negotiation.py:69}}
Jun 09 07:57:12.617570 np0000002426 devstack@g-api.service[99000]: DEBUG glance.api.middleware.version_negotiation [None req-fe1c3270-f949-4614-ab3c-c7c9d8084364 tempest-VolumesNegativeTest-1418293082 tempest-VolumesNegativeTest-1418293082-project-member] new path /v2/schemas/image {{(pid=99000) process_request /opt/stack/glance/glance/api/middleware/version_negotiation.py:70}}
Jun 09 07:57:12.620217 np0000002426 devstack@g-api.service[99000]: [pid: 99000|app: 0|req: 134/275] 127.0.0.1 () {44 vars in 1055 bytes} [Tue Jun 9 07:57:12 2026] GET /v2/schemas/image => generated 6083 bytes in 5 msecs (HTTP/1.1 200) 4 headers in 158 bytes (1 switches on core 0)
Jun 09 07:57:12.637403 np0000002426 devstack@g-api.service[99001]: DEBUG glance.api.middleware.version_negotiation [None req-fe1c3270-f949-4614-ab3c-c7c9d8084364 tempest-VolumesNegativeTest-1418293082 tempest-VolumesNegativeTest-1418293082-project-member] Determining version of request: POST /v2/images/3dd19ddb-3a44-4132-b57d-8ffbd33a712f/actions/reactivate Accept: application/json {{(pid=99001) process_request /opt/stack/glance/glance/api/middleware/version_negotiation.py:44}}
Jun 09 07:57:12.637600 np0000002426 devstack@g-api.service[99001]: DEBUG glance.api.middleware.version_negotiation [None req-fe1c3270-f949-4614-ab3c-c7c9d8084364 tempest-VolumesNegativeTest-1418293082 tempest-VolumesNegativeTest-1418293082-project-member] Using url versioning {{(pid=99001) process_request /opt/stack/glance/glance/api/middleware/version_negotiation.py:57}}
Jun 09 07:57:12.637748 np0000002426 devstack@g-api.service[99001]: DEBUG glance.api.middleware.version_negotiation [None req-fe1c3270-f949-4614-ab3c-c7c9d8084364 tempest-VolumesNegativeTest-1418293082 tempest-VolumesNegativeTest-1418293082-project-member] Matched version: v2 {{(pid=99001) process_request /opt/stack/glance/glance/api/middleware/version_negotiation.py:69}}
Jun 09 07:57:12.637858 np0000002426 devstack@g-api.service[99001]: DEBUG glance.api.middleware.version_negotiation [None req-fe1c3270-f949-4614-ab3c-c7c9d8084364 tempest-VolumesNegativeTest-1418293082 tempest-VolumesNegativeTest-1418293082-project-member] new path /v2/images/3dd19ddb-3a44-4132-b57d-8ffbd33a712f/actions/reactivate {{(pid=99001) process_request /opt/stack/glance/glance/api/middleware/version_negotiation.py:70}}
Jun 09 07:57:12.695602 np0000002426 devstack@g-api.service[99001]: INFO glance.api.v2.image_actions [None req-a623f093-a190-4963-bb9b-f46134ae91d9 tempest-VolumesNegativeTest-1418293082 tempest-VolumesNegativeTest-1418293082-project-member] Image 3dd19ddb-3a44-4132-b57d-8ffbd33a712f is reactivated
Jun 09 07:57:12.696150 np0000002426 devstack@g-api.service[99001]: [pid: 99001|app: 0|req: 142/276] 127.0.0.1 () {42 vars in 896 bytes} [Tue Jun 9 07:57:12 2026] POST /v2/images/3dd19ddb-3a44-4132-b57d-8ffbd33a712f/actions/reactivate => generated 0 bytes in 59 msecs (HTTP/1.1 204) 4 headers in 171 bytes (1 switches on core 0)
Jun 09 07:57:12.710657 np0000002426 devstack@g-api.service[99000]: DEBUG glance.api.middleware.version_negotiation [None req-fe1c3270-f949-4614-ab3c-c7c9d8084364 tempest-VolumesNegativeTest-1418293082 tempest-VolumesNegativeTest-1418293082-project-member] Determining version of request: DELETE /v2/images/3dd19ddb-3a44-4132-b57d-8ffbd33a712f Accept: application/json {{(pid=99000) process_request /opt/stack/glance/glance/api/middleware/version_negotiation.py:44}}
Jun 09 07:57:12.711046 np0000002426 devstack@g-api.service[99000]: DEBUG glance.api.middleware.version_negotiation [None req-fe1c3270-f949-4614-ab3c-c7c9d8084364 tempest-VolumesNegativeTest-1418293082 tempest-VolumesNegativeTest-1418293082-project-member] Using url versioning {{(pid=99000) process_request /opt/stack/glance/glance/api/middleware/version_negotiation.py:57}}
Jun 09 07:57:12.711099 np0000002426 devstack@g-api.service[99000]: DEBUG glance.api.middleware.version_negotiation [None req-fe1c3270-f949-4614-ab3c-c7c9d8084364 tempest-VolumesNegativeTest-1418293082 tempest-VolumesNegativeTest-1418293082-project-member] Matched version: v2 {{(pid=99000) process_request /opt/stack/glance/glance/api/middleware/version_negotiation.py:69}}
Jun 09 07:57:12.711239 np0000002426 devstack@g-api.service[99000]: DEBUG glance.api.middleware.version_negotiation [None req-fe1c3270-f949-4614-ab3c-c7c9d8084364 tempest-VolumesNegativeTest-1418293082 tempest-VolumesNegativeTest-1418293082-project-member] new path /v2/images/3dd19ddb-3a44-4132-b57d-8ffbd33a712f {{(pid=99000) process_request /opt/stack/glance/glance/api/middleware/version_negotiation.py:70}}
Jun 09 07:57:12.720189 np0000002426 devstack@g-api.service[99000]: WARNING glance.api.v2.images [None req-a041eb28-ede7-4f1b-a2f2-30158d09cf1f tempest-VolumesNegativeTest-1418293082 tempest-VolumesNegativeTest-1418293082-project-member] After upload to backend, deletion of staged image data has failed because it cannot be found at /tmp/staging//3dd19ddb-3a44-4132-b57d-8ffbd33a712f
Jun 09 07:57:12.720733 np0000002426 devstack@g-api.service[99000]: DEBUG glance_store.backend [None req-a041eb28-ede7-4f1b-a2f2-30158d09cf1f tempest-VolumesNegativeTest-1418293082 tempest-VolumesNegativeTest-1418293082-project-member] Attempting to import store swift {{(pid=99000) _load_store /opt/stack/data/venv/lib/python3.12/site-packages/glance_store/backend.py:215}}
Jun 09 07:57:12.722705 np0000002426 devstack@g-api.service[99000]: DEBUG glance_store.capabilities [None req-a041eb28-ede7-4f1b-a2f2-30158d09cf1f tempest-VolumesNegativeTest-1418293082 tempest-VolumesNegativeTest-1418293082-project-member] Store glance_store._drivers.swift.store.SingleTenantStore doesn't support updating dynamic storage capabilities. Please overwrite 'update_capabilities' method of the store to implement updating logics if needed. {{(pid=99000) update_capabilities /opt/stack/data/venv/lib/python3.12/site-packages/glance_store/capabilities.py:91}}
Jun 09 07:57:12.722865 np0000002426 devstack@g-api.service[99000]: DEBUG glance_store.driver [None req-a041eb28-ede7-4f1b-a2f2-30158d09cf1f tempest-VolumesNegativeTest-1418293082 tempest-VolumesNegativeTest-1418293082-project-member] Late loading location class glance_store._drivers.swift.store.StoreLocation {{(pid=99000) get_store_location_class /opt/stack/data/venv/lib/python3.12/site-packages/glance_store/driver.py:134}}
Jun 09 07:57:12.723035 np0000002426 devstack@g-api.service[99000]: DEBUG glance_store.location [None req-a041eb28-ede7-4f1b-a2f2-30158d09cf1f tempest-VolumesNegativeTest-1418293082 tempest-VolumesNegativeTest-1418293082-project-member] Registering scheme swift+https with {'store': , 'location_class': , 'store_entry': 'swift'} {{(pid=99000) register_scheme_map /opt/stack/data/venv/lib/python3.12/site-packages/glance_store/location.py:146}}
Jun 09 07:57:12.723164 np0000002426 devstack@g-api.service[99000]: DEBUG glance_store.location [None req-a041eb28-ede7-4f1b-a2f2-30158d09cf1f tempest-VolumesNegativeTest-1418293082 tempest-VolumesNegativeTest-1418293082-project-member] Registering scheme swift+https with {'store': , 'location_class': , 'store_entry': 'swift'} {{(pid=99000) register_scheme_map /opt/stack/data/venv/lib/python3.12/site-packages/glance_store/location.py:146}}
Jun 09 07:57:12.723474 np0000002426 devstack@g-api.service[99000]: DEBUG glance_store.location [None req-a041eb28-ede7-4f1b-a2f2-30158d09cf1f tempest-VolumesNegativeTest-1418293082 tempest-VolumesNegativeTest-1418293082-project-member] Registering scheme swift with {'store': , 'location_class': , 'store_entry': 'swift'} {{(pid=99000) register_scheme_map /opt/stack/data/venv/lib/python3.12/site-packages/glance_store/location.py:146}}
Jun 09 07:57:12.723474 np0000002426 devstack@g-api.service[99000]: DEBUG glance_store.location [None req-a041eb28-ede7-4f1b-a2f2-30158d09cf1f tempest-VolumesNegativeTest-1418293082 tempest-VolumesNegativeTest-1418293082-project-member] Registering scheme swift+https with {'store': , 'location_class': , 'store_entry': 'swift'} {{(pid=99000) register_scheme_map /opt/stack/data/venv/lib/python3.12/site-packages/glance_store/location.py:146}}
Jun 09 07:57:12.723598 np0000002426 devstack@g-api.service[99000]: DEBUG glance_store.location [None req-a041eb28-ede7-4f1b-a2f2-30158d09cf1f tempest-VolumesNegativeTest-1418293082 tempest-VolumesNegativeTest-1418293082-project-member] Registering scheme swift with {'store': , 'location_class': , 'store_entry': 'swift'} {{(pid=99000) register_scheme_map /opt/stack/data/venv/lib/python3.12/site-packages/glance_store/location.py:146}}
Jun 09 07:57:12.723681 np0000002426 devstack@g-api.service[99000]: DEBUG glance_store.location [None req-a041eb28-ede7-4f1b-a2f2-30158d09cf1f tempest-VolumesNegativeTest-1418293082 tempest-VolumesNegativeTest-1418293082-project-member] Registering scheme swift+http with {'store': , 'location_class': , 'store_entry': 'swift'} {{(pid=99000) register_scheme_map /opt/stack/data/venv/lib/python3.12/site-packages/glance_store/location.py:146}}
Jun 09 07:57:12.724245 np0000002426 devstack@g-api.service[99000]: DEBUG glance_store.location [None req-a041eb28-ede7-4f1b-a2f2-30158d09cf1f tempest-VolumesNegativeTest-1418293082 tempest-VolumesNegativeTest-1418293082-project-member] Registering scheme swift+https with {'store': , 'location_class': , 'store_entry': 'swift'} {{(pid=99000) register_scheme_map /opt/stack/data/venv/lib/python3.12/site-packages/glance_store/location.py:146}}
Jun 09 07:57:12.724410 np0000002426 devstack@g-api.service[99000]: DEBUG glance_store.location [None req-a041eb28-ede7-4f1b-a2f2-30158d09cf1f tempest-VolumesNegativeTest-1418293082 tempest-VolumesNegativeTest-1418293082-project-member] Registering scheme swift with {'store': , 'location_class': , 'store_entry': 'swift'} {{(pid=99000) register_scheme_map /opt/stack/data/venv/lib/python3.12/site-packages/glance_store/location.py:146}}
Jun 09 07:57:12.724562 np0000002426 devstack@g-api.service[99000]: DEBUG glance_store.location [None req-a041eb28-ede7-4f1b-a2f2-30158d09cf1f tempest-VolumesNegativeTest-1418293082 tempest-VolumesNegativeTest-1418293082-project-member] Registering scheme swift+http with {'store': , 'location_class': , 'store_entry': 'swift'} {{(pid=99000) register_scheme_map /opt/stack/data/venv/lib/python3.12/site-packages/glance_store/location.py:146}}
Jun 09 07:57:12.724690 np0000002426 devstack@g-api.service[99000]: DEBUG glance_store.location [None req-a041eb28-ede7-4f1b-a2f2-30158d09cf1f tempest-VolumesNegativeTest-1418293082 tempest-VolumesNegativeTest-1418293082-project-member] Registering scheme swift+config with {'store': , 'location_class': , 'store_entry': 'swift'} {{(pid=99000) register_scheme_map /opt/stack/data/venv/lib/python3.12/site-packages/glance_store/location.py:146}}
Jun 09 07:57:12.725563 np0000002426 devstack@g-api.service[99000]: DEBUG keystoneclient.auth.identity.v3.base [None req-a041eb28-ede7-4f1b-a2f2-30158d09cf1f tempest-VolumesNegativeTest-1418293082 tempest-VolumesNegativeTest-1418293082-project-member] Making authentication request to https://10.4.3.124/identity/v3/auth/tokens {{(pid=99000) get_auth_ref /opt/stack/data/venv/lib/python3.12/site-packages/keystoneclient/auth/identity/v3/base.py:185}}
Jun 09 07:57:12.764168 np0000002426 devstack@g-api.service[99000]: DEBUG keystoneclient.auth.identity.v3.base [None req-a041eb28-ede7-4f1b-a2f2-30158d09cf1f tempest-VolumesNegativeTest-1418293082 tempest-VolumesNegativeTest-1418293082-project-member] {"token": {"methods": ["password"], "user": {"domain": {"id": "default", "name": "Default"}, "id": "2e441bdcf4624ab793d2ed9ff5d6f32a", "name": "glance-swift", "password_expires_at": null}, "audit_ids": ["JeQ8Z1lFSY2f2vblaqfitA"], "expires_at": "2026-06-09T08:57:12.000000Z", "issued_at": "2026-06-09T07:57:12.000000Z", "project": {"domain": {"id": "default", "name": "Default"}, "id": "82acbb56e186493eb4179274efe53187", "name": "service"}, "is_domain": false, "roles": [{"id": "63aeb84f08e244b085e69f66bd841912", "name": "service"}, {"id": "7678839d38eb461092bceadcde57e2f8", "name": "ResellerAdmin"}], "catalog": [{"endpoints": [{"id": "fd323df6115e40efbcb0b980270e0951", "interface": "public", "region_id": "RegionOne", "url": "https://10.4.3.124/compute/v2/82acbb56e186493eb4179274efe53187", "region": "RegionOne"}], "id": "1df40d0828354a94b9f52a64279641b6", "type": "compute_legacy", "name": "nova_legacy"}, {"endpoints": [{"id": "0a592702a08e404bad287330ed6a3570", "interface": "public", "region_id": "RegionOne", "url": "https://10.4.3.124/compute/v2.1", "region": "RegionOne"}], "id": "a1257b6c22704a409ff49f0fc80868ac", "type": "compute", "name": "nova"}, {"endpoints": [{"id": "db041db4c89f4146a9587e240a389226", "interface": "public", "region_id": "RegionOne", "url": "https://10.4.3.124/placement", "region": "RegionOne"}], "id": "b54914569ca94b65b6cabdde0029ec61", "type": "placement", "name": "placement"}, {"endpoints": [{"id": "224bc6e45fc849a4a1d08ee6299519c5", "interface": "public", "region_id": "RegionOne", "url": "https://10.4.3.124/volume/v3", "region": "RegionOne"}], "id": "c166002161384edead3932c77cdfee26", "type": "block-storage", "name": "cinder"}, {"endpoints": [{"id": "76a50d72d29f4c958488d388b844ffbf", "interface": "public", "region_id": "RegionOne", "url": "https://10.4.3.124:8080/v1/AUTH_82acbb56e186493eb4179274efe53187", "region": "RegionOne"}, {"id": "eed6d11ff16b416192d825e861628d21", "interface": "admin", "region_id": "RegionOne", "url": "https://10.4.3.124:8080", "region": "RegionOne"}], "id": "d7041d390e7c4c8c9517bf06ead193e9", "type": "object-store", "name": "swift"}, {"endpoints": [{"id": "9ad398242a724b0b9fdb538768146562", "interface": "public", "region_id": "RegionOne", "url": "https://10.4.3.124/image", "region": "RegionOne"}], "id": "e8da3b6c53f34d9c938bb001f25d4872", "type": "image", "name": "glance"}, {"endpoints": [{"id": "1f8c425ae34b4fd3af1551ddfa412d9f", "interface": "public", "region_id": "RegionOne", "url": "https://10.4.3.124/networking", "region": "RegionOne"}], "id": "f7a67f82842a4344a478c0aa6dc08fe8", "type": "network", "name": "neutron"}, {"endpoints": [{"id": "b1a6d44c8210420c80be555f142a9f3f", "interface": "public", "region_id": "RegionOne", "url": "https://10.4.3.124/identity", "region": "RegionOne"}], "id": "fcad00b3235b4d06b683824a8b23fee0", "type": "identity", "name": "keystone"}]}} {{(pid=99000) get_auth_ref /opt/stack/data/venv/lib/python3.12/site-packages/keystoneclient/auth/identity/v3/base.py:190}}
Jun 09 07:57:12.764671 np0000002426 devstack@g-api.service[99000]: DEBUG keystoneclient.httpclient [None req-a041eb28-ede7-4f1b-a2f2-30158d09cf1f tempest-VolumesNegativeTest-1418293082 tempest-VolumesNegativeTest-1418293082-project-member] Failed to find endpoint for management url admin endpoint for identity service not found {{(pid=99000) _process_management_url /opt/stack/data/venv/lib/python3.12/site-packages/keystoneclient/httpclient.py:670}}
Jun 09 07:57:12.775747 np0000002426 devstack@g-api.service[99001]: DEBUG glance.api.middleware.version_negotiation [None req-a623f093-a190-4963-bb9b-f46134ae91d9 tempest-VolumesNegativeTest-1418293082 tempest-VolumesNegativeTest-1418293082-project-member] Determining version of request: GET /v2/images/133f85e6-3454-4cd8-ad55-67c707580b3d Accept: */* {{(pid=99001) process_request /opt/stack/glance/glance/api/middleware/version_negotiation.py:44}}
Jun 09 07:57:12.775924 np0000002426 devstack@g-api.service[99001]: DEBUG glance.api.middleware.version_negotiation [None req-a623f093-a190-4963-bb9b-f46134ae91d9 tempest-VolumesNegativeTest-1418293082 tempest-VolumesNegativeTest-1418293082-project-member] Using url versioning {{(pid=99001) process_request /opt/stack/glance/glance/api/middleware/version_negotiation.py:57}}
Jun 09 07:57:12.776064 np0000002426 devstack@g-api.service[99001]: DEBUG glance.api.middleware.version_negotiation [None req-a623f093-a190-4963-bb9b-f46134ae91d9 tempest-VolumesNegativeTest-1418293082 tempest-VolumesNegativeTest-1418293082-project-member] Matched version: v2 {{(pid=99001) process_request /opt/stack/glance/glance/api/middleware/version_negotiation.py:69}}
Jun 09 07:57:12.776183 np0000002426 devstack@g-api.service[99001]: DEBUG glance.api.middleware.version_negotiation [None req-a623f093-a190-4963-bb9b-f46134ae91d9 tempest-VolumesNegativeTest-1418293082 tempest-VolumesNegativeTest-1418293082-project-member] new path /v2/images/133f85e6-3454-4cd8-ad55-67c707580b3d {{(pid=99001) process_request /opt/stack/glance/glance/api/middleware/version_negotiation.py:70}}
Jun 09 07:57:12.790055 np0000002426 devstack@g-api.service[99001]: [pid: 99001|app: 0|req: 143/277] 127.0.0.1 () {44 vars in 1115 bytes} [Tue Jun 9 07:57:12 2026] GET /v2/images/133f85e6-3454-4cd8-ad55-67c707580b3d => generated 1333 bytes in 14 msecs (HTTP/1.1 200) 4 headers in 158 bytes (1 switches on core 0)
Jun 09 07:57:12.819356 np0000002426 devstack@g-api.service[99000]: DEBUG swiftclient [None req-a041eb28-ede7-4f1b-a2f2-30158d09cf1f tempest-VolumesNegativeTest-1418293082 tempest-VolumesNegativeTest-1418293082-project-member] REQ: curl -i https://10.4.3.124:8080/v1/AUTH_82acbb56e186493eb4179274efe53187/glance/3dd19ddb-3a44-4132-b57d-8ffbd33a712f -I -H "X-Auth-Token: gAAAAABqJ8dY5qyG..." {{(pid=99000) http_log /opt/stack/data/venv/lib/python3.12/site-packages/swiftclient/client.py:160}}
Jun 09 07:57:12.819446 np0000002426 devstack@g-api.service[99000]: DEBUG swiftclient [None req-a041eb28-ede7-4f1b-a2f2-30158d09cf1f tempest-VolumesNegativeTest-1418293082 tempest-VolumesNegativeTest-1418293082-project-member] RESP STATUS: 200 OK {{(pid=99000) http_log /opt/stack/data/venv/lib/python3.12/site-packages/swiftclient/client.py:161}}
Jun 09 07:57:12.819612 np0000002426 devstack@g-api.service[99000]: DEBUG swiftclient [None req-a041eb28-ede7-4f1b-a2f2-30158d09cf1f tempest-VolumesNegativeTest-1418293082 tempest-VolumesNegativeTest-1418293082-project-member] RESP HEADERS: {'Date': 'Tue, 09 Jun 2026 07:57:12 GMT', 'Server': 'Apache/2.4.58 (Ubuntu)', 'Content-Type': 'application/octet-stream', 'Content-Length': '1024', 'Etag': '4a1d058864c566d47a2bcbff33f86fa9', 'Last-Modified': 'Tue, 09 Jun 2026 07:57:13 GMT', 'X-Timestamp': '1780991832.27614', 'Accept-Ranges': 'bytes', 'X-Trans-Id': 'txae59db459a724765b579c-006a27c758', 'X-Openstack-Request-Id': 'txae59db459a724765b579c-006a27c758', 'Connection': 'close'} {{(pid=99000) http_log /opt/stack/data/venv/lib/python3.12/site-packages/swiftclient/client.py:162}}
Jun 09 07:57:12.826191 np0000002426 devstack@g-api.service[99001]: DEBUG glance.api.middleware.version_negotiation [None req-e91f795d-306c-4c7c-8eaf-7d2cae1526a2 tempest-ServerStableDeviceRescueTest-383145933 tempest-ServerStableDeviceRescueTest-383145933-project-member] Determining version of request: GET /v2/schemas/image Accept: */* {{(pid=99001) process_request /opt/stack/glance/glance/api/middleware/version_negotiation.py:44}}
Jun 09 07:57:12.826191 np0000002426 devstack@g-api.service[99001]: DEBUG glance.api.middleware.version_negotiation [None req-e91f795d-306c-4c7c-8eaf-7d2cae1526a2 tempest-ServerStableDeviceRescueTest-383145933 tempest-ServerStableDeviceRescueTest-383145933-project-member] Using url versioning {{(pid=99001) process_request /opt/stack/glance/glance/api/middleware/version_negotiation.py:57}}
Jun 09 07:57:12.826333 np0000002426 devstack@g-api.service[99001]: DEBUG glance.api.middleware.version_negotiation [None req-e91f795d-306c-4c7c-8eaf-7d2cae1526a2 tempest-ServerStableDeviceRescueTest-383145933 tempest-ServerStableDeviceRescueTest-383145933-project-member] Matched version: v2 {{(pid=99001) process_request /opt/stack/glance/glance/api/middleware/version_negotiation.py:69}}
Jun 09 07:57:12.826421 np0000002426 devstack@g-api.service[99001]: DEBUG glance.api.middleware.version_negotiation [None req-e91f795d-306c-4c7c-8eaf-7d2cae1526a2 tempest-ServerStableDeviceRescueTest-383145933 tempest-ServerStableDeviceRescueTest-383145933-project-member] new path /v2/schemas/image {{(pid=99001) process_request /opt/stack/glance/glance/api/middleware/version_negotiation.py:70}}
Jun 09 07:57:12.828997 np0000002426 devstack@g-api.service[99001]: [pid: 99001|app: 0|req: 144/278] 127.0.0.1 () {44 vars in 1055 bytes} [Tue Jun 9 07:57:12 2026] GET /v2/schemas/image => generated 6083 bytes in 3 msecs (HTTP/1.1 200) 4 headers in 158 bytes (1 switches on core 0)
Jun 09 07:57:12.846853 np0000002426 devstack@g-api.service[99000]: DEBUG swiftclient [None req-a041eb28-ede7-4f1b-a2f2-30158d09cf1f tempest-VolumesNegativeTest-1418293082 tempest-VolumesNegativeTest-1418293082-project-member] REQ: curl -i https://10.4.3.124:8080/v1/AUTH_82acbb56e186493eb4179274efe53187/glance/3dd19ddb-3a44-4132-b57d-8ffbd33a712f DELETE -H "X-Auth-Token: gAAAAABqJ8dY5qyG..." {{(pid=99000) http_log /opt/stack/data/venv/lib/python3.12/site-packages/swiftclient/client.py:160}}
Jun 09 07:57:12.847796 np0000002426 devstack@g-api.service[99000]: DEBUG swiftclient [None req-a041eb28-ede7-4f1b-a2f2-30158d09cf1f tempest-VolumesNegativeTest-1418293082 tempest-VolumesNegativeTest-1418293082-project-member] RESP STATUS: 204 No Content {{(pid=99000) http_log /opt/stack/data/venv/lib/python3.12/site-packages/swiftclient/client.py:161}}
Jun 09 07:57:12.849667 np0000002426 devstack@g-api.service[99000]: DEBUG swiftclient [None req-a041eb28-ede7-4f1b-a2f2-30158d09cf1f tempest-VolumesNegativeTest-1418293082 tempest-VolumesNegativeTest-1418293082-project-member] RESP HEADERS: {'Date': 'Tue, 09 Jun 2026 07:57:12 GMT', 'Server': 'Apache/2.4.58 (Ubuntu)', 'Content-Type': 'text/html; charset=UTF-8', 'X-Trans-Id': 'txaeabde2fd6c3416a84c08-006a27c758', 'X-Openstack-Request-Id': 'txaeabde2fd6c3416a84c08-006a27c758', 'Connection': 'close'} {{(pid=99000) http_log /opt/stack/data/venv/lib/python3.12/site-packages/swiftclient/client.py:162}}
Jun 09 07:57:12.904634 np0000002426 devstack@g-api.service[99000]: [pid: 99000|app: 0|req: 135/279] 127.0.0.1 () {40 vars in 841 bytes} [Tue Jun 9 07:57:12 2026] DELETE /v2/images/3dd19ddb-3a44-4132-b57d-8ffbd33a712f => generated 0 bytes in 194 msecs (HTTP/1.1 204) 4 headers in 171 bytes (1 switches on core 0)
Jun 09 07:57:12.916165 np0000002426 devstack@g-api.service[99001]: DEBUG glance.api.middleware.version_negotiation [None req-e91f795d-306c-4c7c-8eaf-7d2cae1526a2 tempest-ServerStableDeviceRescueTest-383145933 tempest-ServerStableDeviceRescueTest-383145933-project-member] Determining version of request: POST /v2/images Accept: application/json {{(pid=99001) process_request /opt/stack/glance/glance/api/middleware/version_negotiation.py:44}}
Jun 09 07:57:12.916322 np0000002426 devstack@g-api.service[99001]: DEBUG glance.api.middleware.version_negotiation [None req-e91f795d-306c-4c7c-8eaf-7d2cae1526a2 tempest-ServerStableDeviceRescueTest-383145933 tempest-ServerStableDeviceRescueTest-383145933-project-member] Using url versioning {{(pid=99001) process_request /opt/stack/glance/glance/api/middleware/version_negotiation.py:57}}
Jun 09 07:57:12.916445 np0000002426 devstack@g-api.service[99001]: DEBUG glance.api.middleware.version_negotiation [None req-e91f795d-306c-4c7c-8eaf-7d2cae1526a2 tempest-ServerStableDeviceRescueTest-383145933 tempest-ServerStableDeviceRescueTest-383145933-project-member] Matched version: v2 {{(pid=99001) process_request /opt/stack/glance/glance/api/middleware/version_negotiation.py:69}}
Jun 09 07:57:12.916548 np0000002426 devstack@g-api.service[99001]: DEBUG glance.api.middleware.version_negotiation [None req-e91f795d-306c-4c7c-8eaf-7d2cae1526a2 tempest-ServerStableDeviceRescueTest-383145933 tempest-ServerStableDeviceRescueTest-383145933-project-member] new path /v2/images {{(pid=99001) process_request /opt/stack/glance/glance/api/middleware/version_negotiation.py:70}}
Jun 09 07:57:13.137211 np0000002426 devstack@g-api.service[99000]: DEBUG glance.api.middleware.version_negotiation [None req-a041eb28-ede7-4f1b-a2f2-30158d09cf1f tempest-VolumesNegativeTest-1418293082 tempest-VolumesNegativeTest-1418293082-project-member] Determining version of request: GET /v2/images/133f85e6-3454-4cd8-ad55-67c707580b3d Accept: */* {{(pid=99000) process_request /opt/stack/glance/glance/api/middleware/version_negotiation.py:44}}
Jun 09 07:57:13.137532 np0000002426 devstack@g-api.service[99000]: DEBUG glance.api.middleware.version_negotiation [None req-a041eb28-ede7-4f1b-a2f2-30158d09cf1f tempest-VolumesNegativeTest-1418293082 tempest-VolumesNegativeTest-1418293082-project-member] Using url versioning {{(pid=99000) process_request /opt/stack/glance/glance/api/middleware/version_negotiation.py:57}}
Jun 09 07:57:13.137747 np0000002426 devstack@g-api.service[99000]: DEBUG glance.api.middleware.version_negotiation [None req-a041eb28-ede7-4f1b-a2f2-30158d09cf1f tempest-VolumesNegativeTest-1418293082 tempest-VolumesNegativeTest-1418293082-project-member] Matched version: v2 {{(pid=99000) process_request /opt/stack/glance/glance/api/middleware/version_negotiation.py:69}}
Jun 09 07:57:13.137934 np0000002426 devstack@g-api.service[99000]: DEBUG glance.api.middleware.version_negotiation [None req-a041eb28-ede7-4f1b-a2f2-30158d09cf1f tempest-VolumesNegativeTest-1418293082 tempest-VolumesNegativeTest-1418293082-project-member] new path /v2/images/133f85e6-3454-4cd8-ad55-67c707580b3d {{(pid=99000) process_request /opt/stack/glance/glance/api/middleware/version_negotiation.py:70}}
Jun 09 07:57:13.151588 np0000002426 devstack@g-api.service[99000]: [pid: 99000|app: 0|req: 136/280] 127.0.0.1 () {44 vars in 1115 bytes} [Tue Jun 9 07:57:13 2026] GET /v2/images/133f85e6-3454-4cd8-ad55-67c707580b3d => generated 1333 bytes in 14 msecs (HTTP/1.1 200) 4 headers in 158 bytes (1 switches on core 0)
Jun 09 07:57:13.189045 np0000002426 devstack@g-api.service[99000]: DEBUG glance.api.middleware.version_negotiation [None req-a52022c5-07c4-46d1-80fd-77ce176be86d tempest-ServerStableDeviceRescueTest-383145933 tempest-ServerStableDeviceRescueTest-383145933-project-member] Determining version of request: GET /v2/schemas/image Accept: */* {{(pid=99000) process_request /opt/stack/glance/glance/api/middleware/version_negotiation.py:44}}
Jun 09 07:57:13.189045 np0000002426 devstack@g-api.service[99000]: DEBUG glance.api.middleware.version_negotiation [None req-a52022c5-07c4-46d1-80fd-77ce176be86d tempest-ServerStableDeviceRescueTest-383145933 tempest-ServerStableDeviceRescueTest-383145933-project-member] Using url versioning {{(pid=99000) process_request /opt/stack/glance/glance/api/middleware/version_negotiation.py:57}}
Jun 09 07:57:13.189045 np0000002426 devstack@g-api.service[99000]: DEBUG glance.api.middleware.version_negotiation [None req-a52022c5-07c4-46d1-80fd-77ce176be86d tempest-ServerStableDeviceRescueTest-383145933 tempest-ServerStableDeviceRescueTest-383145933-project-member] Matched version: v2 {{(pid=99000) process_request /opt/stack/glance/glance/api/middleware/version_negotiation.py:69}}
Jun 09 07:57:13.189045 np0000002426 devstack@g-api.service[99000]: DEBUG glance.api.middleware.version_negotiation [None req-a52022c5-07c4-46d1-80fd-77ce176be86d tempest-ServerStableDeviceRescueTest-383145933 tempest-ServerStableDeviceRescueTest-383145933-project-member] new path /v2/schemas/image {{(pid=99000) process_request /opt/stack/glance/glance/api/middleware/version_negotiation.py:70}}
Jun 09 07:57:13.191441 np0000002426 devstack@g-api.service[99000]: [pid: 99000|app: 0|req: 137/281] 127.0.0.1 () {44 vars in 1055 bytes} [Tue Jun 9 07:57:13 2026] GET /v2/schemas/image => generated 6083 bytes in 3 msecs (HTTP/1.1 200) 4 headers in 158 bytes (1 switches on core 0)
Jun 09 07:57:13.357726 np0000002426 devstack@g-api.service[99001]: [pid: 99001|app: 0|req: 145/282] 127.0.0.1 () {42 vars in 786 bytes} [Tue Jun 9 07:57:12 2026] POST /v2/images => generated 651 bytes in 442 msecs (HTTP/1.1 201) 6 headers in 315 bytes (1 switches on core 0)
