Jun 09 07:51:09.928952 np0000002426 devstack@g-api.service[99000]: DEBUG glance.common.config [None req-f976ede2-c53b-4331-9a72-d0e17a617ea9 None None] database.slave_connection = **** {{(pid=99000) log_opt_values /opt/stack/data/venv/lib/python3.12/site-packages/oslo_config/cfg.py:3256}}
Jun 09 07:51:09.928975 np0000002426 devstack@g-api.service[99001]: DEBUG glance.common.config [None req-e484ea84-edde-43a7-858d-5b66bf71ef26 None None] database.connection_debug = 0 {{(pid=99001) log_opt_values /opt/stack/data/venv/lib/python3.12/site-packages/oslo_config/cfg.py:3256}}
Jun 09 07:51:09.929002 np0000002426 devstack@g-api.service[99000]: DEBUG glance.common.config [None req-f976ede2-c53b-4331-9a72-d0e17a617ea9 None None] database.sqlite_synchronous = True {{(pid=99000) log_opt_values /opt/stack/data/venv/lib/python3.12/site-packages/oslo_config/cfg.py:3256}}
Jun 09 07:51:09.929031 np0000002426 devstack@g-api.service[99001]: DEBUG glance.common.config [None req-e484ea84-edde-43a7-858d-5b66bf71ef26 None None] database.connection_parameters = {{(pid=99001) log_opt_values /opt/stack/data/venv/lib/python3.12/site-packages/oslo_config/cfg.py:3256}}
Jun 09 07:51:09.929061 np0000002426 devstack@g-api.service[99000]: DEBUG glance.common.config [None req-f976ede2-c53b-4331-9a72-d0e17a617ea9 None None] database.synchronous_reader = True {{(pid=99000) log_opt_values /opt/stack/data/venv/lib/python3.12/site-packages/oslo_config/cfg.py:3256}}
Jun 09 07:51:09.929085 np0000002426 devstack@g-api.service[99001]: DEBUG glance.common.config [None req-e484ea84-edde-43a7-858d-5b66bf71ef26 None None] database.connection_recycle_time = 3600 {{(pid=99001) log_opt_values /opt/stack/data/venv/lib/python3.12/site-packages/oslo_config/cfg.py:3256}}
Jun 09 07:51:09.929109 np0000002426 devstack@g-api.service[99000]: DEBUG glance.common.config [None req-f976ede2-c53b-4331-9a72-d0e17a617ea9 None None] database.use_db_reconnect = False {{(pid=99000) log_opt_values /opt/stack/data/venv/lib/python3.12/site-packages/oslo_config/cfg.py:3256}}
Jun 09 07:51:09.929133 np0000002426 devstack@g-api.service[99001]: DEBUG glance.common.config [None req-e484ea84-edde-43a7-858d-5b66bf71ef26 None None] database.connection_trace = False {{(pid=99001) log_opt_values /opt/stack/data/venv/lib/python3.12/site-packages/oslo_config/cfg.py:3256}}
Jun 09 07:51:09.929133 np0000002426 devstack@g-api.service[99001]: DEBUG glance.common.config [None req-e484ea84-edde-43a7-858d-5b66bf71ef26 None None] database.db_inc_retry_interval = True {{(pid=99001) log_opt_values /opt/stack/data/venv/lib/python3.12/site-packages/oslo_config/cfg.py:3256}}
Jun 09 07:51:09.929174 np0000002426 devstack@g-api.service[99000]: DEBUG glance.common.config [None req-f976ede2-c53b-4331-9a72-d0e17a617ea9 None None] healthcheck.allowed_source_ranges = [] {{(pid=99000) log_opt_values /opt/stack/data/venv/lib/python3.12/site-packages/oslo_config/cfg.py:3256}}
Jun 09 07:51:09.929253 np0000002426 devstack@g-api.service[99001]: DEBUG glance.common.config [None req-e484ea84-edde-43a7-858d-5b66bf71ef26 None None] database.db_max_retries = 20 {{(pid=99001) log_opt_values /opt/stack/data/venv/lib/python3.12/site-packages/oslo_config/cfg.py:3256}}
Jun 09 07:51:09.929302 np0000002426 devstack@g-api.service[99000]: DEBUG glance.common.config [None req-f976ede2-c53b-4331-9a72-d0e17a617ea9 None None] healthcheck.backends = ['disable_by_file'] {{(pid=99000) log_opt_values /opt/stack/data/venv/lib/python3.12/site-packages/oslo_config/cfg.py:3256}}
Jun 09 07:51:09.929330 np0000002426 devstack@g-api.service[99001]: DEBUG glance.common.config [None req-e484ea84-edde-43a7-858d-5b66bf71ef26 None None] database.db_max_retry_interval = 10 {{(pid=99001) log_opt_values /opt/stack/data/venv/lib/python3.12/site-packages/oslo_config/cfg.py:3256}}
Jun 09 07:51:09.929330 np0000002426 devstack@g-api.service[99001]: DEBUG glance.common.config [None req-e484ea84-edde-43a7-858d-5b66bf71ef26 None None] database.db_retry_interval = 1 {{(pid=99001) log_opt_values /opt/stack/data/venv/lib/python3.12/site-packages/oslo_config/cfg.py:3256}}
Jun 09 07:51:09.929372 np0000002426 devstack@g-api.service[99000]: DEBUG glance.common.config [None req-f976ede2-c53b-4331-9a72-d0e17a617ea9 None None] healthcheck.detailed = False {{(pid=99000) log_opt_values /opt/stack/data/venv/lib/python3.12/site-packages/oslo_config/cfg.py:3256}}
Jun 09 07:51:09.929402 np0000002426 devstack@g-api.service[99001]: DEBUG glance.common.config [None req-e484ea84-edde-43a7-858d-5b66bf71ef26 None None] database.max_overflow = 50 {{(pid=99001) log_opt_values /opt/stack/data/venv/lib/python3.12/site-packages/oslo_config/cfg.py:3256}}
Jun 09 07:51:09.929426 np0000002426 devstack@g-api.service[99000]: DEBUG glance.common.config [None req-f976ede2-c53b-4331-9a72-d0e17a617ea9 None None] healthcheck.disable_by_file_path = None {{(pid=99000) log_opt_values /opt/stack/data/venv/lib/python3.12/site-packages/oslo_config/cfg.py:3256}}
Jun 09 07:51:09.929448 np0000002426 devstack@g-api.service[99001]: DEBUG glance.common.config [None req-e484ea84-edde-43a7-858d-5b66bf71ef26 None None] database.max_pool_size = 5 {{(pid=99001) log_opt_values /opt/stack/data/venv/lib/python3.12/site-packages/oslo_config/cfg.py:3256}}
Jun 09 07:51:09.929475 np0000002426 devstack@g-api.service[99000]: DEBUG glance.common.config [None req-f976ede2-c53b-4331-9a72-d0e17a617ea9 None None] healthcheck.ignore_proxied_requests = False {{(pid=99000) log_opt_values /opt/stack/data/venv/lib/python3.12/site-packages/oslo_config/cfg.py:3256}}
Jun 09 07:51:09.929475 np0000002426 devstack@g-api.service[99000]: DEBUG glance.common.config [None req-f976ede2-c53b-4331-9a72-d0e17a617ea9 None None] ******************************************************************************** {{(pid=99000) log_opt_values /opt/stack/data/venv/lib/python3.12/site-packages/oslo_config/cfg.py:3263}}
Jun 09 07:51:09.929522 np0000002426 devstack@g-api.service[99001]: DEBUG glance.common.config [None req-e484ea84-edde-43a7-858d-5b66bf71ef26 None None] database.max_retries = 10 {{(pid=99001) log_opt_values /opt/stack/data/venv/lib/python3.12/site-packages/oslo_config/cfg.py:3256}}
Jun 09 07:51:09.929644 np0000002426 devstack@g-api.service[99001]: DEBUG glance.common.config [None req-e484ea84-edde-43a7-858d-5b66bf71ef26 None None] database.mysql_sql_mode = TRADITIONAL {{(pid=99001) log_opt_values /opt/stack/data/venv/lib/python3.12/site-packages/oslo_config/cfg.py:3256}}
Jun 09 07:51:09.929696 np0000002426 devstack@g-api.service[99000]: WSGI app 0 (mountpoint='') ready in 2 seconds on interpreter 0x7e606aaa3668 pid: 99000 (default app)
Jun 09 07:51:09.929744 np0000002426 devstack@g-api.service[99001]: DEBUG glance.common.config [None req-e484ea84-edde-43a7-858d-5b66bf71ef26 None None] database.mysql_wsrep_sync_wait = None {{(pid=99001) log_opt_values /opt/stack/data/venv/lib/python3.12/site-packages/oslo_config/cfg.py:3256}}
Jun 09 07:51:09.929807 np0000002426 devstack@g-api.service[99001]: DEBUG glance.common.config [None req-e484ea84-edde-43a7-858d-5b66bf71ef26 None None] database.pool_timeout = None {{(pid=99001) log_opt_values /opt/stack/data/venv/lib/python3.12/site-packages/oslo_config/cfg.py:3256}}
Jun 09 07:51:09.929893 np0000002426 devstack@g-api.service[99001]: DEBUG glance.common.config [None req-e484ea84-edde-43a7-858d-5b66bf71ef26 None None] database.retry_interval = 10 {{(pid=99001) log_opt_values /opt/stack/data/venv/lib/python3.12/site-packages/oslo_config/cfg.py:3256}}
Jun 09 07:51:09.929979 np0000002426 devstack@g-api.service[99001]: DEBUG glance.common.config [None req-e484ea84-edde-43a7-858d-5b66bf71ef26 None None] database.slave_connection = **** {{(pid=99001) log_opt_values /opt/stack/data/venv/lib/python3.12/site-packages/oslo_config/cfg.py:3256}}
Jun 09 07:51:09.930062 np0000002426 devstack@g-api.service[99001]: DEBUG glance.common.config [None req-e484ea84-edde-43a7-858d-5b66bf71ef26 None None] database.sqlite_synchronous = True {{(pid=99001) log_opt_values /opt/stack/data/venv/lib/python3.12/site-packages/oslo_config/cfg.py:3256}}
Jun 09 07:51:09.930141 np0000002426 devstack@g-api.service[99000]: DEBUG glance.api.middleware.version_negotiation [None req-f976ede2-c53b-4331-9a72-d0e17a617ea9 None None] Determining version of request: GET / Accept: */* {{(pid=99000) process_request /opt/stack/glance/glance/api/middleware/version_negotiation.py:44}}
Jun 09 07:51:09.930199 np0000002426 devstack@g-api.service[99001]: DEBUG glance.common.config [None req-e484ea84-edde-43a7-858d-5b66bf71ef26 None None] database.synchronous_reader = True {{(pid=99001) log_opt_values /opt/stack/data/venv/lib/python3.12/site-packages/oslo_config/cfg.py:3256}}
Jun 09 07:51:09.930247 np0000002426 devstack@g-api.service[99001]: DEBUG glance.common.config [None req-e484ea84-edde-43a7-858d-5b66bf71ef26 None None] database.use_db_reconnect = False {{(pid=99001) log_opt_values /opt/stack/data/venv/lib/python3.12/site-packages/oslo_config/cfg.py:3256}}
Jun 09 07:51:09.930304 np0000002426 devstack@g-api.service[99000]: DEBUG glance.api.middleware.version_negotiation [None req-f976ede2-c53b-4331-9a72-d0e17a617ea9 None None] Using url versioning {{(pid=99000) process_request /opt/stack/glance/glance/api/middleware/version_negotiation.py:57}}
Jun 09 07:51:09.930352 np0000002426 devstack@g-api.service[99001]: DEBUG glance.common.config [None req-e484ea84-edde-43a7-858d-5b66bf71ef26 None None] healthcheck.allowed_source_ranges = [] {{(pid=99001) log_opt_values /opt/stack/data/venv/lib/python3.12/site-packages/oslo_config/cfg.py:3256}}
Jun 09 07:51:09.930397 np0000002426 devstack@g-api.service[99001]: DEBUG glance.common.config [None req-e484ea84-edde-43a7-858d-5b66bf71ef26 None None] healthcheck.backends = ['disable_by_file'] {{(pid=99001) log_opt_values /opt/stack/data/venv/lib/python3.12/site-packages/oslo_config/cfg.py:3256}}
Jun 09 07:51:09.930449 np0000002426 devstack@g-api.service[99000]: DEBUG glance.api.middleware.version_negotiation [None req-f976ede2-c53b-4331-9a72-d0e17a617ea9 None None] Unknown version. Returning version choices. {{(pid=99000) process_request /opt/stack/glance/glance/api/middleware/version_negotiation.py:64}}
Jun 09 07:51:09.930505 np0000002426 devstack@g-api.service[99001]: DEBUG glance.common.config [None req-e484ea84-edde-43a7-858d-5b66bf71ef26 None None] healthcheck.detailed = False {{(pid=99001) log_opt_values /opt/stack/data/venv/lib/python3.12/site-packages/oslo_config/cfg.py:3256}}
Jun 09 07:51:09.930569 np0000002426 devstack@g-api.service[99001]: DEBUG glance.common.config [None req-e484ea84-edde-43a7-858d-5b66bf71ef26 None None] healthcheck.disable_by_file_path = None {{(pid=99001) log_opt_values /opt/stack/data/venv/lib/python3.12/site-packages/oslo_config/cfg.py:3256}}
Jun 09 07:51:09.930647 np0000002426 devstack@g-api.service[99001]: DEBUG glance.common.config [None req-e484ea84-edde-43a7-858d-5b66bf71ef26 None None] healthcheck.ignore_proxied_requests = False {{(pid=99001) log_opt_values /opt/stack/data/venv/lib/python3.12/site-packages/oslo_config/cfg.py:3256}}
Jun 09 07:51:09.930710 np0000002426 devstack@g-api.service[99001]: DEBUG glance.common.config [None req-e484ea84-edde-43a7-858d-5b66bf71ef26 None None] ******************************************************************************** {{(pid=99001) log_opt_values /opt/stack/data/venv/lib/python3.12/site-packages/oslo_config/cfg.py:3263}}
Jun 09 07:51:09.930828 np0000002426 devstack@g-api.service[99001]: WSGI app 0 (mountpoint='') ready in 2 seconds on interpreter 0x7e606aaa3668 pid: 99001 (default app)
Jun 09 07:51:09.931366 np0000002426 devstack@g-api.service[99000]: [pid: 99000|app: 0|req: 1/1] 127.0.0.1 () {34 vars in 455 bytes} [Tue Jun 9 07:51:09 2026] GET / => generated 1407 bytes in 1 msecs (HTTP/1.1 300) 3 headers in 106 bytes (1 switches on core 0)
Jun 09 07:51:12.932226 np0000002426 devstack@g-api.service[99001]: DEBUG glance.api.middleware.version_negotiation [None req-e484ea84-edde-43a7-858d-5b66bf71ef26 None None] Determining version of request: GET / Accept: application/json {{(pid=99001) process_request /opt/stack/glance/glance/api/middleware/version_negotiation.py:44}}
Jun 09 07:51:12.932798 np0000002426 devstack@g-api.service[99001]: DEBUG glance.api.middleware.version_negotiation [None req-e484ea84-edde-43a7-858d-5b66bf71ef26 None None] Using url versioning {{(pid=99001) process_request /opt/stack/glance/glance/api/middleware/version_negotiation.py:57}}
Jun 09 07:51:12.932798 np0000002426 devstack@g-api.service[99001]: DEBUG glance.api.middleware.version_negotiation [None req-e484ea84-edde-43a7-858d-5b66bf71ef26 None None] Unknown version. Returning version choices. {{(pid=99001) process_request /opt/stack/glance/glance/api/middleware/version_negotiation.py:64}}
Jun 09 07:51:12.933610 np0000002426 devstack@g-api.service[99001]: [pid: 99001|app: 0|req: 1/2] 127.0.0.1 () {36 vars in 573 bytes} [Tue Jun 9 07:51:12 2026] GET / => generated 1407 bytes in 2 msecs (HTTP/1.1 300) 3 headers in 106 bytes (1 switches on core 0)
Jun 09 07:51:12.944883 np0000002426 devstack@g-api.service[99000]: DEBUG glance.api.middleware.version_negotiation [None req-f976ede2-c53b-4331-9a72-d0e17a617ea9 None None] Determining version of request: POST /v2/images Accept: */* {{(pid=99000) process_request /opt/stack/glance/glance/api/middleware/version_negotiation.py:44}}
Jun 09 07:51:12.945257 np0000002426 devstack@g-api.service[99000]: DEBUG glance.api.middleware.version_negotiation [None req-f976ede2-c53b-4331-9a72-d0e17a617ea9 None None] Using url versioning {{(pid=99000) process_request /opt/stack/glance/glance/api/middleware/version_negotiation.py:57}}
Jun 09 07:51:12.945435 np0000002426 devstack@g-api.service[99000]: DEBUG glance.api.middleware.version_negotiation [None req-f976ede2-c53b-4331-9a72-d0e17a617ea9 None None] Matched version: v2 {{(pid=99000) process_request /opt/stack/glance/glance/api/middleware/version_negotiation.py:69}}
Jun 09 07:51:12.945536 np0000002426 devstack@g-api.service[99000]: DEBUG glance.api.middleware.version_negotiation [None req-f976ede2-c53b-4331-9a72-d0e17a617ea9 None None] new path /v2/images {{(pid=99000) process_request /opt/stack/glance/glance/api/middleware/version_negotiation.py:70}}
Jun 09 07:51:13.984812 np0000002426 devstack@g-api.service[99000]: [pid: 99000|app: 0|req: 2/3] 127.0.0.1 () {42 vars in 836 bytes} [Tue Jun 9 07:51:12 2026] POST /v2/images => generated 807 bytes in 1040 msecs (HTTP/1.1 201) 6 headers in 315 bytes (1 switches on core 0)
Jun 09 07:51:13.996872 np0000002426 devstack@g-api.service[99001]: DEBUG glance.api.middleware.version_negotiation [None req-e484ea84-edde-43a7-858d-5b66bf71ef26 None None] Determining version of request: PUT /v2/images/b1bd191a-1a55-4502-b3bd-49e4a490b843/stage Accept: {{(pid=99001) process_request /opt/stack/glance/glance/api/middleware/version_negotiation.py:44}}
Jun 09 07:51:13.996872 np0000002426 devstack@g-api.service[99001]: DEBUG glance.api.middleware.version_negotiation [None req-e484ea84-edde-43a7-858d-5b66bf71ef26 None None] Using url versioning {{(pid=99001) process_request /opt/stack/glance/glance/api/middleware/version_negotiation.py:57}}
Jun 09 07:51:13.996872 np0000002426 devstack@g-api.service[99001]: DEBUG glance.api.middleware.version_negotiation [None req-e484ea84-edde-43a7-858d-5b66bf71ef26 None None] Matched version: v2 {{(pid=99001) process_request /opt/stack/glance/glance/api/middleware/version_negotiation.py:69}}
Jun 09 07:51:13.996872 np0000002426 devstack@g-api.service[99001]: DEBUG glance.api.middleware.version_negotiation [None req-e484ea84-edde-43a7-858d-5b66bf71ef26 None None] new path /v2/images/b1bd191a-1a55-4502-b3bd-49e4a490b843/stage {{(pid=99001) process_request /opt/stack/glance/glance/api/middleware/version_negotiation.py:70}}
Jun 09 07:51:14.636608 np0000002426 devstack@g-api.service[99001]: DEBUG glance_store.backend [None req-22dd03ed-1c32-4974-9231-5014b9614067 admin admin] Attempting to import store cinder {{(pid=99001) _load_store /opt/stack/data/venv/lib/python3.12/site-packages/glance_store/backend.py:215}}
Jun 09 07:51:14.636766 np0000002426 devstack@g-api.service[99001]: DEBUG glance_store.backend [None req-22dd03ed-1c32-4974-9231-5014b9614067 admin admin] Attempting to import store file {{(pid=99001) _load_store /opt/stack/data/venv/lib/python3.12/site-packages/glance_store/backend.py:215}}
Jun 09 07:51:14.636850 np0000002426 devstack@g-api.service[99001]: DEBUG glance_store.backend [None req-22dd03ed-1c32-4974-9231-5014b9614067 admin admin] Attempting to import store glance.store.cinder.Store {{(pid=99001) _load_store /opt/stack/data/venv/lib/python3.12/site-packages/glance_store/backend.py:215}}
Jun 09 07:51:14.636981 np0000002426 devstack@g-api.service[99001]: DEBUG glance_store.backend [None req-22dd03ed-1c32-4974-9231-5014b9614067 admin admin] Attempting to import store glance.store.filesystem.Store {{(pid=99001) _load_store /opt/stack/data/venv/lib/python3.12/site-packages/glance_store/backend.py:215}}
Jun 09 07:51:14.637120 np0000002426 devstack@g-api.service[99001]: DEBUG glance_store.backend [None req-22dd03ed-1c32-4974-9231-5014b9614067 admin admin] Attempting to import store glance.store.http.Store {{(pid=99001) _load_store /opt/stack/data/venv/lib/python3.12/site-packages/glance_store/backend.py:215}}
Jun 09 07:51:14.637120 np0000002426 devstack@g-api.service[99001]: DEBUG glance_store.backend [None req-22dd03ed-1c32-4974-9231-5014b9614067 admin admin] Attempting to import store glance.store.rbd.Store {{(pid=99001) _load_store /opt/stack/data/venv/lib/python3.12/site-packages/glance_store/backend.py:215}}
Jun 09 07:51:14.637225 np0000002426 devstack@g-api.service[99001]: DEBUG glance_store.backend [None req-22dd03ed-1c32-4974-9231-5014b9614067 admin admin] Attempting to import store glance.store.s3.Store {{(pid=99001) _load_store /opt/stack/data/venv/lib/python3.12/site-packages/glance_store/backend.py:215}}
Jun 09 07:51:14.637324 np0000002426 devstack@g-api.service[99001]: DEBUG glance_store.backend [None req-22dd03ed-1c32-4974-9231-5014b9614067 admin admin] Attempting to import store glance.store.swift.Store {{(pid=99001) _load_store /opt/stack/data/venv/lib/python3.12/site-packages/glance_store/backend.py:215}}
Jun 09 07:51:14.637413 np0000002426 devstack@g-api.service[99001]: DEBUG glance_store.backend [None req-22dd03ed-1c32-4974-9231-5014b9614067 admin admin] Attempting to import store glance.store.vmware_datastore.Store {{(pid=99001) _load_store /opt/stack/data/venv/lib/python3.12/site-packages/glance_store/backend.py:215}}
Jun 09 07:51:14.637502 np0000002426 devstack@g-api.service[99001]: DEBUG glance_store.backend [None req-22dd03ed-1c32-4974-9231-5014b9614067 admin admin] Attempting to import store http {{(pid=99001) _load_store /opt/stack/data/venv/lib/python3.12/site-packages/glance_store/backend.py:215}}
Jun 09 07:51:14.637589 np0000002426 devstack@g-api.service[99001]: DEBUG glance_store.backend [None req-22dd03ed-1c32-4974-9231-5014b9614067 admin admin] Attempting to import store no_conf {{(pid=99001) _load_store /opt/stack/data/venv/lib/python3.12/site-packages/glance_store/backend.py:215}}
Jun 09 07:51:14.637673 np0000002426 devstack@g-api.service[99001]: DEBUG glance_store.backend [None req-22dd03ed-1c32-4974-9231-5014b9614067 admin admin] Attempting to import store rbd {{(pid=99001) _load_store /opt/stack/data/venv/lib/python3.12/site-packages/glance_store/backend.py:215}}
Jun 09 07:51:14.637755 np0000002426 devstack@g-api.service[99001]: DEBUG glance_store.backend [None req-22dd03ed-1c32-4974-9231-5014b9614067 admin admin] Attempting to import store s3 {{(pid=99001) _load_store /opt/stack/data/venv/lib/python3.12/site-packages/glance_store/backend.py:215}}
Jun 09 07:51:14.637877 np0000002426 devstack@g-api.service[99001]: DEBUG glance_store.backend [None req-22dd03ed-1c32-4974-9231-5014b9614067 admin admin] Attempting to import store swift {{(pid=99001) _load_store /opt/stack/data/venv/lib/python3.12/site-packages/glance_store/backend.py:215}}
Jun 09 07:51:14.637961 np0000002426 devstack@g-api.service[99001]: DEBUG glance_store.backend [None req-22dd03ed-1c32-4974-9231-5014b9614067 admin admin] Attempting to import store vmware {{(pid=99001) _load_store /opt/stack/data/venv/lib/python3.12/site-packages/glance_store/backend.py:215}}
Jun 09 07:51:14.638051 np0000002426 devstack@g-api.service[99001]: DEBUG glance_store.backend [None req-22dd03ed-1c32-4974-9231-5014b9614067 admin admin] Registering options for group glance_store {{(pid=99001) register_opts /opt/stack/data/venv/lib/python3.12/site-packages/glance_store/backend.py:144}}
Jun 09 07:51:14.638146 np0000002426 devstack@g-api.service[99001]: DEBUG glance_store.backend [None req-22dd03ed-1c32-4974-9231-5014b9614067 admin admin] Registering options for group glance_store {{(pid=99001) register_opts /opt/stack/data/venv/lib/python3.12/site-packages/glance_store/backend.py:144}}
Jun 09 07:51:14.638543 np0000002426 devstack@g-api.service[99001]: DEBUG glance_store.backend [None req-22dd03ed-1c32-4974-9231-5014b9614067 admin admin] Attempting to import store file {{(pid=99001) _load_store /opt/stack/data/venv/lib/python3.12/site-packages/glance_store/backend.py:215}}
Jun 09 07:51:14.638891 np0000002426 devstack@g-api.service[99001]: INFO glance_store._drivers.filesystem [None req-22dd03ed-1c32-4974-9231-5014b9614067 admin admin] Directory to write image files does not exist (/tmp/staging/). Creating.
Jun 09 07:51:14.639099 np0000002426 devstack@g-api.service[99001]: DEBUG glance_store.capabilities [None req-22dd03ed-1c32-4974-9231-5014b9614067 admin admin] Store glance_store._drivers.filesystem.Store doesn't support updating dynamic storage capabilities. Please overwrite 'update_capabilities' method of the store to implement updating logics if needed. {{(pid=99001) update_capabilities /opt/stack/data/venv/lib/python3.12/site-packages/glance_store/capabilities.py:91}}
Jun 09 07:51:15.864429 np0000002426 devstack@g-api.service[99001]: DEBUG glance_store._drivers.filesystem [None req-22dd03ed-1c32-4974-9231-5014b9614067 admin admin] Wrote 21430272 bytes to /tmp/staging/b1bd191a-1a55-4502-b3bd-49e4a490b843 with checksum c8fc807773e5354afe61636071771906 and multihash c8fc807773e5354afe61636071771906 {{(pid=99001) add /opt/stack/data/venv/lib/python3.12/site-packages/glance_store/_drivers/filesystem.py:899}}
Jun 09 07:51:15.890811 np0000002426 devstack@g-api.service[99001]: [pid: 99001|app: 0|req: 2/4] 127.0.0.1 () {42 vars in 931 bytes} [Tue Jun 9 07:51:13 2026] PUT /v2/images/b1bd191a-1a55-4502-b3bd-49e4a490b843/stage => generated 0 bytes in 1897 msecs (HTTP/1.1 204) 4 headers in 171 bytes (3 switches on core 0)
Jun 09 07:51:15.904879 np0000002426 devstack@g-api.service[99000]: DEBUG glance.api.middleware.version_negotiation [None req-03e0f3aa-f134-470f-9960-a28ca55eaa4f admin admin] Determining version of request: POST /v2/images/b1bd191a-1a55-4502-b3bd-49e4a490b843/import Accept: */* {{(pid=99000) process_request /opt/stack/glance/glance/api/middleware/version_negotiation.py:44}}
Jun 09 07:51:15.905375 np0000002426 devstack@g-api.service[99000]: DEBUG glance.api.middleware.version_negotiation [None req-03e0f3aa-f134-470f-9960-a28ca55eaa4f admin admin] Using url versioning {{(pid=99000) process_request /opt/stack/glance/glance/api/middleware/version_negotiation.py:57}}
Jun 09 07:51:15.905375 np0000002426 devstack@g-api.service[99000]: DEBUG glance.api.middleware.version_negotiation [None req-03e0f3aa-f134-470f-9960-a28ca55eaa4f admin admin] Matched version: v2 {{(pid=99000) process_request /opt/stack/glance/glance/api/middleware/version_negotiation.py:69}}
Jun 09 07:51:15.905493 np0000002426 devstack@g-api.service[99000]: DEBUG glance.api.middleware.version_negotiation [None req-03e0f3aa-f134-470f-9960-a28ca55eaa4f admin admin] new path /v2/images/b1bd191a-1a55-4502-b3bd-49e4a490b843/import {{(pid=99000) process_request /opt/stack/glance/glance/api/middleware/version_negotiation.py:70}}
Jun 09 07:51:16.460886 np0000002426 devstack@g-api.service[99000]: DEBUG glance.domain [None req-0c257042-888b-4446-ba3d-4b482a81e19a admin admin] Loading taskflow executor {{(pid=99000) new_task_executor /opt/stack/glance/glance/domain/__init__.py:530}}
Jun 09 07:51:16.666772 np0000002426 devstack@g-api.service[99000]: DEBUG oslo_concurrency.lockutils [None req-0c257042-888b-4446-ba3d-4b482a81e19a admin admin] Acquiring lock "tasks_pool" by "glance.api.common.memoize..memoizer_wrapper..memoizer" {{(pid=99000) inner /opt/stack/data/venv/lib/python3.12/site-packages/oslo_concurrency/lockutils.py:511}}
Jun 09 07:51:16.666900 np0000002426 devstack@g-api.service[99000]: DEBUG oslo_concurrency.lockutils [None req-0c257042-888b-4446-ba3d-4b482a81e19a admin admin] Lock "tasks_pool" acquired by "glance.api.common.memoize..memoizer_wrapper..memoizer" :: waited 0.000s {{(pid=99000) inner /opt/stack/data/venv/lib/python3.12/site-packages/oslo_concurrency/lockutils.py:524}}
Jun 09 07:51:16.667280 np0000002426 devstack@g-api.service[99000]: DEBUG glance.api.common [None req-0c257042-888b-4446-ba3d-4b482a81e19a admin admin] Initializing named threadpool 'tasks_pool' {{(pid=99000) _get_thread_pool /opt/stack/glance/glance/api/common.py:242}}
Jun 09 07:51:16.667385 np0000002426 devstack@g-api.service[99000]: DEBUG glance.async_ [None req-0c257042-888b-4446-ba3d-4b482a81e19a admin admin] Creating threadpool model 'ThreadPoolExecutor' with size 16 {{(pid=99000) __init__ /opt/stack/glance/glance/async_/__init__.py:100}}
Jun 09 07:51:16.667516 np0000002426 devstack@g-api.service[99000]: DEBUG oslo_concurrency.lockutils [None req-0c257042-888b-4446-ba3d-4b482a81e19a admin admin] Lock "tasks_pool" "released" by "glance.api.common.memoize..memoizer_wrapper..memoizer" :: held 0.001s {{(pid=99000) inner /opt/stack/data/venv/lib/python3.12/site-packages/oslo_concurrency/lockutils.py:543}}
Jun 09 07:51:16.667606 np0000002426 devstack@g-api.service[99000]: DEBUG glance.async_ [None req-0c257042-888b-4446-ba3d-4b482a81e19a admin admin] Spawning with ThreadPoolExecutor: >((,), {}) {{(pid=99000) spawn /opt/stack/glance/glance/async_/__init__.py:106}}
Jun 09 07:51:16.669650 np0000002426 devstack@g-api.service[99000]: [pid: 99000|app: 0|req: 3/5] 127.0.0.1 () {42 vars in 923 bytes} [Tue Jun 9 07:51:15 2026] POST /v2/images/b1bd191a-1a55-4502-b3bd-49e4a490b843/import => generated 0 bytes in 765 msecs (HTTP/1.1 202) 4 headers in 169 bytes (1 switches on core 0)
Jun 09 07:51:16.672613 np0000002426 devstack@g-api.service[99000]: INFO glance.domain [-] Task [346945ac-dd86-4932-896e-b32384c6f6f4] status changing from pending to processing
Jun 09 07:51:16.676909 np0000002426 devstack@g-api.service[99001]: DEBUG glance.api.middleware.version_negotiation [None req-22dd03ed-1c32-4974-9231-5014b9614067 admin admin] Determining version of request: GET /v2/images/b1bd191a-1a55-4502-b3bd-49e4a490b843 Accept: */* {{(pid=99001) process_request /opt/stack/glance/glance/api/middleware/version_negotiation.py:44}}
Jun 09 07:51:16.677045 np0000002426 devstack@g-api.service[99001]: DEBUG glance.api.middleware.version_negotiation [None req-22dd03ed-1c32-4974-9231-5014b9614067 admin admin] Using url versioning {{(pid=99001) process_request /opt/stack/glance/glance/api/middleware/version_negotiation.py:57}}
Jun 09 07:51:16.677213 np0000002426 devstack@g-api.service[99001]: DEBUG glance.api.middleware.version_negotiation [None req-22dd03ed-1c32-4974-9231-5014b9614067 admin admin] Matched version: v2 {{(pid=99001) process_request /opt/stack/glance/glance/api/middleware/version_negotiation.py:69}}
Jun 09 07:51:16.677771 np0000002426 devstack@g-api.service[99001]: DEBUG glance.api.middleware.version_negotiation [None req-22dd03ed-1c32-4974-9231-5014b9614067 admin admin] new path /v2/images/b1bd191a-1a55-4502-b3bd-49e4a490b843 {{(pid=99001) process_request /opt/stack/glance/glance/api/middleware/version_negotiation.py:70}}
Jun 09 07:51:16.686012 np0000002426 devstack@g-api.service[99000]: DEBUG glance.async_.taskflow_executor [-] Taskflow executor picked up the execution of task ID 346945ac-dd86-4932-896e-b32384c6f6f4 of task type api_image_import {{(pid=99000) _run /opt/stack/glance/glance/async_/taskflow_executor.py:163}}
Jun 09 07:51:16.686189 np0000002426 devstack@g-api.service[99001]: [pid: 99001|app: 0|req: 3/6] 127.0.0.1 () {38 vars in 856 bytes} [Tue Jun 9 07:51:16 2026] GET /v2/images/b1bd191a-1a55-4502-b3bd-49e4a490b843 => generated 879 bytes in 9 msecs (HTTP/1.1 200) 4 headers in 157 bytes (1 switches on core 0)
Jun 09 07:51:16.707230 np0000002426 devstack@g-api.service[99000]: DEBUG glance_store.backend [-] Attempting to import store cinder {{(pid=99000) _load_store /opt/stack/data/venv/lib/python3.12/site-packages/glance_store/backend.py:215}}
Jun 09 07:51:16.707390 np0000002426 devstack@g-api.service[99000]: DEBUG glance_store.backend [-] Attempting to import store file {{(pid=99000) _load_store /opt/stack/data/venv/lib/python3.12/site-packages/glance_store/backend.py:215}}
Jun 09 07:51:16.707488 np0000002426 devstack@g-api.service[99000]: DEBUG glance_store.backend [-] Attempting to import store glance.store.cinder.Store {{(pid=99000) _load_store /opt/stack/data/venv/lib/python3.12/site-packages/glance_store/backend.py:215}}
Jun 09 07:51:16.707580 np0000002426 devstack@g-api.service[99000]: DEBUG glance_store.backend [-] Attempting to import store glance.store.filesystem.Store {{(pid=99000) _load_store /opt/stack/data/venv/lib/python3.12/site-packages/glance_store/backend.py:215}}
Jun 09 07:51:16.707661 np0000002426 devstack@g-api.service[99000]: DEBUG glance_store.backend [-] Attempting to import store glance.store.http.Store {{(pid=99000) _load_store /opt/stack/data/venv/lib/python3.12/site-packages/glance_store/backend.py:215}}
Jun 09 07:51:16.707754 np0000002426 devstack@g-api.service[99000]: DEBUG glance_store.backend [-] Attempting to import store glance.store.rbd.Store {{(pid=99000) _load_store /opt/stack/data/venv/lib/python3.12/site-packages/glance_store/backend.py:215}}
Jun 09 07:51:16.707849 np0000002426 devstack@g-api.service[99000]: DEBUG glance_store.backend [-] Attempting to import store glance.store.s3.Store {{(pid=99000) _load_store /opt/stack/data/venv/lib/python3.12/site-packages/glance_store/backend.py:215}}
Jun 09 07:51:16.707952 np0000002426 devstack@g-api.service[99000]: DEBUG glance_store.backend [-] Attempting to import store glance.store.swift.Store {{(pid=99000) _load_store /opt/stack/data/venv/lib/python3.12/site-packages/glance_store/backend.py:215}}
Jun 09 07:51:16.708029 np0000002426 devstack@g-api.service[99000]: DEBUG glance_store.backend [-] Attempting to import store glance.store.vmware_datastore.Store {{(pid=99000) _load_store /opt/stack/data/venv/lib/python3.12/site-packages/glance_store/backend.py:215}}
Jun 09 07:51:16.708130 np0000002426 devstack@g-api.service[99000]: DEBUG glance_store.backend [-] Attempting to import store http {{(pid=99000) _load_store /opt/stack/data/venv/lib/python3.12/site-packages/glance_store/backend.py:215}}
Jun 09 07:51:16.708219 np0000002426 devstack@g-api.service[99000]: DEBUG glance_store.backend [-] Attempting to import store no_conf {{(pid=99000) _load_store /opt/stack/data/venv/lib/python3.12/site-packages/glance_store/backend.py:215}}
Jun 09 07:51:16.708339 np0000002426 devstack@g-api.service[99000]: DEBUG glance_store.backend [-] Attempting to import store rbd {{(pid=99000) _load_store /opt/stack/data/venv/lib/python3.12/site-packages/glance_store/backend.py:215}}
Jun 09 07:51:16.708448 np0000002426 devstack@g-api.service[99000]: DEBUG glance_store.backend [-] Attempting to import store s3 {{(pid=99000) _load_store /opt/stack/data/venv/lib/python3.12/site-packages/glance_store/backend.py:215}}
Jun 09 07:51:16.708525 np0000002426 devstack@g-api.service[99000]: DEBUG glance_store.backend [-] Attempting to import store swift {{(pid=99000) _load_store /opt/stack/data/venv/lib/python3.12/site-packages/glance_store/backend.py:215}}
Jun 09 07:51:16.708600 np0000002426 devstack@g-api.service[99000]: DEBUG glance_store.backend [-] Attempting to import store vmware {{(pid=99000) _load_store /opt/stack/data/venv/lib/python3.12/site-packages/glance_store/backend.py:215}}
Jun 09 07:51:16.708673 np0000002426 devstack@g-api.service[99000]: DEBUG glance_store.backend [-] Registering options for group glance_store {{(pid=99000) register_opts /opt/stack/data/venv/lib/python3.12/site-packages/glance_store/backend.py:144}}
Jun 09 07:51:16.708755 np0000002426 devstack@g-api.service[99000]: DEBUG glance_store.backend [-] Registering options for group glance_store {{(pid=99000) register_opts /opt/stack/data/venv/lib/python3.12/site-packages/glance_store/backend.py:144}}
Jun 09 07:51:16.709077 np0000002426 devstack@g-api.service[99000]: DEBUG glance_store.backend [-] Attempting to import store file {{(pid=99000) _load_store /opt/stack/data/venv/lib/python3.12/site-packages/glance_store/backend.py:215}}
Jun 09 07:51:16.709475 np0000002426 devstack@g-api.service[99000]: DEBUG glance_store.capabilities [-] Store glance_store._drivers.filesystem.Store doesn't support updating dynamic storage capabilities. Please overwrite 'update_capabilities' method of the store to implement updating logics if needed. {{(pid=99000) update_capabilities /opt/stack/data/venv/lib/python3.12/site-packages/glance_store/capabilities.py:91}}
Jun 09 07:51:16.718408 np0000002426 devstack@g-api.service[99000]: DEBUG glance.async_.flows.api_image_import [-] Image b1bd191a-1a55-4502-b3bd-49e4a490b843 os_glance_importing_to_stores= {{(pid=99000) merge_store_list /opt/stack/glance/glance/async_/flows/api_image_import.py:277}}
Jun 09 07:51:16.718408 np0000002426 devstack@g-api.service[99000]: DEBUG glance.async_.flows.api_image_import [-] Image b1bd191a-1a55-4502-b3bd-49e4a490b843 os_glance_failed_import= {{(pid=99000) merge_store_list /opt/stack/glance/glance/async_/flows/api_image_import.py:277}}
Jun 09 07:51:16.722734 np0000002426 devstack@g-api.service[99000]: DEBUG glance.async_.flows.api_image_import [-] Image b1bd191a-1a55-4502-b3bd-49e4a490b843 status changing from uploading to importing {{(pid=99000) __exit__ /opt/stack/glance/glance/async_/flows/api_image_import.py:166}}
Jun 09 07:51:17.248772 np0000002426 devstack@g-api.service[99000]: DEBUG glance.async_ [-] Creating threadpool model 'ThreadPoolExecutor' with size 10 {{(pid=99000) __init__ /opt/stack/glance/glance/async_/__init__.py:100}}
Jun 09 07:51:17.270003 np0000002426 devstack@g-api.service[99000]: DEBUG glance.async_.taskflow_executor [-] Flow 'api_image_import' (1860fbf9-b2a8-4e95-ad9a-1197c06bd3ad) transitioned into state 'RUNNING' from state 'PENDING' {{(pid=99000) _flow_receiver /opt/stack/data/venv/lib/python3.12/site-packages/taskflow/listeners/logging.py:160}}
Jun 09 07:51:17.272024 np0000002426 devstack@g-api.service[99000]: DEBUG glance.async_.taskflow_executor [-] Task 'api_image_import-ImageLock-346945ac-dd86-4932-896e-b32384c6f6f4' (521fe4cf-a738-42b9-80bf-d99d3a02c4f9) transitioned into state 'RUNNING' from state 'PENDING' {{(pid=99000) _task_receiver /opt/stack/data/venv/lib/python3.12/site-packages/taskflow/listeners/logging.py:242}}
Jun 09 07:51:17.278568 np0000002426 devstack@g-api.service[99000]: DEBUG glance.async_.flows.api_image_import [-] Image b1bd191a-1a55-4502-b3bd-49e4a490b843 import task 346945ac-dd86-4932-896e-b32384c6f6f4 lock confirmed {{(pid=99000) execute /opt/stack/glance/glance/async_/flows/api_image_import.py:477}}
Jun 09 07:51:17.279366 np0000002426 devstack@g-api.service[99000]: DEBUG glance.async_.taskflow_executor [-] Task 'api_image_import-ImageLock-346945ac-dd86-4932-896e-b32384c6f6f4' (521fe4cf-a738-42b9-80bf-d99d3a02c4f9) transitioned into state 'SUCCESS' from state 'RUNNING' with result 'None' {{(pid=99000) _task_receiver /opt/stack/data/venv/lib/python3.12/site-packages/taskflow/listeners/logging.py:218}}
Jun 09 07:51:17.280148 np0000002426 devstack@g-api.service[99000]: DEBUG glance.async_.taskflow_executor [-] Task 'api_image_import-ConfigureStaging-346945ac-dd86-4932-896e-b32384c6f6f4' (2b4420ef-0290-49f6-b088-459a85580a6a) transitioned into state 'RUNNING' from state 'PENDING' {{(pid=99000) _task_receiver /opt/stack/data/venv/lib/python3.12/site-packages/taskflow/listeners/logging.py:242}}
Jun 09 07:51:17.281352 np0000002426 devstack@g-api.service[99000]: DEBUG glance.async_.taskflow_executor [-] Task 'api_image_import-ConfigureStaging-346945ac-dd86-4932-896e-b32384c6f6f4' (2b4420ef-0290-49f6-b088-459a85580a6a) transitioned into state 'SUCCESS' from state 'RUNNING' with result 'file:///tmp/staging/b1bd191a-1a55-4502-b3bd-49e4a490b843' {{(pid=99000) _task_receiver /opt/stack/data/venv/lib/python3.12/site-packages/taskflow/listeners/logging.py:218}}
Jun 09 07:51:17.282079 np0000002426 devstack@g-api.service[99000]: DEBUG glance.async_.taskflow_executor [-] Task 'api_image_import--ImportToStore-346945ac-dd86-4932-896e-b32384c6f6f4' (682eaf4e-96f6-4254-a559-808b8e63afb2) transitioned into state 'RUNNING' from state 'PENDING' {{(pid=99000) _task_receiver /opt/stack/data/venv/lib/python3.12/site-packages/taskflow/listeners/logging.py:242}}
Jun 09 07:51:17.288934 np0000002426 devstack@g-api.service[99000]: INFO glance.common.scripts.image_import.main [-] Task 346945ac-dd86-4932-896e-b32384c6f6f4: Got image data uri file:///tmp/staging/b1bd191a-1a55-4502-b3bd-49e4a490b843 to be imported
Jun 09 07:51:17.290365 np0000002426 devstack@g-api.service[99000]: DEBUG glance.location [-] Enabling in-flight format inspection for qcow2 {{(pid=99000) set_data /opt/stack/glance/glance/location.py:616}}
Jun 09 07:51:17.290728 np0000002426 devstack@g-api.service[99000]: DEBUG glance_store.backend [-] Attempting to import store swift {{(pid=99000) _load_store /opt/stack/data/venv/lib/python3.12/site-packages/glance_store/backend.py:215}}
Jun 09 07:51:17.292044 np0000002426 devstack@g-api.service[99000]: DEBUG glance_store.capabilities [-] Store glance_store._drivers.swift.store.SingleTenantStore doesn't support updating dynamic storage capabilities. Please overwrite 'update_capabilities' method of the store to implement updating logics if needed. {{(pid=99000) update_capabilities /opt/stack/data/venv/lib/python3.12/site-packages/glance_store/capabilities.py:91}}
Jun 09 07:51:17.292117 np0000002426 devstack@g-api.service[99000]: DEBUG glance_store.driver [-] Late loading location class glance_store._drivers.swift.store.StoreLocation {{(pid=99000) get_store_location_class /opt/stack/data/venv/lib/python3.12/site-packages/glance_store/driver.py:134}}
Jun 09 07:51:17.292202 np0000002426 devstack@g-api.service[99000]: DEBUG glance_store.location [-] Registering scheme swift+https with {'store': , 'location_class': , 'store_entry': 'swift'} {{(pid=99000) register_scheme_map /opt/stack/data/venv/lib/python3.12/site-packages/glance_store/location.py:146}}
Jun 09 07:51:17.292261 np0000002426 devstack@g-api.service[99000]: DEBUG glance_store.location [-] Registering scheme swift+https with {'store': , 'location_class': , 'store_entry': 'swift'} {{(pid=99000) register_scheme_map /opt/stack/data/venv/lib/python3.12/site-packages/glance_store/location.py:146}}
Jun 09 07:51:17.292317 np0000002426 devstack@g-api.service[99000]: DEBUG glance_store.location [-] Registering scheme swift with {'store': , 'location_class': , 'store_entry': 'swift'} {{(pid=99000) register_scheme_map /opt/stack/data/venv/lib/python3.12/site-packages/glance_store/location.py:146}}
Jun 09 07:51:17.292382 np0000002426 devstack@g-api.service[99000]: DEBUG glance_store.location [-] Registering scheme swift+https with {'store': , 'location_class': , 'store_entry': 'swift'} {{(pid=99000) register_scheme_map /opt/stack/data/venv/lib/python3.12/site-packages/glance_store/location.py:146}}
Jun 09 07:51:17.292429 np0000002426 devstack@g-api.service[99000]: DEBUG glance_store.location [-] Registering scheme swift with {'store': , 'location_class': , 'store_entry': 'swift'} {{(pid=99000) register_scheme_map /opt/stack/data/venv/lib/python3.12/site-packages/glance_store/location.py:146}}
Jun 09 07:51:17.292475 np0000002426 devstack@g-api.service[99000]: DEBUG glance_store.location [-] Registering scheme swift+http with {'store': , 'location_class': , 'store_entry': 'swift'} {{(pid=99000) register_scheme_map /opt/stack/data/venv/lib/python3.12/site-packages/glance_store/location.py:146}}
Jun 09 07:51:17.292517 np0000002426 devstack@g-api.service[99000]: DEBUG glance_store.location [-] Registering scheme swift+https with {'store': , 'location_class': , 'store_entry': 'swift'} {{(pid=99000) register_scheme_map /opt/stack/data/venv/lib/python3.12/site-packages/glance_store/location.py:146}}
Jun 09 07:51:17.292578 np0000002426 devstack@g-api.service[99000]: DEBUG glance_store.location [-] Registering scheme swift with {'store': , 'location_class': , 'store_entry': 'swift'} {{(pid=99000) register_scheme_map /opt/stack/data/venv/lib/python3.12/site-packages/glance_store/location.py:146}}
Jun 09 07:51:17.292610 np0000002426 devstack@g-api.service[99000]: DEBUG glance_store.location [-] Registering scheme swift+http with {'store': , 'location_class': , 'store_entry': 'swift'} {{(pid=99000) register_scheme_map /opt/stack/data/venv/lib/python3.12/site-packages/glance_store/location.py:146}}
Jun 09 07:51:17.292664 np0000002426 devstack@g-api.service[99000]: DEBUG glance_store.location [-] Registering scheme swift+config with {'store': , 'location_class': , 'store_entry': 'swift'} {{(pid=99000) register_scheme_map /opt/stack/data/venv/lib/python3.12/site-packages/glance_store/location.py:146}}
Jun 09 07:51:17.860091 np0000002426 devstack@g-api.service[99000]: INFO swiftclient [-] REQ: curl -i https://10.4.3.124:8080/v1/AUTH_82acbb56e186493eb4179274efe53187/glance -I -H "X-Auth-Token: gAAAAABqJ8X1Vb4X..."
Jun 09 07:51:17.860200 np0000002426 devstack@g-api.service[99000]: INFO swiftclient [-] RESP STATUS: 404 Not Found
Jun 09 07:51:17.860258 np0000002426 devstack@g-api.service[99000]: INFO swiftclient [-] RESP HEADERS: {'Date': 'Tue, 09 Jun 2026 07:51:17 GMT', 'Server': 'Apache/2.4.58 (Ubuntu)', 'Content-Type': 'text/html; charset=UTF-8', 'X-Trans-Id': 'tx432c8193edb94d39b7da8-006a27c5f5', 'X-Openstack-Request-Id': 'tx432c8193edb94d39b7da8-006a27c5f5', 'Connection': 'close'}
Jun 09 07:51:17.860497 np0000002426 devstack@g-api.service[99000]: INFO glance_store._drivers.swift.store [-] Creating swift container glance
Jun 09 07:51:17.919278 np0000002426 devstack@g-api.service[99000]: DEBUG swiftclient [-] REQ: curl -i https://10.4.3.124:8080/v1/AUTH_82acbb56e186493eb4179274efe53187/glance -X PUT -H "X-Auth-Token: gAAAAABqJ8X1Vb4X..." -H "Content-Length: 0" {{(pid=99000) http_log /opt/stack/data/venv/lib/python3.12/site-packages/swiftclient/client.py:160}}
Jun 09 07:51:17.919410 np0000002426 devstack@g-api.service[99000]: DEBUG swiftclient [-] RESP STATUS: 201 Created {{(pid=99000) http_log /opt/stack/data/venv/lib/python3.12/site-packages/swiftclient/client.py:161}}
Jun 09 07:51:17.919575 np0000002426 devstack@g-api.service[99000]: DEBUG swiftclient [-] RESP HEADERS: {'Date': 'Tue, 09 Jun 2026 07:51:17 GMT', 'Server': 'Apache/2.4.58 (Ubuntu)', 'Content-Type': 'text/html; charset=UTF-8', 'Content-Length': '0', 'X-Trans-Id': 'txd3dedf9444464ae9b6ad8-006a27c5f5', 'X-Openstack-Request-Id': 'txd3dedf9444464ae9b6ad8-006a27c5f5', 'Connection': 'close'} {{(pid=99000) http_log /opt/stack/data/venv/lib/python3.12/site-packages/swiftclient/client.py:162}}
Jun 09 07:51:17.919698 np0000002426 devstack@g-api.service[99000]: DEBUG glance_store._drivers.swift.store [-] Adding image object 'b1bd191a-1a55-4502-b3bd-49e4a490b843' to Swift {{(pid=99000) add /opt/stack/data/venv/lib/python3.12/site-packages/glance_store/_drivers/swift/store.py:970}}
Jun 09 07:51:17.926960 np0000002426 devstack@g-api.service[99000]: DEBUG oslo_utils.imageutils.format_inspector [-] Format inspector for vmdk does not match, excluding from consideration (Signature KDMV not found: b'QFI\xfb') {{(pid=99000) _process_chunk /opt/stack/data/venv/lib/python3.12/site-packages/oslo_utils/imageutils/format_inspector.py:1758}}
Jun 09 07:51:17.931627 np0000002426 devstack@g-api.service[99000]: DEBUG oslo_utils.imageutils.format_inspector [-] Format inspector for vhdx does not match, excluding from consideration (Region signature not found at 30000) {{(pid=99000) _process_chunk /opt/stack/data/venv/lib/python3.12/site-packages/oslo_utils/imageutils/format_inspector.py:1758}}
Jun 09 07:51:18.114265 np0000002426 devstack@g-api.service[99000]: DEBUG glance.api.middleware.version_negotiation [None req-0c257042-888b-4446-ba3d-4b482a81e19a admin admin] Determining version of request: POST /v2/images Accept: */* {{(pid=99000) process_request /opt/stack/glance/glance/api/middleware/version_negotiation.py:44}}
Jun 09 07:51:18.114399 np0000002426 devstack@g-api.service[99000]: DEBUG glance.api.middleware.version_negotiation [None req-0c257042-888b-4446-ba3d-4b482a81e19a admin admin] Using url versioning {{(pid=99000) process_request /opt/stack/glance/glance/api/middleware/version_negotiation.py:57}}
Jun 09 07:51:18.114930 np0000002426 devstack@g-api.service[99000]: DEBUG glance.api.middleware.version_negotiation [None req-0c257042-888b-4446-ba3d-4b482a81e19a admin admin] Matched version: v2 {{(pid=99000) process_request /opt/stack/glance/glance/api/middleware/version_negotiation.py:69}}
Jun 09 07:51:18.115042 np0000002426 devstack@g-api.service[99000]: DEBUG glance.api.middleware.version_negotiation [None req-0c257042-888b-4446-ba3d-4b482a81e19a admin admin] new path /v2/images {{(pid=99000) process_request /opt/stack/glance/glance/api/middleware/version_negotiation.py:70}}
Jun 09 07:51:18.265875 np0000002426 devstack@g-api.service[99000]: DEBUG swiftclient [-] REQ: curl -i https://10.4.3.124:8080/v1/AUTH_82acbb56e186493eb4179274efe53187/glance/b1bd191a-1a55-4502-b3bd-49e4a490b843 -X PUT -H "X-Auth-Token: gAAAAABqJ8X1Vb4X..." -H "Content-Length: 21430272" {{(pid=99000) http_log /opt/stack/data/venv/lib/python3.12/site-packages/swiftclient/client.py:160}}
Jun 09 07:51:18.266176 np0000002426 devstack@g-api.service[99000]: DEBUG swiftclient [-] RESP STATUS: 201 Created {{(pid=99000) http_log /opt/stack/data/venv/lib/python3.12/site-packages/swiftclient/client.py:161}}
Jun 09 07:51:18.266176 np0000002426 devstack@g-api.service[99000]: DEBUG swiftclient [-] RESP HEADERS: {'Date': 'Tue, 09 Jun 2026 07:51:18 GMT', 'Server': 'Apache/2.4.58 (Ubuntu)', 'Content-Type': 'text/html; charset=UTF-8', 'Content-Length': '0', 'Etag': 'c8fc807773e5354afe61636071771906', 'Last-Modified': 'Tue, 09 Jun 2026 07:51:18 GMT', 'X-Trans-Id': 'tx99d6596c8c2547ae9b1b8-006a27c5f5', 'X-Openstack-Request-Id': 'tx99d6596c8c2547ae9b1b8-006a27c5f5', 'Connection': 'close'} {{(pid=99000) http_log /opt/stack/data/venv/lib/python3.12/site-packages/swiftclient/client.py:162}}
Jun 09 07:51:18.283063 np0000002426 devstack@g-api.service[99000]: INFO glance.location [-] Image format matched and virtual size computed: 117440512
Jun 09 07:51:18.290120 np0000002426 devstack@g-api.service[99000]: DEBUG glance.async_.flows.api_image_import [-] Image b1bd191a-1a55-4502-b3bd-49e4a490b843 status changing from importing to active {{(pid=99000) __exit__ /opt/stack/glance/glance/async_/flows/api_image_import.py:166}}
Jun 09 07:51:18.313032 np0000002426 devstack@g-api.service[99000]: DEBUG glance_store.backend [-] Attempting to import store swift {{(pid=99000) _load_store /opt/stack/data/venv/lib/python3.12/site-packages/glance_store/backend.py:215}}
Jun 09 07:51:18.314195 np0000002426 devstack@g-api.service[99000]: DEBUG glance_store.capabilities [-] Store glance_store._drivers.swift.store.SingleTenantStore doesn't support updating dynamic storage capabilities. Please overwrite 'update_capabilities' method of the store to implement updating logics if needed. {{(pid=99000) update_capabilities /opt/stack/data/venv/lib/python3.12/site-packages/glance_store/capabilities.py:91}}
Jun 09 07:51:18.314321 np0000002426 devstack@g-api.service[99000]: DEBUG glance_store.driver [-] Late loading location class glance_store._drivers.swift.store.StoreLocation {{(pid=99000) get_store_location_class /opt/stack/data/venv/lib/python3.12/site-packages/glance_store/driver.py:134}}
Jun 09 07:51:18.314321 np0000002426 devstack@g-api.service[99000]: DEBUG glance_store.location [-] Registering scheme swift+https with {'store': , 'location_class': , 'store_entry': 'swift'} {{(pid=99000) register_scheme_map /opt/stack/data/venv/lib/python3.12/site-packages/glance_store/location.py:146}}
Jun 09 07:51:18.314441 np0000002426 devstack@g-api.service[99000]: DEBUG glance_store.location [-] Registering scheme swift+https with {'store': , 'location_class': , 'store_entry': 'swift'} {{(pid=99000) register_scheme_map /opt/stack/data/venv/lib/python3.12/site-packages/glance_store/location.py:146}}
Jun 09 07:51:18.314441 np0000002426 devstack@g-api.service[99000]: DEBUG glance_store.location [-] Registering scheme swift with {'store': , 'location_class': , 'store_entry': 'swift'} {{(pid=99000) register_scheme_map /opt/stack/data/venv/lib/python3.12/site-packages/glance_store/location.py:146}}
Jun 09 07:51:18.314537 np0000002426 devstack@g-api.service[99000]: DEBUG glance_store.location [-] Registering scheme swift+https with {'store': , 'location_class': , 'store_entry': 'swift'} {{(pid=99000) register_scheme_map /opt/stack/data/venv/lib/python3.12/site-packages/glance_store/location.py:146}}
Jun 09 07:51:18.314537 np0000002426 devstack@g-api.service[99000]: DEBUG glance_store.location [-] Registering scheme swift with {'store': , 'location_class': , 'store_entry': 'swift'} {{(pid=99000) register_scheme_map /opt/stack/data/venv/lib/python3.12/site-packages/glance_store/location.py:146}}
