Jul 07 01:24:19.644278 np0000004691 nova-scheduler[93227]: DEBUG cotyledon.oslo_config_glue [-] oslo_messaging_notifications.retry = -1 {{(pid=93227) log_opt_values /opt/stack/data/venv/lib/python3.12/site-packages/oslo_config/cfg.py:3253}}
Jul 07 01:24:19.644324 np0000004691 nova-scheduler[93227]: DEBUG cotyledon.oslo_config_glue [-] oslo_messaging_notifications.topics = ['notifications'] {{(pid=93227) log_opt_values /opt/stack/data/venv/lib/python3.12/site-packages/oslo_config/cfg.py:3253}}
Jul 07 01:24:19.644371 np0000004691 nova-scheduler[93227]: DEBUG cotyledon.oslo_config_glue [-] oslo_messaging_notifications.transport_url = **** {{(pid=93227) log_opt_values /opt/stack/data/venv/lib/python3.12/site-packages/oslo_config/cfg.py:3253}}
Jul 07 01:24:19.644473 np0000004691 nova-scheduler[93227]: DEBUG cotyledon.oslo_config_glue [-] oslo_limit.auth_section = None {{(pid=93227) log_opt_values /opt/stack/data/venv/lib/python3.12/site-packages/oslo_config/cfg.py:3253}}
Jul 07 01:24:19.644547 np0000004691 nova-scheduler[93227]: DEBUG cotyledon.oslo_config_glue [-] oslo_limit.auth_type = None {{(pid=93227) log_opt_values /opt/stack/data/venv/lib/python3.12/site-packages/oslo_config/cfg.py:3253}}
Jul 07 01:24:19.644620 np0000004691 nova-scheduler[93227]: DEBUG cotyledon.oslo_config_glue [-] oslo_limit.cafile = None {{(pid=93227) log_opt_values /opt/stack/data/venv/lib/python3.12/site-packages/oslo_config/cfg.py:3253}}
Jul 07 01:24:19.644686 np0000004691 nova-scheduler[93227]: DEBUG cotyledon.oslo_config_glue [-] oslo_limit.certfile = None {{(pid=93227) log_opt_values /opt/stack/data/venv/lib/python3.12/site-packages/oslo_config/cfg.py:3253}}
Jul 07 01:24:19.644741 np0000004691 nova-scheduler[93227]: DEBUG cotyledon.oslo_config_glue [-] oslo_limit.collect_timing = False {{(pid=93227) log_opt_values /opt/stack/data/venv/lib/python3.12/site-packages/oslo_config/cfg.py:3253}}
Jul 07 01:24:19.647540 np0000004691 nova-scheduler[93227]: DEBUG cotyledon.oslo_config_glue [-] oslo_limit.connect_retries = None {{(pid=93227) log_opt_values /opt/stack/data/venv/lib/python3.12/site-packages/oslo_config/cfg.py:3253}}
Jul 07 01:24:19.647540 np0000004691 nova-scheduler[93227]: DEBUG cotyledon.oslo_config_glue [-] oslo_limit.connect_retry_delay = None {{(pid=93227) log_opt_values /opt/stack/data/venv/lib/python3.12/site-packages/oslo_config/cfg.py:3253}}
Jul 07 01:24:19.647540 np0000004691 nova-scheduler[93227]: DEBUG cotyledon.oslo_config_glue [-] oslo_limit.endpoint_id = None {{(pid=93227) log_opt_values /opt/stack/data/venv/lib/python3.12/site-packages/oslo_config/cfg.py:3253}}
Jul 07 01:24:19.647540 np0000004691 nova-scheduler[93227]: DEBUG cotyledon.oslo_config_glue [-] oslo_limit.endpoint_interface = public {{(pid=93227) log_opt_values /opt/stack/data/venv/lib/python3.12/site-packages/oslo_config/cfg.py:3253}}
Jul 07 01:24:19.647540 np0000004691 nova-scheduler[93227]: DEBUG cotyledon.oslo_config_glue [-] oslo_limit.endpoint_override = None {{(pid=93227) log_opt_values /opt/stack/data/venv/lib/python3.12/site-packages/oslo_config/cfg.py:3253}}
Jul 07 01:24:19.647540 np0000004691 nova-scheduler[93227]: DEBUG cotyledon.oslo_config_glue [-] oslo_limit.endpoint_region_name = None {{(pid=93227) log_opt_values /opt/stack/data/venv/lib/python3.12/site-packages/oslo_config/cfg.py:3253}}
Jul 07 01:24:19.647540 np0000004691 nova-scheduler[93227]: DEBUG cotyledon.oslo_config_glue [-] oslo_limit.endpoint_service_name = None {{(pid=93227) log_opt_values /opt/stack/data/venv/lib/python3.12/site-packages/oslo_config/cfg.py:3253}}
Jul 07 01:24:19.647540 np0000004691 nova-scheduler[93227]: DEBUG cotyledon.oslo_config_glue [-] oslo_limit.endpoint_service_type = None {{(pid=93227) log_opt_values /opt/stack/data/venv/lib/python3.12/site-packages/oslo_config/cfg.py:3253}}
Jul 07 01:24:19.647540 np0000004691 nova-scheduler[93227]: DEBUG cotyledon.oslo_config_glue [-] oslo_limit.insecure = False {{(pid=93227) log_opt_values /opt/stack/data/venv/lib/python3.12/site-packages/oslo_config/cfg.py:3253}}
Jul 07 01:24:19.647886 np0000004691 nova-scheduler[93227]: DEBUG cotyledon.oslo_config_glue [-] oslo_limit.keyfile = None {{(pid=93227) log_opt_values /opt/stack/data/venv/lib/python3.12/site-packages/oslo_config/cfg.py:3253}}
Jul 07 01:24:19.647886 np0000004691 nova-scheduler[93227]: DEBUG cotyledon.oslo_config_glue [-] oslo_limit.max_version = None {{(pid=93227) log_opt_values /opt/stack/data/venv/lib/python3.12/site-packages/oslo_config/cfg.py:3253}}
Jul 07 01:24:19.647886 np0000004691 nova-scheduler[93227]: DEBUG cotyledon.oslo_config_glue [-] oslo_limit.min_version = None {{(pid=93227) log_opt_values /opt/stack/data/venv/lib/python3.12/site-packages/oslo_config/cfg.py:3253}}
Jul 07 01:24:19.647886 np0000004691 nova-scheduler[93227]: DEBUG cotyledon.oslo_config_glue [-] oslo_limit.region_name = None {{(pid=93227) log_opt_values /opt/stack/data/venv/lib/python3.12/site-packages/oslo_config/cfg.py:3253}}
Jul 07 01:24:19.647886 np0000004691 nova-scheduler[93227]: DEBUG cotyledon.oslo_config_glue [-] oslo_limit.retriable_status_codes = None {{(pid=93227) log_opt_values /opt/stack/data/venv/lib/python3.12/site-packages/oslo_config/cfg.py:3253}}
Jul 07 01:24:19.647886 np0000004691 nova-scheduler[93227]: DEBUG cotyledon.oslo_config_glue [-] oslo_limit.service_name = None {{(pid=93227) log_opt_values /opt/stack/data/venv/lib/python3.12/site-packages/oslo_config/cfg.py:3253}}
Jul 07 01:24:19.647886 np0000004691 nova-scheduler[93227]: DEBUG cotyledon.oslo_config_glue [-] oslo_limit.service_type = None {{(pid=93227) log_opt_values /opt/stack/data/venv/lib/python3.12/site-packages/oslo_config/cfg.py:3253}}
Jul 07 01:24:19.647886 np0000004691 nova-scheduler[93227]: DEBUG cotyledon.oslo_config_glue [-] oslo_limit.split_loggers = False {{(pid=93227) log_opt_values /opt/stack/data/venv/lib/python3.12/site-packages/oslo_config/cfg.py:3253}}
Jul 07 01:24:19.647886 np0000004691 nova-scheduler[93227]: DEBUG cotyledon.oslo_config_glue [-] oslo_limit.status_code_retries = None {{(pid=93227) log_opt_values /opt/stack/data/venv/lib/python3.12/site-packages/oslo_config/cfg.py:3253}}
Jul 07 01:24:19.648172 np0000004691 nova-scheduler[93227]: DEBUG cotyledon.oslo_config_glue [-] oslo_limit.status_code_retry_delay = None {{(pid=93227) log_opt_values /opt/stack/data/venv/lib/python3.12/site-packages/oslo_config/cfg.py:3253}}
Jul 07 01:24:19.648172 np0000004691 nova-scheduler[93227]: DEBUG cotyledon.oslo_config_glue [-] oslo_limit.timeout = None {{(pid=93227) log_opt_values /opt/stack/data/venv/lib/python3.12/site-packages/oslo_config/cfg.py:3253}}
Jul 07 01:24:19.648172 np0000004691 nova-scheduler[93227]: DEBUG cotyledon.oslo_config_glue [-] oslo_limit.valid_interfaces = None {{(pid=93227) log_opt_values /opt/stack/data/venv/lib/python3.12/site-packages/oslo_config/cfg.py:3253}}
Jul 07 01:24:19.648172 np0000004691 nova-scheduler[93227]: DEBUG cotyledon.oslo_config_glue [-] oslo_limit.version = None {{(pid=93227) log_opt_values /opt/stack/data/venv/lib/python3.12/site-packages/oslo_config/cfg.py:3253}}
Jul 07 01:24:19.648172 np0000004691 nova-scheduler[93227]: DEBUG cotyledon.oslo_config_glue [-] oslo_reports.file_event_handler = None {{(pid=93227) log_opt_values /opt/stack/data/venv/lib/python3.12/site-packages/oslo_config/cfg.py:3253}}
Jul 07 01:24:19.648172 np0000004691 nova-scheduler[93227]: DEBUG cotyledon.oslo_config_glue [-] oslo_reports.file_event_handler_interval = 1 {{(pid=93227) log_opt_values /opt/stack/data/venv/lib/python3.12/site-packages/oslo_config/cfg.py:3253}}
Jul 07 01:24:19.648172 np0000004691 nova-scheduler[93227]: DEBUG cotyledon.oslo_config_glue [-] oslo_reports.log_dir = None {{(pid=93227) log_opt_values /opt/stack/data/venv/lib/python3.12/site-packages/oslo_config/cfg.py:3253}}
Jul 07 01:24:19.648172 np0000004691 nova-scheduler[93227]: DEBUG cotyledon.oslo_config_glue [-] ******************************************************************************** {{(pid=93227) log_opt_values /opt/stack/data/venv/lib/python3.12/site-packages/oslo_config/cfg.py:3260}}
Jul 07 01:24:19.648172 np0000004691 nova-scheduler[93227]: DEBUG cotyledon._service_worker [-] Run service ServiceWrapper(2) [93227] {{(pid=93227) wait_forever /opt/stack/data/venv/lib/python3.12/site-packages/cotyledon/_service_worker.py:218}}
Jul 07 01:24:19.648559 np0000004691 nova-scheduler[93227]: INFO nova.service [-] Starting scheduler node (version 33.1.0)
Jul 07 01:24:19.655053 np0000004691 nova-scheduler[93227]: INFO dbcounter [None req-4982187d-f113-47bd-a198-55ceb8e7d403 None None] Registered counter for database nova_cell0
Jul 07 01:24:19.672765 np0000004691 nova-scheduler[93219]: DEBUG oslo_db.sqlalchemy.engines [None req-13001942-3dc8-444c-86a8-da0c8ea2c8d1 None None] MySQL server mode set to STRICT_TRANS_TABLES,STRICT_ALL_TABLES,NO_ZERO_IN_DATE,NO_ZERO_DATE,ERROR_FOR_DIVISION_BY_ZERO,TRADITIONAL,NO_ENGINE_SUBSTITUTION {{(pid=93219) _check_effective_sql_mode /opt/stack/data/venv/lib/python3.12/site-packages/oslo_db/sqlalchemy/engines.py:325}}
Jul 07 01:24:19.680879 np0000004691 nova-scheduler[93223]: DEBUG oslo_db.sqlalchemy.engines [None req-25ec4082-fff9-42ff-9423-1adccea51a41 None None] MySQL server mode set to STRICT_TRANS_TABLES,STRICT_ALL_TABLES,NO_ZERO_IN_DATE,NO_ZERO_DATE,ERROR_FOR_DIVISION_BY_ZERO,TRADITIONAL,NO_ENGINE_SUBSTITUTION {{(pid=93223) _check_effective_sql_mode /opt/stack/data/venv/lib/python3.12/site-packages/oslo_db/sqlalchemy/engines.py:325}}
Jul 07 01:24:19.681786 np0000004691 nova-scheduler[93219]: DEBUG dbcounter [-] [93219] Writer thread running {{(pid=93219) stat_writer /opt/stack/data/venv/lib/python3.12/site-packages/dbcounter.py:102}}
Jul 07 01:24:19.692395 np0000004691 nova-scheduler[93223]: DEBUG dbcounter [-] [93223] Writer thread running {{(pid=93223) stat_writer /opt/stack/data/venv/lib/python3.12/site-packages/dbcounter.py:102}}
Jul 07 01:24:19.693182 np0000004691 nova-scheduler[93227]: DEBUG oslo_db.sqlalchemy.engines [None req-4982187d-f113-47bd-a198-55ceb8e7d403 None None] MySQL server mode set to STRICT_TRANS_TABLES,STRICT_ALL_TABLES,NO_ZERO_IN_DATE,NO_ZERO_DATE,ERROR_FOR_DIVISION_BY_ZERO,TRADITIONAL,NO_ENGINE_SUBSTITUTION {{(pid=93227) _check_effective_sql_mode /opt/stack/data/venv/lib/python3.12/site-packages/oslo_db/sqlalchemy/engines.py:325}}
Jul 07 01:24:19.695442 np0000004691 nova-scheduler[93219]: DEBUG nova.service [None req-13001942-3dc8-444c-86a8-da0c8ea2c8d1 None None] Creating RPC server for service: nova-scheduler on topic: scheduler {{(pid=93219) start /opt/stack/nova/nova/service.py:196}}
Jul 07 01:24:19.706652 np0000004691 nova-scheduler[93227]: DEBUG dbcounter [-] [93227] Writer thread running {{(pid=93227) stat_writer /opt/stack/data/venv/lib/python3.12/site-packages/dbcounter.py:102}}
Jul 07 01:24:19.709560 np0000004691 nova-scheduler[93227]: DEBUG nova.service [None req-4982187d-f113-47bd-a198-55ceb8e7d403 None None] Creating RPC server for service: nova-scheduler on topic: scheduler {{(pid=93227) start /opt/stack/nova/nova/service.py:196}}
Jul 07 01:24:19.711165 np0000004691 nova-scheduler[93223]: DEBUG nova.service [None req-25ec4082-fff9-42ff-9423-1adccea51a41 None None] Creating RPC server for service: nova-scheduler on topic: scheduler {{(pid=93223) start /opt/stack/nova/nova/service.py:196}}
Jul 07 01:24:19.723543 np0000004691 nova-scheduler[93219]: DEBUG nova.service [None req-13001942-3dc8-444c-86a8-da0c8ea2c8d1 None None] Join ServiceGroup membership for this service scheduler {{(pid=93219) start /opt/stack/nova/nova/service.py:222}}
Jul 07 01:24:19.723726 np0000004691 nova-scheduler[93219]: DEBUG nova.servicegroup.drivers.db [None req-13001942-3dc8-444c-86a8-da0c8ea2c8d1 None None] DB_Driver: join new ServiceGroup member np0000004691 to the scheduler group, service = {{(pid=93219) join /opt/stack/nova/nova/servicegroup/drivers/db.py:44}}
Jul 07 01:24:19.728792 np0000004691 nova-scheduler[93227]: DEBUG nova.service [None req-4982187d-f113-47bd-a198-55ceb8e7d403 None None] Join ServiceGroup membership for this service scheduler {{(pid=93227) start /opt/stack/nova/nova/service.py:222}}
Jul 07 01:24:19.729056 np0000004691 nova-scheduler[93227]: DEBUG nova.servicegroup.drivers.db [None req-4982187d-f113-47bd-a198-55ceb8e7d403 None None] DB_Driver: join new ServiceGroup member np0000004691 to the scheduler group, service = {{(pid=93227) join /opt/stack/nova/nova/servicegroup/drivers/db.py:44}}
Jul 07 01:24:19.736129 np0000004691 nova-scheduler[93223]: DEBUG nova.service [None req-25ec4082-fff9-42ff-9423-1adccea51a41 None None] Join ServiceGroup membership for this service scheduler {{(pid=93223) start /opt/stack/nova/nova/service.py:222}}
Jul 07 01:24:19.736264 np0000004691 nova-scheduler[93223]: DEBUG nova.servicegroup.drivers.db [None req-25ec4082-fff9-42ff-9423-1adccea51a41 None None] DB_Driver: join new ServiceGroup member np0000004691 to the scheduler group, service = {{(pid=93223) join /opt/stack/nova/nova/servicegroup/drivers/db.py:44}}
Jul 07 01:24:24.739833 np0000004691 nova-scheduler[93227]: DEBUG oslo.service.backend._threading.loopingcall [-] Fixed interval looping call 'nova.servicegroup.drivers.db.DbDriver._report_state' sleeping for 119.99 seconds {{(pid=93227) _run_loop /opt/stack/data/venv/lib/python3.12/site-packages/oslo_service/backend/_threading/loopingcall.py:125}}
Jul 07 01:24:24.740714 np0000004691 nova-scheduler[93219]: DEBUG oslo.service.backend._threading.loopingcall [-] Fixed interval looping call 'nova.servicegroup.drivers.db.DbDriver._report_state' sleeping for 119.98 seconds {{(pid=93219) _run_loop /opt/stack/data/venv/lib/python3.12/site-packages/oslo_service/backend/_threading/loopingcall.py:125}}
Jul 07 01:24:24.744005 np0000004691 nova-scheduler[93223]: DEBUG oslo.service.backend._threading.loopingcall [-] Fixed interval looping call 'nova.servicegroup.drivers.db.DbDriver._report_state' sleeping for 119.99 seconds {{(pid=93223) _run_loop /opt/stack/data/venv/lib/python3.12/site-packages/oslo_service/backend/_threading/loopingcall.py:125}}
Jul 07 01:24:28.281812 np0000004691 nova-scheduler[92015]: DEBUG dbcounter [-] [92015] Writing DB stats nova_api:SELECT=3 {{(pid=92015) stat_writer /opt/stack/data/venv/lib/python3.12/site-packages/dbcounter.py:115}}
Jul 07 01:24:28.406077 np0000004691 nova-scheduler[92015]: DEBUG dbcounter [-] [92015] Writing DB stats nova_cell0:SELECT=1 {{(pid=92015) stat_writer /opt/stack/data/venv/lib/python3.12/site-packages/dbcounter.py:115}}
Jul 07 01:24:28.410135 np0000004691 nova-scheduler[92015]: DEBUG dbcounter [-] [92015] Writing DB stats nova_cell1:SELECT=1 {{(pid=92015) stat_writer /opt/stack/data/venv/lib/python3.12/site-packages/dbcounter.py:115}}
Jul 07 01:24:29.731098 np0000004691 nova-scheduler[93227]: DEBUG oslo.service.backend._threading.loopingcall [None req-6962cb66-31d8-4eab-a701-44c82566c124 None None] Dynamic interval looping call 'nova.service.Service.periodic_tasks' sleeping for 60.00 seconds {{(pid=93227) _run_loop /opt/stack/data/venv/lib/python3.12/site-packages/oslo_service/backend/_threading/loopingcall.py:125}}
Jul 07 01:24:34.735510 np0000004691 nova-scheduler[93219]: DEBUG dbcounter [-] [93219] Writing DB stats nova_cell0:SELECT=4,nova_cell0:INSERT=1,nova_cell0:UPDATE=1 {{(pid=93219) stat_writer /opt/stack/data/venv/lib/python3.12/site-packages/dbcounter.py:115}}
Jul 07 01:24:34.736872 np0000004691 nova-scheduler[93227]: DEBUG dbcounter [-] [93227] Writing DB stats nova_cell0:SELECT=3 {{(pid=93227) stat_writer /opt/stack/data/venv/lib/python3.12/site-packages/dbcounter.py:115}}
Jul 07 01:24:34.740645 np0000004691 nova-scheduler[93223]: DEBUG dbcounter [-] [93223] Writing DB stats nova_cell0:SELECT=4,nova_cell0:INSERT=1 {{(pid=93223) stat_writer /opt/stack/data/venv/lib/python3.12/site-packages/dbcounter.py:115}}
Jul 07 01:24:41.738368 np0000004691 nova-scheduler[93223]: DEBUG oslo.service.backend._threading.loopingcall [None req-30de5608-1769-4650-9dfd-b7eed56937ef None None] Dynamic interval looping call 'nova.service.Service.periodic_tasks' sleeping for 60.00 seconds {{(pid=93223) _run_loop /opt/stack/data/venv/lib/python3.12/site-packages/oslo_service/backend/_threading/loopingcall.py:125}}
Jul 07 01:25:04.726266 np0000004691 nova-scheduler[93219]: DEBUG oslo.service.backend._threading.loopingcall [None req-50362560-b5bb-42a1-a5f3-f22675079633 None None] Dynamic interval looping call 'nova.service.Service.periodic_tasks' sleeping for 60.00 seconds {{(pid=93219) _run_loop /opt/stack/data/venv/lib/python3.12/site-packages/oslo_service/backend/_threading/loopingcall.py:125}}
Jul 07 01:25:29.731687 np0000004691 nova-scheduler[93227]: DEBUG oslo.service.backend._threading.loopingcall [None req-6962cb66-31d8-4eab-a701-44c82566c124 None None] Dynamic interval looping call 'nova.service.Service.periodic_tasks' sleeping for 60.00 seconds {{(pid=93227) _run_loop /opt/stack/data/venv/lib/python3.12/site-packages/oslo_service/backend/_threading/loopingcall.py:125}}
Jul 07 01:25:41.738811 np0000004691 nova-scheduler[93223]: DEBUG oslo.service.backend._threading.loopingcall [None req-30de5608-1769-4650-9dfd-b7eed56937ef None None] Dynamic interval looping call 'nova.service.Service.periodic_tasks' sleeping for 60.00 seconds {{(pid=93223) _run_loop /opt/stack/data/venv/lib/python3.12/site-packages/oslo_service/backend/_threading/loopingcall.py:125}}
Jul 07 01:26:04.726854 np0000004691 nova-scheduler[93219]: DEBUG oslo.service.backend._threading.loopingcall [None req-50362560-b5bb-42a1-a5f3-f22675079633 None None] Dynamic interval looping call 'nova.service.Service.periodic_tasks' sleeping for 60.00 seconds {{(pid=93219) _run_loop /opt/stack/data/venv/lib/python3.12/site-packages/oslo_service/backend/_threading/loopingcall.py:125}}
Jul 07 01:26:24.727731 np0000004691 nova-scheduler[93219]: DEBUG oslo.service.backend._threading.loopingcall [-] Fixed interval looping call 'nova.servicegroup.drivers.db.DbDriver._report_state' sleeping for 119.99 seconds {{(pid=93219) _run_loop /opt/stack/data/venv/lib/python3.12/site-packages/oslo_service/backend/_threading/loopingcall.py:125}}
Jul 07 01:26:24.734107 np0000004691 nova-scheduler[93227]: DEBUG oslo.service.backend._threading.loopingcall [-] Fixed interval looping call 'nova.servicegroup.drivers.db.DbDriver._report_state' sleeping for 120.00 seconds {{(pid=93227) _run_loop /opt/stack/data/venv/lib/python3.12/site-packages/oslo_service/backend/_threading/loopingcall.py:125}}
Jul 07 01:26:24.738240 np0000004691 nova-scheduler[93223]: DEBUG oslo.service.backend._threading.loopingcall [-] Fixed interval looping call 'nova.servicegroup.drivers.db.DbDriver._report_state' sleeping for 120.00 seconds {{(pid=93223) _run_loop /opt/stack/data/venv/lib/python3.12/site-packages/oslo_service/backend/_threading/loopingcall.py:125}}
Jul 07 01:26:29.732179 np0000004691 nova-scheduler[93227]: DEBUG oslo.service.backend._threading.loopingcall [None req-6962cb66-31d8-4eab-a701-44c82566c124 None None] Dynamic interval looping call 'nova.service.Service.periodic_tasks' sleeping for 60.00 seconds {{(pid=93227) _run_loop /opt/stack/data/venv/lib/python3.12/site-packages/oslo_service/backend/_threading/loopingcall.py:125}}
Jul 07 01:26:34.724349 np0000004691 nova-scheduler[93219]: DEBUG dbcounter [-] [93219] Writing DB stats nova_cell0:SELECT=1,nova_cell0:UPDATE=1 {{(pid=93219) stat_writer /opt/stack/data/venv/lib/python3.12/site-packages/dbcounter.py:115}}
Jul 07 01:26:34.732586 np0000004691 nova-scheduler[93227]: DEBUG dbcounter [-] [93227] Writing DB stats nova_cell0:SELECT=1 {{(pid=93227) stat_writer /opt/stack/data/venv/lib/python3.12/site-packages/dbcounter.py:115}}
Jul 07 01:26:34.736158 np0000004691 nova-scheduler[93223]: DEBUG dbcounter [-] [93223] Writing DB stats nova_cell0:SELECT=1 {{(pid=93223) stat_writer /opt/stack/data/venv/lib/python3.12/site-packages/dbcounter.py:115}}
Jul 07 01:26:41.739267 np0000004691 nova-scheduler[93223]: DEBUG oslo.service.backend._threading.loopingcall [None req-30de5608-1769-4650-9dfd-b7eed56937ef None None] Dynamic interval looping call 'nova.service.Service.periodic_tasks' sleeping for 60.00 seconds {{(pid=93223) _run_loop /opt/stack/data/venv/lib/python3.12/site-packages/oslo_service/backend/_threading/loopingcall.py:125}}
Jul 07 01:26:56.426757 np0000004691 nova-scheduler[93219]: DEBUG nova.scheduler.manager [None req-ad01a92b-24bd-4595-ac53-d75545253333 tempest-ServerActionsTestOtherA-1351664782 tempest-ServerActionsTestOtherA-1351664782-project-member] Starting to schedule for instances: ['302194fe-fa62-4c81-93e3-54e9307abae8'] {{(pid=93219) select_destinations /opt/stack/nova/nova/scheduler/manager.py:209}}
Jul 07 01:26:56.427581 np0000004691 nova-scheduler[93219]: DEBUG nova.scheduler.request_filter [None req-ad01a92b-24bd-4595-ac53-d75545253333 tempest-ServerActionsTestOtherA-1351664782 tempest-ServerActionsTestOtherA-1351664782-project-member] compute_status_filter request filter added forbidden trait COMPUTE_STATUS_DISABLED {{(pid=93219) compute_status_filter /opt/stack/nova/nova/scheduler/request_filter.py:253}}
Jul 07 01:26:56.428092 np0000004691 nova-scheduler[93219]: DEBUG nova.scheduler.request_filter [None req-ad01a92b-24bd-4595-ac53-d75545253333 tempest-ServerActionsTestOtherA-1351664782 tempest-ServerActionsTestOtherA-1351664782-project-member] Request filter 'compute_status_filter' took 0.0 seconds {{(pid=93219) wrapper /opt/stack/nova/nova/scheduler/request_filter.py:46}}
Jul 07 01:26:56.428673 np0000004691 nova-scheduler[93219]: DEBUG nova.scheduler.request_filter [None req-ad01a92b-24bd-4595-ac53-d75545253333 tempest-ServerActionsTestOtherA-1351664782 tempest-ServerActionsTestOtherA-1351664782-project-member] Request filter 'accelerators_filter' took 0.0 seconds {{(pid=93219) wrapper /opt/stack/nova/nova/scheduler/request_filter.py:46}}
Jul 07 01:26:56.428865 np0000004691 nova-scheduler[93219]: DEBUG nova.scheduler.request_filter [None req-ad01a92b-24bd-4595-ac53-d75545253333 tempest-ServerActionsTestOtherA-1351664782 tempest-ServerActionsTestOtherA-1351664782-project-member] Request filter 'packed_virtqueue_filter' took 0.0 seconds {{(pid=93219) wrapper /opt/stack/nova/nova/scheduler/request_filter.py:46}}
Jul 07 01:26:56.429136 np0000004691 nova-scheduler[93219]: DEBUG nova.scheduler.request_filter [None req-ad01a92b-24bd-4595-ac53-d75545253333 tempest-ServerActionsTestOtherA-1351664782 tempest-ServerActionsTestOtherA-1351664782-project-member] Request filter 'remote_managed_ports_filter' took 0.0 seconds {{(pid=93219) wrapper /opt/stack/nova/nova/scheduler/request_filter.py:46}}
Jul 07 01:26:56.429303 np0000004691 nova-scheduler[93219]: DEBUG nova.scheduler.request_filter [None req-ad01a92b-24bd-4595-ac53-d75545253333 tempest-ServerActionsTestOtherA-1351664782 tempest-ServerActionsTestOtherA-1351664782-project-member] ephemeral_encryption_filter skipped {{(pid=93219) ephemeral_encryption_filter /opt/stack/nova/nova/scheduler/request_filter.py:426}}
Jul 07 01:26:56.429473 np0000004691 nova-scheduler[93219]: DEBUG nova.scheduler.request_filter [None req-ad01a92b-24bd-4595-ac53-d75545253333 tempest-ServerActionsTestOtherA-1351664782 tempest-ServerActionsTestOtherA-1351664782-project-member] virtio_sound_filter skipped {{(pid=93219) virtio_sound_filter /opt/stack/nova/nova/scheduler/request_filter.py:460}}
Jul 07 01:26:56.429632 np0000004691 nova-scheduler[93219]: DEBUG nova.scheduler.request_filter [None req-ad01a92b-24bd-4595-ac53-d75545253333 tempest-ServerActionsTestOtherA-1351664782 tempest-ServerActionsTestOtherA-1351664782-project-member] tpm_secret_security_filter skipped {{(pid=93219) tpm_secret_security_filter /opt/stack/nova/nova/scheduler/request_filter.py:477}}
Jul 07 01:26:56.671318 np0000004691 nova-scheduler[93227]: DEBUG nova.scheduler.manager [None req-d7bbac41-8689-4cc6-a34b-1116b726471e tempest-AttachVolumeShelveTestJSON-1513335626 tempest-AttachVolumeShelveTestJSON-1513335626-project-member] Starting to schedule for instances: ['4ac194b6-ca10-4207-8edd-538af7dddcff'] {{(pid=93227) select_destinations /opt/stack/nova/nova/scheduler/manager.py:209}}
Jul 07 01:26:56.672570 np0000004691 nova-scheduler[93227]: DEBUG nova.scheduler.request_filter [None req-d7bbac41-8689-4cc6-a34b-1116b726471e tempest-AttachVolumeShelveTestJSON-1513335626 tempest-AttachVolumeShelveTestJSON-1513335626-project-member] compute_status_filter request filter added forbidden trait COMPUTE_STATUS_DISABLED {{(pid=93227) compute_status_filter /opt/stack/nova/nova/scheduler/request_filter.py:253}}
Jul 07 01:26:56.672570 np0000004691 nova-scheduler[93227]: DEBUG nova.scheduler.request_filter [None req-d7bbac41-8689-4cc6-a34b-1116b726471e tempest-AttachVolumeShelveTestJSON-1513335626 tempest-AttachVolumeShelveTestJSON-1513335626-project-member] Request filter 'compute_status_filter' took 0.0 seconds {{(pid=93227) wrapper /opt/stack/nova/nova/scheduler/request_filter.py:46}}
Jul 07 01:26:56.672789 np0000004691 nova-scheduler[93227]: DEBUG nova.scheduler.request_filter [None req-d7bbac41-8689-4cc6-a34b-1116b726471e tempest-AttachVolumeShelveTestJSON-1513335626 tempest-AttachVolumeShelveTestJSON-1513335626-project-member] Request filter 'accelerators_filter' took 0.0 seconds {{(pid=93227) wrapper /opt/stack/nova/nova/scheduler/request_filter.py:46}}
Jul 07 01:26:56.673292 np0000004691 nova-scheduler[93227]: DEBUG nova.scheduler.request_filter [None req-d7bbac41-8689-4cc6-a34b-1116b726471e tempest-AttachVolumeShelveTestJSON-1513335626 tempest-AttachVolumeShelveTestJSON-1513335626-project-member] Request filter 'packed_virtqueue_filter' took 0.0 seconds {{(pid=93227) wrapper /opt/stack/nova/nova/scheduler/request_filter.py:46}}
Jul 07 01:26:56.673670 np0000004691 nova-scheduler[93227]: DEBUG nova.scheduler.request_filter [None req-d7bbac41-8689-4cc6-a34b-1116b726471e tempest-AttachVolumeShelveTestJSON-1513335626 tempest-AttachVolumeShelveTestJSON-1513335626-project-member] Request filter 'remote_managed_ports_filter' took 0.0 seconds {{(pid=93227) wrapper /opt/stack/nova/nova/scheduler/request_filter.py:46}}
Jul 07 01:26:56.673834 np0000004691 nova-scheduler[93227]: DEBUG nova.scheduler.request_filter [None req-d7bbac41-8689-4cc6-a34b-1116b726471e tempest-AttachVolumeShelveTestJSON-1513335626 tempest-AttachVolumeShelveTestJSON-1513335626-project-member] ephemeral_encryption_filter skipped {{(pid=93227) ephemeral_encryption_filter /opt/stack/nova/nova/scheduler/request_filter.py:426}}
Jul 07 01:26:56.675576 np0000004691 nova-scheduler[93227]: DEBUG nova.scheduler.request_filter [None req-d7bbac41-8689-4cc6-a34b-1116b726471e tempest-AttachVolumeShelveTestJSON-1513335626 tempest-AttachVolumeShelveTestJSON-1513335626-project-member] virtio_sound_filter skipped {{(pid=93227) virtio_sound_filter /opt/stack/nova/nova/scheduler/request_filter.py:460}}
Jul 07 01:26:56.676021 np0000004691 nova-scheduler[93227]: DEBUG nova.scheduler.request_filter [None req-d7bbac41-8689-4cc6-a34b-1116b726471e tempest-AttachVolumeShelveTestJSON-1513335626 tempest-AttachVolumeShelveTestJSON-1513335626-project-member] tpm_secret_security_filter skipped {{(pid=93227) tpm_secret_security_filter /opt/stack/nova/nova/scheduler/request_filter.py:477}}
Jul 07 01:26:57.136952 np0000004691 nova-scheduler[93227]: INFO nova.utils [None req-d7bbac41-8689-4cc6-a34b-1116b726471e tempest-AttachVolumeShelveTestJSON-1513335626 tempest-AttachVolumeShelveTestJSON-1513335626-project-member] The cell worker thread pool ForkProcess-3.cell_worker is initialized
Jul 07 01:26:57.137360 np0000004691 nova-scheduler[93227]: DEBUG oslo_concurrency.lockutils [None req-d7bbac41-8689-4cc6-a34b-1116b726471e tempest-AttachVolumeShelveTestJSON-1513335626 tempest-AttachVolumeShelveTestJSON-1513335626-project-member] Acquiring lock "39cae5f7-1100-4a74-ae57-98c4a5a4fd76" by "nova.context.set_target_cell..get_or_set_cached_cell_and_set_connections" {{(pid=93227) inner /opt/stack/data/venv/lib/python3.12/site-packages/oslo_concurrency/lockutils.py:511}}
Jul 07 01:26:57.137732 np0000004691 nova-scheduler[93227]: DEBUG oslo_concurrency.lockutils [None req-d7bbac41-8689-4cc6-a34b-1116b726471e tempest-AttachVolumeShelveTestJSON-1513335626 tempest-AttachVolumeShelveTestJSON-1513335626-project-member] Lock "39cae5f7-1100-4a74-ae57-98c4a5a4fd76" acquired by "nova.context.set_target_cell..get_or_set_cached_cell_and_set_connections" :: waited 0.000s {{(pid=93227) inner /opt/stack/data/venv/lib/python3.12/site-packages/oslo_concurrency/lockutils.py:524}}
Jul 07 01:26:57.139304 np0000004691 nova-scheduler[93227]: DEBUG oslo_concurrency.lockutils [None req-d7bbac41-8689-4cc6-a34b-1116b726471e tempest-AttachVolumeShelveTestJSON-1513335626 tempest-AttachVolumeShelveTestJSON-1513335626-project-member] Lock "39cae5f7-1100-4a74-ae57-98c4a5a4fd76" "released" by "nova.context.set_target_cell..get_or_set_cached_cell_and_set_connections" :: held 0.002s {{(pid=93227) inner /opt/stack/data/venv/lib/python3.12/site-packages/oslo_concurrency/lockutils.py:543}}
Jul 07 01:26:57.141944 np0000004691 nova-scheduler[93227]: INFO dbcounter [None req-d7bbac41-8689-4cc6-a34b-1116b726471e tempest-AttachVolumeShelveTestJSON-1513335626 tempest-AttachVolumeShelveTestJSON-1513335626-project-member] Registered counter for database nova_cell1
Jul 07 01:26:57.195567 np0000004691 nova-scheduler[93227]: DEBUG oslo_db.sqlalchemy.engines [None req-d7bbac41-8689-4cc6-a34b-1116b726471e tempest-AttachVolumeShelveTestJSON-1513335626 tempest-AttachVolumeShelveTestJSON-1513335626-project-member] MySQL server mode set to STRICT_TRANS_TABLES,STRICT_ALL_TABLES,NO_ZERO_IN_DATE,NO_ZERO_DATE,ERROR_FOR_DIVISION_BY_ZERO,TRADITIONAL,NO_ENGINE_SUBSTITUTION {{(pid=93227) _check_effective_sql_mode /opt/stack/data/venv/lib/python3.12/site-packages/oslo_db/sqlalchemy/engines.py:325}}
Jul 07 01:26:57.201616 np0000004691 nova-scheduler[93227]: DEBUG dbcounter [-] [93227] Writer thread running {{(pid=93227) stat_writer /opt/stack/data/venv/lib/python3.12/site-packages/dbcounter.py:102}}
Jul 07 01:26:57.215262 np0000004691 nova-scheduler[93227]: DEBUG oslo_db.sqlalchemy.engines [None req-d7bbac41-8689-4cc6-a34b-1116b726471e tempest-AttachVolumeShelveTestJSON-1513335626 tempest-AttachVolumeShelveTestJSON-1513335626-project-member] Parent process 92015 forked (93227) with an open database connection, which is being discarded and recreated. {{(pid=93227) checkout /opt/stack/data/venv/lib/python3.12/site-packages/oslo_db/sqlalchemy/engines.py:402}}
Jul 07 01:26:57.273601 np0000004691 nova-scheduler[93227]: DEBUG dbcounter [-] [93227] Writer thread running {{(pid=93227) stat_writer /opt/stack/data/venv/lib/python3.12/site-packages/dbcounter.py:102}}
Jul 07 01:26:57.276166 np0000004691 nova-scheduler[93227]: DEBUG oslo_concurrency.lockutils [None req-d7bbac41-8689-4cc6-a34b-1116b726471e tempest-AttachVolumeShelveTestJSON-1513335626 tempest-AttachVolumeShelveTestJSON-1513335626-project-member] Acquiring lock "39cae5f7-1100-4a74-ae57-98c4a5a4fd76" by "nova.context.set_target_cell..get_or_set_cached_cell_and_set_connections" {{(pid=93227) inner /opt/stack/data/venv/lib/python3.12/site-packages/oslo_concurrency/lockutils.py:511}}
Jul 07 01:26:57.276326 np0000004691 nova-scheduler[93227]: DEBUG oslo_concurrency.lockutils [None req-d7bbac41-8689-4cc6-a34b-1116b726471e tempest-AttachVolumeShelveTestJSON-1513335626 tempest-AttachVolumeShelveTestJSON-1513335626-project-member] Lock "39cae5f7-1100-4a74-ae57-98c4a5a4fd76" acquired by "nova.context.set_target_cell..get_or_set_cached_cell_and_set_connections" :: waited 0.000s {{(pid=93227) inner /opt/stack/data/venv/lib/python3.12/site-packages/oslo_concurrency/lockutils.py:524}}
Jul 07 01:26:57.276433 np0000004691 nova-scheduler[93227]: DEBUG oslo_concurrency.lockutils [None req-d7bbac41-8689-4cc6-a34b-1116b726471e tempest-AttachVolumeShelveTestJSON-1513335626 tempest-AttachVolumeShelveTestJSON-1513335626-project-member] Lock "39cae5f7-1100-4a74-ae57-98c4a5a4fd76" "released" by "nova.context.set_target_cell..get_or_set_cached_cell_and_set_connections" :: held 0.000s {{(pid=93227) inner /opt/stack/data/venv/lib/python3.12/site-packages/oslo_concurrency/lockutils.py:543}}
Jul 07 01:26:57.280738 np0000004691 nova-scheduler[93227]: DEBUG oslo_concurrency.lockutils [None req-d7bbac41-8689-4cc6-a34b-1116b726471e tempest-AttachVolumeShelveTestJSON-1513335626 tempest-AttachVolumeShelveTestJSON-1513335626-project-member] Acquiring lock "np0000004691-np0000004691" by "nova.scheduler.host_manager.HostState.update.._locked_update" {{(pid=93227) inner /opt/stack/data/venv/lib/python3.12/site-packages/oslo_concurrency/lockutils.py:511}}
Jul 07 01:26:57.281080 np0000004691 nova-scheduler[93227]: DEBUG oslo_concurrency.lockutils [None req-d7bbac41-8689-4cc6-a34b-1116b726471e tempest-AttachVolumeShelveTestJSON-1513335626 tempest-AttachVolumeShelveTestJSON-1513335626-project-member] Lock "np0000004691-np0000004691" acquired by "nova.scheduler.host_manager.HostState.update.._locked_update" :: waited 0.000s {{(pid=93227) inner /opt/stack/data/venv/lib/python3.12/site-packages/oslo_concurrency/lockutils.py:524}}
Jul 07 01:26:57.282001 np0000004691 nova-scheduler[93227]: DEBUG nova.scheduler.host_manager [None req-d7bbac41-8689-4cc6-a34b-1116b726471e tempest-AttachVolumeShelveTestJSON-1513335626 tempest-AttachVolumeShelveTestJSON-1513335626-project-member] Update host state from compute node: ComputeNode(cpu_allocation_ratio=4.0,cpu_info='{"arch": "x86_64", "model": "EPYC-Milan", "vendor": "AMD", "topology": {"cells": 1, "sockets": 16, "cores": 1, "threads": 1}, "maxphysaddr": {"mode": "emulate", "bits": 40}, "features": ["virt-ssbd", "amd-stibp", "pge", "smep", "fxsr_opt", "arat", "hypervisor", "movbe", "xsaveopt", "rdpid", "fxsr", "erms", "sep", "no-nested-data-bp", "vgif", "mtrr", "avx2", "sha-ni", "tsc-deadline", "vmcb-clean", "pfthreshold", "xsave", "clflush", "amd-psfd", "perfctr_core", "sse4.2", "skip-l1dfl-vmentry", "ssse3", "sse", "amd-ssbd", "ibpb", "ssbd", "xsavec", "misalignsse", "npt", "rdrand", "arch-capabilities", "clwb", "vpclmulqdq", "fsgsbase", "clflushopt", "rdctl-no", "avx", "xsaveerptr", "vme", "xsaves", "x2apic", "wbnoinvd", "lahf_lm", "v-vmsave-vmload", "osvw", "de", "mce", "pdpe1gb", "ibrs", "stibp", "spec-ctrl", "sse2", "nrip-save", "f16c", "rdseed", "null-sel-clr-base", "syscall", "tsc", "msr", "mmxext", "pku", "pae", "pcid", "rdtscp", "pschange-mc-no", "stibp-always-on", "lm", "pat", "pse36", "pse", "topoext", "cx16", "lfence-always-serializing", "umip", "cmov", "bmi2", "tsc_adjust", "fpu", "gds-no", "popcnt", "pni", "sse4a", "aes", "mmx", "cmp_legacy", "tsc-scale", "fsrm", "3dnowprefetch", "mca", "clzero", "pclmuldq", "lbrv", "fma", "xgetbv1", "flushbyasid", "smap", "abm", "invpcid", "adx", "cr8legacy", "sse4.1", "cx8", "svme-addr-chk", "vaes", "nx", "svm", "apic", "bmi1", "pause-filter", "mds-no"]}',created_at=2026-07-07T01:24:47Z,current_workload=0,deleted=False,deleted_at=None,disk_allocation_ratio=1.0,disk_available_least=73,free_disk_gb=95,free_ram_mb=62765,host='np0000004691',host_ip=10.4.3.91,hypervisor_hostname='np0000004691',hypervisor_type='QEMU',hypervisor_version=8002002,id=1,local_gb=95,local_gb_used=0,mapped=1,memory_mb=63277,memory_mb_used=512,metrics='[]',numa_topology='{"nova_object.name": "NUMATopology", "nova_object.namespace": "nova", "nova_object.version": "1.2", "nova_object.data": {"cells": [{"nova_object.name": "NUMACell", "nova_object.namespace": "nova", "nova_object.version": "1.5", "nova_object.data": {"id": 0, "cpuset": [0, 1, 2, 3, 4, 5, 6, 7, 8, 9, 10, 11, 12, 13, 14, 15], "pcpuset": [0, 1, 2, 3, 4, 5, 6, 7, 8, 9, 10, 11, 12, 13, 14, 15], "memory": 63277, "cpu_usage": 0, "memory_usage": 0, "pinned_cpus": [], "siblings": [[6], [12], [2], [15], [5], [11], [8], [14], [4], [1], [7], [10], [0], [13], [3], [9]], "mempages": [{"nova_object.name": "NUMAPagesTopology", "nova_object.namespace": "nova", "nova_object.version": "1.1", "nova_object.data": {"size_kb": 4, "total": 16177928, "used": 0, "reserved": 0}, "nova_object.changes": ["size_kb", "total", "reserved", "used"]}, {"nova_object.name": "NUMAPagesTopology", "nova_object.namespace": "nova", "nova_object.version": "1.1", "nova_object.data": {"size_kb": 2048, "total": 41, "used": 0, "reserved": 0}, "nova_object.changes": ["size_kb", "total", "reserved", "used"]}, {"nova_object.name": "NUMAPagesTopology", "nova_object.namespace": "nova", "nova_object.version": "1.1", "nova_object.data": {"size_kb": 1048576, "total": 0, "used": 0, "reserved": 0}, "nova_object.changes": ["size_kb", "total", "reserved", "used"]}], "network_metadata": {"nova_object.name": "NetworkMetadata", "nova_object.namespace": "nova", "nova_object.version": "1.0", "nova_object.data": {"physnets": [], "tunneled": false}, "nova_object.changes": ["tunneled", "physnets"]}, "socket": null}, "nova_object.changes": ["pcpuset", "id", "cpuset", "cpu_usage", "mempages", "socket", "memory_usage", "pinned_cpus", "siblings", "memory", "network_metadata"]}]}, "nova_object.changes": ["cells"]}',pci_device_pools=PciDevicePoolList,ram_allocation_ratio=1.0,running_vms=0,service_id=2,stats={failed_builds='0',uptime=' 01:26:30 up 13 min, 2 users, load average: 1.55, 1.40, 0.81
Jul 07 01:26:57.282001 np0000004691 nova-scheduler[93227]: '},supported_hv_specs=[HVSpec,HVSpec,HVSpec,HVSpec,HVSpec,HVSpec,HVSpec,HVSpec,HVSpec,HVSpec,HVSpec,HVSpec,HVSpec,HVSpec,HVSpec,HVSpec,HVSpec,HVSpec,HVSpec,HVSpec,HVSpec,HVSpec,HVSpec,HVSpec,HVSpec],updated_at=2026-07-07T01:26:33Z,uuid=4f48a380-d34d-40ac-ad5c-45a972d357f1,vcpus=16,vcpus_used=0) {{(pid=93227) _locked_update /opt/stack/nova/nova/scheduler/host_manager.py:168}}
Jul 07 01:26:57.282923 np0000004691 nova-scheduler[93227]: DEBUG nova.scheduler.host_manager [None req-d7bbac41-8689-4cc6-a34b-1116b726471e tempest-AttachVolumeShelveTestJSON-1513335626 tempest-AttachVolumeShelveTestJSON-1513335626-project-member] Update host state with aggregates: [] {{(pid=93227) _locked_update /opt/stack/nova/nova/scheduler/host_manager.py:171}}
Jul 07 01:26:57.283015 np0000004691 nova-scheduler[93227]: DEBUG nova.scheduler.host_manager [None req-d7bbac41-8689-4cc6-a34b-1116b726471e tempest-AttachVolumeShelveTestJSON-1513335626 tempest-AttachVolumeShelveTestJSON-1513335626-project-member] Update host state with service dict: {'id': 2, 'uuid': 'a271600c-754b-4f91-89c7-53a2f2fa90fb', 'host': 'np0000004691', 'binary': 'nova-compute', 'topic': 'compute', 'report_count': 2, 'disabled': False, 'disabled_reason': None, 'last_seen_up': datetime.datetime(2026, 7, 7, 1, 26, 55, tzinfo=datetime.timezone.utc), 'forced_down': False, 'version': 72, 'created_at': datetime.datetime(2026, 7, 7, 1, 24, 45, tzinfo=datetime.timezone.utc), 'updated_at': datetime.datetime(2026, 7, 7, 1, 26, 55, tzinfo=datetime.timezone.utc), 'deleted_at': None, 'deleted': False} {{(pid=93227) _locked_update /opt/stack/nova/nova/scheduler/host_manager.py:174}}
Jul 07 01:26:57.283134 np0000004691 nova-scheduler[93227]: DEBUG nova.scheduler.host_manager [None req-d7bbac41-8689-4cc6-a34b-1116b726471e tempest-AttachVolumeShelveTestJSON-1513335626 tempest-AttachVolumeShelveTestJSON-1513335626-project-member] Update host state with instances: [] {{(pid=93227) _locked_update /opt/stack/nova/nova/scheduler/host_manager.py:177}}
Jul 07 01:26:57.283532 np0000004691 nova-scheduler[93227]: DEBUG oslo_concurrency.lockutils [None req-d7bbac41-8689-4cc6-a34b-1116b726471e tempest-AttachVolumeShelveTestJSON-1513335626 tempest-AttachVolumeShelveTestJSON-1513335626-project-member] Lock "np0000004691-np0000004691" "released" by "nova.scheduler.host_manager.HostState.update.._locked_update" :: held 0.002s {{(pid=93227) inner /opt/stack/data/venv/lib/python3.12/site-packages/oslo_concurrency/lockutils.py:543}}
Jul 07 01:26:57.283701 np0000004691 nova-scheduler[93227]: DEBUG nova.filters [None req-d7bbac41-8689-4cc6-a34b-1116b726471e tempest-AttachVolumeShelveTestJSON-1513335626 tempest-AttachVolumeShelveTestJSON-1513335626-project-member] Starting with 1 host(s) {{(pid=93227) get_filtered_objects /opt/stack/nova/nova/filters.py:70}}
Jul 07 01:26:57.284008 np0000004691 nova-scheduler[93227]: DEBUG nova.filters [None req-d7bbac41-8689-4cc6-a34b-1116b726471e tempest-AttachVolumeShelveTestJSON-1513335626 tempest-AttachVolumeShelveTestJSON-1513335626-project-member] Filter ComputeFilter returned 1 host(s) {{(pid=93227) get_filtered_objects /opt/stack/nova/nova/filters.py:102}}
Jul 07 01:26:57.284188 np0000004691 nova-scheduler[93227]: DEBUG nova.filters [None req-d7bbac41-8689-4cc6-a34b-1116b726471e tempest-AttachVolumeShelveTestJSON-1513335626 tempest-AttachVolumeShelveTestJSON-1513335626-project-member] Filter ComputeCapabilitiesFilter returned 1 host(s) {{(pid=93227) get_filtered_objects /opt/stack/nova/nova/filters.py:102}}
Jul 07 01:26:57.284410 np0000004691 nova-scheduler[93227]: DEBUG nova.filters [None req-d7bbac41-8689-4cc6-a34b-1116b726471e tempest-AttachVolumeShelveTestJSON-1513335626 tempest-AttachVolumeShelveTestJSON-1513335626-project-member] Filter ImagePropertiesFilter returned 1 host(s) {{(pid=93227) get_filtered_objects /opt/stack/nova/nova/filters.py:102}}
Jul 07 01:26:57.284685 np0000004691 nova-scheduler[93227]: DEBUG nova.filters [None req-d7bbac41-8689-4cc6-a34b-1116b726471e tempest-AttachVolumeShelveTestJSON-1513335626 tempest-AttachVolumeShelveTestJSON-1513335626-project-member] Filter ServerGroupAntiAffinityFilter returned 1 host(s) {{(pid=93227) get_filtered_objects /opt/stack/nova/nova/filters.py:102}}
Jul 07 01:26:57.285476 np0000004691 nova-scheduler[93227]: DEBUG nova.filters [None req-d7bbac41-8689-4cc6-a34b-1116b726471e tempest-AttachVolumeShelveTestJSON-1513335626 tempest-AttachVolumeShelveTestJSON-1513335626-project-member] Filter ServerGroupAffinityFilter returned 1 host(s) {{(pid=93227) get_filtered_objects /opt/stack/nova/nova/filters.py:102}}
Jul 07 01:26:57.285476 np0000004691 nova-scheduler[93227]: DEBUG nova.filters [None req-d7bbac41-8689-4cc6-a34b-1116b726471e tempest-AttachVolumeShelveTestJSON-1513335626 tempest-AttachVolumeShelveTestJSON-1513335626-project-member] Filter SameHostFilter returned 1 host(s) {{(pid=93227) get_filtered_objects /opt/stack/nova/nova/filters.py:102}}
Jul 07 01:26:57.285476 np0000004691 nova-scheduler[93227]: DEBUG nova.filters [None req-d7bbac41-8689-4cc6-a34b-1116b726471e tempest-AttachVolumeShelveTestJSON-1513335626 tempest-AttachVolumeShelveTestJSON-1513335626-project-member] Filter DifferentHostFilter returned 1 host(s) {{(pid=93227) get_filtered_objects /opt/stack/nova/nova/filters.py:102}}
Jul 07 01:26:57.285476 np0000004691 nova-scheduler[93227]: DEBUG nova.scheduler.manager [None req-d7bbac41-8689-4cc6-a34b-1116b726471e tempest-AttachVolumeShelveTestJSON-1513335626 tempest-AttachVolumeShelveTestJSON-1513335626-project-member] Filtered [(np0000004691, np0000004691) ram: 62765MB disk: 74752MB io_ops: 0 instances: 0, allocation_candidates: 1] {{(pid=93227) _get_sorted_hosts /opt/stack/nova/nova/scheduler/manager.py:742}}
Jul 07 01:26:57.285697 np0000004691 nova-scheduler[93227]: DEBUG nova.scheduler.manager [None req-d7bbac41-8689-4cc6-a34b-1116b726471e tempest-AttachVolumeShelveTestJSON-1513335626 tempest-AttachVolumeShelveTestJSON-1513335626-project-member] Weighed [WeighedHost [host: (np0000004691, np0000004691) ram: 62765MB disk: 74752MB io_ops: 0 instances: 0, allocation_candidates: 1, weight: 0.0]] {{(pid=93227) _get_sorted_hosts /opt/stack/nova/nova/scheduler/manager.py:764}}
Jul 07 01:26:57.286033 np0000004691 nova-scheduler[93227]: DEBUG nova.scheduler.utils [None req-d7bbac41-8689-4cc6-a34b-1116b726471e tempest-AttachVolumeShelveTestJSON-1513335626 tempest-AttachVolumeShelveTestJSON-1513335626-project-member] Attempting to claim resources in the placement API for instance 4ac194b6-ca10-4207-8edd-538af7dddcff {{(pid=93227) claim_resources /opt/stack/nova/nova/scheduler/utils.py:1345}}
Jul 07 01:26:57.399036 np0000004691 nova-scheduler[93219]: INFO nova.utils [None req-ad01a92b-24bd-4595-ac53-d75545253333 tempest-ServerActionsTestOtherA-1351664782 tempest-ServerActionsTestOtherA-1351664782-project-member] The cell worker thread pool ForkProcess-1.cell_worker is initialized
Jul 07 01:26:57.399456 np0000004691 nova-scheduler[93219]: DEBUG oslo_concurrency.lockutils [None req-ad01a92b-24bd-4595-ac53-d75545253333 tempest-ServerActionsTestOtherA-1351664782 tempest-ServerActionsTestOtherA-1351664782-project-member] Acquiring lock "39cae5f7-1100-4a74-ae57-98c4a5a4fd76" by "nova.context.set_target_cell..get_or_set_cached_cell_and_set_connections" {{(pid=93219) inner /opt/stack/data/venv/lib/python3.12/site-packages/oslo_concurrency/lockutils.py:511}}
Jul 07 01:26:57.399718 np0000004691 nova-scheduler[93219]: DEBUG oslo_concurrency.lockutils [None req-ad01a92b-24bd-4595-ac53-d75545253333 tempest-ServerActionsTestOtherA-1351664782 tempest-ServerActionsTestOtherA-1351664782-project-member] Lock "39cae5f7-1100-4a74-ae57-98c4a5a4fd76" acquired by "nova.context.set_target_cell..get_or_set_cached_cell_and_set_connections" :: waited 0.000s {{(pid=93219) inner /opt/stack/data/venv/lib/python3.12/site-packages/oslo_concurrency/lockutils.py:524}}
Jul 07 01:26:57.401160 np0000004691 nova-scheduler[93219]: DEBUG oslo_concurrency.lockutils [None req-ad01a92b-24bd-4595-ac53-d75545253333 tempest-ServerActionsTestOtherA-1351664782 tempest-ServerActionsTestOtherA-1351664782-project-member] Lock "39cae5f7-1100-4a74-ae57-98c4a5a4fd76" "released" by "nova.context.set_target_cell..get_or_set_cached_cell_and_set_connections" :: held 0.001s {{(pid=93219) inner /opt/stack/data/venv/lib/python3.12/site-packages/oslo_concurrency/lockutils.py:543}}
Jul 07 01:26:57.405056 np0000004691 nova-scheduler[93219]: INFO dbcounter [None req-ad01a92b-24bd-4595-ac53-d75545253333 tempest-ServerActionsTestOtherA-1351664782 tempest-ServerActionsTestOtherA-1351664782-project-member] Registered counter for database nova_cell1
Jul 07 01:26:57.445762 np0000004691 nova-scheduler[93219]: DEBUG oslo_db.sqlalchemy.engines [None req-ad01a92b-24bd-4595-ac53-d75545253333 tempest-ServerActionsTestOtherA-1351664782 tempest-ServerActionsTestOtherA-1351664782-project-member] MySQL server mode set to STRICT_TRANS_TABLES,STRICT_ALL_TABLES,NO_ZERO_IN_DATE,NO_ZERO_DATE,ERROR_FOR_DIVISION_BY_ZERO,TRADITIONAL,NO_ENGINE_SUBSTITUTION {{(pid=93219) _check_effective_sql_mode /opt/stack/data/venv/lib/python3.12/site-packages/oslo_db/sqlalchemy/engines.py:325}}
Jul 07 01:26:57.452663 np0000004691 nova-scheduler[93219]: DEBUG dbcounter [-] [93219] Writer thread running {{(pid=93219) stat_writer /opt/stack/data/venv/lib/python3.12/site-packages/dbcounter.py:102}}
Jul 07 01:26:57.471850 np0000004691 nova-scheduler[93227]: DEBUG nova.scheduler.manager [None req-d7bbac41-8689-4cc6-a34b-1116b726471e tempest-AttachVolumeShelveTestJSON-1513335626 tempest-AttachVolumeShelveTestJSON-1513335626-project-member] [instance: 4ac194b6-ca10-4207-8edd-538af7dddcff] Selected host: (np0000004691, np0000004691) ram: 62765MB disk: 74752MB io_ops: 0 instances: 0, allocation_candidates: 1 {{(pid=93227) _consume_selected_host /opt/stack/nova/nova/scheduler/manager.py:624}}
Jul 07 01:26:57.472125 np0000004691 nova-scheduler[93227]: DEBUG oslo_concurrency.lockutils [None req-d7bbac41-8689-4cc6-a34b-1116b726471e tempest-AttachVolumeShelveTestJSON-1513335626 tempest-AttachVolumeShelveTestJSON-1513335626-project-member] Acquiring lock "np0000004691-np0000004691" by "nova.scheduler.host_manager.HostState.consume_from_request.._locked" {{(pid=93227) inner /opt/stack/data/venv/lib/python3.12/site-packages/oslo_concurrency/lockutils.py:511}}
Jul 07 01:26:57.472324 np0000004691 nova-scheduler[93227]: DEBUG oslo_concurrency.lockutils [None req-d7bbac41-8689-4cc6-a34b-1116b726471e tempest-AttachVolumeShelveTestJSON-1513335626 tempest-AttachVolumeShelveTestJSON-1513335626-project-member] Lock "np0000004691-np0000004691" acquired by "nova.scheduler.host_manager.HostState.consume_from_request.._locked" :: waited 0.000s {{(pid=93227) inner /opt/stack/data/venv/lib/python3.12/site-packages/oslo_concurrency/lockutils.py:524}}
Jul 07 01:26:57.472556 np0000004691 nova-scheduler[93227]: DEBUG oslo_concurrency.lockutils [None req-d7bbac41-8689-4cc6-a34b-1116b726471e tempest-AttachVolumeShelveTestJSON-1513335626 tempest-AttachVolumeShelveTestJSON-1513335626-project-member] Lock "np0000004691-np0000004691" "released" by "nova.scheduler.host_manager.HostState.consume_from_request.._locked" :: held 0.000s {{(pid=93227) inner /opt/stack/data/venv/lib/python3.12/site-packages/oslo_concurrency/lockutils.py:543}}
Jul 07 01:26:57.511848 np0000004691 nova-scheduler[93219]: DEBUG dbcounter [-] [93219] Writer thread running {{(pid=93219) stat_writer /opt/stack/data/venv/lib/python3.12/site-packages/dbcounter.py:102}}
Jul 07 01:26:57.515132 np0000004691 nova-scheduler[93219]: DEBUG oslo_concurrency.lockutils [None req-ad01a92b-24bd-4595-ac53-d75545253333 tempest-ServerActionsTestOtherA-1351664782 tempest-ServerActionsTestOtherA-1351664782-project-member] Acquiring lock "39cae5f7-1100-4a74-ae57-98c4a5a4fd76" by "nova.context.set_target_cell..get_or_set_cached_cell_and_set_connections" {{(pid=93219) inner /opt/stack/data/venv/lib/python3.12/site-packages/oslo_concurrency/lockutils.py:511}}
Jul 07 01:26:57.515431 np0000004691 nova-scheduler[93219]: DEBUG oslo_concurrency.lockutils [None req-ad01a92b-24bd-4595-ac53-d75545253333 tempest-ServerActionsTestOtherA-1351664782 tempest-ServerActionsTestOtherA-1351664782-project-member] Lock "39cae5f7-1100-4a74-ae57-98c4a5a4fd76" acquired by "nova.context.set_target_cell..get_or_set_cached_cell_and_set_connections" :: waited 0.000s {{(pid=93219) inner /opt/stack/data/venv/lib/python3.12/site-packages/oslo_concurrency/lockutils.py:524}}
