Jun 11 16:11:06.358118 np0000002645 nova-scheduler[95862]: DEBUG cotyledon.oslo_config_glue [-] oslo_limit.connect_retry_delay = None {{(pid=95862) log_opt_values /opt/stack/data/venv/lib/python3.12/site-packages/oslo_config/cfg.py:3256}}
Jun 11 16:11:06.358118 np0000002645 nova-scheduler[95862]: DEBUG cotyledon.oslo_config_glue [-] oslo_limit.endpoint_id = None {{(pid=95862) log_opt_values /opt/stack/data/venv/lib/python3.12/site-packages/oslo_config/cfg.py:3256}}
Jun 11 16:11:06.358118 np0000002645 nova-scheduler[95862]: DEBUG cotyledon.oslo_config_glue [-] oslo_limit.endpoint_interface = public {{(pid=95862) log_opt_values /opt/stack/data/venv/lib/python3.12/site-packages/oslo_config/cfg.py:3256}}
Jun 11 16:11:06.358118 np0000002645 nova-scheduler[95862]: DEBUG cotyledon.oslo_config_glue [-] oslo_limit.endpoint_override = None {{(pid=95862) log_opt_values /opt/stack/data/venv/lib/python3.12/site-packages/oslo_config/cfg.py:3256}}
Jun 11 16:11:06.358118 np0000002645 nova-scheduler[95862]: DEBUG cotyledon.oslo_config_glue [-] oslo_limit.endpoint_region_name = None {{(pid=95862) log_opt_values /opt/stack/data/venv/lib/python3.12/site-packages/oslo_config/cfg.py:3256}}
Jun 11 16:11:06.358118 np0000002645 nova-scheduler[95862]: DEBUG cotyledon.oslo_config_glue [-] oslo_limit.endpoint_service_name = None {{(pid=95862) log_opt_values /opt/stack/data/venv/lib/python3.12/site-packages/oslo_config/cfg.py:3256}}
Jun 11 16:11:06.358466 np0000002645 nova-scheduler[95862]: DEBUG cotyledon.oslo_config_glue [-] oslo_limit.endpoint_service_type = None {{(pid=95862) log_opt_values /opt/stack/data/venv/lib/python3.12/site-packages/oslo_config/cfg.py:3256}}
Jun 11 16:11:06.358466 np0000002645 nova-scheduler[95862]: DEBUG cotyledon.oslo_config_glue [-] oslo_limit.insecure = False {{(pid=95862) log_opt_values /opt/stack/data/venv/lib/python3.12/site-packages/oslo_config/cfg.py:3256}}
Jun 11 16:11:06.358466 np0000002645 nova-scheduler[95862]: DEBUG cotyledon.oslo_config_glue [-] oslo_limit.keyfile = None {{(pid=95862) log_opt_values /opt/stack/data/venv/lib/python3.12/site-packages/oslo_config/cfg.py:3256}}
Jun 11 16:11:06.358466 np0000002645 nova-scheduler[95862]: DEBUG cotyledon.oslo_config_glue [-] oslo_limit.max_version = None {{(pid=95862) log_opt_values /opt/stack/data/venv/lib/python3.12/site-packages/oslo_config/cfg.py:3256}}
Jun 11 16:11:06.358466 np0000002645 nova-scheduler[95862]: DEBUG cotyledon.oslo_config_glue [-] oslo_limit.min_version = None {{(pid=95862) log_opt_values /opt/stack/data/venv/lib/python3.12/site-packages/oslo_config/cfg.py:3256}}
Jun 11 16:11:06.358466 np0000002645 nova-scheduler[95862]: DEBUG cotyledon.oslo_config_glue [-] oslo_limit.region_name = None {{(pid=95862) log_opt_values /opt/stack/data/venv/lib/python3.12/site-packages/oslo_config/cfg.py:3256}}
Jun 11 16:11:06.358466 np0000002645 nova-scheduler[95862]: DEBUG cotyledon.oslo_config_glue [-] oslo_limit.retriable_status_codes = None {{(pid=95862) log_opt_values /opt/stack/data/venv/lib/python3.12/site-packages/oslo_config/cfg.py:3256}}
Jun 11 16:11:06.358466 np0000002645 nova-scheduler[95862]: DEBUG cotyledon.oslo_config_glue [-] oslo_limit.service_name = None {{(pid=95862) log_opt_values /opt/stack/data/venv/lib/python3.12/site-packages/oslo_config/cfg.py:3256}}
Jun 11 16:11:06.358466 np0000002645 nova-scheduler[95862]: DEBUG cotyledon.oslo_config_glue [-] oslo_limit.service_type = None {{(pid=95862) log_opt_values /opt/stack/data/venv/lib/python3.12/site-packages/oslo_config/cfg.py:3256}}
Jun 11 16:11:06.358733 np0000002645 nova-scheduler[95862]: DEBUG cotyledon.oslo_config_glue [-] oslo_limit.split_loggers = False {{(pid=95862) log_opt_values /opt/stack/data/venv/lib/python3.12/site-packages/oslo_config/cfg.py:3256}}
Jun 11 16:11:06.358733 np0000002645 nova-scheduler[95862]: DEBUG cotyledon.oslo_config_glue [-] oslo_limit.status_code_retries = None {{(pid=95862) log_opt_values /opt/stack/data/venv/lib/python3.12/site-packages/oslo_config/cfg.py:3256}}
Jun 11 16:11:06.358733 np0000002645 nova-scheduler[95862]: DEBUG cotyledon.oslo_config_glue [-] oslo_limit.status_code_retry_delay = None {{(pid=95862) log_opt_values /opt/stack/data/venv/lib/python3.12/site-packages/oslo_config/cfg.py:3256}}
Jun 11 16:11:06.358733 np0000002645 nova-scheduler[95862]: DEBUG cotyledon.oslo_config_glue [-] oslo_limit.timeout = None {{(pid=95862) log_opt_values /opt/stack/data/venv/lib/python3.12/site-packages/oslo_config/cfg.py:3256}}
Jun 11 16:11:06.358733 np0000002645 nova-scheduler[95862]: DEBUG cotyledon.oslo_config_glue [-] oslo_limit.valid_interfaces = None {{(pid=95862) log_opt_values /opt/stack/data/venv/lib/python3.12/site-packages/oslo_config/cfg.py:3256}}
Jun 11 16:11:06.358733 np0000002645 nova-scheduler[95862]: DEBUG cotyledon.oslo_config_glue [-] oslo_limit.version = None {{(pid=95862) log_opt_values /opt/stack/data/venv/lib/python3.12/site-packages/oslo_config/cfg.py:3256}}
Jun 11 16:11:06.358733 np0000002645 nova-scheduler[95862]: DEBUG cotyledon.oslo_config_glue [-] oslo_reports.file_event_handler = None {{(pid=95862) log_opt_values /opt/stack/data/venv/lib/python3.12/site-packages/oslo_config/cfg.py:3256}}
Jun 11 16:11:06.358733 np0000002645 nova-scheduler[95862]: DEBUG cotyledon.oslo_config_glue [-] oslo_reports.file_event_handler_interval = 1 {{(pid=95862) log_opt_values /opt/stack/data/venv/lib/python3.12/site-packages/oslo_config/cfg.py:3256}}
Jun 11 16:11:06.358733 np0000002645 nova-scheduler[95862]: DEBUG cotyledon.oslo_config_glue [-] oslo_reports.log_dir = None {{(pid=95862) log_opt_values /opt/stack/data/venv/lib/python3.12/site-packages/oslo_config/cfg.py:3256}}
Jun 11 16:11:06.358990 np0000002645 nova-scheduler[95862]: DEBUG cotyledon.oslo_config_glue [-] ******************************************************************************** {{(pid=95862) log_opt_values /opt/stack/data/venv/lib/python3.12/site-packages/oslo_config/cfg.py:3263}}
Jun 11 16:11:06.358990 np0000002645 nova-scheduler[95862]: DEBUG cotyledon._service_worker [-] Run service ServiceWrapper(2) [95862] {{(pid=95862) wait_forever /opt/stack/data/venv/lib/python3.12/site-packages/cotyledon/_service_worker.py:218}}
Jun 11 16:11:06.358990 np0000002645 nova-scheduler[95862]: INFO nova.service [-] Starting scheduler node (version 33.1.0)
Jun 11 16:11:06.358990 np0000002645 nova-scheduler[95862]: INFO dbcounter [None req-049d2841-6a02-4b72-bd4f-e7a421d03429 None None] Registered counter for database nova_cell0
Jun 11 16:11:06.359113 np0000002645 nova-scheduler[95832]: DEBUG oslo_db.sqlalchemy.engines [None req-3f60bfc9-3799-406e-9ad6-c351b239014c None None] MySQL server mode set to STRICT_TRANS_TABLES,STRICT_ALL_TABLES,NO_ZERO_IN_DATE,NO_ZERO_DATE,ERROR_FOR_DIVISION_BY_ZERO,TRADITIONAL,NO_ENGINE_SUBSTITUTION {{(pid=95832) _check_effective_sql_mode /opt/stack/data/venv/lib/python3.12/site-packages/oslo_db/sqlalchemy/engines.py:325}}
Jun 11 16:11:06.359152 np0000002645 nova-scheduler[95859]: DEBUG oslo_db.sqlalchemy.engines [None req-55b3c83f-51df-416d-afa5-bf5111dbe7ee None None] MySQL server mode set to STRICT_TRANS_TABLES,STRICT_ALL_TABLES,NO_ZERO_IN_DATE,NO_ZERO_DATE,ERROR_FOR_DIVISION_BY_ZERO,TRADITIONAL,NO_ENGINE_SUBSTITUTION {{(pid=95859) _check_effective_sql_mode /opt/stack/data/venv/lib/python3.12/site-packages/oslo_db/sqlalchemy/engines.py:325}}
Jun 11 16:11:06.365794 np0000002645 nova-scheduler[95832]: DEBUG dbcounter [-] [95832] Writer thread running {{(pid=95832) stat_writer /opt/stack/data/venv/lib/python3.12/site-packages/dbcounter.py:102}}
Jun 11 16:11:06.365990 np0000002645 nova-scheduler[95859]: DEBUG dbcounter [-] [95859] Writer thread running {{(pid=95859) stat_writer /opt/stack/data/venv/lib/python3.12/site-packages/dbcounter.py:102}}
Jun 11 16:11:06.379142 np0000002645 nova-scheduler[95859]: DEBUG nova.service [None req-55b3c83f-51df-416d-afa5-bf5111dbe7ee None None] Creating RPC server for service: nova-scheduler on topic: scheduler {{(pid=95859) start /opt/stack/nova/nova/service.py:196}}
Jun 11 16:11:06.383308 np0000002645 nova-scheduler[95832]: DEBUG nova.service [None req-3f60bfc9-3799-406e-9ad6-c351b239014c None None] Creating RPC server for service: nova-scheduler on topic: scheduler {{(pid=95832) start /opt/stack/nova/nova/service.py:196}}
Jun 11 16:11:06.401913 np0000002645 nova-scheduler[95862]: DEBUG oslo_db.sqlalchemy.engines [None req-049d2841-6a02-4b72-bd4f-e7a421d03429 None None] MySQL server mode set to STRICT_TRANS_TABLES,STRICT_ALL_TABLES,NO_ZERO_IN_DATE,NO_ZERO_DATE,ERROR_FOR_DIVISION_BY_ZERO,TRADITIONAL,NO_ENGINE_SUBSTITUTION {{(pid=95862) _check_effective_sql_mode /opt/stack/data/venv/lib/python3.12/site-packages/oslo_db/sqlalchemy/engines.py:325}}
Jun 11 16:11:06.409427 np0000002645 nova-scheduler[95859]: DEBUG nova.service [None req-55b3c83f-51df-416d-afa5-bf5111dbe7ee None None] Join ServiceGroup membership for this service scheduler {{(pid=95859) start /opt/stack/nova/nova/service.py:222}}
Jun 11 16:11:06.409584 np0000002645 nova-scheduler[95832]: DEBUG nova.service [None req-3f60bfc9-3799-406e-9ad6-c351b239014c None None] Join ServiceGroup membership for this service scheduler {{(pid=95832) start /opt/stack/nova/nova/service.py:222}}
Jun 11 16:11:06.409745 np0000002645 nova-scheduler[95832]: DEBUG nova.servicegroup.drivers.db [None req-3f60bfc9-3799-406e-9ad6-c351b239014c None None] DB_Driver: join new ServiceGroup member np0000002645 to the scheduler group, service = {{(pid=95832) join /opt/stack/nova/nova/servicegroup/drivers/db.py:44}}
Jun 11 16:11:06.409814 np0000002645 nova-scheduler[95859]: DEBUG nova.servicegroup.drivers.db [None req-55b3c83f-51df-416d-afa5-bf5111dbe7ee None None] DB_Driver: join new ServiceGroup member np0000002645 to the scheduler group, service = {{(pid=95859) join /opt/stack/nova/nova/servicegroup/drivers/db.py:44}}
Jun 11 16:11:06.413816 np0000002645 nova-scheduler[95862]: DEBUG dbcounter [-] [95862] Writer thread running {{(pid=95862) stat_writer /opt/stack/data/venv/lib/python3.12/site-packages/dbcounter.py:102}}
Jun 11 16:11:06.417121 np0000002645 nova-scheduler[95862]: DEBUG nova.service [None req-049d2841-6a02-4b72-bd4f-e7a421d03429 None None] Creating RPC server for service: nova-scheduler on topic: scheduler {{(pid=95862) start /opt/stack/nova/nova/service.py:196}}
Jun 11 16:11:06.435352 np0000002645 nova-scheduler[95862]: DEBUG nova.service [None req-049d2841-6a02-4b72-bd4f-e7a421d03429 None None] Join ServiceGroup membership for this service scheduler {{(pid=95862) start /opt/stack/nova/nova/service.py:222}}
Jun 11 16:11:06.435666 np0000002645 nova-scheduler[95862]: DEBUG nova.servicegroup.drivers.db [None req-049d2841-6a02-4b72-bd4f-e7a421d03429 None None] DB_Driver: join new ServiceGroup member np0000002645 to the scheduler group, service = {{(pid=95862) join /opt/stack/nova/nova/servicegroup/drivers/db.py:44}}
Jun 11 16:11:07.411753 np0000002645 nova-scheduler[95832]: DEBUG oslo.service.backend._threading.loopingcall [None req-0b378da2-15d3-4a17-b25c-05ad40502afd None None] Dynamic interval looping call 'nova.service.Service.periodic_tasks' sleeping for 60.00 seconds {{(pid=95832) _run_loop /opt/stack/data/venv/lib/python3.12/site-packages/oslo_service/backend/_threading/loopingcall.py:125}}
Jun 11 16:11:11.423236 np0000002645 nova-scheduler[95832]: DEBUG oslo.service.backend._threading.loopingcall [-] Fixed interval looping call 'nova.servicegroup.drivers.db.DbDriver._report_state' sleeping for 119.99 seconds {{(pid=95832) _run_loop /opt/stack/data/venv/lib/python3.12/site-packages/oslo_service/backend/_threading/loopingcall.py:125}}
Jun 11 16:11:11.423809 np0000002645 nova-scheduler[95859]: DEBUG oslo.service.backend._threading.loopingcall [-] Fixed interval looping call 'nova.servicegroup.drivers.db.DbDriver._report_state' sleeping for 119.99 seconds {{(pid=95859) _run_loop /opt/stack/data/venv/lib/python3.12/site-packages/oslo_service/backend/_threading/loopingcall.py:125}}
Jun 11 16:11:11.452623 np0000002645 nova-scheduler[95862]: DEBUG oslo.service.backend._threading.loopingcall [-] Fixed interval looping call 'nova.servicegroup.drivers.db.DbDriver._report_state' sleeping for 119.99 seconds {{(pid=95862) _run_loop /opt/stack/data/venv/lib/python3.12/site-packages/oslo_service/backend/_threading/loopingcall.py:125}}
Jun 11 16:11:14.908444 np0000002645 nova-scheduler[94593]: DEBUG dbcounter [-] [94593] Writing DB stats nova_api:SELECT=3 {{(pid=94593) stat_writer /opt/stack/data/venv/lib/python3.12/site-packages/dbcounter.py:115}}
Jun 11 16:11:15.075774 np0000002645 nova-scheduler[94593]: DEBUG dbcounter [-] [94593] Writing DB stats nova_cell0:SELECT=1 {{(pid=94593) stat_writer /opt/stack/data/venv/lib/python3.12/site-packages/dbcounter.py:115}}
Jun 11 16:11:15.079554 np0000002645 nova-scheduler[94593]: DEBUG dbcounter [-] [94593] Writing DB stats nova_cell1:SELECT=1 {{(pid=94593) stat_writer /opt/stack/data/venv/lib/python3.12/site-packages/dbcounter.py:115}}
Jun 11 16:11:21.419429 np0000002645 nova-scheduler[95832]: DEBUG dbcounter [-] [95832] Writing DB stats nova_cell0:SELECT=5,nova_cell0:INSERT=1,nova_cell0:UPDATE=1 {{(pid=95832) stat_writer /opt/stack/data/venv/lib/python3.12/site-packages/dbcounter.py:115}}
Jun 11 16:11:21.421150 np0000002645 nova-scheduler[95859]: DEBUG dbcounter [-] [95859] Writing DB stats nova_cell0:SELECT=4,nova_cell0:INSERT=1,nova_cell0:UPDATE=1 {{(pid=95859) stat_writer /opt/stack/data/venv/lib/python3.12/site-packages/dbcounter.py:115}}
Jun 11 16:11:21.449643 np0000002645 nova-scheduler[95862]: DEBUG dbcounter [-] [95862] Writing DB stats nova_cell0:SELECT=3 {{(pid=95862) stat_writer /opt/stack/data/venv/lib/python3.12/site-packages/dbcounter.py:115}}
Jun 11 16:11:52.412424 np0000002645 nova-scheduler[95859]: DEBUG oslo.service.backend._threading.loopingcall [None req-28674634-e726-4df9-bd62-9a13108fbada None None] Dynamic interval looping call 'nova.service.Service.periodic_tasks' sleeping for 60.00 seconds {{(pid=95859) _run_loop /opt/stack/data/venv/lib/python3.12/site-packages/oslo_service/backend/_threading/loopingcall.py:125}}
Jun 11 16:12:06.441247 np0000002645 nova-scheduler[95862]: DEBUG oslo.service.backend._threading.loopingcall [None req-c5a01b7b-fc75-4312-8897-0171e6c58d31 None None] Dynamic interval looping call 'nova.service.Service.periodic_tasks' sleeping for 60.00 seconds {{(pid=95862) _run_loop /opt/stack/data/venv/lib/python3.12/site-packages/oslo_service/backend/_threading/loopingcall.py:125}}
Jun 11 16:12:07.412427 np0000002645 nova-scheduler[95832]: DEBUG oslo.service.backend._threading.loopingcall [None req-0b378da2-15d3-4a17-b25c-05ad40502afd None None] Dynamic interval looping call 'nova.service.Service.periodic_tasks' sleeping for 60.00 seconds {{(pid=95832) _run_loop /opt/stack/data/venv/lib/python3.12/site-packages/oslo_service/backend/_threading/loopingcall.py:125}}
Jun 11 16:12:52.412866 np0000002645 nova-scheduler[95859]: DEBUG oslo.service.backend._threading.loopingcall [None req-28674634-e726-4df9-bd62-9a13108fbada None None] Dynamic interval looping call 'nova.service.Service.periodic_tasks' sleeping for 60.00 seconds {{(pid=95859) _run_loop /opt/stack/data/venv/lib/python3.12/site-packages/oslo_service/backend/_threading/loopingcall.py:125}}
Jun 11 16:13:06.441759 np0000002645 nova-scheduler[95862]: DEBUG oslo.service.backend._threading.loopingcall [None req-c5a01b7b-fc75-4312-8897-0171e6c58d31 None None] Dynamic interval looping call 'nova.service.Service.periodic_tasks' sleeping for 60.00 seconds {{(pid=95862) _run_loop /opt/stack/data/venv/lib/python3.12/site-packages/oslo_service/backend/_threading/loopingcall.py:125}}
Jun 11 16:13:07.412957 np0000002645 nova-scheduler[95832]: DEBUG oslo.service.backend._threading.loopingcall [None req-0b378da2-15d3-4a17-b25c-05ad40502afd None None] Dynamic interval looping call 'nova.service.Service.periodic_tasks' sleeping for 60.00 seconds {{(pid=95832) _run_loop /opt/stack/data/venv/lib/python3.12/site-packages/oslo_service/backend/_threading/loopingcall.py:125}}
Jun 11 16:13:11.421879 np0000002645 nova-scheduler[95859]: DEBUG oslo.service.backend._threading.loopingcall [-] Fixed interval looping call 'nova.servicegroup.drivers.db.DbDriver._report_state' sleeping for 119.99 seconds {{(pid=95859) _run_loop /opt/stack/data/venv/lib/python3.12/site-packages/oslo_service/backend/_threading/loopingcall.py:125}}
Jun 11 16:13:11.422317 np0000002645 nova-scheduler[95832]: DEBUG oslo.service.backend._threading.loopingcall [-] Fixed interval looping call 'nova.servicegroup.drivers.db.DbDriver._report_state' sleeping for 119.99 seconds {{(pid=95832) _run_loop /opt/stack/data/venv/lib/python3.12/site-packages/oslo_service/backend/_threading/loopingcall.py:125}}
Jun 11 16:13:11.450467 np0000002645 nova-scheduler[95862]: DEBUG oslo.service.backend._threading.loopingcall [-] Fixed interval looping call 'nova.servicegroup.drivers.db.DbDriver._report_state' sleeping for 119.99 seconds {{(pid=95862) _run_loop /opt/stack/data/venv/lib/python3.12/site-packages/oslo_service/backend/_threading/loopingcall.py:125}}
Jun 11 16:13:21.417189 np0000002645 nova-scheduler[95859]: DEBUG dbcounter [-] [95859] Writing DB stats nova_cell0:SELECT=1,nova_cell0:UPDATE=1 {{(pid=95859) stat_writer /opt/stack/data/venv/lib/python3.12/site-packages/dbcounter.py:115}}
Jun 11 16:13:21.417629 np0000002645 nova-scheduler[95832]: DEBUG dbcounter [-] [95832] Writing DB stats nova_cell0:SELECT=1,nova_cell0:UPDATE=1 {{(pid=95832) stat_writer /opt/stack/data/venv/lib/python3.12/site-packages/dbcounter.py:115}}
Jun 11 16:13:21.448506 np0000002645 nova-scheduler[95862]: DEBUG dbcounter [-] [95862] Writing DB stats nova_cell0:SELECT=1 {{(pid=95862) stat_writer /opt/stack/data/venv/lib/python3.12/site-packages/dbcounter.py:115}}
Jun 11 16:13:51.891035 np0000002645 nova-scheduler[95859]: DEBUG nova.scheduler.manager [None req-70c92c10-57cd-4acf-9282-e7ce9d582ea1 tempest-DeleteServersTestJSON-1831332432 tempest-DeleteServersTestJSON-1831332432-project-member] Starting to schedule for instances: ['855e898d-0151-410c-9a8b-91f3d2fe5c74'] {{(pid=95859) select_destinations /opt/stack/nova/nova/scheduler/manager.py:210}}
Jun 11 16:13:51.891823 np0000002645 nova-scheduler[95859]: DEBUG nova.scheduler.request_filter [None req-70c92c10-57cd-4acf-9282-e7ce9d582ea1 tempest-DeleteServersTestJSON-1831332432 tempest-DeleteServersTestJSON-1831332432-project-member] compute_status_filter request filter added forbidden trait COMPUTE_STATUS_DISABLED {{(pid=95859) compute_status_filter /opt/stack/nova/nova/scheduler/request_filter.py:253}}
Jun 11 16:13:51.892568 np0000002645 nova-scheduler[95859]: DEBUG nova.scheduler.request_filter [None req-70c92c10-57cd-4acf-9282-e7ce9d582ea1 tempest-DeleteServersTestJSON-1831332432 tempest-DeleteServersTestJSON-1831332432-project-member] Request filter 'compute_status_filter' took 0.0 seconds {{(pid=95859) wrapper /opt/stack/nova/nova/scheduler/request_filter.py:46}}
Jun 11 16:13:51.892568 np0000002645 nova-scheduler[95859]: DEBUG nova.scheduler.request_filter [None req-70c92c10-57cd-4acf-9282-e7ce9d582ea1 tempest-DeleteServersTestJSON-1831332432 tempest-DeleteServersTestJSON-1831332432-project-member] Request filter 'accelerators_filter' took 0.0 seconds {{(pid=95859) wrapper /opt/stack/nova/nova/scheduler/request_filter.py:46}}
Jun 11 16:13:51.893797 np0000002645 nova-scheduler[95859]: DEBUG nova.scheduler.request_filter [None req-70c92c10-57cd-4acf-9282-e7ce9d582ea1 tempest-DeleteServersTestJSON-1831332432 tempest-DeleteServersTestJSON-1831332432-project-member] Request filter 'packed_virtqueue_filter' took 0.0 seconds {{(pid=95859) wrapper /opt/stack/nova/nova/scheduler/request_filter.py:46}}
Jun 11 16:13:51.893797 np0000002645 nova-scheduler[95859]: DEBUG nova.scheduler.request_filter [None req-70c92c10-57cd-4acf-9282-e7ce9d582ea1 tempest-DeleteServersTestJSON-1831332432 tempest-DeleteServersTestJSON-1831332432-project-member] Request filter 'remote_managed_ports_filter' took 0.0 seconds {{(pid=95859) wrapper /opt/stack/nova/nova/scheduler/request_filter.py:46}}
Jun 11 16:13:51.893797 np0000002645 nova-scheduler[95859]: DEBUG nova.scheduler.request_filter [None req-70c92c10-57cd-4acf-9282-e7ce9d582ea1 tempest-DeleteServersTestJSON-1831332432 tempest-DeleteServersTestJSON-1831332432-project-member] ephemeral_encryption_filter skipped {{(pid=95859) ephemeral_encryption_filter /opt/stack/nova/nova/scheduler/request_filter.py:426}}
Jun 11 16:13:51.895001 np0000002645 nova-scheduler[95859]: DEBUG nova.scheduler.request_filter [None req-70c92c10-57cd-4acf-9282-e7ce9d582ea1 tempest-DeleteServersTestJSON-1831332432 tempest-DeleteServersTestJSON-1831332432-project-member] virtio_sound_filter skipped {{(pid=95859) virtio_sound_filter /opt/stack/nova/nova/scheduler/request_filter.py:460}}
Jun 11 16:13:51.895001 np0000002645 nova-scheduler[95859]: DEBUG nova.scheduler.request_filter [None req-70c92c10-57cd-4acf-9282-e7ce9d582ea1 tempest-DeleteServersTestJSON-1831332432 tempest-DeleteServersTestJSON-1831332432-project-member] tpm_secret_security_filter skipped {{(pid=95859) tpm_secret_security_filter /opt/stack/nova/nova/scheduler/request_filter.py:477}}
Jun 11 16:13:52.414697 np0000002645 nova-scheduler[95859]: DEBUG oslo.service.backend._threading.loopingcall [None req-28674634-e726-4df9-bd62-9a13108fbada None None] Dynamic interval looping call 'nova.service.Service.periodic_tasks' sleeping for 60.00 seconds {{(pid=95859) _run_loop /opt/stack/data/venv/lib/python3.12/site-packages/oslo_service/backend/_threading/loopingcall.py:125}}
Jun 11 16:13:52.544049 np0000002645 nova-scheduler[95859]: INFO nova.utils [None req-70c92c10-57cd-4acf-9282-e7ce9d582ea1 tempest-DeleteServersTestJSON-1831332432 tempest-DeleteServersTestJSON-1831332432-project-member] The cell worker thread pool ForkProcess-2.cell_worker is initialized
Jun 11 16:13:52.545307 np0000002645 nova-scheduler[95859]: DEBUG oslo_concurrency.lockutils [None req-70c92c10-57cd-4acf-9282-e7ce9d582ea1 tempest-DeleteServersTestJSON-1831332432 tempest-DeleteServersTestJSON-1831332432-project-member] Acquiring lock "7235cf5e-18e3-4f28-973d-5044479b9c81" by "nova.context.set_target_cell..get_or_set_cached_cell_and_set_connections" {{(pid=95859) inner /opt/stack/data/venv/lib/python3.12/site-packages/oslo_concurrency/lockutils.py:511}}
Jun 11 16:13:52.545307 np0000002645 nova-scheduler[95859]: DEBUG oslo_concurrency.lockutils [None req-70c92c10-57cd-4acf-9282-e7ce9d582ea1 tempest-DeleteServersTestJSON-1831332432 tempest-DeleteServersTestJSON-1831332432-project-member] Lock "7235cf5e-18e3-4f28-973d-5044479b9c81" acquired by "nova.context.set_target_cell..get_or_set_cached_cell_and_set_connections" :: waited 0.000s {{(pid=95859) inner /opt/stack/data/venv/lib/python3.12/site-packages/oslo_concurrency/lockutils.py:524}}
Jun 11 16:13:52.546432 np0000002645 nova-scheduler[95859]: DEBUG oslo_concurrency.lockutils [None req-70c92c10-57cd-4acf-9282-e7ce9d582ea1 tempest-DeleteServersTestJSON-1831332432 tempest-DeleteServersTestJSON-1831332432-project-member] Lock "7235cf5e-18e3-4f28-973d-5044479b9c81" "released" by "nova.context.set_target_cell..get_or_set_cached_cell_and_set_connections" :: held 0.002s {{(pid=95859) inner /opt/stack/data/venv/lib/python3.12/site-packages/oslo_concurrency/lockutils.py:543}}
Jun 11 16:13:52.548616 np0000002645 nova-scheduler[95859]: INFO dbcounter [None req-70c92c10-57cd-4acf-9282-e7ce9d582ea1 tempest-DeleteServersTestJSON-1831332432 tempest-DeleteServersTestJSON-1831332432-project-member] Registered counter for database nova_cell1
Jun 11 16:13:52.607562 np0000002645 nova-scheduler[95859]: DEBUG oslo_db.sqlalchemy.engines [None req-70c92c10-57cd-4acf-9282-e7ce9d582ea1 tempest-DeleteServersTestJSON-1831332432 tempest-DeleteServersTestJSON-1831332432-project-member] MySQL server mode set to STRICT_TRANS_TABLES,STRICT_ALL_TABLES,NO_ZERO_IN_DATE,NO_ZERO_DATE,ERROR_FOR_DIVISION_BY_ZERO,TRADITIONAL,NO_ENGINE_SUBSTITUTION {{(pid=95859) _check_effective_sql_mode /opt/stack/data/venv/lib/python3.12/site-packages/oslo_db/sqlalchemy/engines.py:325}}
Jun 11 16:13:52.615708 np0000002645 nova-scheduler[95859]: DEBUG dbcounter [-] [95859] Writer thread running {{(pid=95859) stat_writer /opt/stack/data/venv/lib/python3.12/site-packages/dbcounter.py:102}}
Jun 11 16:13:52.630939 np0000002645 nova-scheduler[95859]: DEBUG oslo_db.sqlalchemy.engines [None req-70c92c10-57cd-4acf-9282-e7ce9d582ea1 tempest-DeleteServersTestJSON-1831332432 tempest-DeleteServersTestJSON-1831332432-project-member] Parent process 94593 forked (95859) with an open database connection, which is being discarded and recreated. {{(pid=95859) checkout /opt/stack/data/venv/lib/python3.12/site-packages/oslo_db/sqlalchemy/engines.py:402}}
Jun 11 16:13:52.676274 np0000002645 nova-scheduler[95859]: DEBUG dbcounter [-] [95859] Writer thread running {{(pid=95859) stat_writer /opt/stack/data/venv/lib/python3.12/site-packages/dbcounter.py:102}}
Jun 11 16:13:52.679561 np0000002645 nova-scheduler[95859]: DEBUG oslo_concurrency.lockutils [None req-70c92c10-57cd-4acf-9282-e7ce9d582ea1 tempest-DeleteServersTestJSON-1831332432 tempest-DeleteServersTestJSON-1831332432-project-member] Acquiring lock "7235cf5e-18e3-4f28-973d-5044479b9c81" by "nova.context.set_target_cell..get_or_set_cached_cell_and_set_connections" {{(pid=95859) inner /opt/stack/data/venv/lib/python3.12/site-packages/oslo_concurrency/lockutils.py:511}}
Jun 11 16:13:52.679754 np0000002645 nova-scheduler[95859]: DEBUG oslo_concurrency.lockutils [None req-70c92c10-57cd-4acf-9282-e7ce9d582ea1 tempest-DeleteServersTestJSON-1831332432 tempest-DeleteServersTestJSON-1831332432-project-member] Lock "7235cf5e-18e3-4f28-973d-5044479b9c81" acquired by "nova.context.set_target_cell..get_or_set_cached_cell_and_set_connections" :: waited 0.000s {{(pid=95859) inner /opt/stack/data/venv/lib/python3.12/site-packages/oslo_concurrency/lockutils.py:524}}
Jun 11 16:13:52.679944 np0000002645 nova-scheduler[95859]: DEBUG oslo_concurrency.lockutils [None req-70c92c10-57cd-4acf-9282-e7ce9d582ea1 tempest-DeleteServersTestJSON-1831332432 tempest-DeleteServersTestJSON-1831332432-project-member] Lock "7235cf5e-18e3-4f28-973d-5044479b9c81" "released" by "nova.context.set_target_cell..get_or_set_cached_cell_and_set_connections" :: held 0.000s {{(pid=95859) inner /opt/stack/data/venv/lib/python3.12/site-packages/oslo_concurrency/lockutils.py:543}}
Jun 11 16:13:52.683806 np0000002645 nova-scheduler[95859]: DEBUG oslo_concurrency.lockutils [None req-70c92c10-57cd-4acf-9282-e7ce9d582ea1 tempest-DeleteServersTestJSON-1831332432 tempest-DeleteServersTestJSON-1831332432-project-member] Acquiring lock "('np0000002645', 'np0000002645')" by "nova.scheduler.host_manager.HostState.update.._locked_update" {{(pid=95859) inner /opt/stack/data/venv/lib/python3.12/site-packages/oslo_concurrency/lockutils.py:511}}
Jun 11 16:13:52.684068 np0000002645 nova-scheduler[95859]: DEBUG oslo_concurrency.lockutils [None req-70c92c10-57cd-4acf-9282-e7ce9d582ea1 tempest-DeleteServersTestJSON-1831332432 tempest-DeleteServersTestJSON-1831332432-project-member] Lock "('np0000002645', 'np0000002645')" acquired by "nova.scheduler.host_manager.HostState.update.._locked_update" :: waited 0.000s {{(pid=95859) inner /opt/stack/data/venv/lib/python3.12/site-packages/oslo_concurrency/lockutils.py:524}}
Jun 11 16:13:52.685763 np0000002645 nova-scheduler[95859]: DEBUG nova.scheduler.host_manager [None req-70c92c10-57cd-4acf-9282-e7ce9d582ea1 tempest-DeleteServersTestJSON-1831332432 tempest-DeleteServersTestJSON-1831332432-project-member] Update host state from compute node: ComputeNode(cpu_allocation_ratio=4.0,cpu_info='{"arch": "x86_64", "model": "EPYC-Milan", "vendor": "AMD", "topology": {"cells": 1, "sockets": 12, "cores": 1, "threads": 1}, "maxphysaddr": {"mode": "emulate", "bits": 40}, "features": ["ssse3", "nrip-save", "adx", "fsrm", "popcnt", "apic", "lahf_lm", "hypervisor", "stibp-always-on", "aes", "pse", "erms", "bmi2", "arch-capabilities", "svm", "tsc-scale", "tsc_adjust", "bmi1", "xsavec", "msr", "svme-addr-chk", "lm", "xsave", "pni", "arat", "ibpb", "skip-l1dfl-vmentry", "tsc-deadline", "xsaveopt", "umip", "wbnoinvd", "avx", "mtrr", "sep", "syscall", "sse4.2", "pat", "mca", "pdpe1gb", "rdtscp", "sse4.1", "null-sel-clr-base", "perfctr_core", "vpclmulqdq", "no-nested-data-bp", "pfthreshold", "sha-ni", "lfence-always-serializing", "sse2", "fpu", "sse", "vgif", "cx8", "mce", "topoext", "cr8legacy", "abm", "misalignsse", "spec-ctrl", "xsaves", "pschange-mc-no", "vme", "stibp", "fxsr", "amd-psfd", "mmxext", "v-vmsave-vmload", "virt-ssbd", "clflush", "smep", "pku", "sse4a", "clflushopt", "clzero", "movbe", "pclmuldq", "ibrs", "xgetbv1", "3dnowprefetch", "pae", "fma", "clwb", "osvw", "ssbd", "cmp_legacy", "gds-no", "pcid", "fsgsbase", "lbrv", "de", "rdrand", "vaes", "amd-stibp", "pge", "avx2", "rdseed", "mmx", "smap", "mds-no", "pse36", "vmcb-clean", "fxsr_opt", "rdpid", "rdctl-no", "npt", "invpcid", "nx", "f16c", "cmov", "xsaveerptr", "amd-ssbd", "x2apic", "flushbyasid", "pause-filter", "cx16", "tsc"]}',created_at=2026-06-11T16:11:32Z,current_workload=0,deleted=False,deleted_at=None,disk_allocation_ratio=1.0,disk_available_least=74,free_disk_gb=95,free_ram_mb=23518,host='np0000002645',host_ip=10.4.3.29,hypervisor_hostname='np0000002645',hypervisor_type='QEMU',hypervisor_version=8002002,id=1,local_gb=95,local_gb_used=0,mapped=1,memory_mb=24030,memory_mb_used=512,metrics='[]',numa_topology='{"nova_object.name": "NUMATopology", "nova_object.namespace": "nova", "nova_object.version": "1.2", "nova_object.data": {"cells": [{"nova_object.name": "NUMACell", "nova_object.namespace": "nova", "nova_object.version": "1.5", "nova_object.data": {"id": 0, "cpuset": [0, 1, 2, 3, 4, 5, 6, 7, 8, 9, 10, 11], "pcpuset": [0, 1, 2, 3, 4, 5, 6, 7, 8, 9, 10, 11], "memory": 24030, "cpu_usage": 0, "memory_usage": 0, "pinned_cpus": [], "siblings": [[6], [2], [5], [11], [8], [4], [1], [7], [10], [0], [3], [9]], "mempages": [{"nova_object.name": "NUMAPagesTopology", "nova_object.namespace": "nova", "nova_object.version": "1.1", "nova_object.data": {"size_kb": 4, "total": 6151798, "used": 0, "reserved": 0}, "nova_object.changes": ["used", "size_kb", "total", "reserved"]}, {"nova_object.name": "NUMAPagesTopology", "nova_object.namespace": "nova", "nova_object.version": "1.1", "nova_object.data": {"size_kb": 2048, "total": 0, "used": 0, "reserved": 0}, "nova_object.changes": ["used", "size_kb", "total", "reserved"]}, {"nova_object.name": "NUMAPagesTopology", "nova_object.namespace": "nova", "nova_object.version": "1.1", "nova_object.data": {"size_kb": 1048576, "total": 0, "used": 0, "reserved": 0}, "nova_object.changes": ["used", "size_kb", "total", "reserved"]}], "network_metadata": {"nova_object.name": "NetworkMetadata", "nova_object.namespace": "nova", "nova_object.version": "1.0", "nova_object.data": {"physnets": [], "tunneled": false}, "nova_object.changes": ["physnets", "tunneled"]}, "socket": null}, "nova_object.changes": ["id", "memory_usage", "network_metadata", "cpuset", "siblings", "pinned_cpus", "pcpuset", "mempages", "memory", "cpu_usage", "socket"]}]}, "nova_object.changes": ["cells"]}',pci_device_pools=PciDevicePoolList,ram_allocation_ratio=1.0,running_vms=0,service_id=3,stats={failed_builds='0',uptime=' 16:13:17 up 24 min, 2 users, load average: 1.57, 1.51, 0.85
Jun 11 16:13:52.685763 np0000002645 nova-scheduler[95859]: '},supported_hv_specs=[HVSpec,HVSpec,HVSpec,HVSpec,HVSpec,HVSpec,HVSpec,HVSpec,HVSpec,HVSpec,HVSpec,HVSpec,HVSpec,HVSpec,HVSpec,HVSpec,HVSpec,HVSpec,HVSpec,HVSpec,HVSpec,HVSpec,HVSpec,HVSpec,HVSpec],updated_at=2026-06-11T16:13:19Z,uuid=bbf90bc2-6f3e-4668-8a3e-b3394cd8d2eb,vcpus=12,vcpus_used=0) {{(pid=95859) _locked_update /opt/stack/nova/nova/scheduler/host_manager.py:168}}
Jun 11 16:13:52.686856 np0000002645 nova-scheduler[95859]: DEBUG nova.scheduler.host_manager [None req-70c92c10-57cd-4acf-9282-e7ce9d582ea1 tempest-DeleteServersTestJSON-1831332432 tempest-DeleteServersTestJSON-1831332432-project-member] Update host state with aggregates: [] {{(pid=95859) _locked_update /opt/stack/nova/nova/scheduler/host_manager.py:171}}
Jun 11 16:13:52.686933 np0000002645 nova-scheduler[95859]: DEBUG nova.scheduler.host_manager [None req-70c92c10-57cd-4acf-9282-e7ce9d582ea1 tempest-DeleteServersTestJSON-1831332432 tempest-DeleteServersTestJSON-1831332432-project-member] Update host state with service dict: {'id': 3, 'uuid': '4d6999a3-871a-45dc-a7d6-5f040ba63aaf', 'host': 'np0000002645', 'binary': 'nova-compute', 'topic': 'compute', 'report_count': 2, 'disabled': False, 'disabled_reason': None, 'last_seen_up': datetime.datetime(2026, 6, 11, 16, 13, 41, tzinfo=datetime.timezone.utc), 'forced_down': False, 'version': 72, 'created_at': datetime.datetime(2026, 6, 11, 16, 11, 30, tzinfo=datetime.timezone.utc), 'updated_at': datetime.datetime(2026, 6, 11, 16, 13, 41, tzinfo=datetime.timezone.utc), 'deleted_at': None, 'deleted': False} {{(pid=95859) _locked_update /opt/stack/nova/nova/scheduler/host_manager.py:174}}
Jun 11 16:13:52.687133 np0000002645 nova-scheduler[95859]: DEBUG nova.scheduler.host_manager [None req-70c92c10-57cd-4acf-9282-e7ce9d582ea1 tempest-DeleteServersTestJSON-1831332432 tempest-DeleteServersTestJSON-1831332432-project-member] Update host state with instances: [] {{(pid=95859) _locked_update /opt/stack/nova/nova/scheduler/host_manager.py:177}}
Jun 11 16:13:52.687307 np0000002645 nova-scheduler[95859]: DEBUG oslo_concurrency.lockutils [None req-70c92c10-57cd-4acf-9282-e7ce9d582ea1 tempest-DeleteServersTestJSON-1831332432 tempest-DeleteServersTestJSON-1831332432-project-member] Lock "('np0000002645', 'np0000002645')" "released" by "nova.scheduler.host_manager.HostState.update.._locked_update" :: held 0.003s {{(pid=95859) inner /opt/stack/data/venv/lib/python3.12/site-packages/oslo_concurrency/lockutils.py:543}}
Jun 11 16:13:52.687881 np0000002645 nova-scheduler[95859]: DEBUG nova.filters [None req-70c92c10-57cd-4acf-9282-e7ce9d582ea1 tempest-DeleteServersTestJSON-1831332432 tempest-DeleteServersTestJSON-1831332432-project-member] Starting with 1 host(s) {{(pid=95859) get_filtered_objects /opt/stack/nova/nova/filters.py:70}}
Jun 11 16:13:52.688174 np0000002645 nova-scheduler[95859]: DEBUG nova.filters [None req-70c92c10-57cd-4acf-9282-e7ce9d582ea1 tempest-DeleteServersTestJSON-1831332432 tempest-DeleteServersTestJSON-1831332432-project-member] Filter ComputeFilter returned 1 host(s) {{(pid=95859) get_filtered_objects /opt/stack/nova/nova/filters.py:102}}
Jun 11 16:13:52.688390 np0000002645 nova-scheduler[95859]: DEBUG nova.filters [None req-70c92c10-57cd-4acf-9282-e7ce9d582ea1 tempest-DeleteServersTestJSON-1831332432 tempest-DeleteServersTestJSON-1831332432-project-member] Filter ComputeCapabilitiesFilter returned 1 host(s) {{(pid=95859) get_filtered_objects /opt/stack/nova/nova/filters.py:102}}
Jun 11 16:13:52.688828 np0000002645 nova-scheduler[95859]: DEBUG nova.filters [None req-70c92c10-57cd-4acf-9282-e7ce9d582ea1 tempest-DeleteServersTestJSON-1831332432 tempest-DeleteServersTestJSON-1831332432-project-member] Filter ImagePropertiesFilter returned 1 host(s) {{(pid=95859) get_filtered_objects /opt/stack/nova/nova/filters.py:102}}
Jun 11 16:13:52.689247 np0000002645 nova-scheduler[95859]: DEBUG nova.filters [None req-70c92c10-57cd-4acf-9282-e7ce9d582ea1 tempest-DeleteServersTestJSON-1831332432 tempest-DeleteServersTestJSON-1831332432-project-member] Filter ServerGroupAntiAffinityFilter returned 1 host(s) {{(pid=95859) get_filtered_objects /opt/stack/nova/nova/filters.py:102}}
Jun 11 16:13:52.689247 np0000002645 nova-scheduler[95859]: DEBUG nova.filters [None req-70c92c10-57cd-4acf-9282-e7ce9d582ea1 tempest-DeleteServersTestJSON-1831332432 tempest-DeleteServersTestJSON-1831332432-project-member] Filter ServerGroupAffinityFilter returned 1 host(s) {{(pid=95859) get_filtered_objects /opt/stack/nova/nova/filters.py:102}}
Jun 11 16:13:52.689247 np0000002645 nova-scheduler[95859]: DEBUG nova.filters [None req-70c92c10-57cd-4acf-9282-e7ce9d582ea1 tempest-DeleteServersTestJSON-1831332432 tempest-DeleteServersTestJSON-1831332432-project-member] Filter SameHostFilter returned 1 host(s) {{(pid=95859) get_filtered_objects /opt/stack/nova/nova/filters.py:102}}
Jun 11 16:13:52.689411 np0000002645 nova-scheduler[95859]: DEBUG nova.filters [None req-70c92c10-57cd-4acf-9282-e7ce9d582ea1 tempest-DeleteServersTestJSON-1831332432 tempest-DeleteServersTestJSON-1831332432-project-member] Filter DifferentHostFilter returned 1 host(s) {{(pid=95859) get_filtered_objects /opt/stack/nova/nova/filters.py:102}}
Jun 11 16:13:52.689579 np0000002645 nova-scheduler[95859]: DEBUG nova.scheduler.manager [None req-70c92c10-57cd-4acf-9282-e7ce9d582ea1 tempest-DeleteServersTestJSON-1831332432 tempest-DeleteServersTestJSON-1831332432-project-member] Filtered [(np0000002645, np0000002645) ram: 23518MB disk: 75776MB io_ops: 0 instances: 0, allocation_candidates: 1] {{(pid=95859) _get_sorted_hosts /opt/stack/nova/nova/scheduler/manager.py:743}}
Jun 11 16:13:52.689925 np0000002645 nova-scheduler[95859]: DEBUG nova.scheduler.manager [None req-70c92c10-57cd-4acf-9282-e7ce9d582ea1 tempest-DeleteServersTestJSON-1831332432 tempest-DeleteServersTestJSON-1831332432-project-member] Weighed [WeighedHost [host: (np0000002645, np0000002645) ram: 23518MB disk: 75776MB io_ops: 0 instances: 0, allocation_candidates: 1, weight: 0.0]] {{(pid=95859) _get_sorted_hosts /opt/stack/nova/nova/scheduler/manager.py:765}}
Jun 11 16:13:52.690086 np0000002645 nova-scheduler[95859]: DEBUG nova.scheduler.utils [None req-70c92c10-57cd-4acf-9282-e7ce9d582ea1 tempest-DeleteServersTestJSON-1831332432 tempest-DeleteServersTestJSON-1831332432-project-member] Attempting to claim resources in the placement API for instance 855e898d-0151-410c-9a8b-91f3d2fe5c74 {{(pid=95859) claim_resources /opt/stack/nova/nova/scheduler/utils.py:1345}}
Jun 11 16:13:52.884368 np0000002645 nova-scheduler[95859]: DEBUG nova.scheduler.manager [None req-70c92c10-57cd-4acf-9282-e7ce9d582ea1 tempest-DeleteServersTestJSON-1831332432 tempest-DeleteServersTestJSON-1831332432-project-member] [instance: 855e898d-0151-410c-9a8b-91f3d2fe5c74] Selected host: (np0000002645, np0000002645) ram: 23518MB disk: 75776MB io_ops: 0 instances: 0, allocation_candidates: 1 {{(pid=95859) _consume_selected_host /opt/stack/nova/nova/scheduler/manager.py:625}}
Jun 11 16:13:52.884654 np0000002645 nova-scheduler[95859]: DEBUG oslo_concurrency.lockutils [None req-70c92c10-57cd-4acf-9282-e7ce9d582ea1 tempest-DeleteServersTestJSON-1831332432 tempest-DeleteServersTestJSON-1831332432-project-member] Acquiring lock "('np0000002645', 'np0000002645')" by "nova.scheduler.host_manager.HostState.consume_from_request.._locked" {{(pid=95859) inner /opt/stack/data/venv/lib/python3.12/site-packages/oslo_concurrency/lockutils.py:511}}
Jun 11 16:13:52.885940 np0000002645 nova-scheduler[95859]: DEBUG oslo_concurrency.lockutils [None req-70c92c10-57cd-4acf-9282-e7ce9d582ea1 tempest-DeleteServersTestJSON-1831332432 tempest-DeleteServersTestJSON-1831332432-project-member] Lock "('np0000002645', 'np0000002645')" acquired by "nova.scheduler.host_manager.HostState.consume_from_request.._locked" :: waited 0.000s {{(pid=95859) inner /opt/stack/data/venv/lib/python3.12/site-packages/oslo_concurrency/lockutils.py:524}}
Jun 11 16:13:52.885940 np0000002645 nova-scheduler[95859]: DEBUG oslo_concurrency.lockutils [None req-70c92c10-57cd-4acf-9282-e7ce9d582ea1 tempest-DeleteServersTestJSON-1831332432 tempest-DeleteServersTestJSON-1831332432-project-member] Lock "('np0000002645', 'np0000002645')" "released" by "nova.scheduler.host_manager.HostState.consume_from_request.._locked" :: held 0.000s {{(pid=95859) inner /opt/stack/data/venv/lib/python3.12/site-packages/oslo_concurrency/lockutils.py:543}}
Jun 11 16:14:01.017378 np0000002645 nova-scheduler[95832]: DEBUG nova.scheduler.manager [None req-25bec8b2-4489-420a-9f90-fcd41d182996 tempest-AttachSCSIVolumeTestJSON-1639032466 tempest-AttachSCSIVolumeTestJSON-1639032466-project-member] Starting to schedule for instances: ['c58dffd2-c182-4458-94d3-cc0612cc67b1'] {{(pid=95832) select_destinations /opt/stack/nova/nova/scheduler/manager.py:210}}
Jun 11 16:14:01.018356 np0000002645 nova-scheduler[95832]: DEBUG nova.scheduler.request_filter [None req-25bec8b2-4489-420a-9f90-fcd41d182996 tempest-AttachSCSIVolumeTestJSON-1639032466 tempest-AttachSCSIVolumeTestJSON-1639032466-project-member] compute_status_filter request filter added forbidden trait COMPUTE_STATUS_DISABLED {{(pid=95832) compute_status_filter /opt/stack/nova/nova/scheduler/request_filter.py:253}}
Jun 11 16:14:01.018356 np0000002645 nova-scheduler[95832]: DEBUG nova.scheduler.request_filter [None req-25bec8b2-4489-420a-9f90-fcd41d182996 tempest-AttachSCSIVolumeTestJSON-1639032466 tempest-AttachSCSIVolumeTestJSON-1639032466-project-member] Request filter 'compute_status_filter' took 0.0 seconds {{(pid=95832) wrapper /opt/stack/nova/nova/scheduler/request_filter.py:46}}
Jun 11 16:14:01.018446 np0000002645 nova-scheduler[95832]: DEBUG nova.scheduler.request_filter [None req-25bec8b2-4489-420a-9f90-fcd41d182996 tempest-AttachSCSIVolumeTestJSON-1639032466 tempest-AttachSCSIVolumeTestJSON-1639032466-project-member] Request filter 'accelerators_filter' took 0.0 seconds {{(pid=95832) wrapper /opt/stack/nova/nova/scheduler/request_filter.py:46}}
Jun 11 16:14:01.019551 np0000002645 nova-scheduler[95832]: DEBUG nova.scheduler.request_filter [None req-25bec8b2-4489-420a-9f90-fcd41d182996 tempest-AttachSCSIVolumeTestJSON-1639032466 tempest-AttachSCSIVolumeTestJSON-1639032466-project-member] Request filter 'packed_virtqueue_filter' took 0.0 seconds {{(pid=95832) wrapper /opt/stack/nova/nova/scheduler/request_filter.py:46}}
Jun 11 16:14:01.019551 np0000002645 nova-scheduler[95832]: DEBUG nova.scheduler.request_filter [None req-25bec8b2-4489-420a-9f90-fcd41d182996 tempest-AttachSCSIVolumeTestJSON-1639032466 tempest-AttachSCSIVolumeTestJSON-1639032466-project-member] Request filter 'remote_managed_ports_filter' took 0.0 seconds {{(pid=95832) wrapper /opt/stack/nova/nova/scheduler/request_filter.py:46}}
Jun 11 16:14:01.019551 np0000002645 nova-scheduler[95832]: DEBUG nova.scheduler.request_filter [None req-25bec8b2-4489-420a-9f90-fcd41d182996 tempest-AttachSCSIVolumeTestJSON-1639032466 tempest-AttachSCSIVolumeTestJSON-1639032466-project-member] ephemeral_encryption_filter skipped {{(pid=95832) ephemeral_encryption_filter /opt/stack/nova/nova/scheduler/request_filter.py:426}}
Jun 11 16:14:01.019551 np0000002645 nova-scheduler[95832]: DEBUG nova.scheduler.request_filter [None req-25bec8b2-4489-420a-9f90-fcd41d182996 tempest-AttachSCSIVolumeTestJSON-1639032466 tempest-AttachSCSIVolumeTestJSON-1639032466-project-member] virtio_sound_filter skipped {{(pid=95832) virtio_sound_filter /opt/stack/nova/nova/scheduler/request_filter.py:460}}
Jun 11 16:14:01.019551 np0000002645 nova-scheduler[95832]: DEBUG nova.scheduler.request_filter [None req-25bec8b2-4489-420a-9f90-fcd41d182996 tempest-AttachSCSIVolumeTestJSON-1639032466 tempest-AttachSCSIVolumeTestJSON-1639032466-project-member] tpm_secret_security_filter skipped {{(pid=95832) tpm_secret_security_filter /opt/stack/nova/nova/scheduler/request_filter.py:477}}
Jun 11 16:14:01.178058 np0000002645 nova-scheduler[95832]: INFO nova.utils [None req-25bec8b2-4489-420a-9f90-fcd41d182996 tempest-AttachSCSIVolumeTestJSON-1639032466 tempest-AttachSCSIVolumeTestJSON-1639032466-project-member] The cell worker thread pool ForkProcess-1.cell_worker is initialized
Jun 11 16:14:01.178550 np0000002645 nova-scheduler[95832]: DEBUG oslo_concurrency.lockutils [None req-25bec8b2-4489-420a-9f90-fcd41d182996 tempest-AttachSCSIVolumeTestJSON-1639032466 tempest-AttachSCSIVolumeTestJSON-1639032466-project-member] Acquiring lock "7235cf5e-18e3-4f28-973d-5044479b9c81" by "nova.context.set_target_cell..get_or_set_cached_cell_and_set_connections" {{(pid=95832) inner /opt/stack/data/venv/lib/python3.12/site-packages/oslo_concurrency/lockutils.py:511}}
Jun 11 16:14:01.178802 np0000002645 nova-scheduler[95832]: DEBUG oslo_concurrency.lockutils [None req-25bec8b2-4489-420a-9f90-fcd41d182996 tempest-AttachSCSIVolumeTestJSON-1639032466 tempest-AttachSCSIVolumeTestJSON-1639032466-project-member] Lock "7235cf5e-18e3-4f28-973d-5044479b9c81" acquired by "nova.context.set_target_cell..get_or_set_cached_cell_and_set_connections" :: waited 0.000s {{(pid=95832) inner /opt/stack/data/venv/lib/python3.12/site-packages/oslo_concurrency/lockutils.py:524}}
Jun 11 16:14:01.180394 np0000002645 nova-scheduler[95832]: DEBUG oslo_concurrency.lockutils [None req-25bec8b2-4489-420a-9f90-fcd41d182996 tempest-AttachSCSIVolumeTestJSON-1639032466 tempest-AttachSCSIVolumeTestJSON-1639032466-project-member] Lock "7235cf5e-18e3-4f28-973d-5044479b9c81" "released" by "nova.context.set_target_cell..get_or_set_cached_cell_and_set_connections" :: held 0.002s {{(pid=95832) inner /opt/stack/data/venv/lib/python3.12/site-packages/oslo_concurrency/lockutils.py:543}}
Jun 11 16:14:01.182384 np0000002645 nova-scheduler[95832]: INFO dbcounter [None req-25bec8b2-4489-420a-9f90-fcd41d182996 tempest-AttachSCSIVolumeTestJSON-1639032466 tempest-AttachSCSIVolumeTestJSON-1639032466-project-member] Registered counter for database nova_cell1
Jun 11 16:14:01.240312 np0000002645 nova-scheduler[95832]: DEBUG oslo_db.sqlalchemy.engines [None req-25bec8b2-4489-420a-9f90-fcd41d182996 tempest-AttachSCSIVolumeTestJSON-1639032466 tempest-AttachSCSIVolumeTestJSON-1639032466-project-member] MySQL server mode set to STRICT_TRANS_TABLES,STRICT_ALL_TABLES,NO_ZERO_IN_DATE,NO_ZERO_DATE,ERROR_FOR_DIVISION_BY_ZERO,TRADITIONAL,NO_ENGINE_SUBSTITUTION {{(pid=95832) _check_effective_sql_mode /opt/stack/data/venv/lib/python3.12/site-packages/oslo_db/sqlalchemy/engines.py:325}}
Jun 11 16:14:01.253478 np0000002645 nova-scheduler[95832]: DEBUG dbcounter [-] [95832] Writer thread running {{(pid=95832) stat_writer /opt/stack/data/venv/lib/python3.12/site-packages/dbcounter.py:102}}
Jun 11 16:14:01.332453 np0000002645 nova-scheduler[95832]: DEBUG dbcounter [-] [95832] Writer thread running {{(pid=95832) stat_writer /opt/stack/data/venv/lib/python3.12/site-packages/dbcounter.py:102}}
Jun 11 16:14:01.335347 np0000002645 nova-scheduler[95832]: DEBUG oslo_concurrency.lockutils [None req-25bec8b2-4489-420a-9f90-fcd41d182996 tempest-AttachSCSIVolumeTestJSON-1639032466 tempest-AttachSCSIVolumeTestJSON-1639032466-project-member] Acquiring lock "7235cf5e-18e3-4f28-973d-5044479b9c81" by "nova.context.set_target_cell..get_or_set_cached_cell_and_set_connections" {{(pid=95832) inner /opt/stack/data/venv/lib/python3.12/site-packages/oslo_concurrency/lockutils.py:511}}
Jun 11 16:14:01.335538 np0000002645 nova-scheduler[95832]: DEBUG oslo_concurrency.lockutils [None req-25bec8b2-4489-420a-9f90-fcd41d182996 tempest-AttachSCSIVolumeTestJSON-1639032466 tempest-AttachSCSIVolumeTestJSON-1639032466-project-member] Lock "7235cf5e-18e3-4f28-973d-5044479b9c81" acquired by "nova.context.set_target_cell..get_or_set_cached_cell_and_set_connections" :: waited 0.000s {{(pid=95832) inner /opt/stack/data/venv/lib/python3.12/site-packages/oslo_concurrency/lockutils.py:524}}
Jun 11 16:14:01.335651 np0000002645 nova-scheduler[95832]: DEBUG oslo_concurrency.lockutils [None req-25bec8b2-4489-420a-9f90-fcd41d182996 tempest-AttachSCSIVolumeTestJSON-1639032466 tempest-AttachSCSIVolumeTestJSON-1639032466-project-member] Lock "7235cf5e-18e3-4f28-973d-5044479b9c81" "released" by "nova.context.set_target_cell..get_or_set_cached_cell_and_set_connections" :: held 0.000s {{(pid=95832) inner /opt/stack/data/venv/lib/python3.12/site-packages/oslo_concurrency/lockutils.py:543}}
Jun 11 16:14:01.339432 np0000002645 nova-scheduler[95832]: DEBUG oslo_concurrency.lockutils [None req-25bec8b2-4489-420a-9f90-fcd41d182996 tempest-AttachSCSIVolumeTestJSON-1639032466 tempest-AttachSCSIVolumeTestJSON-1639032466-project-member] Acquiring lock "('np0000002645', 'np0000002645')" by "nova.scheduler.host_manager.HostState.update.._locked_update" {{(pid=95832) inner /opt/stack/data/venv/lib/python3.12/site-packages/oslo_concurrency/lockutils.py:511}}
Jun 11 16:14:01.339624 np0000002645 nova-scheduler[95832]: DEBUG oslo_concurrency.lockutils [None req-25bec8b2-4489-420a-9f90-fcd41d182996 tempest-AttachSCSIVolumeTestJSON-1639032466 tempest-AttachSCSIVolumeTestJSON-1639032466-project-member] Lock "('np0000002645', 'np0000002645')" acquired by "nova.scheduler.host_manager.HostState.update.._locked_update" :: waited 0.000s {{(pid=95832) inner /opt/stack/data/venv/lib/python3.12/site-packages/oslo_concurrency/lockutils.py:524}}
