Aug 17 00:25:48.637382 np0000007433 devstack@c-api.service[100204]: /opt/stack/data/venv/lib/python3.12/site-packages/oslo_context/context.py:102: DeprecationWarning: Policy enforcement is depending on the value of is_admin. This key is deprecated. Please update your policy file to use the standard policy values.
Aug 17 00:25:48.637382 np0000007433 devstack@c-api.service[100204]: warnings.warn(
Aug 17 00:25:48.640984 np0000007433 devstack@c-api.service[100204]: INFO cinder.volume.api [None req-092cb0ca-3d5f-4e7a-9f72-b22ca8edb5b8 tempest-DeleteServersTestJSON-2004234266 tempest-DeleteServersTestJSON-2004234266-project-member] Volume info retrieved successfully.
Aug 17 00:25:48.644911 np0000007433 devstack@c-api.service[100204]: INFO cinder.api.openstack.wsgi [None req-092cb0ca-3d5f-4e7a-9f72-b22ca8edb5b8 tempest-DeleteServersTestJSON-2004234266 tempest-DeleteServersTestJSON-2004234266-project-member] https://10.4.3.134/volume/v3/volumes/42b015f5-f47c-4ae8-aa3c-440f0c82b9f5 returned with HTTP 200
Aug 17 00:25:48.645307 np0000007433 devstack@c-api.service[100204]: [pid: 100204|app: 0|req: 115/463] 10.4.3.134 () {66 vars in 1348 bytes} [Mon Aug 17 00:25:48 2026] GET /volume/v3/volumes/42b015f5-f47c-4ae8-aa3c-440f0c82b9f5 => generated 845 bytes in 20 msecs (HTTP/1.1 200) 7 headers in 285 bytes (1 switches on core 0)
Aug 17 00:25:48.664605 np0000007433 devstack@c-api.service[100202]: DEBUG cinder.api.middleware.request_id [None req-e95a4583-3d5e-46d3-b22e-4b62295782a2 None None] RequestId filter calling following filter/app {{(pid=100202) _context_setter /opt/stack/cinder/cinder/api/middleware/request_id.py:62}}
Aug 17 00:25:48.665836 np0000007433 devstack@c-api.service[100206]: DEBUG cinder.api.middleware.request_id [None req-4f6d5baa-3ff3-4789-8d38-42118840a1a4 None None] RequestId filter calling following filter/app {{(pid=100206) _context_setter /opt/stack/cinder/cinder/api/middleware/request_id.py:62}}
Aug 17 00:25:48.666529 np0000007433 devstack@c-api.service[100202]: INFO cinder.api.openstack.wsgi [None req-e95a4583-3d5e-46d3-b22e-4b62295782a2 tempest-AttachSCSIVolumeTestJSON-196331653 tempest-AttachSCSIVolumeTestJSON-196331653-project-member] GET https://10.4.3.134/volume/v3/volumes/0894c61e-d857-449d-950c-611b74ec3fb3
Aug 17 00:25:48.667033 np0000007433 devstack@c-api.service[100202]: DEBUG cinder.api.openstack.wsgi [None req-e95a4583-3d5e-46d3-b22e-4b62295782a2 tempest-AttachSCSIVolumeTestJSON-196331653 tempest-AttachSCSIVolumeTestJSON-196331653-project-member] Empty body provided in request {{(pid=100202) get_body /opt/stack/cinder/cinder/api/openstack/wsgi.py:725}}
Aug 17 00:25:48.667033 np0000007433 devstack@c-api.service[100202]: DEBUG cinder.api.openstack.wsgi [None req-e95a4583-3d5e-46d3-b22e-4b62295782a2 tempest-AttachSCSIVolumeTestJSON-196331653 tempest-AttachSCSIVolumeTestJSON-196331653-project-member] Calling method 'show' {{(pid=100202) _process_stack /opt/stack/cinder/cinder/api/openstack/wsgi.py:878}}
Aug 17 00:25:48.667898 np0000007433 devstack@c-api.service[100206]: INFO cinder.api.openstack.wsgi [None req-4f6d5baa-3ff3-4789-8d38-42118840a1a4 tempest-VolumesAssistedSnapshotsTest-1356590485 tempest-VolumesAssistedSnapshotsTest-1356590485-project-admin] GET https://10.4.3.134/volume/v3/volumes/226eddb8-fec7-4417-985f-6d57baebda81
Aug 17 00:25:48.668356 np0000007433 devstack@c-api.service[100206]: DEBUG cinder.api.openstack.wsgi [None req-4f6d5baa-3ff3-4789-8d38-42118840a1a4 tempest-VolumesAssistedSnapshotsTest-1356590485 tempest-VolumesAssistedSnapshotsTest-1356590485-project-admin] Empty body provided in request {{(pid=100206) get_body /opt/stack/cinder/cinder/api/openstack/wsgi.py:725}}
Aug 17 00:25:48.668632 np0000007433 devstack@c-api.service[100206]: DEBUG cinder.api.openstack.wsgi [None req-4f6d5baa-3ff3-4789-8d38-42118840a1a4 tempest-VolumesAssistedSnapshotsTest-1356590485 tempest-VolumesAssistedSnapshotsTest-1356590485-project-admin] Calling method 'show' {{(pid=100206) _process_stack /opt/stack/cinder/cinder/api/openstack/wsgi.py:878}}
Aug 17 00:25:48.677718 np0000007433 devstack@c-api.service[100202]: /opt/stack/data/venv/lib/python3.12/site-packages/oslo_context/context.py:102: DeprecationWarning: Policy enforcement is depending on the value of is_admin. This key is deprecated. Please update your policy file to use the standard policy values.
Aug 17 00:25:48.677718 np0000007433 devstack@c-api.service[100202]: warnings.warn(
Aug 17 00:25:48.678453 np0000007433 devstack@c-api.service[100206]: /opt/stack/data/venv/lib/python3.12/site-packages/oslo_context/context.py:102: DeprecationWarning: Policy enforcement is depending on the value of is_admin. This key is deprecated. Please update your policy file to use the standard policy values.
Aug 17 00:25:48.678453 np0000007433 devstack@c-api.service[100206]: warnings.warn(
Aug 17 00:25:48.681478 np0000007433 devstack@c-api.service[100202]: INFO cinder.volume.api [None req-e95a4583-3d5e-46d3-b22e-4b62295782a2 tempest-AttachSCSIVolumeTestJSON-196331653 tempest-AttachSCSIVolumeTestJSON-196331653-project-member] Volume info retrieved successfully.
Aug 17 00:25:48.682435 np0000007433 devstack@c-api.service[100206]: INFO cinder.volume.api [None req-4f6d5baa-3ff3-4789-8d38-42118840a1a4 tempest-VolumesAssistedSnapshotsTest-1356590485 tempest-VolumesAssistedSnapshotsTest-1356590485-project-admin] Volume info retrieved successfully.
Aug 17 00:25:48.685969 np0000007433 devstack@c-api.service[100202]: INFO cinder.api.openstack.wsgi [None req-e95a4583-3d5e-46d3-b22e-4b62295782a2 tempest-AttachSCSIVolumeTestJSON-196331653 tempest-AttachSCSIVolumeTestJSON-196331653-project-member] https://10.4.3.134/volume/v3/volumes/0894c61e-d857-449d-950c-611b74ec3fb3 returned with HTTP 200
Aug 17 00:25:48.686375 np0000007433 devstack@c-api.service[100202]: [pid: 100202|app: 0|req: 116/464] 10.4.3.134 () {66 vars in 1348 bytes} [Mon Aug 17 00:25:48 2026] GET /volume/v3/volumes/0894c61e-d857-449d-950c-611b74ec3fb3 => generated 848 bytes in 22 msecs (HTTP/1.1 200) 7 headers in 285 bytes (1 switches on core 0)
Aug 17 00:25:48.686523 np0000007433 devstack@c-api.service[100206]: INFO cinder.api.openstack.wsgi [None req-4f6d5baa-3ff3-4789-8d38-42118840a1a4 tempest-VolumesAssistedSnapshotsTest-1356590485 tempest-VolumesAssistedSnapshotsTest-1356590485-project-admin] https://10.4.3.134/volume/v3/volumes/226eddb8-fec7-4417-985f-6d57baebda81 returned with HTTP 200
Aug 17 00:25:48.686961 np0000007433 devstack@c-api.service[100206]: [pid: 100206|app: 0|req: 117/465] 10.4.3.134 () {66 vars in 1348 bytes} [Mon Aug 17 00:25:48 2026] GET /volume/v3/volumes/226eddb8-fec7-4417-985f-6d57baebda81 => generated 1025 bytes in 21 msecs (HTTP/1.1 200) 7 headers in 286 bytes (1 switches on core 0)
Aug 17 00:25:48.765780 np0000007433 devstack@c-api.service[100203]: DEBUG cinder.api.middleware.request_id [None req-6f599c3b-9c46-4eda-add0-c16633cfdcd8 None None] RequestId filter calling following filter/app {{(pid=100203) _context_setter /opt/stack/cinder/cinder/api/middleware/request_id.py:62}}
Aug 17 00:25:48.768126 np0000007433 devstack@c-api.service[100203]: INFO cinder.api.openstack.wsgi [None req-6f599c3b-9c46-4eda-add0-c16633cfdcd8 tempest-TaggedAttachmentsTest-1114643402 tempest-TaggedAttachmentsTest-1114643402-project-member] GET https://10.4.3.134/volume/v3/volumes/2b87765f-db1c-4389-b542-a9fb98bc5a87
Aug 17 00:25:48.768466 np0000007433 devstack@c-api.service[100203]: DEBUG cinder.api.openstack.wsgi [None req-6f599c3b-9c46-4eda-add0-c16633cfdcd8 tempest-TaggedAttachmentsTest-1114643402 tempest-TaggedAttachmentsTest-1114643402-project-member] Empty body provided in request {{(pid=100203) get_body /opt/stack/cinder/cinder/api/openstack/wsgi.py:725}}
Aug 17 00:25:48.768735 np0000007433 devstack@c-api.service[100203]: DEBUG cinder.api.openstack.wsgi [None req-6f599c3b-9c46-4eda-add0-c16633cfdcd8 tempest-TaggedAttachmentsTest-1114643402 tempest-TaggedAttachmentsTest-1114643402-project-member] Calling method 'show' {{(pid=100203) _process_stack /opt/stack/cinder/cinder/api/openstack/wsgi.py:878}}
Aug 17 00:25:48.780669 np0000007433 devstack@c-api.service[100203]: /opt/stack/data/venv/lib/python3.12/site-packages/oslo_context/context.py:102: DeprecationWarning: Policy enforcement is depending on the value of is_admin. This key is deprecated. Please update your policy file to use the standard policy values.
Aug 17 00:25:48.780669 np0000007433 devstack@c-api.service[100203]: warnings.warn(
Aug 17 00:25:48.785157 np0000007433 devstack@c-api.service[100203]: INFO cinder.volume.api [None req-6f599c3b-9c46-4eda-add0-c16633cfdcd8 tempest-TaggedAttachmentsTest-1114643402 tempest-TaggedAttachmentsTest-1114643402-project-member] Volume info retrieved successfully.
Aug 17 00:25:48.790837 np0000007433 devstack@c-api.service[100203]: INFO cinder.api.openstack.wsgi [None req-6f599c3b-9c46-4eda-add0-c16633cfdcd8 tempest-TaggedAttachmentsTest-1114643402 tempest-TaggedAttachmentsTest-1114643402-project-member] https://10.4.3.134/volume/v3/volumes/2b87765f-db1c-4389-b542-a9fb98bc5a87 returned with HTTP 200
Aug 17 00:25:48.791393 np0000007433 devstack@c-api.service[100203]: [pid: 100203|app: 0|req: 118/466] 10.4.3.134 () {66 vars in 1348 bytes} [Mon Aug 17 00:25:48 2026] GET /volume/v3/volumes/2b87765f-db1c-4389-b542-a9fb98bc5a87 => generated 845 bytes in 26 msecs (HTTP/1.1 200) 7 headers in 285 bytes (1 switches on core 0)
Aug 17 00:25:48.987416 np0000007433 devstack@c-api.service[100204]: DEBUG cinder.api.middleware.request_id [None req-122e7680-3b6c-4dce-95b2-803934f871a1 None None] RequestId filter calling following filter/app {{(pid=100204) _context_setter /opt/stack/cinder/cinder/api/middleware/request_id.py:62}}
Aug 17 00:25:48.989039 np0000007433 devstack@c-api.service[100204]: INFO cinder.api.openstack.wsgi [None req-122e7680-3b6c-4dce-95b2-803934f871a1 tempest-TaggedBootDevicesTest_v242-637065363 tempest-TaggedBootDevicesTest_v242-637065363-project-member] GET https://10.4.3.134/volume/v3/volumes/41074e04-dfa3-4e5e-a828-1f992f9abb3c
Aug 17 00:25:48.989214 np0000007433 devstack@c-api.service[100204]: DEBUG cinder.api.openstack.wsgi [None req-122e7680-3b6c-4dce-95b2-803934f871a1 tempest-TaggedBootDevicesTest_v242-637065363 tempest-TaggedBootDevicesTest_v242-637065363-project-member] Empty body provided in request {{(pid=100204) get_body /opt/stack/cinder/cinder/api/openstack/wsgi.py:725}}
Aug 17 00:25:48.989412 np0000007433 devstack@c-api.service[100204]: DEBUG cinder.api.openstack.wsgi [None req-122e7680-3b6c-4dce-95b2-803934f871a1 tempest-TaggedBootDevicesTest_v242-637065363 tempest-TaggedBootDevicesTest_v242-637065363-project-member] Calling method 'show' {{(pid=100204) _process_stack /opt/stack/cinder/cinder/api/openstack/wsgi.py:878}}
Aug 17 00:25:48.997431 np0000007433 devstack@c-api.service[100204]: /opt/stack/data/venv/lib/python3.12/site-packages/oslo_context/context.py:102: DeprecationWarning: Policy enforcement is depending on the value of is_admin. This key is deprecated. Please update your policy file to use the standard policy values.
Aug 17 00:25:48.997431 np0000007433 devstack@c-api.service[100204]: warnings.warn(
Aug 17 00:25:49.000984 np0000007433 devstack@c-api.service[100204]: INFO cinder.volume.api [None req-122e7680-3b6c-4dce-95b2-803934f871a1 tempest-TaggedBootDevicesTest_v242-637065363 tempest-TaggedBootDevicesTest_v242-637065363-project-member] Volume info retrieved successfully.
Aug 17 00:25:49.004987 np0000007433 devstack@c-api.service[100204]: INFO cinder.api.openstack.wsgi [None req-122e7680-3b6c-4dce-95b2-803934f871a1 tempest-TaggedBootDevicesTest_v242-637065363 tempest-TaggedBootDevicesTest_v242-637065363-project-member] https://10.4.3.134/volume/v3/volumes/41074e04-dfa3-4e5e-a828-1f992f9abb3c returned with HTTP 200
Aug 17 00:25:49.005371 np0000007433 devstack@c-api.service[100204]: [pid: 100204|app: 0|req: 116/467] 10.4.3.134 () {66 vars in 1348 bytes} [Mon Aug 17 00:25:48 2026] GET /volume/v3/volumes/41074e04-dfa3-4e5e-a828-1f992f9abb3c => generated 910 bytes in 18 msecs (HTTP/1.1 200) 7 headers in 285 bytes (1 switches on core 0)
Aug 17 00:25:49.054006 np0000007433 devstack@c-api.service[100202]: DEBUG cinder.api.middleware.request_id [None req-d8339721-aa79-461a-8dc3-ebb72987ff7d None None] RequestId filter calling following filter/app {{(pid=100202) _context_setter /opt/stack/cinder/cinder/api/middleware/request_id.py:62}}
Aug 17 00:25:49.055691 np0000007433 devstack@c-api.service[100202]: INFO cinder.api.openstack.wsgi [None req-d8339721-aa79-461a-8dc3-ebb72987ff7d tempest-ServerRescueNegativeTestJSON-813749071 tempest-ServerRescueNegativeTestJSON-813749071-project-member] GET https://10.4.3.134/volume/v3/volumes/063815d5-0ed5-4448-9ccc-48f7e3d4d4be
Aug 17 00:25:49.055886 np0000007433 devstack@c-api.service[100202]: DEBUG cinder.api.openstack.wsgi [None req-d8339721-aa79-461a-8dc3-ebb72987ff7d tempest-ServerRescueNegativeTestJSON-813749071 tempest-ServerRescueNegativeTestJSON-813749071-project-member] Empty body provided in request {{(pid=100202) get_body /opt/stack/cinder/cinder/api/openstack/wsgi.py:725}}
Aug 17 00:25:49.056061 np0000007433 devstack@c-api.service[100202]: DEBUG cinder.api.openstack.wsgi [None req-d8339721-aa79-461a-8dc3-ebb72987ff7d tempest-ServerRescueNegativeTestJSON-813749071 tempest-ServerRescueNegativeTestJSON-813749071-project-member] Calling method 'show' {{(pid=100202) _process_stack /opt/stack/cinder/cinder/api/openstack/wsgi.py:878}}
Aug 17 00:25:49.064495 np0000007433 devstack@c-api.service[100202]: /opt/stack/data/venv/lib/python3.12/site-packages/oslo_context/context.py:102: DeprecationWarning: Policy enforcement is depending on the value of is_admin. This key is deprecated. Please update your policy file to use the standard policy values.
Aug 17 00:25:49.064495 np0000007433 devstack@c-api.service[100202]: warnings.warn(
Aug 17 00:25:49.067449 np0000007433 devstack@c-api.service[100202]: INFO cinder.volume.api [None req-d8339721-aa79-461a-8dc3-ebb72987ff7d tempest-ServerRescueNegativeTestJSON-813749071 tempest-ServerRescueNegativeTestJSON-813749071-project-member] Volume info retrieved successfully.
Aug 17 00:25:49.071056 np0000007433 devstack@c-api.service[100202]: INFO cinder.api.openstack.wsgi [None req-d8339721-aa79-461a-8dc3-ebb72987ff7d tempest-ServerRescueNegativeTestJSON-813749071 tempest-ServerRescueNegativeTestJSON-813749071-project-member] https://10.4.3.134/volume/v3/volumes/063815d5-0ed5-4448-9ccc-48f7e3d4d4be returned with HTTP 200
Aug 17 00:25:49.071407 np0000007433 devstack@c-api.service[100202]: [pid: 100202|app: 0|req: 117/468] 10.4.3.134 () {66 vars in 1348 bytes} [Mon Aug 17 00:25:49 2026] GET /volume/v3/volumes/063815d5-0ed5-4448-9ccc-48f7e3d4d4be => generated 851 bytes in 18 msecs (HTTP/1.1 200) 7 headers in 285 bytes (1 switches on core 0)
Aug 17 00:25:49.108323 np0000007433 devstack@c-api.service[100206]: DEBUG cinder.api.middleware.request_id [None req-c91d00c1-f238-4cea-aca2-9386049ceabd None None] RequestId filter calling following filter/app {{(pid=100206) _context_setter /opt/stack/cinder/cinder/api/middleware/request_id.py:62}}
Aug 17 00:25:49.110619 np0000007433 devstack@c-api.service[100206]: INFO cinder.api.openstack.wsgi [None req-c91d00c1-f238-4cea-aca2-9386049ceabd tempest-VolumesDeleteCascade-217336580 tempest-VolumesDeleteCascade-217336580-project-member] GET https://10.4.3.134/volume/v3/volumes/c49152b6-2a1d-45cc-b43a-76047439e667
Aug 17 00:25:49.110881 np0000007433 devstack@c-api.service[100206]: DEBUG cinder.api.openstack.wsgi [None req-c91d00c1-f238-4cea-aca2-9386049ceabd tempest-VolumesDeleteCascade-217336580 tempest-VolumesDeleteCascade-217336580-project-member] Empty body provided in request {{(pid=100206) get_body /opt/stack/cinder/cinder/api/openstack/wsgi.py:725}}
Aug 17 00:25:49.111149 np0000007433 devstack@c-api.service[100206]: DEBUG cinder.api.openstack.wsgi [None req-c91d00c1-f238-4cea-aca2-9386049ceabd tempest-VolumesDeleteCascade-217336580 tempest-VolumesDeleteCascade-217336580-project-member] Calling method 'show' {{(pid=100206) _process_stack /opt/stack/cinder/cinder/api/openstack/wsgi.py:878}}
Aug 17 00:25:49.117672 np0000007433 devstack@c-api.service[100206]: INFO cinder.api.openstack.wsgi [None req-c91d00c1-f238-4cea-aca2-9386049ceabd tempest-VolumesDeleteCascade-217336580 tempest-VolumesDeleteCascade-217336580-project-member] https://10.4.3.134/volume/v3/volumes/c49152b6-2a1d-45cc-b43a-76047439e667 returned with HTTP 404
Aug 17 00:25:49.118133 np0000007433 devstack@c-api.service[100206]: [pid: 100206|app: 0|req: 118/469] 10.4.3.134 () {66 vars in 1348 bytes} [Mon Aug 17 00:25:49 2026] GET /volume/v3/volumes/c49152b6-2a1d-45cc-b43a-76047439e667 => generated 109 bytes in 10 msecs (HTTP/1.1 404) 7 headers in 292 bytes (1 switches on core 0)
Aug 17 00:25:49.124269 np0000007433 devstack@c-api.service[100203]: DEBUG cinder.api.middleware.request_id [None req-68e71549-90ee-4dc5-a5a5-3c7722d0f50b None None] RequestId filter calling following filter/app {{(pid=100203) _context_setter /opt/stack/cinder/cinder/api/middleware/request_id.py:62}}
Aug 17 00:25:49.126068 np0000007433 devstack@c-api.service[100203]: INFO cinder.api.openstack.wsgi [None req-68e71549-90ee-4dc5-a5a5-3c7722d0f50b tempest-VolumesDeleteCascade-217336580 tempest-VolumesDeleteCascade-217336580-project-member] GET https://10.4.3.134/volume/v3/volumes
Aug 17 00:25:49.126296 np0000007433 devstack@c-api.service[100203]: DEBUG cinder.api.openstack.wsgi [None req-68e71549-90ee-4dc5-a5a5-3c7722d0f50b tempest-VolumesDeleteCascade-217336580 tempest-VolumesDeleteCascade-217336580-project-member] Empty body provided in request {{(pid=100203) get_body /opt/stack/cinder/cinder/api/openstack/wsgi.py:725}}
Aug 17 00:25:49.126568 np0000007433 devstack@c-api.service[100203]: DEBUG cinder.api.openstack.wsgi [None req-68e71549-90ee-4dc5-a5a5-3c7722d0f50b tempest-VolumesDeleteCascade-217336580 tempest-VolumesDeleteCascade-217336580-project-member] Calling method 'index' {{(pid=100203) _process_stack /opt/stack/cinder/cinder/api/openstack/wsgi.py:878}}
Aug 17 00:25:49.126813 np0000007433 devstack@c-api.service[100203]: DEBUG cinder.api.api_utils [None req-68e71549-90ee-4dc5-a5a5-3c7722d0f50b tempest-VolumesDeleteCascade-217336580 tempest-VolumesDeleteCascade-217336580-project-member] Removing options '' from query. {{(pid=100203) remove_invalid_filter_options /opt/stack/cinder/cinder/api/api_utils.py:82}}
Aug 17 00:25:49.127658 np0000007433 devstack@c-api.service[100203]: DEBUG cinder.volume.api [None req-68e71549-90ee-4dc5-a5a5-3c7722d0f50b tempest-VolumesDeleteCascade-217336580 tempest-VolumesDeleteCascade-217336580-project-member] Searching by: MultiDict([('no_migration_targets', True)]). {{(pid=100203) get_all /opt/stack/cinder/cinder/volume/api.py:664}}
Aug 17 00:25:49.135627 np0000007433 devstack@c-api.service[100203]: INFO cinder.volume.api [None req-68e71549-90ee-4dc5-a5a5-3c7722d0f50b tempest-VolumesDeleteCascade-217336580 tempest-VolumesDeleteCascade-217336580-project-member] Get all volumes completed successfully.
Aug 17 00:25:49.136139 np0000007433 devstack@c-api.service[100203]: INFO cinder.api.openstack.wsgi [None req-68e71549-90ee-4dc5-a5a5-3c7722d0f50b tempest-VolumesDeleteCascade-217336580 tempest-VolumesDeleteCascade-217336580-project-member] https://10.4.3.134/volume/v3/volumes returned with HTTP 200
Aug 17 00:25:49.136667 np0000007433 devstack@c-api.service[100203]: [pid: 100203|app: 0|req: 119/470] 10.4.3.134 () {66 vars in 1237 bytes} [Mon Aug 17 00:25:49 2026] GET /volume/v3/volumes => generated 334 bytes in 13 msecs (HTTP/1.1 200) 7 headers in 285 bytes (1 switches on core 0)
Aug 17 00:25:49.143563 np0000007433 devstack@c-api.service[100204]: DEBUG cinder.api.middleware.request_id [None req-c89aeb95-efb5-4129-895c-68026f99a618 None None] RequestId filter calling following filter/app {{(pid=100204) _context_setter /opt/stack/cinder/cinder/api/middleware/request_id.py:62}}
Aug 17 00:25:49.145547 np0000007433 devstack@c-api.service[100204]: INFO cinder.api.openstack.wsgi [None req-c89aeb95-efb5-4129-895c-68026f99a618 tempest-VolumesDeleteCascade-217336580 tempest-VolumesDeleteCascade-217336580-project-member] GET https://10.4.3.134/volume/v3/snapshots
Aug 17 00:25:49.145777 np0000007433 devstack@c-api.service[100204]: DEBUG cinder.api.openstack.wsgi [None req-c89aeb95-efb5-4129-895c-68026f99a618 tempest-VolumesDeleteCascade-217336580 tempest-VolumesDeleteCascade-217336580-project-member] Empty body provided in request {{(pid=100204) get_body /opt/stack/cinder/cinder/api/openstack/wsgi.py:725}}
Aug 17 00:25:49.146000 np0000007433 devstack@c-api.service[100204]: DEBUG cinder.api.openstack.wsgi [None req-c89aeb95-efb5-4129-895c-68026f99a618 tempest-VolumesDeleteCascade-217336580 tempest-VolumesDeleteCascade-217336580-project-member] Calling method 'index' {{(pid=100204) _process_stack /opt/stack/cinder/cinder/api/openstack/wsgi.py:878}}
Aug 17 00:25:49.146343 np0000007433 devstack@c-api.service[100204]: DEBUG cinder.api.api_utils [None req-c89aeb95-efb5-4129-895c-68026f99a618 tempest-VolumesDeleteCascade-217336580 tempest-VolumesDeleteCascade-217336580-project-member] Removing options '' from query. {{(pid=100204) remove_invalid_filter_options /opt/stack/cinder/cinder/api/api_utils.py:82}}
Aug 17 00:25:49.147559 np0000007433 devstack@c-api.service[100204]: DEBUG cinder.db.api [None req-c89aeb95-efb5-4129-895c-68026f99a618 tempest-VolumesDeleteCascade-217336580 tempest-VolumesDeleteCascade-217336580-project-member] Building query based on filter {{(pid=100204) _process_snaps_filters /opt/stack/cinder/cinder/db/api.py:3942}}
Aug 17 00:25:49.159403 np0000007433 devstack@c-api.service[100204]: INFO cinder.volume.api [None req-c89aeb95-efb5-4129-895c-68026f99a618 tempest-VolumesDeleteCascade-217336580 tempest-VolumesDeleteCascade-217336580-project-member] Get all snapshots completed successfully.
Aug 17 00:25:49.159686 np0000007433 devstack@c-api.service[100204]: INFO cinder.api.openstack.wsgi [None req-c89aeb95-efb5-4129-895c-68026f99a618 tempest-VolumesDeleteCascade-217336580 tempest-VolumesDeleteCascade-217336580-project-member] https://10.4.3.134/volume/v3/snapshots returned with HTTP 200
Aug 17 00:25:49.160099 np0000007433 devstack@c-api.service[100204]: [pid: 100204|app: 0|req: 117/471] 10.4.3.134 () {66 vars in 1243 bytes} [Mon Aug 17 00:25:49 2026] GET /volume/v3/snapshots => generated 17 bytes in 17 msecs (HTTP/1.1 200) 7 headers in 284 bytes (1 switches on core 0)
Aug 17 00:25:49.167941 np0000007433 devstack@c-api.service[100202]: DEBUG cinder.api.middleware.request_id [None req-3aa27f19-6491-48a9-b95e-ccec4c1abfaf None None] RequestId filter calling following filter/app {{(pid=100202) _context_setter /opt/stack/cinder/cinder/api/middleware/request_id.py:62}}
Aug 17 00:25:49.169444 np0000007433 devstack@c-api.service[100202]: INFO cinder.api.openstack.wsgi [None req-3aa27f19-6491-48a9-b95e-ccec4c1abfaf tempest-VolumesDeleteCascade-217336580 tempest-VolumesDeleteCascade-217336580-project-member] GET https://10.4.3.134/volume/v3/volumes/60fc9f97-9876-4aa9-9732-131421b01626
Aug 17 00:25:49.169602 np0000007433 devstack@c-api.service[100202]: DEBUG cinder.api.openstack.wsgi [None req-3aa27f19-6491-48a9-b95e-ccec4c1abfaf tempest-VolumesDeleteCascade-217336580 tempest-VolumesDeleteCascade-217336580-project-member] Empty body provided in request {{(pid=100202) get_body /opt/stack/cinder/cinder/api/openstack/wsgi.py:725}}
Aug 17 00:25:49.169773 np0000007433 devstack@c-api.service[100202]: DEBUG cinder.api.openstack.wsgi [None req-3aa27f19-6491-48a9-b95e-ccec4c1abfaf tempest-VolumesDeleteCascade-217336580 tempest-VolumesDeleteCascade-217336580-project-member] Calling method 'show' {{(pid=100202) _process_stack /opt/stack/cinder/cinder/api/openstack/wsgi.py:878}}
Aug 17 00:25:49.175752 np0000007433 devstack@c-api.service[100202]: /opt/stack/data/venv/lib/python3.12/site-packages/oslo_context/context.py:102: DeprecationWarning: Policy enforcement is depending on the value of is_admin. This key is deprecated. Please update your policy file to use the standard policy values.
Aug 17 00:25:49.175752 np0000007433 devstack@c-api.service[100202]: warnings.warn(
Aug 17 00:25:49.178852 np0000007433 devstack@c-api.service[100202]: INFO cinder.volume.api [None req-3aa27f19-6491-48a9-b95e-ccec4c1abfaf tempest-VolumesDeleteCascade-217336580 tempest-VolumesDeleteCascade-217336580-project-member] Volume info retrieved successfully.
Aug 17 00:25:49.182956 np0000007433 devstack@c-api.service[100202]: INFO cinder.api.openstack.wsgi [None req-3aa27f19-6491-48a9-b95e-ccec4c1abfaf tempest-VolumesDeleteCascade-217336580 tempest-VolumesDeleteCascade-217336580-project-member] https://10.4.3.134/volume/v3/volumes/60fc9f97-9876-4aa9-9732-131421b01626 returned with HTTP 200
Aug 17 00:25:49.183455 np0000007433 devstack@c-api.service[100202]: [pid: 100202|app: 0|req: 118/472] 10.4.3.134 () {66 vars in 1348 bytes} [Mon Aug 17 00:25:49 2026] GET /volume/v3/volumes/60fc9f97-9876-4aa9-9732-131421b01626 => generated 877 bytes in 16 msecs (HTTP/1.1 200) 7 headers in 285 bytes (1 switches on core 0)
Aug 17 00:25:49.198074 np0000007433 devstack@c-api.service[100206]: DEBUG cinder.api.middleware.request_id [None req-4405e36f-08e6-4d54-9cc8-5bff3c6ff25d None None] RequestId filter calling following filter/app {{(pid=100206) _context_setter /opt/stack/cinder/cinder/api/middleware/request_id.py:62}}
Aug 17 00:25:49.199689 np0000007433 devstack@c-api.service[100206]: INFO cinder.api.openstack.wsgi [None req-4405e36f-08e6-4d54-9cc8-5bff3c6ff25d tempest-VolumesDeleteCascade-217336580 tempest-VolumesDeleteCascade-217336580-project-member] DELETE https://10.4.3.134/volume/v3/volumes/60fc9f97-9876-4aa9-9732-131421b01626
Aug 17 00:25:49.199892 np0000007433 devstack@c-api.service[100206]: DEBUG cinder.api.openstack.wsgi [None req-4405e36f-08e6-4d54-9cc8-5bff3c6ff25d tempest-VolumesDeleteCascade-217336580 tempest-VolumesDeleteCascade-217336580-project-member] Empty body provided in request {{(pid=100206) get_body /opt/stack/cinder/cinder/api/openstack/wsgi.py:725}}
Aug 17 00:25:49.200077 np0000007433 devstack@c-api.service[100206]: DEBUG cinder.api.openstack.wsgi [None req-4405e36f-08e6-4d54-9cc8-5bff3c6ff25d tempest-VolumesDeleteCascade-217336580 tempest-VolumesDeleteCascade-217336580-project-member] Calling method 'delete' {{(pid=100206) _process_stack /opt/stack/cinder/cinder/api/openstack/wsgi.py:878}}
Aug 17 00:25:49.200279 np0000007433 devstack@c-api.service[100206]: INFO cinder.api.v3.volumes [None req-4405e36f-08e6-4d54-9cc8-5bff3c6ff25d tempest-VolumesDeleteCascade-217336580 tempest-VolumesDeleteCascade-217336580-project-member] Delete volume with id: 60fc9f97-9876-4aa9-9732-131421b01626
Aug 17 00:25:49.207282 np0000007433 devstack@c-api.service[100206]: /opt/stack/data/venv/lib/python3.12/site-packages/oslo_context/context.py:102: DeprecationWarning: Policy enforcement is depending on the value of is_admin. This key is deprecated. Please update your policy file to use the standard policy values.
Aug 17 00:25:49.207282 np0000007433 devstack@c-api.service[100206]: warnings.warn(
Aug 17 00:25:49.207677 np0000007433 devstack@c-api.service[100206]: INFO cinder.volume.api [None req-4405e36f-08e6-4d54-9cc8-5bff3c6ff25d tempest-VolumesDeleteCascade-217336580 tempest-VolumesDeleteCascade-217336580-project-member] Volume info retrieved successfully.
Aug 17 00:25:49.223165 np0000007433 devstack@c-api.service[100206]: INFO cinder.volume.api [None req-4405e36f-08e6-4d54-9cc8-5bff3c6ff25d tempest-VolumesDeleteCascade-217336580 tempest-VolumesDeleteCascade-217336580-project-member] Delete volume request issued successfully.
Aug 17 00:25:49.223363 np0000007433 devstack@c-api.service[100206]: INFO cinder.api.openstack.wsgi [None req-4405e36f-08e6-4d54-9cc8-5bff3c6ff25d tempest-VolumesDeleteCascade-217336580 tempest-VolumesDeleteCascade-217336580-project-member] https://10.4.3.134/volume/v3/volumes/60fc9f97-9876-4aa9-9732-131421b01626 returned with HTTP 202
Aug 17 00:25:49.223763 np0000007433 devstack@c-api.service[100206]: [pid: 100206|app: 0|req: 119/473] 10.4.3.134 () {66 vars in 1351 bytes} [Mon Aug 17 00:25:49 2026] DELETE /volume/v3/volumes/60fc9f97-9876-4aa9-9732-131421b01626 => generated 0 bytes in 26 msecs (HTTP/1.1 202) 6 headers in 233 bytes (1 switches on core 0)
Aug 17 00:25:49.230797 np0000007433 devstack@c-api.service[100203]: DEBUG cinder.api.middleware.request_id [None req-f4293a9c-dc4f-487c-9858-a9037b6eb1b0 None None] RequestId filter calling following filter/app {{(pid=100203) _context_setter /opt/stack/cinder/cinder/api/middleware/request_id.py:62}}
Aug 17 00:25:49.232791 np0000007433 devstack@c-api.service[100203]: INFO cinder.api.openstack.wsgi [None req-f4293a9c-dc4f-487c-9858-a9037b6eb1b0 tempest-VolumesDeleteCascade-217336580 tempest-VolumesDeleteCascade-217336580-project-member] GET https://10.4.3.134/volume/v3/volumes/60fc9f97-9876-4aa9-9732-131421b01626
Aug 17 00:25:49.233065 np0000007433 devstack@c-api.service[100203]: DEBUG cinder.api.openstack.wsgi [None req-f4293a9c-dc4f-487c-9858-a9037b6eb1b0 tempest-VolumesDeleteCascade-217336580 tempest-VolumesDeleteCascade-217336580-project-member] Empty body provided in request {{(pid=100203) get_body /opt/stack/cinder/cinder/api/openstack/wsgi.py:725}}
Aug 17 00:25:49.233346 np0000007433 devstack@c-api.service[100203]: DEBUG cinder.api.openstack.wsgi [None req-f4293a9c-dc4f-487c-9858-a9037b6eb1b0 tempest-VolumesDeleteCascade-217336580 tempest-VolumesDeleteCascade-217336580-project-member] Calling method 'show' {{(pid=100203) _process_stack /opt/stack/cinder/cinder/api/openstack/wsgi.py:878}}
Aug 17 00:25:49.241677 np0000007433 devstack@c-api.service[100203]: /opt/stack/data/venv/lib/python3.12/site-packages/oslo_context/context.py:102: DeprecationWarning: Policy enforcement is depending on the value of is_admin. This key is deprecated. Please update your policy file to use the standard policy values.
Aug 17 00:25:49.241677 np0000007433 devstack@c-api.service[100203]: warnings.warn(
Aug 17 00:25:49.246418 np0000007433 devstack@c-api.service[100203]: INFO cinder.volume.api [None req-f4293a9c-dc4f-487c-9858-a9037b6eb1b0 tempest-VolumesDeleteCascade-217336580 tempest-VolumesDeleteCascade-217336580-project-member] Volume info retrieved successfully.
Aug 17 00:25:49.252134 np0000007433 devstack@c-api.service[100203]: INFO cinder.api.openstack.wsgi [None req-f4293a9c-dc4f-487c-9858-a9037b6eb1b0 tempest-VolumesDeleteCascade-217336580 tempest-VolumesDeleteCascade-217336580-project-member] https://10.4.3.134/volume/v3/volumes/60fc9f97-9876-4aa9-9732-131421b01626 returned with HTTP 200
Aug 17 00:25:49.252742 np0000007433 devstack@c-api.service[100203]: [pid: 100203|app: 0|req: 120/474] 10.4.3.134 () {66 vars in 1348 bytes} [Mon Aug 17 00:25:49 2026] GET /volume/v3/volumes/60fc9f97-9876-4aa9-9732-131421b01626 => generated 876 bytes in 22 msecs (HTTP/1.1 200) 7 headers in 285 bytes (1 switches on core 0)
Aug 17 00:25:49.658657 np0000007433 devstack@c-api.service[100204]: DEBUG cinder.api.middleware.request_id [None req-1b95e84e-4779-4651-9255-ca355cd8a0f4 None None] RequestId filter calling following filter/app {{(pid=100204) _context_setter /opt/stack/cinder/cinder/api/middleware/request_id.py:62}}
Aug 17 00:25:49.660447 np0000007433 devstack@c-api.service[100204]: INFO cinder.api.openstack.wsgi [None req-1b95e84e-4779-4651-9255-ca355cd8a0f4 tempest-DeleteServersTestJSON-2004234266 tempest-DeleteServersTestJSON-2004234266-project-member] GET https://10.4.3.134/volume/v3/volumes/42b015f5-f47c-4ae8-aa3c-440f0c82b9f5
Aug 17 00:25:49.660620 np0000007433 devstack@c-api.service[100204]: DEBUG cinder.api.openstack.wsgi [None req-1b95e84e-4779-4651-9255-ca355cd8a0f4 tempest-DeleteServersTestJSON-2004234266 tempest-DeleteServersTestJSON-2004234266-project-member] Empty body provided in request {{(pid=100204) get_body /opt/stack/cinder/cinder/api/openstack/wsgi.py:725}}
Aug 17 00:25:49.660800 np0000007433 devstack@c-api.service[100204]: DEBUG cinder.api.openstack.wsgi [None req-1b95e84e-4779-4651-9255-ca355cd8a0f4 tempest-DeleteServersTestJSON-2004234266 tempest-DeleteServersTestJSON-2004234266-project-member] Calling method 'show' {{(pid=100204) _process_stack /opt/stack/cinder/cinder/api/openstack/wsgi.py:878}}
Aug 17 00:25:49.670637 np0000007433 devstack@c-api.service[100204]: /opt/stack/data/venv/lib/python3.12/site-packages/oslo_context/context.py:102: DeprecationWarning: Policy enforcement is depending on the value of is_admin. This key is deprecated. Please update your policy file to use the standard policy values.
Aug 17 00:25:49.670637 np0000007433 devstack@c-api.service[100204]: warnings.warn(
Aug 17 00:25:49.674067 np0000007433 devstack@c-api.service[100204]: INFO cinder.volume.api [None req-1b95e84e-4779-4651-9255-ca355cd8a0f4 tempest-DeleteServersTestJSON-2004234266 tempest-DeleteServersTestJSON-2004234266-project-member] Volume info retrieved successfully.
Aug 17 00:25:49.677981 np0000007433 devstack@c-api.service[100204]: INFO cinder.api.openstack.wsgi [None req-1b95e84e-4779-4651-9255-ca355cd8a0f4 tempest-DeleteServersTestJSON-2004234266 tempest-DeleteServersTestJSON-2004234266-project-member] https://10.4.3.134/volume/v3/volumes/42b015f5-f47c-4ae8-aa3c-440f0c82b9f5 returned with HTTP 200
Aug 17 00:25:49.678388 np0000007433 devstack@c-api.service[100204]: [pid: 100204|app: 0|req: 118/475] 10.4.3.134 () {66 vars in 1348 bytes} [Mon Aug 17 00:25:49 2026] GET /volume/v3/volumes/42b015f5-f47c-4ae8-aa3c-440f0c82b9f5 => generated 845 bytes in 20 msecs (HTTP/1.1 200) 7 headers in 285 bytes (1 switches on core 0)
Aug 17 00:25:49.698371 np0000007433 devstack@c-api.service[100202]: DEBUG cinder.api.middleware.request_id [None req-f74877f9-5147-497b-9b0e-e117ee2f89a2 None None] RequestId filter calling following filter/app {{(pid=100202) _context_setter /opt/stack/cinder/cinder/api/middleware/request_id.py:62}}
Aug 17 00:25:49.698600 np0000007433 devstack@c-api.service[100206]: DEBUG cinder.api.middleware.request_id [None req-42e37ac5-70a6-4505-83ab-18e7b080aaa3 None None] RequestId filter calling following filter/app {{(pid=100206) _context_setter /opt/stack/cinder/cinder/api/middleware/request_id.py:62}}
Aug 17 00:25:49.700176 np0000007433 devstack@c-api.service[100202]: INFO cinder.api.openstack.wsgi [None req-f74877f9-5147-497b-9b0e-e117ee2f89a2 tempest-VolumesAssistedSnapshotsTest-1356590485 tempest-VolumesAssistedSnapshotsTest-1356590485-project-admin] GET https://10.4.3.134/volume/v3/volumes/226eddb8-fec7-4417-985f-6d57baebda81
Aug 17 00:25:49.700410 np0000007433 devstack@c-api.service[100202]: DEBUG cinder.api.openstack.wsgi [None req-f74877f9-5147-497b-9b0e-e117ee2f89a2 tempest-VolumesAssistedSnapshotsTest-1356590485 tempest-VolumesAssistedSnapshotsTest-1356590485-project-admin] Empty body provided in request {{(pid=100202) get_body /opt/stack/cinder/cinder/api/openstack/wsgi.py:725}}
Aug 17 00:25:49.700491 np0000007433 devstack@c-api.service[100206]: INFO cinder.api.openstack.wsgi [None req-42e37ac5-70a6-4505-83ab-18e7b080aaa3 tempest-AttachSCSIVolumeTestJSON-196331653 tempest-AttachSCSIVolumeTestJSON-196331653-project-member] GET https://10.4.3.134/volume/v3/volumes/0894c61e-d857-449d-950c-611b74ec3fb3
Aug 17 00:25:49.700592 np0000007433 devstack@c-api.service[100202]: DEBUG cinder.api.openstack.wsgi [None req-f74877f9-5147-497b-9b0e-e117ee2f89a2 tempest-VolumesAssistedSnapshotsTest-1356590485 tempest-VolumesAssistedSnapshotsTest-1356590485-project-admin] Calling method 'show' {{(pid=100202) _process_stack /opt/stack/cinder/cinder/api/openstack/wsgi.py:878}}
Aug 17 00:25:49.700716 np0000007433 devstack@c-api.service[100206]: DEBUG cinder.api.openstack.wsgi [None req-42e37ac5-70a6-4505-83ab-18e7b080aaa3 tempest-AttachSCSIVolumeTestJSON-196331653 tempest-AttachSCSIVolumeTestJSON-196331653-project-member] Empty body provided in request {{(pid=100206) get_body /opt/stack/cinder/cinder/api/openstack/wsgi.py:725}}
Aug 17 00:25:49.700897 np0000007433 devstack@c-api.service[100206]: DEBUG cinder.api.openstack.wsgi [None req-42e37ac5-70a6-4505-83ab-18e7b080aaa3 tempest-AttachSCSIVolumeTestJSON-196331653 tempest-AttachSCSIVolumeTestJSON-196331653-project-member] Calling method 'show' {{(pid=100206) _process_stack /opt/stack/cinder/cinder/api/openstack/wsgi.py:878}}
Aug 17 00:25:49.709716 np0000007433 devstack@c-api.service[100206]: /opt/stack/data/venv/lib/python3.12/site-packages/oslo_context/context.py:102: DeprecationWarning: Policy enforcement is depending on the value of is_admin. This key is deprecated. Please update your policy file to use the standard policy values.
Aug 17 00:25:49.709716 np0000007433 devstack@c-api.service[100206]: warnings.warn(
Aug 17 00:25:49.710019 np0000007433 devstack@c-api.service[100202]: /opt/stack/data/venv/lib/python3.12/site-packages/oslo_context/context.py:102: DeprecationWarning: Policy enforcement is depending on the value of is_admin. This key is deprecated. Please update your policy file to use the standard policy values.
Aug 17 00:25:49.710019 np0000007433 devstack@c-api.service[100202]: warnings.warn(
Aug 17 00:25:49.712882 np0000007433 devstack@c-api.service[100206]: INFO cinder.volume.api [None req-42e37ac5-70a6-4505-83ab-18e7b080aaa3 tempest-AttachSCSIVolumeTestJSON-196331653 tempest-AttachSCSIVolumeTestJSON-196331653-project-member] Volume info retrieved successfully.
Aug 17 00:25:49.713671 np0000007433 devstack@c-api.service[100202]: INFO cinder.volume.api [None req-f74877f9-5147-497b-9b0e-e117ee2f89a2 tempest-VolumesAssistedSnapshotsTest-1356590485 tempest-VolumesAssistedSnapshotsTest-1356590485-project-admin] Volume info retrieved successfully.
Aug 17 00:25:49.716642 np0000007433 devstack@c-api.service[100206]: INFO cinder.api.openstack.wsgi [None req-42e37ac5-70a6-4505-83ab-18e7b080aaa3 tempest-AttachSCSIVolumeTestJSON-196331653 tempest-AttachSCSIVolumeTestJSON-196331653-project-member] https://10.4.3.134/volume/v3/volumes/0894c61e-d857-449d-950c-611b74ec3fb3 returned with HTTP 200
Aug 17 00:25:49.716982 np0000007433 devstack@c-api.service[100206]: [pid: 100206|app: 0|req: 120/476] 10.4.3.134 () {66 vars in 1348 bytes} [Mon Aug 17 00:25:49 2026] GET /volume/v3/volumes/0894c61e-d857-449d-950c-611b74ec3fb3 => generated 848 bytes in 19 msecs (HTTP/1.1 200) 7 headers in 285 bytes (1 switches on core 0)
Aug 17 00:25:49.718073 np0000007433 devstack@c-api.service[100202]: INFO cinder.api.openstack.wsgi [None req-f74877f9-5147-497b-9b0e-e117ee2f89a2 tempest-VolumesAssistedSnapshotsTest-1356590485 tempest-VolumesAssistedSnapshotsTest-1356590485-project-admin] https://10.4.3.134/volume/v3/volumes/226eddb8-fec7-4417-985f-6d57baebda81 returned with HTTP 200
Aug 17 00:25:49.718509 np0000007433 devstack@c-api.service[100202]: [pid: 100202|app: 0|req: 119/477] 10.4.3.134 () {66 vars in 1348 bytes} [Mon Aug 17 00:25:49 2026] GET /volume/v3/volumes/226eddb8-fec7-4417-985f-6d57baebda81 => generated 1025 bytes in 20 msecs (HTTP/1.1 200) 7 headers in 286 bytes (1 switches on core 0)
Aug 17 00:25:49.803438 np0000007433 devstack@c-api.service[100203]: DEBUG cinder.api.middleware.request_id [None req-1388dd61-e1c0-421c-b789-8025f32137c3 None None] RequestId filter calling following filter/app {{(pid=100203) _context_setter /opt/stack/cinder/cinder/api/middleware/request_id.py:62}}
Aug 17 00:25:49.805208 np0000007433 devstack@c-api.service[100203]: INFO cinder.api.openstack.wsgi [None req-1388dd61-e1c0-421c-b789-8025f32137c3 tempest-TaggedAttachmentsTest-1114643402 tempest-TaggedAttachmentsTest-1114643402-project-member] GET https://10.4.3.134/volume/v3/volumes/2b87765f-db1c-4389-b542-a9fb98bc5a87
Aug 17 00:25:49.805443 np0000007433 devstack@c-api.service[100203]: DEBUG cinder.api.openstack.wsgi [None req-1388dd61-e1c0-421c-b789-8025f32137c3 tempest-TaggedAttachmentsTest-1114643402 tempest-TaggedAttachmentsTest-1114643402-project-member] Empty body provided in request {{(pid=100203) get_body /opt/stack/cinder/cinder/api/openstack/wsgi.py:725}}
Aug 17 00:25:49.805641 np0000007433 devstack@c-api.service[100203]: DEBUG cinder.api.openstack.wsgi [None req-1388dd61-e1c0-421c-b789-8025f32137c3 tempest-TaggedAttachmentsTest-1114643402 tempest-TaggedAttachmentsTest-1114643402-project-member] Calling method 'show' {{(pid=100203) _process_stack /opt/stack/cinder/cinder/api/openstack/wsgi.py:878}}
Aug 17 00:25:49.814991 np0000007433 devstack@c-api.service[100203]: /opt/stack/data/venv/lib/python3.12/site-packages/oslo_context/context.py:102: DeprecationWarning: Policy enforcement is depending on the value of is_admin. This key is deprecated. Please update your policy file to use the standard policy values.
Aug 17 00:25:49.814991 np0000007433 devstack@c-api.service[100203]: warnings.warn(
Aug 17 00:25:49.818412 np0000007433 devstack@c-api.service[100203]: INFO cinder.volume.api [None req-1388dd61-e1c0-421c-b789-8025f32137c3 tempest-TaggedAttachmentsTest-1114643402 tempest-TaggedAttachmentsTest-1114643402-project-member] Volume info retrieved successfully.
Aug 17 00:25:49.822679 np0000007433 devstack@c-api.service[100203]: INFO cinder.api.openstack.wsgi [None req-1388dd61-e1c0-421c-b789-8025f32137c3 tempest-TaggedAttachmentsTest-1114643402 tempest-TaggedAttachmentsTest-1114643402-project-member] https://10.4.3.134/volume/v3/volumes/2b87765f-db1c-4389-b542-a9fb98bc5a87 returned with HTTP 200
Aug 17 00:25:49.823041 np0000007433 devstack@c-api.service[100203]: [pid: 100203|app: 0|req: 121/478] 10.4.3.134 () {66 vars in 1348 bytes} [Mon Aug 17 00:25:49 2026] GET /volume/v3/volumes/2b87765f-db1c-4389-b542-a9fb98bc5a87 => generated 845 bytes in 20 msecs (HTTP/1.1 200) 7 headers in 285 bytes (1 switches on core 0)
Aug 17 00:25:50.019171 np0000007433 devstack@c-api.service[100204]: DEBUG cinder.api.middleware.request_id [None req-1480960c-0b9b-41da-9072-b2d3b873f2a4 None None] RequestId filter calling following filter/app {{(pid=100204) _context_setter /opt/stack/cinder/cinder/api/middleware/request_id.py:62}}
Aug 17 00:25:50.020819 np0000007433 devstack@c-api.service[100204]: INFO cinder.api.openstack.wsgi [None req-1480960c-0b9b-41da-9072-b2d3b873f2a4 tempest-TaggedBootDevicesTest_v242-637065363 tempest-TaggedBootDevicesTest_v242-637065363-project-member] GET https://10.4.3.134/volume/v3/volumes/41074e04-dfa3-4e5e-a828-1f992f9abb3c
Aug 17 00:25:50.021000 np0000007433 devstack@c-api.service[100204]: DEBUG cinder.api.openstack.wsgi [None req-1480960c-0b9b-41da-9072-b2d3b873f2a4 tempest-TaggedBootDevicesTest_v242-637065363 tempest-TaggedBootDevicesTest_v242-637065363-project-member] Empty body provided in request {{(pid=100204) get_body /opt/stack/cinder/cinder/api/openstack/wsgi.py:725}}
Aug 17 00:25:50.021179 np0000007433 devstack@c-api.service[100204]: DEBUG cinder.api.openstack.wsgi [None req-1480960c-0b9b-41da-9072-b2d3b873f2a4 tempest-TaggedBootDevicesTest_v242-637065363 tempest-TaggedBootDevicesTest_v242-637065363-project-member] Calling method 'show' {{(pid=100204) _process_stack /opt/stack/cinder/cinder/api/openstack/wsgi.py:878}}
Aug 17 00:25:50.028272 np0000007433 devstack@c-api.service[100204]: /opt/stack/data/venv/lib/python3.12/site-packages/oslo_context/context.py:102: DeprecationWarning: Policy enforcement is depending on the value of is_admin. This key is deprecated. Please update your policy file to use the standard policy values.
Aug 17 00:25:50.028272 np0000007433 devstack@c-api.service[100204]: warnings.warn(
Aug 17 00:25:50.031869 np0000007433 devstack@c-api.service[100204]: INFO cinder.volume.api [None req-1480960c-0b9b-41da-9072-b2d3b873f2a4 tempest-TaggedBootDevicesTest_v242-637065363 tempest-TaggedBootDevicesTest_v242-637065363-project-member] Volume info retrieved successfully.
Aug 17 00:25:50.036389 np0000007433 devstack@c-api.service[100204]: INFO cinder.api.openstack.wsgi [None req-1480960c-0b9b-41da-9072-b2d3b873f2a4 tempest-TaggedBootDevicesTest_v242-637065363 tempest-TaggedBootDevicesTest_v242-637065363-project-member] https://10.4.3.134/volume/v3/volumes/41074e04-dfa3-4e5e-a828-1f992f9abb3c returned with HTTP 200
Aug 17 00:25:50.036736 np0000007433 devstack@c-api.service[100204]: [pid: 100204|app: 0|req: 119/479] 10.4.3.134 () {66 vars in 1348 bytes} [Mon Aug 17 00:25:50 2026] GET /volume/v3/volumes/41074e04-dfa3-4e5e-a828-1f992f9abb3c => generated 1396 bytes in 18 msecs (HTTP/1.1 200) 7 headers in 286 bytes (1 switches on core 0)
Aug 17 00:25:50.048794 np0000007433 devstack@c-api.service[100206]: DEBUG cinder.api.middleware.request_id [None req-fd7e7bb7-dd79-405b-b6ab-f4bb0c8a2381 None None] RequestId filter calling following filter/app {{(pid=100206) _context_setter /opt/stack/cinder/cinder/api/middleware/request_id.py:62}}
Aug 17 00:25:50.050872 np0000007433 devstack@c-api.service[100206]: INFO cinder.api.openstack.wsgi [None req-fd7e7bb7-dd79-405b-b6ab-f4bb0c8a2381 tempest-TaggedBootDevicesTest_v242-637065363 tempest-TaggedBootDevicesTest_v242-637065363-project-member] POST https://10.4.3.134/volume/v3/volumes
Aug 17 00:25:50.051242 np0000007433 devstack@c-api.service[100206]: DEBUG cinder.api.openstack.wsgi [None req-fd7e7bb7-dd79-405b-b6ab-f4bb0c8a2381 tempest-TaggedBootDevicesTest_v242-637065363 tempest-TaggedBootDevicesTest_v242-637065363-project-member] Action: 'create', calling method: create, body: {"volume": {"size": 1, "display_name": "tempest-TaggedBootDevicesTest_v242-volume-177967924"}} {{(pid=100206) _process_stack /opt/stack/cinder/cinder/api/openstack/wsgi.py:876}}
Aug 17 00:25:50.052634 np0000007433 devstack@c-api.service[100206]: DEBUG cinder.api.v3.volumes [None req-fd7e7bb7-dd79-405b-b6ab-f4bb0c8a2381 tempest-TaggedBootDevicesTest_v242-637065363 tempest-TaggedBootDevicesTest_v242-637065363-project-member] Create volume request body: {'volume': {'size': 1, 'display_name': 'tempest-TaggedBootDevicesTest_v242-volume-177967924'}} {{(pid=100206) create /opt/stack/cinder/cinder/api/v3/volumes.py:368}}
Aug 17 00:25:50.052747 np0000007433 devstack@c-api.service[100206]: INFO cinder.api.v3.volumes [None req-fd7e7bb7-dd79-405b-b6ab-f4bb0c8a2381 tempest-TaggedBootDevicesTest_v242-637065363 tempest-TaggedBootDevicesTest_v242-637065363-project-member] Create volume of 1 GB
Aug 17 00:25:50.056812 np0000007433 devstack@c-api.service[100206]: INFO cinder.volume.api [None req-fd7e7bb7-dd79-405b-b6ab-f4bb0c8a2381 tempest-TaggedBootDevicesTest_v242-637065363 tempest-TaggedBootDevicesTest_v242-637065363-project-member] Availability Zones retrieved successfully.
Aug 17 00:25:50.062059 np0000007433 devstack@c-api.service[100206]: DEBUG cinder.volume.api [None req-fd7e7bb7-dd79-405b-b6ab-f4bb0c8a2381 tempest-TaggedBootDevicesTest_v242-637065363 tempest-TaggedBootDevicesTest_v242-637065363-project-member] Flow 'volume_create_api' (d58ae5d2-e6ba-4892-815d-5a08fe55f28e) transitioned into state 'RUNNING' from state 'PENDING' {{(pid=100206) _flow_receiver /opt/stack/data/venv/lib/python3.12/site-packages/taskflow/listeners/logging.py:160}}
Aug 17 00:25:50.062927 np0000007433 devstack@c-api.service[100206]: DEBUG cinder.volume.api [None req-fd7e7bb7-dd79-405b-b6ab-f4bb0c8a2381 tempest-TaggedBootDevicesTest_v242-637065363 tempest-TaggedBootDevicesTest_v242-637065363-project-member] Task 'cinder.volume.flows.api.create_volume.ExtractVolumeRequestTask;volume:create' (ebfbe590-9947-4ed3-9fd8-ac09ffb94507) transitioned into state 'RUNNING' from state 'PENDING' {{(pid=100206) _task_receiver /opt/stack/data/venv/lib/python3.12/site-packages/taskflow/listeners/logging.py:242}}
Aug 17 00:25:50.063803 np0000007433 devstack@c-api.service[100206]: DEBUG cinder.volume.flows.api.create_volume [None req-fd7e7bb7-dd79-405b-b6ab-f4bb0c8a2381 tempest-TaggedBootDevicesTest_v242-637065363 tempest-TaggedBootDevicesTest_v242-637065363-project-member] Validating volume size '1' using validate_int {{(pid=100206) _extract_size /opt/stack/cinder/cinder/volume/flows/api/create_volume.py:226}}
Aug 17 00:25:50.084197 np0000007433 devstack@c-api.service[100202]: DEBUG cinder.api.middleware.request_id [None req-375fc436-4dc7-4558-a521-1e946b633f4c None None] RequestId filter calling following filter/app {{(pid=100202) _context_setter /opt/stack/cinder/cinder/api/middleware/request_id.py:62}}
Aug 17 00:25:50.086542 np0000007433 devstack@c-api.service[100202]: INFO cinder.api.openstack.wsgi [None req-375fc436-4dc7-4558-a521-1e946b633f4c tempest-ServerRescueNegativeTestJSON-813749071 tempest-ServerRescueNegativeTestJSON-813749071-project-member] GET https://10.4.3.134/volume/v3/volumes/063815d5-0ed5-4448-9ccc-48f7e3d4d4be
Aug 17 00:25:50.086761 np0000007433 devstack@c-api.service[100202]: DEBUG cinder.api.openstack.wsgi [None req-375fc436-4dc7-4558-a521-1e946b633f4c tempest-ServerRescueNegativeTestJSON-813749071 tempest-ServerRescueNegativeTestJSON-813749071-project-member] Empty body provided in request {{(pid=100202) get_body /opt/stack/cinder/cinder/api/openstack/wsgi.py:725}}
Aug 17 00:25:50.087020 np0000007433 devstack@c-api.service[100202]: DEBUG cinder.api.openstack.wsgi [None req-375fc436-4dc7-4558-a521-1e946b633f4c tempest-ServerRescueNegativeTestJSON-813749071 tempest-ServerRescueNegativeTestJSON-813749071-project-member] Calling method 'show' {{(pid=100202) _process_stack /opt/stack/cinder/cinder/api/openstack/wsgi.py:878}}
