Aug 17 00:22:26.877702 np0000007433 nova-scheduler[96528]: DEBUG cotyledon.oslo_config_glue [-] workarounds.qemu_monitor_announce_self_count = 3 {{(pid=96528) log_opt_values /opt/stack/data/venv/lib/python3.12/site-packages/oslo_config/cfg.py:3560}}
Aug 17 00:22:26.877702 np0000007433 nova-scheduler[96528]: DEBUG cotyledon.oslo_config_glue [-] workarounds.qemu_monitor_announce_self_interval = 1 {{(pid=96528) log_opt_values /opt/stack/data/venv/lib/python3.12/site-packages/oslo_config/cfg.py:3560}}
Aug 17 00:22:26.877702 np0000007433 nova-scheduler[96528]: DEBUG cotyledon.oslo_config_glue [-] workarounds.reserve_disk_resource_for_image_cache = False {{(pid=96528) log_opt_values /opt/stack/data/venv/lib/python3.12/site-packages/oslo_config/cfg.py:3560}}
Aug 17 00:22:26.877702 np0000007433 nova-scheduler[96528]: DEBUG cotyledon.oslo_config_glue [-] workarounds.skip_cpu_compare_at_startup = False {{(pid=96528) log_opt_values /opt/stack/data/venv/lib/python3.12/site-packages/oslo_config/cfg.py:3560}}
Aug 17 00:22:26.877702 np0000007433 nova-scheduler[96528]: DEBUG cotyledon.oslo_config_glue [-] workarounds.skip_cpu_compare_on_dest = False {{(pid=96528) log_opt_values /opt/stack/data/venv/lib/python3.12/site-packages/oslo_config/cfg.py:3560}}
Aug 17 00:22:26.877702 np0000007433 nova-scheduler[96528]: DEBUG cotyledon.oslo_config_glue [-] workarounds.skip_hypervisor_version_check_on_lm = False {{(pid=96528) log_opt_values /opt/stack/data/venv/lib/python3.12/site-packages/oslo_config/cfg.py:3560}}
Aug 17 00:22:26.877702 np0000007433 nova-scheduler[96528]: DEBUG cotyledon.oslo_config_glue [-] workarounds.skip_reserve_in_use_ironic_nodes = False {{(pid=96528) log_opt_values /opt/stack/data/venv/lib/python3.12/site-packages/oslo_config/cfg.py:3560}}
Aug 17 00:22:26.877702 np0000007433 nova-scheduler[96528]: DEBUG cotyledon.oslo_config_glue [-] workarounds.unified_limits_count_pcpu_as_vcpu = False {{(pid=96528) log_opt_values /opt/stack/data/venv/lib/python3.12/site-packages/oslo_config/cfg.py:3560}}
Aug 17 00:22:26.877851 np0000007433 nova-scheduler[96528]: DEBUG cotyledon.oslo_config_glue [-] workarounds.wait_for_vif_plugged_event_during_hard_reboot = [] {{(pid=96528) log_opt_values /opt/stack/data/venv/lib/python3.12/site-packages/oslo_config/cfg.py:3560}}
Aug 17 00:22:26.877851 np0000007433 nova-scheduler[96528]: DEBUG cotyledon.oslo_config_glue [-] wsgi.api_paste_config = /etc/nova/api-paste.ini {{(pid=96528) log_opt_values /opt/stack/data/venv/lib/python3.12/site-packages/oslo_config/cfg.py:3560}}
Aug 17 00:22:26.877851 np0000007433 nova-scheduler[96528]: DEBUG cotyledon.oslo_config_glue [-] wsgi.secure_proxy_ssl_header = None {{(pid=96528) log_opt_values /opt/stack/data/venv/lib/python3.12/site-packages/oslo_config/cfg.py:3560}}
Aug 17 00:22:26.877851 np0000007433 nova-scheduler[96528]: DEBUG cotyledon.oslo_config_glue [-] zvm.ca_file = None {{(pid=96528) log_opt_values /opt/stack/data/venv/lib/python3.12/site-packages/oslo_config/cfg.py:3560}}
Aug 17 00:22:26.877851 np0000007433 nova-scheduler[96528]: DEBUG cotyledon.oslo_config_glue [-] zvm.cloud_connector_url = None {{(pid=96528) log_opt_values /opt/stack/data/venv/lib/python3.12/site-packages/oslo_config/cfg.py:3560}}
Aug 17 00:22:26.877851 np0000007433 nova-scheduler[96528]: DEBUG cotyledon.oslo_config_glue [-] zvm.image_tmp_path = /opt/stack/data/nova/images {{(pid=96528) log_opt_values /opt/stack/data/venv/lib/python3.12/site-packages/oslo_config/cfg.py:3560}}
Aug 17 00:22:26.877851 np0000007433 nova-scheduler[96528]: DEBUG cotyledon.oslo_config_glue [-] zvm.reachable_timeout = 300 {{(pid=96528) log_opt_values /opt/stack/data/venv/lib/python3.12/site-packages/oslo_config/cfg.py:3560}}
Aug 17 00:22:26.877851 np0000007433 nova-scheduler[96528]: DEBUG cotyledon.oslo_config_glue [-] oslo_versionedobjects.fatal_exception_format_errors = False {{(pid=96528) log_opt_values /opt/stack/data/venv/lib/python3.12/site-packages/oslo_config/cfg.py:3560}}
Aug 17 00:22:26.877851 np0000007433 nova-scheduler[96528]: DEBUG cotyledon.oslo_config_glue [-] oslo_middleware.http_basic_auth_user_file = /etc/htpasswd {{(pid=96528) log_opt_values /opt/stack/data/venv/lib/python3.12/site-packages/oslo_config/cfg.py:3560}}
Aug 17 00:22:26.878036 np0000007433 nova-scheduler[96528]: DEBUG cotyledon.oslo_config_glue [-] oslo_messaging_metrics.metrics_buffer_size = 1000 {{(pid=96528) log_opt_values /opt/stack/data/venv/lib/python3.12/site-packages/oslo_config/cfg.py:3560}}
Aug 17 00:22:26.878036 np0000007433 nova-scheduler[96528]: DEBUG cotyledon.oslo_config_glue [-] oslo_messaging_metrics.metrics_enabled = False {{(pid=96528) log_opt_values /opt/stack/data/venv/lib/python3.12/site-packages/oslo_config/cfg.py:3560}}
Aug 17 00:22:26.878036 np0000007433 nova-scheduler[96528]: DEBUG cotyledon.oslo_config_glue [-] oslo_messaging_metrics.metrics_process_name = {{(pid=96528) log_opt_values /opt/stack/data/venv/lib/python3.12/site-packages/oslo_config/cfg.py:3560}}
Aug 17 00:22:26.878036 np0000007433 nova-scheduler[96528]: DEBUG cotyledon.oslo_config_glue [-] oslo_messaging_metrics.metrics_socket_file = /var/tmp/metrics_collector.sock {{(pid=96528) log_opt_values /opt/stack/data/venv/lib/python3.12/site-packages/oslo_config/cfg.py:3560}}
Aug 17 00:22:26.878036 np0000007433 nova-scheduler[96528]: DEBUG cotyledon.oslo_config_glue [-] oslo_messaging_metrics.metrics_thread_stop_timeout = 10 {{(pid=96528) log_opt_values /opt/stack/data/venv/lib/python3.12/site-packages/oslo_config/cfg.py:3560}}
Aug 17 00:22:26.878036 np0000007433 nova-scheduler[96528]: DEBUG cotyledon.oslo_config_glue [-] profiler.connection_string = messaging:// {{(pid=96528) log_opt_values /opt/stack/data/venv/lib/python3.12/site-packages/oslo_config/cfg.py:3560}}
Aug 17 00:22:26.878036 np0000007433 nova-scheduler[96528]: DEBUG cotyledon.oslo_config_glue [-] profiler.enabled = False {{(pid=96528) log_opt_values /opt/stack/data/venv/lib/python3.12/site-packages/oslo_config/cfg.py:3560}}
Aug 17 00:22:26.878036 np0000007433 nova-scheduler[96528]: DEBUG cotyledon.oslo_config_glue [-] profiler.es_doc_type = notification {{(pid=96528) log_opt_values /opt/stack/data/venv/lib/python3.12/site-packages/oslo_config/cfg.py:3560}}
Aug 17 00:22:26.878036 np0000007433 nova-scheduler[96528]: DEBUG cotyledon.oslo_config_glue [-] profiler.es_scroll_size = 10000 {{(pid=96528) log_opt_values /opt/stack/data/venv/lib/python3.12/site-packages/oslo_config/cfg.py:3560}}
Aug 17 00:22:26.878207 np0000007433 nova-scheduler[96528]: DEBUG cotyledon.oslo_config_glue [-] profiler.es_scroll_time = 2m {{(pid=96528) log_opt_values /opt/stack/data/venv/lib/python3.12/site-packages/oslo_config/cfg.py:3560}}
Aug 17 00:22:26.878207 np0000007433 nova-scheduler[96528]: DEBUG cotyledon.oslo_config_glue [-] profiler.filter_error_trace = False {{(pid=96528) log_opt_values /opt/stack/data/venv/lib/python3.12/site-packages/oslo_config/cfg.py:3560}}
Aug 17 00:22:26.878207 np0000007433 nova-scheduler[96528]: DEBUG cotyledon.oslo_config_glue [-] profiler.hmac_keys = **** {{(pid=96528) log_opt_values /opt/stack/data/venv/lib/python3.12/site-packages/oslo_config/cfg.py:3560}}
Aug 17 00:22:26.878207 np0000007433 nova-scheduler[96528]: DEBUG cotyledon.oslo_config_glue [-] profiler.sentinel_service_name = mymaster {{(pid=96528) log_opt_values /opt/stack/data/venv/lib/python3.12/site-packages/oslo_config/cfg.py:3560}}
Aug 17 00:22:26.878207 np0000007433 nova-scheduler[96528]: DEBUG cotyledon.oslo_config_glue [-] profiler.socket_timeout = 0.1 {{(pid=96528) log_opt_values /opt/stack/data/venv/lib/python3.12/site-packages/oslo_config/cfg.py:3560}}
Aug 17 00:22:26.878207 np0000007433 nova-scheduler[96528]: DEBUG cotyledon.oslo_config_glue [-] profiler.trace_requests = False {{(pid=96528) log_opt_values /opt/stack/data/venv/lib/python3.12/site-packages/oslo_config/cfg.py:3560}}
Aug 17 00:22:26.878207 np0000007433 nova-scheduler[96528]: DEBUG cotyledon.oslo_config_glue [-] profiler.trace_sqlalchemy = False {{(pid=96528) log_opt_values /opt/stack/data/venv/lib/python3.12/site-packages/oslo_config/cfg.py:3560}}
Aug 17 00:22:26.878207 np0000007433 nova-scheduler[96528]: DEBUG cotyledon.oslo_config_glue [-] profiler_jaeger.process_tags = {} {{(pid=96528) log_opt_values /opt/stack/data/venv/lib/python3.12/site-packages/oslo_config/cfg.py:3560}}
Aug 17 00:22:26.878207 np0000007433 nova-scheduler[96528]: DEBUG cotyledon.oslo_config_glue [-] profiler_jaeger.service_name_prefix = None {{(pid=96528) log_opt_values /opt/stack/data/venv/lib/python3.12/site-packages/oslo_config/cfg.py:3560}}
Aug 17 00:22:26.878460 np0000007433 nova-scheduler[96528]: DEBUG cotyledon.oslo_config_glue [-] profiler_otlp.service_name_prefix = None {{(pid=96528) log_opt_values /opt/stack/data/venv/lib/python3.12/site-packages/oslo_config/cfg.py:3560}}
Aug 17 00:22:26.878460 np0000007433 nova-scheduler[96528]: DEBUG cotyledon.oslo_config_glue [-] oslo_messaging_rabbit.amqp_auto_delete = False {{(pid=96528) log_opt_values /opt/stack/data/venv/lib/python3.12/site-packages/oslo_config/cfg.py:3560}}
Aug 17 00:22:26.878460 np0000007433 nova-scheduler[96528]: DEBUG cotyledon.oslo_config_glue [-] oslo_messaging_rabbit.amqp_durable_queues = False {{(pid=96528) log_opt_values /opt/stack/data/venv/lib/python3.12/site-packages/oslo_config/cfg.py:3560}}
Aug 17 00:22:26.878460 np0000007433 nova-scheduler[96528]: DEBUG cotyledon.oslo_config_glue [-] oslo_messaging_rabbit.conn_pool_min_size = 2 {{(pid=96528) log_opt_values /opt/stack/data/venv/lib/python3.12/site-packages/oslo_config/cfg.py:3560}}
Aug 17 00:22:26.878460 np0000007433 nova-scheduler[96528]: DEBUG cotyledon.oslo_config_glue [-] oslo_messaging_rabbit.conn_pool_ttl = 1200 {{(pid=96528) log_opt_values /opt/stack/data/venv/lib/python3.12/site-packages/oslo_config/cfg.py:3560}}
Aug 17 00:22:26.878460 np0000007433 nova-scheduler[96528]: DEBUG cotyledon.oslo_config_glue [-] oslo_messaging_rabbit.direct_mandatory_flag = True {{(pid=96528) log_opt_values /opt/stack/data/venv/lib/python3.12/site-packages/oslo_config/cfg.py:3560}}
Aug 17 00:22:26.878460 np0000007433 nova-scheduler[96528]: DEBUG cotyledon.oslo_config_glue [-] oslo_messaging_rabbit.enable_cancel_on_failover = False {{(pid=96528) log_opt_values /opt/stack/data/venv/lib/python3.12/site-packages/oslo_config/cfg.py:3560}}
Aug 17 00:22:26.878460 np0000007433 nova-scheduler[96528]: DEBUG cotyledon.oslo_config_glue [-] oslo_messaging_rabbit.heartbeat_rate = 3 {{(pid=96528) log_opt_values /opt/stack/data/venv/lib/python3.12/site-packages/oslo_config/cfg.py:3560}}
Aug 17 00:22:26.878460 np0000007433 nova-scheduler[96528]: DEBUG cotyledon.oslo_config_glue [-] oslo_messaging_rabbit.heartbeat_timeout_threshold = 60 {{(pid=96528) log_opt_values /opt/stack/data/venv/lib/python3.12/site-packages/oslo_config/cfg.py:3560}}
Aug 17 00:22:26.878640 np0000007433 nova-scheduler[96528]: DEBUG cotyledon.oslo_config_glue [-] oslo_messaging_rabbit.hostname = np0000007433 {{(pid=96528) log_opt_values /opt/stack/data/venv/lib/python3.12/site-packages/oslo_config/cfg.py:3560}}
Aug 17 00:22:26.878640 np0000007433 nova-scheduler[96528]: DEBUG cotyledon.oslo_config_glue [-] oslo_messaging_rabbit.kombu_compression = None {{(pid=96528) log_opt_values /opt/stack/data/venv/lib/python3.12/site-packages/oslo_config/cfg.py:3560}}
Aug 17 00:22:26.878640 np0000007433 nova-scheduler[96528]: DEBUG cotyledon.oslo_config_glue [-] oslo_messaging_rabbit.kombu_failover_strategy = round-robin {{(pid=96528) log_opt_values /opt/stack/data/venv/lib/python3.12/site-packages/oslo_config/cfg.py:3560}}
Aug 17 00:22:26.878640 np0000007433 nova-scheduler[96528]: DEBUG cotyledon.oslo_config_glue [-] oslo_messaging_rabbit.kombu_missing_consumer_retry_timeout = 60 {{(pid=96528) log_opt_values /opt/stack/data/venv/lib/python3.12/site-packages/oslo_config/cfg.py:3560}}
Aug 17 00:22:26.878640 np0000007433 nova-scheduler[96528]: DEBUG cotyledon.oslo_config_glue [-] oslo_messaging_rabbit.kombu_reconnect_delay = 1.0 {{(pid=96528) log_opt_values /opt/stack/data/venv/lib/python3.12/site-packages/oslo_config/cfg.py:3560}}
Aug 17 00:22:26.878640 np0000007433 nova-scheduler[96528]: DEBUG cotyledon.oslo_config_glue [-] oslo_messaging_rabbit.kombu_reconnect_splay = 0.0 {{(pid=96528) log_opt_values /opt/stack/data/venv/lib/python3.12/site-packages/oslo_config/cfg.py:3560}}
Aug 17 00:22:26.878640 np0000007433 nova-scheduler[96528]: DEBUG cotyledon.oslo_config_glue [-] oslo_messaging_rabbit.processname = nova-scheduler {{(pid=96528) log_opt_values /opt/stack/data/venv/lib/python3.12/site-packages/oslo_config/cfg.py:3560}}
Aug 17 00:22:26.878640 np0000007433 nova-scheduler[96528]: DEBUG cotyledon.oslo_config_glue [-] oslo_messaging_rabbit.rabbit_ha_queues = False {{(pid=96528) log_opt_values /opt/stack/data/venv/lib/python3.12/site-packages/oslo_config/cfg.py:3560}}
Aug 17 00:22:26.878640 np0000007433 nova-scheduler[96528]: DEBUG cotyledon.oslo_config_glue [-] oslo_messaging_rabbit.rabbit_interval_max = 30 {{(pid=96528) log_opt_values /opt/stack/data/venv/lib/python3.12/site-packages/oslo_config/cfg.py:3560}}
Aug 17 00:22:26.878813 np0000007433 nova-scheduler[96525]: INFO dbcounter [None req-a1cef57d-0583-4485-85f2-950f60391364 None None] Registered counter for database nova_cell0
Aug 17 00:22:26.878838 np0000007433 nova-scheduler[96528]: DEBUG cotyledon.oslo_config_glue [-] oslo_messaging_rabbit.rabbit_login_method = AMQPLAIN {{(pid=96528) log_opt_values /opt/stack/data/venv/lib/python3.12/site-packages/oslo_config/cfg.py:3560}}
Aug 17 00:22:26.878838 np0000007433 nova-scheduler[96528]: DEBUG cotyledon.oslo_config_glue [-] oslo_messaging_rabbit.rabbit_qos_prefetch_count = 0 {{(pid=96528) log_opt_values /opt/stack/data/venv/lib/python3.12/site-packages/oslo_config/cfg.py:3560}}
Aug 17 00:22:26.878838 np0000007433 nova-scheduler[96528]: DEBUG cotyledon.oslo_config_glue [-] oslo_messaging_rabbit.rabbit_quorum_delivery_limit = 0 {{(pid=96528) log_opt_values /opt/stack/data/venv/lib/python3.12/site-packages/oslo_config/cfg.py:3560}}
Aug 17 00:22:26.878838 np0000007433 nova-scheduler[96528]: DEBUG cotyledon.oslo_config_glue [-] oslo_messaging_rabbit.rabbit_quorum_max_memory_bytes = 0 {{(pid=96528) log_opt_values /opt/stack/data/venv/lib/python3.12/site-packages/oslo_config/cfg.py:3560}}
Aug 17 00:22:26.878838 np0000007433 nova-scheduler[96528]: DEBUG cotyledon.oslo_config_glue [-] oslo_messaging_rabbit.rabbit_quorum_max_memory_length = 0 {{(pid=96528) log_opt_values /opt/stack/data/venv/lib/python3.12/site-packages/oslo_config/cfg.py:3560}}
Aug 17 00:22:26.878838 np0000007433 nova-scheduler[96528]: DEBUG cotyledon.oslo_config_glue [-] oslo_messaging_rabbit.rabbit_quorum_queue = False {{(pid=96528) log_opt_values /opt/stack/data/venv/lib/python3.12/site-packages/oslo_config/cfg.py:3560}}
Aug 17 00:22:26.878838 np0000007433 nova-scheduler[96528]: DEBUG cotyledon.oslo_config_glue [-] oslo_messaging_rabbit.rabbit_retry_backoff = 2 {{(pid=96528) log_opt_values /opt/stack/data/venv/lib/python3.12/site-packages/oslo_config/cfg.py:3560}}
Aug 17 00:22:26.878838 np0000007433 nova-scheduler[96528]: DEBUG cotyledon.oslo_config_glue [-] oslo_messaging_rabbit.rabbit_retry_interval = 1 {{(pid=96528) log_opt_values /opt/stack/data/venv/lib/python3.12/site-packages/oslo_config/cfg.py:3560}}
Aug 17 00:22:26.878838 np0000007433 nova-scheduler[96528]: DEBUG cotyledon.oslo_config_glue [-] oslo_messaging_rabbit.rabbit_stream_fanout = False {{(pid=96528) log_opt_values /opt/stack/data/venv/lib/python3.12/site-packages/oslo_config/cfg.py:3560}}
Aug 17 00:22:26.879007 np0000007433 nova-scheduler[96528]: DEBUG cotyledon.oslo_config_glue [-] oslo_messaging_rabbit.rabbit_transient_queues_ttl = 1800 {{(pid=96528) log_opt_values /opt/stack/data/venv/lib/python3.12/site-packages/oslo_config/cfg.py:3560}}
Aug 17 00:22:26.879007 np0000007433 nova-scheduler[96528]: DEBUG cotyledon.oslo_config_glue [-] oslo_messaging_rabbit.rabbit_transient_quorum_queue = False {{(pid=96528) log_opt_values /opt/stack/data/venv/lib/python3.12/site-packages/oslo_config/cfg.py:3560}}
Aug 17 00:22:26.879007 np0000007433 nova-scheduler[96528]: DEBUG cotyledon.oslo_config_glue [-] oslo_messaging_rabbit.rpc_conn_pool_size = 30 {{(pid=96528) log_opt_values /opt/stack/data/venv/lib/python3.12/site-packages/oslo_config/cfg.py:3560}}
Aug 17 00:22:26.879007 np0000007433 nova-scheduler[96528]: DEBUG cotyledon.oslo_config_glue [-] oslo_messaging_rabbit.ssl = False {{(pid=96528) log_opt_values /opt/stack/data/venv/lib/python3.12/site-packages/oslo_config/cfg.py:3560}}
Aug 17 00:22:26.879007 np0000007433 nova-scheduler[96528]: DEBUG cotyledon.oslo_config_glue [-] oslo_messaging_rabbit.ssl_ca_file = {{(pid=96528) log_opt_values /opt/stack/data/venv/lib/python3.12/site-packages/oslo_config/cfg.py:3560}}
Aug 17 00:22:26.879007 np0000007433 nova-scheduler[96528]: DEBUG cotyledon.oslo_config_glue [-] oslo_messaging_rabbit.ssl_cert_file = {{(pid=96528) log_opt_values /opt/stack/data/venv/lib/python3.12/site-packages/oslo_config/cfg.py:3560}}
Aug 17 00:22:26.879007 np0000007433 nova-scheduler[96528]: DEBUG cotyledon.oslo_config_glue [-] oslo_messaging_rabbit.ssl_enforce_fips_mode = False {{(pid=96528) log_opt_values /opt/stack/data/venv/lib/python3.12/site-packages/oslo_config/cfg.py:3560}}
Aug 17 00:22:26.879007 np0000007433 nova-scheduler[96528]: DEBUG cotyledon.oslo_config_glue [-] oslo_messaging_rabbit.ssl_enforce_hostname_verification = True {{(pid=96528) log_opt_values /opt/stack/data/venv/lib/python3.12/site-packages/oslo_config/cfg.py:3560}}
Aug 17 00:22:26.879007 np0000007433 nova-scheduler[96528]: DEBUG cotyledon.oslo_config_glue [-] oslo_messaging_rabbit.ssl_key_file = {{(pid=96528) log_opt_values /opt/stack/data/venv/lib/python3.12/site-packages/oslo_config/cfg.py:3560}}
Aug 17 00:22:26.879223 np0000007433 nova-scheduler[96528]: DEBUG cotyledon.oslo_config_glue [-] oslo_messaging_rabbit.ssl_version = {{(pid=96528) log_opt_values /opt/stack/data/venv/lib/python3.12/site-packages/oslo_config/cfg.py:3560}}
Aug 17 00:22:26.879223 np0000007433 nova-scheduler[96528]: DEBUG cotyledon.oslo_config_glue [-] oslo_messaging_rabbit.use_queue_manager = False {{(pid=96528) log_opt_values /opt/stack/data/venv/lib/python3.12/site-packages/oslo_config/cfg.py:3560}}
Aug 17 00:22:26.879223 np0000007433 nova-scheduler[96528]: DEBUG cotyledon.oslo_config_glue [-] oslo_messaging_notifications.driver = ['messagingv2'] {{(pid=96528) log_opt_values /opt/stack/data/venv/lib/python3.12/site-packages/oslo_config/cfg.py:3560}}
Aug 17 00:22:26.879223 np0000007433 nova-scheduler[96528]: DEBUG cotyledon.oslo_config_glue [-] oslo_messaging_notifications.retry = -1 {{(pid=96528) log_opt_values /opt/stack/data/venv/lib/python3.12/site-packages/oslo_config/cfg.py:3560}}
Aug 17 00:22:26.879223 np0000007433 nova-scheduler[96528]: DEBUG cotyledon.oslo_config_glue [-] oslo_messaging_notifications.topics = ['notifications'] {{(pid=96528) log_opt_values /opt/stack/data/venv/lib/python3.12/site-packages/oslo_config/cfg.py:3560}}
Aug 17 00:22:26.879223 np0000007433 nova-scheduler[96528]: DEBUG cotyledon.oslo_config_glue [-] oslo_messaging_notifications.transport_url = **** {{(pid=96528) log_opt_values /opt/stack/data/venv/lib/python3.12/site-packages/oslo_config/cfg.py:3560}}
Aug 17 00:22:26.879223 np0000007433 nova-scheduler[96528]: DEBUG cotyledon.oslo_config_glue [-] oslo_limit.auth_section = None {{(pid=96528) log_opt_values /opt/stack/data/venv/lib/python3.12/site-packages/oslo_config/cfg.py:3560}}
Aug 17 00:22:26.879223 np0000007433 nova-scheduler[96528]: DEBUG cotyledon.oslo_config_glue [-] oslo_limit.auth_type = None {{(pid=96528) log_opt_values /opt/stack/data/venv/lib/python3.12/site-packages/oslo_config/cfg.py:3560}}
Aug 17 00:22:26.879223 np0000007433 nova-scheduler[96528]: DEBUG cotyledon.oslo_config_glue [-] oslo_limit.cafile = None {{(pid=96528) log_opt_values /opt/stack/data/venv/lib/python3.12/site-packages/oslo_config/cfg.py:3560}}
Aug 17 00:22:26.879523 np0000007433 nova-scheduler[96528]: DEBUG cotyledon.oslo_config_glue [-] oslo_limit.certfile = None {{(pid=96528) log_opt_values /opt/stack/data/venv/lib/python3.12/site-packages/oslo_config/cfg.py:3560}}
Aug 17 00:22:26.879523 np0000007433 nova-scheduler[96528]: DEBUG cotyledon.oslo_config_glue [-] oslo_limit.collect_timing = False {{(pid=96528) log_opt_values /opt/stack/data/venv/lib/python3.12/site-packages/oslo_config/cfg.py:3560}}
Aug 17 00:22:26.879523 np0000007433 nova-scheduler[96528]: DEBUG cotyledon.oslo_config_glue [-] oslo_limit.connect_retries = None {{(pid=96528) log_opt_values /opt/stack/data/venv/lib/python3.12/site-packages/oslo_config/cfg.py:3560}}
Aug 17 00:22:26.879523 np0000007433 nova-scheduler[96528]: DEBUG cotyledon.oslo_config_glue [-] oslo_limit.connect_retry_delay = None {{(pid=96528) log_opt_values /opt/stack/data/venv/lib/python3.12/site-packages/oslo_config/cfg.py:3560}}
Aug 17 00:22:26.879523 np0000007433 nova-scheduler[96528]: DEBUG cotyledon.oslo_config_glue [-] oslo_limit.endpoint_id = None {{(pid=96528) log_opt_values /opt/stack/data/venv/lib/python3.12/site-packages/oslo_config/cfg.py:3560}}
Aug 17 00:22:26.879523 np0000007433 nova-scheduler[96528]: DEBUG cotyledon.oslo_config_glue [-] oslo_limit.endpoint_interface = public {{(pid=96528) log_opt_values /opt/stack/data/venv/lib/python3.12/site-packages/oslo_config/cfg.py:3560}}
Aug 17 00:22:26.879523 np0000007433 nova-scheduler[96528]: DEBUG cotyledon.oslo_config_glue [-] oslo_limit.endpoint_override = None {{(pid=96528) log_opt_values /opt/stack/data/venv/lib/python3.12/site-packages/oslo_config/cfg.py:3560}}
Aug 17 00:22:26.879523 np0000007433 nova-scheduler[96528]: DEBUG cotyledon.oslo_config_glue [-] oslo_limit.endpoint_region_name = None {{(pid=96528) log_opt_values /opt/stack/data/venv/lib/python3.12/site-packages/oslo_config/cfg.py:3560}}
Aug 17 00:22:26.879523 np0000007433 nova-scheduler[96528]: DEBUG cotyledon.oslo_config_glue [-] oslo_limit.endpoint_service_name = None {{(pid=96528) log_opt_values /opt/stack/data/venv/lib/python3.12/site-packages/oslo_config/cfg.py:3560}}
Aug 17 00:22:26.879749 np0000007433 nova-scheduler[96528]: DEBUG cotyledon.oslo_config_glue [-] oslo_limit.endpoint_service_type = None {{(pid=96528) log_opt_values /opt/stack/data/venv/lib/python3.12/site-packages/oslo_config/cfg.py:3560}}
Aug 17 00:22:26.879749 np0000007433 nova-scheduler[96528]: DEBUG cotyledon.oslo_config_glue [-] oslo_limit.insecure = False {{(pid=96528) log_opt_values /opt/stack/data/venv/lib/python3.12/site-packages/oslo_config/cfg.py:3560}}
Aug 17 00:22:26.879749 np0000007433 nova-scheduler[96528]: DEBUG cotyledon.oslo_config_glue [-] oslo_limit.keyfile = None {{(pid=96528) log_opt_values /opt/stack/data/venv/lib/python3.12/site-packages/oslo_config/cfg.py:3560}}
Aug 17 00:22:26.879749 np0000007433 nova-scheduler[96528]: DEBUG cotyledon.oslo_config_glue [-] oslo_limit.max_version = None {{(pid=96528) log_opt_values /opt/stack/data/venv/lib/python3.12/site-packages/oslo_config/cfg.py:3560}}
Aug 17 00:22:26.879749 np0000007433 nova-scheduler[96528]: DEBUG cotyledon.oslo_config_glue [-] oslo_limit.min_version = None {{(pid=96528) log_opt_values /opt/stack/data/venv/lib/python3.12/site-packages/oslo_config/cfg.py:3560}}
Aug 17 00:22:26.879749 np0000007433 nova-scheduler[96528]: DEBUG cotyledon.oslo_config_glue [-] oslo_limit.region_name = None {{(pid=96528) log_opt_values /opt/stack/data/venv/lib/python3.12/site-packages/oslo_config/cfg.py:3560}}
Aug 17 00:22:26.879749 np0000007433 nova-scheduler[96528]: DEBUG cotyledon.oslo_config_glue [-] oslo_limit.retriable_status_codes = None {{(pid=96528) log_opt_values /opt/stack/data/venv/lib/python3.12/site-packages/oslo_config/cfg.py:3560}}
Aug 17 00:22:26.879749 np0000007433 nova-scheduler[96528]: DEBUG cotyledon.oslo_config_glue [-] oslo_limit.service_name = None {{(pid=96528) log_opt_values /opt/stack/data/venv/lib/python3.12/site-packages/oslo_config/cfg.py:3560}}
Aug 17 00:22:26.879749 np0000007433 nova-scheduler[96528]: DEBUG cotyledon.oslo_config_glue [-] oslo_limit.service_type = None {{(pid=96528) log_opt_values /opt/stack/data/venv/lib/python3.12/site-packages/oslo_config/cfg.py:3560}}
Aug 17 00:22:26.879909 np0000007433 nova-scheduler[96528]: DEBUG cotyledon.oslo_config_glue [-] oslo_limit.split_loggers = False {{(pid=96528) log_opt_values /opt/stack/data/venv/lib/python3.12/site-packages/oslo_config/cfg.py:3560}}
Aug 17 00:22:26.879909 np0000007433 nova-scheduler[96528]: DEBUG cotyledon.oslo_config_glue [-] oslo_limit.status_code_retries = None {{(pid=96528) log_opt_values /opt/stack/data/venv/lib/python3.12/site-packages/oslo_config/cfg.py:3560}}
Aug 17 00:22:26.879909 np0000007433 nova-scheduler[96528]: DEBUG cotyledon.oslo_config_glue [-] oslo_limit.status_code_retry_delay = None {{(pid=96528) log_opt_values /opt/stack/data/venv/lib/python3.12/site-packages/oslo_config/cfg.py:3560}}
Aug 17 00:22:26.879909 np0000007433 nova-scheduler[96528]: DEBUG cotyledon.oslo_config_glue [-] oslo_limit.timeout = None {{(pid=96528) log_opt_values /opt/stack/data/venv/lib/python3.12/site-packages/oslo_config/cfg.py:3560}}
Aug 17 00:22:26.879909 np0000007433 nova-scheduler[96528]: DEBUG cotyledon.oslo_config_glue [-] oslo_limit.valid_interfaces = None {{(pid=96528) log_opt_values /opt/stack/data/venv/lib/python3.12/site-packages/oslo_config/cfg.py:3560}}
Aug 17 00:22:26.879909 np0000007433 nova-scheduler[96528]: DEBUG cotyledon.oslo_config_glue [-] oslo_limit.version = None {{(pid=96528) log_opt_values /opt/stack/data/venv/lib/python3.12/site-packages/oslo_config/cfg.py:3560}}
Aug 17 00:22:26.879909 np0000007433 nova-scheduler[96528]: DEBUG cotyledon.oslo_config_glue [-] oslo_reports.file_event_handler = None {{(pid=96528) log_opt_values /opt/stack/data/venv/lib/python3.12/site-packages/oslo_config/cfg.py:3560}}
Aug 17 00:22:26.879909 np0000007433 nova-scheduler[96528]: DEBUG cotyledon.oslo_config_glue [-] oslo_reports.file_event_handler_interval = 1 {{(pid=96528) log_opt_values /opt/stack/data/venv/lib/python3.12/site-packages/oslo_config/cfg.py:3560}}
Aug 17 00:22:26.879909 np0000007433 nova-scheduler[96528]: DEBUG cotyledon.oslo_config_glue [-] oslo_reports.log_dir = None {{(pid=96528) log_opt_values /opt/stack/data/venv/lib/python3.12/site-packages/oslo_config/cfg.py:3560}}
Aug 17 00:22:26.880119 np0000007433 nova-scheduler[96528]: DEBUG cotyledon.oslo_config_glue [-] ******************************************************************************** {{(pid=96528) log_opt_values /opt/stack/data/venv/lib/python3.12/site-packages/oslo_config/cfg.py:3567}}
Aug 17 00:22:26.880119 np0000007433 nova-scheduler[96528]: DEBUG cotyledon._service_worker [-] Run service ServiceWrapper(3) [96528] {{(pid=96528) wait_forever /opt/stack/data/venv/lib/python3.12/site-packages/cotyledon/_service_worker.py:218}}
Aug 17 00:22:26.880119 np0000007433 nova-scheduler[96528]: INFO nova.service [-] Starting scheduler node (version 33.1.0)
Aug 17 00:22:26.880119 np0000007433 nova-scheduler[96528]: INFO dbcounter [None req-9fb88ca7-f2f7-454f-87d9-d791bd99a013 None None] Registered counter for database nova_cell0
Aug 17 00:22:26.892161 np0000007433 nova-scheduler[96517]: DEBUG oslo_db.sqlalchemy.engines [None req-935e1e95-0e70-431c-92ad-de632132d055 None None] MySQL server mode set to STRICT_TRANS_TABLES,STRICT_ALL_TABLES,NO_ZERO_IN_DATE,NO_ZERO_DATE,ERROR_FOR_DIVISION_BY_ZERO,TRADITIONAL,NO_ENGINE_SUBSTITUTION {{(pid=96517) _check_effective_sql_mode /opt/stack/data/venv/lib/python3.12/site-packages/oslo_db/sqlalchemy/engines.py:325}}
Aug 17 00:22:26.894076 np0000007433 nova-scheduler[96521]: DEBUG oslo_db.sqlalchemy.engines [None req-9617f4c0-3c8b-4fca-8a7f-d95b154e73c6 None None] MySQL server mode set to STRICT_TRANS_TABLES,STRICT_ALL_TABLES,NO_ZERO_IN_DATE,NO_ZERO_DATE,ERROR_FOR_DIVISION_BY_ZERO,TRADITIONAL,NO_ENGINE_SUBSTITUTION {{(pid=96521) _check_effective_sql_mode /opt/stack/data/venv/lib/python3.12/site-packages/oslo_db/sqlalchemy/engines.py:325}}
Aug 17 00:22:26.901921 np0000007433 nova-scheduler[96525]: DEBUG oslo_db.sqlalchemy.engines [None req-a1cef57d-0583-4485-85f2-950f60391364 None None] MySQL server mode set to STRICT_TRANS_TABLES,STRICT_ALL_TABLES,NO_ZERO_IN_DATE,NO_ZERO_DATE,ERROR_FOR_DIVISION_BY_ZERO,TRADITIONAL,NO_ENGINE_SUBSTITUTION {{(pid=96525) _check_effective_sql_mode /opt/stack/data/venv/lib/python3.12/site-packages/oslo_db/sqlalchemy/engines.py:325}}
Aug 17 00:22:26.906021 np0000007433 nova-scheduler[96517]: DEBUG dbcounter [-] [96517] Writer thread running {{(pid=96517) stat_writer /opt/stack/data/venv/lib/python3.12/site-packages/dbcounter.py:102}}
Aug 17 00:22:26.906920 np0000007433 nova-scheduler[96521]: DEBUG dbcounter [-] [96521] Writer thread running {{(pid=96521) stat_writer /opt/stack/data/venv/lib/python3.12/site-packages/dbcounter.py:102}}
Aug 17 00:22:26.910960 np0000007433 nova-scheduler[96525]: DEBUG dbcounter [-] [96525] Writer thread running {{(pid=96525) stat_writer /opt/stack/data/venv/lib/python3.12/site-packages/dbcounter.py:102}}
Aug 17 00:22:26.923017 np0000007433 nova-scheduler[96528]: DEBUG oslo_db.sqlalchemy.engines [None req-9fb88ca7-f2f7-454f-87d9-d791bd99a013 None None] MySQL server mode set to STRICT_TRANS_TABLES,STRICT_ALL_TABLES,NO_ZERO_IN_DATE,NO_ZERO_DATE,ERROR_FOR_DIVISION_BY_ZERO,TRADITIONAL,NO_ENGINE_SUBSTITUTION {{(pid=96528) _check_effective_sql_mode /opt/stack/data/venv/lib/python3.12/site-packages/oslo_db/sqlalchemy/engines.py:325}}
Aug 17 00:22:26.924852 np0000007433 nova-scheduler[96517]: DEBUG nova.service [None req-935e1e95-0e70-431c-92ad-de632132d055 None None] Creating RPC server for service: nova-scheduler on topic: scheduler {{(pid=96517) start /opt/stack/nova/nova/service.py:262}}
Aug 17 00:22:26.929190 np0000007433 nova-scheduler[96521]: DEBUG nova.service [None req-9617f4c0-3c8b-4fca-8a7f-d95b154e73c6 None None] Creating RPC server for service: nova-scheduler on topic: scheduler {{(pid=96521) start /opt/stack/nova/nova/service.py:262}}
Aug 17 00:22:26.930531 np0000007433 nova-scheduler[96525]: DEBUG nova.service [None req-a1cef57d-0583-4485-85f2-950f60391364 None None] Creating RPC server for service: nova-scheduler on topic: scheduler {{(pid=96525) start /opt/stack/nova/nova/service.py:262}}
Aug 17 00:22:26.933271 np0000007433 nova-scheduler[96528]: DEBUG dbcounter [-] [96528] Writer thread running {{(pid=96528) stat_writer /opt/stack/data/venv/lib/python3.12/site-packages/dbcounter.py:102}}
Aug 17 00:22:26.936684 np0000007433 nova-scheduler[96528]: DEBUG nova.service [None req-9fb88ca7-f2f7-454f-87d9-d791bd99a013 None None] Creating RPC server for service: nova-scheduler on topic: scheduler {{(pid=96528) start /opt/stack/nova/nova/service.py:262}}
Aug 17 00:22:26.955361 np0000007433 nova-scheduler[96521]: DEBUG nova.service [None req-9617f4c0-3c8b-4fca-8a7f-d95b154e73c6 None None] Join ServiceGroup membership for this service scheduler {{(pid=96521) start /opt/stack/nova/nova/service.py:288}}
Aug 17 00:22:26.955593 np0000007433 nova-scheduler[96521]: DEBUG nova.servicegroup.drivers.db [None req-9617f4c0-3c8b-4fca-8a7f-d95b154e73c6 None None] DB_Driver: join new ServiceGroup member np0000007433 to the scheduler group, service = {{(pid=96521) join /opt/stack/nova/nova/servicegroup/drivers/db.py:44}}
Aug 17 00:22:26.960378 np0000007433 nova-scheduler[96517]: DEBUG nova.service [None req-935e1e95-0e70-431c-92ad-de632132d055 None None] Join ServiceGroup membership for this service scheduler {{(pid=96517) start /opt/stack/nova/nova/service.py:288}}
Aug 17 00:22:26.960476 np0000007433 nova-scheduler[96528]: DEBUG nova.service [None req-9fb88ca7-f2f7-454f-87d9-d791bd99a013 None None] Join ServiceGroup membership for this service scheduler {{(pid=96528) start /opt/stack/nova/nova/service.py:288}}
Aug 17 00:22:26.960619 np0000007433 nova-scheduler[96517]: DEBUG nova.servicegroup.drivers.db [None req-935e1e95-0e70-431c-92ad-de632132d055 None None] DB_Driver: join new ServiceGroup member np0000007433 to the scheduler group, service = {{(pid=96517) join /opt/stack/nova/nova/servicegroup/drivers/db.py:44}}
Aug 17 00:22:26.960684 np0000007433 nova-scheduler[96528]: DEBUG nova.servicegroup.drivers.db [None req-9fb88ca7-f2f7-454f-87d9-d791bd99a013 None None] DB_Driver: join new ServiceGroup member np0000007433 to the scheduler group, service = {{(pid=96528) join /opt/stack/nova/nova/servicegroup/drivers/db.py:44}}
Aug 17 00:22:26.963600 np0000007433 nova-scheduler[96525]: DEBUG nova.service [None req-a1cef57d-0583-4485-85f2-950f60391364 None None] Join ServiceGroup membership for this service scheduler {{(pid=96525) start /opt/stack/nova/nova/service.py:288}}
Aug 17 00:22:26.964445 np0000007433 nova-scheduler[96525]: DEBUG nova.servicegroup.drivers.db [None req-a1cef57d-0583-4485-85f2-950f60391364 None None] DB_Driver: join new ServiceGroup member np0000007433 to the scheduler group, service = {{(pid=96525) join /opt/stack/nova/nova/servicegroup/drivers/db.py:44}}
Aug 17 00:22:31.972501 np0000007433 nova-scheduler[96521]: DEBUG oslo.service.backend._threading.loopingcall [-] Fixed interval looping call 'nova.servicegroup.drivers.db.DbDriver._report_state' sleeping for 119.98 seconds {{(pid=96521) _run_loop /opt/stack/data/venv/lib/python3.12/site-packages/oslo_service/backend/_threading/loopingcall.py:125}}
Aug 17 00:22:31.973187 np0000007433 nova-scheduler[96517]: DEBUG oslo.service.backend._threading.loopingcall [-] Fixed interval looping call 'nova.servicegroup.drivers.db.DbDriver._report_state' sleeping for 119.99 seconds {{(pid=96517) _run_loop /opt/stack/data/venv/lib/python3.12/site-packages/oslo_service/backend/_threading/loopingcall.py:125}}
Aug 17 00:22:31.974849 np0000007433 nova-scheduler[96525]: DEBUG oslo.service.backend._threading.loopingcall [-] Fixed interval looping call 'nova.servicegroup.drivers.db.DbDriver._report_state' sleeping for 119.99 seconds {{(pid=96525) _run_loop /opt/stack/data/venv/lib/python3.12/site-packages/oslo_service/backend/_threading/loopingcall.py:125}}
Aug 17 00:22:31.976038 np0000007433 nova-scheduler[96528]: DEBUG oslo.service.backend._threading.loopingcall [-] Fixed interval looping call 'nova.servicegroup.drivers.db.DbDriver._report_state' sleeping for 119.99 seconds {{(pid=96528) _run_loop /opt/stack/data/venv/lib/python3.12/site-packages/oslo_service/backend/_threading/loopingcall.py:125}}
Aug 17 00:22:35.490185 np0000007433 nova-scheduler[95313]: DEBUG dbcounter [-] [95313] Writing DB stats nova_api:SELECT=3 {{(pid=95313) stat_writer /opt/stack/data/venv/lib/python3.12/site-packages/dbcounter.py:115}}
Aug 17 00:22:35.638230 np0000007433 nova-scheduler[95313]: DEBUG dbcounter [-] [95313] Writing DB stats nova_cell1:SELECT=1 {{(pid=95313) stat_writer /opt/stack/data/venv/lib/python3.12/site-packages/dbcounter.py:115}}
Aug 17 00:22:35.642134 np0000007433 nova-scheduler[95313]: DEBUG dbcounter [-] [95313] Writing DB stats nova_cell0:SELECT=1 {{(pid=95313) stat_writer /opt/stack/data/venv/lib/python3.12/site-packages/dbcounter.py:115}}
Aug 17 00:22:35.957904 np0000007433 nova-scheduler[96521]: DEBUG oslo.service.backend._threading.loopingcall [None req-8427bade-252c-4dbd-a301-dbf92b378252 None None] Dynamic interval looping call 'nova.service.Service.periodic_tasks' sleeping for 60.00 seconds {{(pid=96521) _run_loop /opt/stack/data/venv/lib/python3.12/site-packages/oslo_service/backend/_threading/loopingcall.py:125}}
Aug 17 00:22:41.964917 np0000007433 nova-scheduler[96521]: DEBUG dbcounter [-] [96521] Writing DB stats nova_cell0:SELECT=5,nova_cell0:INSERT=1,nova_cell0:UPDATE=1 {{(pid=96521) stat_writer /opt/stack/data/venv/lib/python3.12/site-packages/dbcounter.py:115}}
Aug 17 00:22:41.976367 np0000007433 nova-scheduler[96525]: DEBUG dbcounter [-] [96525] Writing DB stats nova_cell0:SELECT=5,nova_cell0:INSERT=1,nova_cell0:UPDATE=1 {{(pid=96525) stat_writer /opt/stack/data/venv/lib/python3.12/site-packages/dbcounter.py:115}}
Aug 17 00:22:41.976749 np0000007433 nova-scheduler[96517]: DEBUG dbcounter [-] [96517] Writing DB stats nova_cell0:SELECT=4,nova_cell0:INSERT=1,nova_cell0:UPDATE=1 {{(pid=96517) stat_writer /opt/stack/data/venv/lib/python3.12/site-packages/dbcounter.py:115}}
Aug 17 00:22:41.980345 np0000007433 nova-scheduler[96528]: DEBUG dbcounter [-] [96528] Writing DB stats nova_cell0:SELECT=3,nova_cell0:UPDATE=1 {{(pid=96528) stat_writer /opt/stack/data/venv/lib/python3.12/site-packages/dbcounter.py:115}}
Aug 17 00:22:43.966454 np0000007433 nova-scheduler[96525]: DEBUG oslo.service.backend._threading.loopingcall [None req-060df3fd-87ad-436b-8512-bfefff3eb98c None None] Dynamic interval looping call 'nova.service.Service.periodic_tasks' sleeping for 60.00 seconds {{(pid=96525) _run_loop /opt/stack/data/venv/lib/python3.12/site-packages/oslo_service/backend/_threading/loopingcall.py:125}}
Aug 17 00:22:54.963588 np0000007433 nova-scheduler[96517]: DEBUG oslo.service.backend._threading.loopingcall [None req-4472b870-26fd-4a84-90f2-1e08b2c9db1f None None] Dynamic interval looping call 'nova.service.Service.periodic_tasks' sleeping for 60.00 seconds {{(pid=96517) _run_loop /opt/stack/data/venv/lib/python3.12/site-packages/oslo_service/backend/_threading/loopingcall.py:125}}
Aug 17 00:23:04.962778 np0000007433 nova-scheduler[96528]: DEBUG oslo.service.backend._threading.loopingcall [None req-9482cf99-d4d6-4902-90f3-904668d97086 None None] Dynamic interval looping call 'nova.service.Service.periodic_tasks' sleeping for 60.00 seconds {{(pid=96528) _run_loop /opt/stack/data/venv/lib/python3.12/site-packages/oslo_service/backend/_threading/loopingcall.py:125}}
Aug 17 00:23:35.958608 np0000007433 nova-scheduler[96521]: DEBUG oslo.service.backend._threading.loopingcall [None req-8427bade-252c-4dbd-a301-dbf92b378252 None None] Dynamic interval looping call 'nova.service.Service.periodic_tasks' sleeping for 60.00 seconds {{(pid=96521) _run_loop /opt/stack/data/venv/lib/python3.12/site-packages/oslo_service/backend/_threading/loopingcall.py:125}}
Aug 17 00:23:43.966882 np0000007433 nova-scheduler[96525]: DEBUG oslo.service.backend._threading.loopingcall [None req-060df3fd-87ad-436b-8512-bfefff3eb98c None None] Dynamic interval looping call 'nova.service.Service.periodic_tasks' sleeping for 60.00 seconds {{(pid=96525) _run_loop /opt/stack/data/venv/lib/python3.12/site-packages/oslo_service/backend/_threading/loopingcall.py:125}}
Aug 17 00:23:54.964181 np0000007433 nova-scheduler[96517]: DEBUG oslo.service.backend._threading.loopingcall [None req-4472b870-26fd-4a84-90f2-1e08b2c9db1f None None] Dynamic interval looping call 'nova.service.Service.periodic_tasks' sleeping for 60.00 seconds {{(pid=96517) _run_loop /opt/stack/data/venv/lib/python3.12/site-packages/oslo_service/backend/_threading/loopingcall.py:125}}
Aug 17 00:24:04.963305 np0000007433 nova-scheduler[96528]: DEBUG oslo.service.backend._threading.loopingcall [None req-9482cf99-d4d6-4902-90f3-904668d97086 None None] Dynamic interval looping call 'nova.service.Service.periodic_tasks' sleeping for 60.00 seconds {{(pid=96528) _run_loop /opt/stack/data/venv/lib/python3.12/site-packages/oslo_service/backend/_threading/loopingcall.py:125}}
Aug 17 00:24:31.958899 np0000007433 nova-scheduler[96521]: DEBUG oslo.service.backend._threading.loopingcall [-] Fixed interval looping call 'nova.servicegroup.drivers.db.DbDriver._report_state' sleeping for 119.99 seconds {{(pid=96521) _run_loop /opt/stack/data/venv/lib/python3.12/site-packages/oslo_service/backend/_threading/loopingcall.py:125}}
Aug 17 00:24:31.968172 np0000007433 nova-scheduler[96517]: DEBUG oslo.service.backend._threading.loopingcall [-] Fixed interval looping call 'nova.servicegroup.drivers.db.DbDriver._report_state' sleeping for 120.00 seconds {{(pid=96517) _run_loop /opt/stack/data/venv/lib/python3.12/site-packages/oslo_service/backend/_threading/loopingcall.py:125}}
Aug 17 00:24:31.968527 np0000007433 nova-scheduler[96525]: DEBUG oslo.service.backend._threading.loopingcall [-] Fixed interval looping call 'nova.servicegroup.drivers.db.DbDriver._report_state' sleeping for 120.00 seconds {{(pid=96525) _run_loop /opt/stack/data/venv/lib/python3.12/site-packages/oslo_service/backend/_threading/loopingcall.py:125}}
Aug 17 00:24:31.973644 np0000007433 nova-scheduler[96528]: DEBUG oslo.service.backend._threading.loopingcall [-] Fixed interval looping call 'nova.servicegroup.drivers.db.DbDriver._report_state' sleeping for 119.99 seconds {{(pid=96528) _run_loop /opt/stack/data/venv/lib/python3.12/site-packages/oslo_service/backend/_threading/loopingcall.py:125}}
Aug 17 00:24:34.152173 np0000007433 nova-scheduler[96521]: DEBUG nova.scheduler.manager [None req-376efa94-4aad-437b-8ef2-ccf8c0d24adb tempest-DeleteServersTestJSON-2004234266 tempest-DeleteServersTestJSON-2004234266-project-member] Starting to schedule for instances: ['cd6acdaa-4cb8-477f-be1f-0dab7c0b48e3'] {{(pid=96521) select_destinations /opt/stack/nova/nova/scheduler/manager.py:197}}
Aug 17 00:24:34.153288 np0000007433 nova-scheduler[96521]: DEBUG nova.scheduler.request_filter [None req-376efa94-4aad-437b-8ef2-ccf8c0d24adb tempest-DeleteServersTestJSON-2004234266 tempest-DeleteServersTestJSON-2004234266-project-member] compute_status_filter request filter added forbidden trait COMPUTE_STATUS_DISABLED {{(pid=96521) compute_status_filter /opt/stack/nova/nova/scheduler/request_filter.py:253}}
Aug 17 00:24:34.153487 np0000007433 nova-scheduler[96521]: DEBUG nova.scheduler.request_filter [None req-376efa94-4aad-437b-8ef2-ccf8c0d24adb tempest-DeleteServersTestJSON-2004234266 tempest-DeleteServersTestJSON-2004234266-project-member] Request filter 'compute_status_filter' took 0.0 seconds {{(pid=96521) wrapper /opt/stack/nova/nova/scheduler/request_filter.py:46}}
Aug 17 00:24:34.153770 np0000007433 nova-scheduler[96521]: DEBUG nova.scheduler.request_filter [None req-376efa94-4aad-437b-8ef2-ccf8c0d24adb tempest-DeleteServersTestJSON-2004234266 tempest-DeleteServersTestJSON-2004234266-project-member] Request filter 'accelerators_filter' took 0.0 seconds {{(pid=96521) wrapper /opt/stack/nova/nova/scheduler/request_filter.py:46}}
Aug 17 00:24:34.154042 np0000007433 nova-scheduler[96521]: DEBUG nova.scheduler.request_filter [None req-376efa94-4aad-437b-8ef2-ccf8c0d24adb tempest-DeleteServersTestJSON-2004234266 tempest-DeleteServersTestJSON-2004234266-project-member] Request filter 'packed_virtqueue_filter' took 0.0 seconds {{(pid=96521) wrapper /opt/stack/nova/nova/scheduler/request_filter.py:46}}
Aug 17 00:24:34.154383 np0000007433 nova-scheduler[96521]: DEBUG nova.scheduler.request_filter [None req-376efa94-4aad-437b-8ef2-ccf8c0d24adb tempest-DeleteServersTestJSON-2004234266 tempest-DeleteServersTestJSON-2004234266-project-member] Request filter 'remote_managed_ports_filter' took 0.0 seconds {{(pid=96521) wrapper /opt/stack/nova/nova/scheduler/request_filter.py:46}}
Aug 17 00:24:34.154536 np0000007433 nova-scheduler[96521]: DEBUG nova.scheduler.request_filter [None req-376efa94-4aad-437b-8ef2-ccf8c0d24adb tempest-DeleteServersTestJSON-2004234266 tempest-DeleteServersTestJSON-2004234266-project-member] ephemeral_encryption_filter skipped {{(pid=96521) ephemeral_encryption_filter /opt/stack/nova/nova/scheduler/request_filter.py:426}}
Aug 17 00:24:34.155097 np0000007433 nova-scheduler[96521]: DEBUG nova.scheduler.request_filter [None req-376efa94-4aad-437b-8ef2-ccf8c0d24adb tempest-DeleteServersTestJSON-2004234266 tempest-DeleteServersTestJSON-2004234266-project-member] virtio_sound_filter skipped {{(pid=96521) virtio_sound_filter /opt/stack/nova/nova/scheduler/request_filter.py:460}}
Aug 17 00:24:34.155230 np0000007433 nova-scheduler[96521]: DEBUG nova.scheduler.request_filter [None req-376efa94-4aad-437b-8ef2-ccf8c0d24adb tempest-DeleteServersTestJSON-2004234266 tempest-DeleteServersTestJSON-2004234266-project-member] tpm_secret_security_filter skipped {{(pid=96521) tpm_secret_security_filter /opt/stack/nova/nova/scheduler/request_filter.py:477}}
Aug 17 00:24:34.710079 np0000007433 nova-scheduler[96521]: INFO nova.utils [None req-376efa94-4aad-437b-8ef2-ccf8c0d24adb tempest-DeleteServersTestJSON-2004234266 tempest-DeleteServersTestJSON-2004234266-project-member] The cell worker thread pool ForkProcess-2.cell_worker is initialized
Aug 17 00:24:34.710420 np0000007433 nova-scheduler[96521]: DEBUG oslo_concurrency.lockutils [None req-376efa94-4aad-437b-8ef2-ccf8c0d24adb tempest-DeleteServersTestJSON-2004234266 tempest-DeleteServersTestJSON-2004234266-project-member] Acquiring lock "782019c3-a640-4636-b72c-5d8449ae5692" by "nova.context.set_target_cell..get_or_set_cached_cell_and_set_connections" {{(pid=96521) inner /opt/stack/data/venv/lib/python3.12/site-packages/oslo_concurrency/lockutils.py:512}}
Aug 17 00:24:34.710668 np0000007433 nova-scheduler[96521]: DEBUG oslo_concurrency.lockutils [None req-376efa94-4aad-437b-8ef2-ccf8c0d24adb tempest-DeleteServersTestJSON-2004234266 tempest-DeleteServersTestJSON-2004234266-project-member] Lock "782019c3-a640-4636-b72c-5d8449ae5692" acquired by "nova.context.set_target_cell..get_or_set_cached_cell_and_set_connections" :: waited 0.000s {{(pid=96521) inner /opt/stack/data/venv/lib/python3.12/site-packages/oslo_concurrency/lockutils.py:525}}
Aug 17 00:24:34.712652 np0000007433 nova-scheduler[96521]: DEBUG oslo_concurrency.lockutils [None req-376efa94-4aad-437b-8ef2-ccf8c0d24adb tempest-DeleteServersTestJSON-2004234266 tempest-DeleteServersTestJSON-2004234266-project-member] Lock "782019c3-a640-4636-b72c-5d8449ae5692" "released" by "nova.context.set_target_cell..get_or_set_cached_cell_and_set_connections" :: held 0.002s {{(pid=96521) inner /opt/stack/data/venv/lib/python3.12/site-packages/oslo_concurrency/lockutils.py:544}}
Aug 17 00:24:34.714214 np0000007433 nova-scheduler[96521]: INFO dbcounter [None req-376efa94-4aad-437b-8ef2-ccf8c0d24adb tempest-DeleteServersTestJSON-2004234266 tempest-DeleteServersTestJSON-2004234266-project-member] Registered counter for database nova_cell1
Aug 17 00:24:34.763421 np0000007433 nova-scheduler[96521]: DEBUG oslo_db.sqlalchemy.engines [None req-376efa94-4aad-437b-8ef2-ccf8c0d24adb tempest-DeleteServersTestJSON-2004234266 tempest-DeleteServersTestJSON-2004234266-project-member] MySQL server mode set to STRICT_TRANS_TABLES,STRICT_ALL_TABLES,NO_ZERO_IN_DATE,NO_ZERO_DATE,ERROR_FOR_DIVISION_BY_ZERO,TRADITIONAL,NO_ENGINE_SUBSTITUTION {{(pid=96521) _check_effective_sql_mode /opt/stack/data/venv/lib/python3.12/site-packages/oslo_db/sqlalchemy/engines.py:325}}
Aug 17 00:24:34.770238 np0000007433 nova-scheduler[96521]: DEBUG dbcounter [-] [96521] Writer thread running {{(pid=96521) stat_writer /opt/stack/data/venv/lib/python3.12/site-packages/dbcounter.py:102}}
Aug 17 00:24:34.789467 np0000007433 nova-scheduler[96521]: DEBUG oslo_db.sqlalchemy.engines [None req-376efa94-4aad-437b-8ef2-ccf8c0d24adb tempest-DeleteServersTestJSON-2004234266 tempest-DeleteServersTestJSON-2004234266-project-member] Parent process 95313 forked (96521) with an open database connection, which is being discarded and recreated. {{(pid=96521) checkout /opt/stack/data/venv/lib/python3.12/site-packages/oslo_db/sqlalchemy/engines.py:402}}
Aug 17 00:24:34.849139 np0000007433 nova-scheduler[96521]: DEBUG dbcounter [-] [96521] Writer thread running {{(pid=96521) stat_writer /opt/stack/data/venv/lib/python3.12/site-packages/dbcounter.py:102}}
Aug 17 00:24:34.853759 np0000007433 nova-scheduler[96521]: DEBUG oslo_concurrency.lockutils [None req-376efa94-4aad-437b-8ef2-ccf8c0d24adb tempest-DeleteServersTestJSON-2004234266 tempest-DeleteServersTestJSON-2004234266-project-member] Acquiring lock "782019c3-a640-4636-b72c-5d8449ae5692" by "nova.context.set_target_cell..get_or_set_cached_cell_and_set_connections" {{(pid=96521) inner /opt/stack/data/venv/lib/python3.12/site-packages/oslo_concurrency/lockutils.py:512}}
Aug 17 00:24:34.853977 np0000007433 nova-scheduler[96521]: DEBUG oslo_concurrency.lockutils [None req-376efa94-4aad-437b-8ef2-ccf8c0d24adb tempest-DeleteServersTestJSON-2004234266 tempest-DeleteServersTestJSON-2004234266-project-member] Lock "782019c3-a640-4636-b72c-5d8449ae5692" acquired by "nova.context.set_target_cell..get_or_set_cached_cell_and_set_connections" :: waited 0.000s {{(pid=96521) inner /opt/stack/data/venv/lib/python3.12/site-packages/oslo_concurrency/lockutils.py:525}}
Aug 17 00:24:34.854132 np0000007433 nova-scheduler[96521]: DEBUG oslo_concurrency.lockutils [None req-376efa94-4aad-437b-8ef2-ccf8c0d24adb tempest-DeleteServersTestJSON-2004234266 tempest-DeleteServersTestJSON-2004234266-project-member] Lock "782019c3-a640-4636-b72c-5d8449ae5692" "released" by "nova.context.set_target_cell..get_or_set_cached_cell_and_set_connections" :: held 0.000s {{(pid=96521) inner /opt/stack/data/venv/lib/python3.12/site-packages/oslo_concurrency/lockutils.py:544}}
Aug 17 00:24:34.858184 np0000007433 nova-scheduler[96521]: DEBUG oslo_concurrency.lockutils [None req-376efa94-4aad-437b-8ef2-ccf8c0d24adb tempest-DeleteServersTestJSON-2004234266 tempest-DeleteServersTestJSON-2004234266-project-member] Acquiring lock "np0000007433-np0000007433" by "nova.scheduler.host_manager.HostState.update.._locked_update" {{(pid=96521) inner /opt/stack/data/venv/lib/python3.12/site-packages/oslo_concurrency/lockutils.py:512}}
Aug 17 00:24:34.859055 np0000007433 nova-scheduler[96521]: DEBUG oslo_concurrency.lockutils [None req-376efa94-4aad-437b-8ef2-ccf8c0d24adb tempest-DeleteServersTestJSON-2004234266 tempest-DeleteServersTestJSON-2004234266-project-member] Lock "np0000007433-np0000007433" acquired by "nova.scheduler.host_manager.HostState.update.._locked_update" :: waited 0.000s {{(pid=96521) inner /opt/stack/data/venv/lib/python3.12/site-packages/oslo_concurrency/lockutils.py:525}}
