Jun 30 15:19:57.838537 np0000004001 nova-scheduler[93227]: DEBUG cotyledon.oslo_config_glue [-] oslo_limit.auth_type = None {{(pid=93227) log_opt_values /opt/stack/data/venv/lib/python3.12/site-packages/oslo_config/cfg.py:3253}}
Jun 30 15:19:57.838537 np0000004001 nova-scheduler[93227]: DEBUG cotyledon.oslo_config_glue [-] oslo_limit.cafile = None {{(pid=93227) log_opt_values /opt/stack/data/venv/lib/python3.12/site-packages/oslo_config/cfg.py:3253}}
Jun 30 15:19:57.838537 np0000004001 nova-scheduler[93227]: DEBUG cotyledon.oslo_config_glue [-] oslo_limit.certfile = None {{(pid=93227) log_opt_values /opt/stack/data/venv/lib/python3.12/site-packages/oslo_config/cfg.py:3253}}
Jun 30 15:19:57.838537 np0000004001 nova-scheduler[93227]: DEBUG cotyledon.oslo_config_glue [-] oslo_limit.collect_timing = False {{(pid=93227) log_opt_values /opt/stack/data/venv/lib/python3.12/site-packages/oslo_config/cfg.py:3253}}
Jun 30 15:19:57.838537 np0000004001 nova-scheduler[93227]: DEBUG cotyledon.oslo_config_glue [-] oslo_limit.connect_retries = None {{(pid=93227) log_opt_values /opt/stack/data/venv/lib/python3.12/site-packages/oslo_config/cfg.py:3253}}
Jun 30 15:19:57.838537 np0000004001 nova-scheduler[93227]: DEBUG cotyledon.oslo_config_glue [-] oslo_limit.connect_retry_delay = None {{(pid=93227) log_opt_values /opt/stack/data/venv/lib/python3.12/site-packages/oslo_config/cfg.py:3253}}
Jun 30 15:19:57.838537 np0000004001 nova-scheduler[93227]: DEBUG cotyledon.oslo_config_glue [-] oslo_limit.endpoint_id = None {{(pid=93227) log_opt_values /opt/stack/data/venv/lib/python3.12/site-packages/oslo_config/cfg.py:3253}}
Jun 30 15:19:57.838537 np0000004001 nova-scheduler[93227]: DEBUG cotyledon.oslo_config_glue [-] oslo_limit.endpoint_interface = public {{(pid=93227) log_opt_values /opt/stack/data/venv/lib/python3.12/site-packages/oslo_config/cfg.py:3253}}
Jun 30 15:19:57.838852 np0000004001 nova-scheduler[93227]: DEBUG cotyledon.oslo_config_glue [-] oslo_limit.endpoint_override = None {{(pid=93227) log_opt_values /opt/stack/data/venv/lib/python3.12/site-packages/oslo_config/cfg.py:3253}}
Jun 30 15:19:57.838852 np0000004001 nova-scheduler[93227]: DEBUG cotyledon.oslo_config_glue [-] oslo_limit.endpoint_region_name = None {{(pid=93227) log_opt_values /opt/stack/data/venv/lib/python3.12/site-packages/oslo_config/cfg.py:3253}}
Jun 30 15:19:57.838852 np0000004001 nova-scheduler[93227]: DEBUG cotyledon.oslo_config_glue [-] oslo_limit.endpoint_service_name = None {{(pid=93227) log_opt_values /opt/stack/data/venv/lib/python3.12/site-packages/oslo_config/cfg.py:3253}}
Jun 30 15:19:57.838852 np0000004001 nova-scheduler[93227]: DEBUG cotyledon.oslo_config_glue [-] oslo_limit.endpoint_service_type = None {{(pid=93227) log_opt_values /opt/stack/data/venv/lib/python3.12/site-packages/oslo_config/cfg.py:3253}}
Jun 30 15:19:57.838852 np0000004001 nova-scheduler[93227]: DEBUG cotyledon.oslo_config_glue [-] oslo_limit.insecure = False {{(pid=93227) log_opt_values /opt/stack/data/venv/lib/python3.12/site-packages/oslo_config/cfg.py:3253}}
Jun 30 15:19:57.838852 np0000004001 nova-scheduler[93227]: DEBUG cotyledon.oslo_config_glue [-] oslo_limit.keyfile = None {{(pid=93227) log_opt_values /opt/stack/data/venv/lib/python3.12/site-packages/oslo_config/cfg.py:3253}}
Jun 30 15:19:57.838852 np0000004001 nova-scheduler[93227]: DEBUG cotyledon.oslo_config_glue [-] oslo_limit.max_version = None {{(pid=93227) log_opt_values /opt/stack/data/venv/lib/python3.12/site-packages/oslo_config/cfg.py:3253}}
Jun 30 15:19:57.838852 np0000004001 nova-scheduler[93227]: DEBUG cotyledon.oslo_config_glue [-] oslo_limit.min_version = None {{(pid=93227) log_opt_values /opt/stack/data/venv/lib/python3.12/site-packages/oslo_config/cfg.py:3253}}
Jun 30 15:19:57.838852 np0000004001 nova-scheduler[93227]: DEBUG cotyledon.oslo_config_glue [-] oslo_limit.region_name = None {{(pid=93227) log_opt_values /opt/stack/data/venv/lib/python3.12/site-packages/oslo_config/cfg.py:3253}}
Jun 30 15:19:57.839154 np0000004001 nova-scheduler[93227]: DEBUG cotyledon.oslo_config_glue [-] oslo_limit.retriable_status_codes = None {{(pid=93227) log_opt_values /opt/stack/data/venv/lib/python3.12/site-packages/oslo_config/cfg.py:3253}}
Jun 30 15:19:57.839154 np0000004001 nova-scheduler[93227]: DEBUG cotyledon.oslo_config_glue [-] oslo_limit.service_name = None {{(pid=93227) log_opt_values /opt/stack/data/venv/lib/python3.12/site-packages/oslo_config/cfg.py:3253}}
Jun 30 15:19:57.839154 np0000004001 nova-scheduler[93227]: DEBUG cotyledon.oslo_config_glue [-] oslo_limit.service_type = None {{(pid=93227) log_opt_values /opt/stack/data/venv/lib/python3.12/site-packages/oslo_config/cfg.py:3253}}
Jun 30 15:19:57.839154 np0000004001 nova-scheduler[93227]: DEBUG cotyledon.oslo_config_glue [-] oslo_limit.split_loggers = False {{(pid=93227) log_opt_values /opt/stack/data/venv/lib/python3.12/site-packages/oslo_config/cfg.py:3253}}
Jun 30 15:19:57.839154 np0000004001 nova-scheduler[93227]: DEBUG cotyledon.oslo_config_glue [-] oslo_limit.status_code_retries = None {{(pid=93227) log_opt_values /opt/stack/data/venv/lib/python3.12/site-packages/oslo_config/cfg.py:3253}}
Jun 30 15:19:57.839154 np0000004001 nova-scheduler[93227]: DEBUG cotyledon.oslo_config_glue [-] oslo_limit.status_code_retry_delay = None {{(pid=93227) log_opt_values /opt/stack/data/venv/lib/python3.12/site-packages/oslo_config/cfg.py:3253}}
Jun 30 15:19:57.839154 np0000004001 nova-scheduler[93227]: DEBUG cotyledon.oslo_config_glue [-] oslo_limit.timeout = None {{(pid=93227) log_opt_values /opt/stack/data/venv/lib/python3.12/site-packages/oslo_config/cfg.py:3253}}
Jun 30 15:19:57.839154 np0000004001 nova-scheduler[93227]: DEBUG cotyledon.oslo_config_glue [-] oslo_limit.valid_interfaces = None {{(pid=93227) log_opt_values /opt/stack/data/venv/lib/python3.12/site-packages/oslo_config/cfg.py:3253}}
Jun 30 15:19:57.839154 np0000004001 nova-scheduler[93227]: DEBUG cotyledon.oslo_config_glue [-] oslo_limit.version = None {{(pid=93227) log_opt_values /opt/stack/data/venv/lib/python3.12/site-packages/oslo_config/cfg.py:3253}}
Jun 30 15:19:57.839361 np0000004001 nova-scheduler[93227]: DEBUG cotyledon.oslo_config_glue [-] oslo_reports.file_event_handler = None {{(pid=93227) log_opt_values /opt/stack/data/venv/lib/python3.12/site-packages/oslo_config/cfg.py:3253}}
Jun 30 15:19:57.839361 np0000004001 nova-scheduler[93227]: DEBUG cotyledon.oslo_config_glue [-] oslo_reports.file_event_handler_interval = 1 {{(pid=93227) log_opt_values /opt/stack/data/venv/lib/python3.12/site-packages/oslo_config/cfg.py:3253}}
Jun 30 15:19:57.839361 np0000004001 nova-scheduler[93227]: DEBUG cotyledon.oslo_config_glue [-] oslo_reports.log_dir = None {{(pid=93227) log_opt_values /opt/stack/data/venv/lib/python3.12/site-packages/oslo_config/cfg.py:3253}}
Jun 30 15:19:57.839361 np0000004001 nova-scheduler[93227]: DEBUG cotyledon.oslo_config_glue [-] ******************************************************************************** {{(pid=93227) log_opt_values /opt/stack/data/venv/lib/python3.12/site-packages/oslo_config/cfg.py:3260}}
Jun 30 15:19:57.839361 np0000004001 nova-scheduler[93227]: DEBUG cotyledon._service_worker [-] Run service ServiceWrapper(2) [93227] {{(pid=93227) wait_forever /opt/stack/data/venv/lib/python3.12/site-packages/cotyledon/_service_worker.py:218}}
Jun 30 15:19:57.839361 np0000004001 nova-scheduler[93227]: INFO nova.service [-] Starting scheduler node (version 33.1.0)
Jun 30 15:19:57.839361 np0000004001 nova-scheduler[93227]: INFO dbcounter [None req-c66b1b33-afa8-42fa-bf59-3c14838d9a8d None None] Registered counter for database nova_cell0
Jun 30 15:19:57.839583 np0000004001 nova-scheduler[93222]: DEBUG oslo_db.sqlalchemy.engines [None req-6fbe75a0-695f-41a1-b67e-ae7c460137d6 None None] MySQL server mode set to STRICT_TRANS_TABLES,STRICT_ALL_TABLES,NO_ZERO_IN_DATE,NO_ZERO_DATE,ERROR_FOR_DIVISION_BY_ZERO,TRADITIONAL,NO_ENGINE_SUBSTITUTION {{(pid=93222) _check_effective_sql_mode /opt/stack/data/venv/lib/python3.12/site-packages/oslo_db/sqlalchemy/engines.py:325}}
Jun 30 15:19:57.839644 np0000004001 nova-scheduler[93225]: DEBUG oslo_db.sqlalchemy.engines [None req-f2419c67-ecf2-4136-b56a-d6f083195123 None None] MySQL server mode set to STRICT_TRANS_TABLES,STRICT_ALL_TABLES,NO_ZERO_IN_DATE,NO_ZERO_DATE,ERROR_FOR_DIVISION_BY_ZERO,TRADITIONAL,NO_ENGINE_SUBSTITUTION {{(pid=93225) _check_effective_sql_mode /opt/stack/data/venv/lib/python3.12/site-packages/oslo_db/sqlalchemy/engines.py:325}}
Jun 30 15:19:57.839696 np0000004001 nova-scheduler[93222]: DEBUG dbcounter [-] [93222] Writer thread running {{(pid=93222) stat_writer /opt/stack/data/venv/lib/python3.12/site-packages/dbcounter.py:102}}
Jun 30 15:19:57.844082 np0000004001 nova-scheduler[93227]: DEBUG oslo_db.sqlalchemy.engines [None req-c66b1b33-afa8-42fa-bf59-3c14838d9a8d None None] MySQL server mode set to STRICT_TRANS_TABLES,STRICT_ALL_TABLES,NO_ZERO_IN_DATE,NO_ZERO_DATE,ERROR_FOR_DIVISION_BY_ZERO,TRADITIONAL,NO_ENGINE_SUBSTITUTION {{(pid=93227) _check_effective_sql_mode /opt/stack/data/venv/lib/python3.12/site-packages/oslo_db/sqlalchemy/engines.py:325}}
Jun 30 15:19:57.848481 np0000004001 nova-scheduler[93225]: DEBUG dbcounter [-] [93225] Writer thread running {{(pid=93225) stat_writer /opt/stack/data/venv/lib/python3.12/site-packages/dbcounter.py:102}}
Jun 30 15:19:57.853339 np0000004001 nova-scheduler[93227]: DEBUG dbcounter [-] [93227] Writer thread running {{(pid=93227) stat_writer /opt/stack/data/venv/lib/python3.12/site-packages/dbcounter.py:102}}
Jun 30 15:19:57.854377 np0000004001 nova-scheduler[93222]: DEBUG nova.service [None req-6fbe75a0-695f-41a1-b67e-ae7c460137d6 None None] Creating RPC server for service: nova-scheduler on topic: scheduler {{(pid=93222) start /opt/stack/nova/nova/service.py:196}}
Jun 30 15:19:57.856615 np0000004001 nova-scheduler[93227]: DEBUG nova.service [None req-c66b1b33-afa8-42fa-bf59-3c14838d9a8d None None] Creating RPC server for service: nova-scheduler on topic: scheduler {{(pid=93227) start /opt/stack/nova/nova/service.py:196}}
Jun 30 15:19:57.867624 np0000004001 nova-scheduler[93225]: DEBUG nova.service [None req-f2419c67-ecf2-4136-b56a-d6f083195123 None None] Creating RPC server for service: nova-scheduler on topic: scheduler {{(pid=93225) start /opt/stack/nova/nova/service.py:196}}
Jun 30 15:19:57.882093 np0000004001 nova-scheduler[93227]: DEBUG nova.service [None req-c66b1b33-afa8-42fa-bf59-3c14838d9a8d None None] Join ServiceGroup membership for this service scheduler {{(pid=93227) start /opt/stack/nova/nova/service.py:222}}
Jun 30 15:19:57.882373 np0000004001 nova-scheduler[93227]: DEBUG nova.servicegroup.drivers.db [None req-c66b1b33-afa8-42fa-bf59-3c14838d9a8d None None] DB_Driver: join new ServiceGroup member np0000004001 to the scheduler group, service = {{(pid=93227) join /opt/stack/nova/nova/servicegroup/drivers/db.py:44}}
Jun 30 15:19:57.888052 np0000004001 nova-scheduler[93225]: DEBUG nova.service [None req-f2419c67-ecf2-4136-b56a-d6f083195123 None None] Join ServiceGroup membership for this service scheduler {{(pid=93225) start /opt/stack/nova/nova/service.py:222}}
Jun 30 15:19:57.888237 np0000004001 nova-scheduler[93222]: DEBUG nova.service [None req-6fbe75a0-695f-41a1-b67e-ae7c460137d6 None None] Join ServiceGroup membership for this service scheduler {{(pid=93222) start /opt/stack/nova/nova/service.py:222}}
Jun 30 15:19:57.888293 np0000004001 nova-scheduler[93225]: DEBUG nova.servicegroup.drivers.db [None req-f2419c67-ecf2-4136-b56a-d6f083195123 None None] DB_Driver: join new ServiceGroup member np0000004001 to the scheduler group, service = {{(pid=93225) join /opt/stack/nova/nova/servicegroup/drivers/db.py:44}}
Jun 30 15:19:57.888472 np0000004001 nova-scheduler[93222]: DEBUG nova.servicegroup.drivers.db [None req-6fbe75a0-695f-41a1-b67e-ae7c460137d6 None None] DB_Driver: join new ServiceGroup member np0000004001 to the scheduler group, service = {{(pid=93222) join /opt/stack/nova/nova/servicegroup/drivers/db.py:44}}
Jun 30 15:20:00.890743 np0000004001 nova-scheduler[93222]: DEBUG oslo.service.backend._threading.loopingcall [None req-beeda574-3728-4623-8eff-27f28eb219aa None None] Dynamic interval looping call 'nova.service.Service.periodic_tasks' sleeping for 60.00 seconds {{(pid=93222) _run_loop /opt/stack/data/venv/lib/python3.12/site-packages/oslo_service/backend/_threading/loopingcall.py:125}}
Jun 30 15:20:02.900003 np0000004001 nova-scheduler[93227]: DEBUG oslo.service.backend._threading.loopingcall [-] Fixed interval looping call 'nova.servicegroup.drivers.db.DbDriver._report_state' sleeping for 119.99 seconds {{(pid=93227) _run_loop /opt/stack/data/venv/lib/python3.12/site-packages/oslo_service/backend/_threading/loopingcall.py:125}}
Jun 30 15:20:02.900407 np0000004001 nova-scheduler[93225]: DEBUG oslo.service.backend._threading.loopingcall [-] Fixed interval looping call 'nova.servicegroup.drivers.db.DbDriver._report_state' sleeping for 119.99 seconds {{(pid=93225) _run_loop /opt/stack/data/venv/lib/python3.12/site-packages/oslo_service/backend/_threading/loopingcall.py:125}}
Jun 30 15:20:02.901108 np0000004001 nova-scheduler[93222]: DEBUG oslo.service.backend._threading.loopingcall [-] Fixed interval looping call 'nova.servicegroup.drivers.db.DbDriver._report_state' sleeping for 119.99 seconds {{(pid=93222) _run_loop /opt/stack/data/venv/lib/python3.12/site-packages/oslo_service/backend/_threading/loopingcall.py:125}}
Jun 30 15:20:06.403834 np0000004001 nova-scheduler[91935]: DEBUG dbcounter [-] [91935] Writing DB stats nova_api:SELECT=3 {{(pid=91935) stat_writer /opt/stack/data/venv/lib/python3.12/site-packages/dbcounter.py:115}}
Jun 30 15:20:06.548181 np0000004001 nova-scheduler[91935]: DEBUG dbcounter [-] [91935] Writing DB stats nova_cell1:SELECT=1 {{(pid=91935) stat_writer /opt/stack/data/venv/lib/python3.12/site-packages/dbcounter.py:115}}
Jun 30 15:20:06.548534 np0000004001 nova-scheduler[91935]: DEBUG dbcounter [-] [91935] Writing DB stats nova_cell0:SELECT=1 {{(pid=91935) stat_writer /opt/stack/data/venv/lib/python3.12/site-packages/dbcounter.py:115}}
Jun 30 15:20:06.885816 np0000004001 nova-scheduler[93227]: DEBUG oslo.service.backend._threading.loopingcall [None req-5b89fc74-d04c-43fc-9dd5-cea4ad43c415 None None] Dynamic interval looping call 'nova.service.Service.periodic_tasks' sleeping for 60.00 seconds {{(pid=93227) _run_loop /opt/stack/data/venv/lib/python3.12/site-packages/oslo_service/backend/_threading/loopingcall.py:125}}
Jun 30 15:20:12.895201 np0000004001 nova-scheduler[93227]: DEBUG dbcounter [-] [93227] Writing DB stats nova_cell0:SELECT=3,nova_cell0:UPDATE=1 {{(pid=93227) stat_writer /opt/stack/data/venv/lib/python3.12/site-packages/dbcounter.py:115}}
Jun 30 15:20:12.898927 np0000004001 nova-scheduler[93225]: DEBUG dbcounter [-] [93225] Writing DB stats nova_cell0:SELECT=4,nova_cell0:INSERT=1,nova_cell0:UPDATE=1 {{(pid=93225) stat_writer /opt/stack/data/venv/lib/python3.12/site-packages/dbcounter.py:115}}
Jun 30 15:20:12.899234 np0000004001 nova-scheduler[93222]: DEBUG dbcounter [-] [93222] Writing DB stats nova_cell0:SELECT=4,nova_cell0:INSERT=1,nova_cell0:UPDATE=1 {{(pid=93222) stat_writer /opt/stack/data/venv/lib/python3.12/site-packages/dbcounter.py:115}}
Jun 30 15:20:53.890296 np0000004001 nova-scheduler[93225]: DEBUG oslo.service.backend._threading.loopingcall [None req-3d9ce1df-dbff-4276-b2c9-d3fe41717e4f None None] Dynamic interval looping call 'nova.service.Service.periodic_tasks' sleeping for 60.00 seconds {{(pid=93225) _run_loop /opt/stack/data/venv/lib/python3.12/site-packages/oslo_service/backend/_threading/loopingcall.py:125}}
Jun 30 15:21:00.891382 np0000004001 nova-scheduler[93222]: DEBUG oslo.service.backend._threading.loopingcall [None req-beeda574-3728-4623-8eff-27f28eb219aa None None] Dynamic interval looping call 'nova.service.Service.periodic_tasks' sleeping for 60.00 seconds {{(pid=93222) _run_loop /opt/stack/data/venv/lib/python3.12/site-packages/oslo_service/backend/_threading/loopingcall.py:125}}
Jun 30 15:21:06.885874 np0000004001 nova-scheduler[93227]: DEBUG oslo.service.backend._threading.loopingcall [None req-5b89fc74-d04c-43fc-9dd5-cea4ad43c415 None None] Dynamic interval looping call 'nova.service.Service.periodic_tasks' sleeping for 60.00 seconds {{(pid=93227) _run_loop /opt/stack/data/venv/lib/python3.12/site-packages/oslo_service/backend/_threading/loopingcall.py:125}}
Jun 30 15:21:53.890798 np0000004001 nova-scheduler[93225]: DEBUG oslo.service.backend._threading.loopingcall [None req-3d9ce1df-dbff-4276-b2c9-d3fe41717e4f None None] Dynamic interval looping call 'nova.service.Service.periodic_tasks' sleeping for 60.00 seconds {{(pid=93225) _run_loop /opt/stack/data/venv/lib/python3.12/site-packages/oslo_service/backend/_threading/loopingcall.py:125}}
Jun 30 15:22:00.891886 np0000004001 nova-scheduler[93222]: DEBUG oslo.service.backend._threading.loopingcall [None req-beeda574-3728-4623-8eff-27f28eb219aa None None] Dynamic interval looping call 'nova.service.Service.periodic_tasks' sleeping for 60.00 seconds {{(pid=93222) _run_loop /opt/stack/data/venv/lib/python3.12/site-packages/oslo_service/backend/_threading/loopingcall.py:125}}
Jun 30 15:22:02.899651 np0000004001 nova-scheduler[93227]: DEBUG oslo.service.backend._threading.loopingcall [-] Fixed interval looping call 'nova.servicegroup.drivers.db.DbDriver._report_state' sleeping for 119.99 seconds {{(pid=93227) _run_loop /opt/stack/data/venv/lib/python3.12/site-packages/oslo_service/backend/_threading/loopingcall.py:125}}
Jun 30 15:22:02.900074 np0000004001 nova-scheduler[93222]: DEBUG oslo.service.backend._threading.loopingcall [-] Fixed interval looping call 'nova.servicegroup.drivers.db.DbDriver._report_state' sleeping for 119.99 seconds {{(pid=93222) _run_loop /opt/stack/data/venv/lib/python3.12/site-packages/oslo_service/backend/_threading/loopingcall.py:125}}
Jun 30 15:22:02.900531 np0000004001 nova-scheduler[93225]: DEBUG oslo.service.backend._threading.loopingcall [-] Fixed interval looping call 'nova.servicegroup.drivers.db.DbDriver._report_state' sleeping for 119.99 seconds {{(pid=93225) _run_loop /opt/stack/data/venv/lib/python3.12/site-packages/oslo_service/backend/_threading/loopingcall.py:125}}
Jun 30 15:22:06.886400 np0000004001 nova-scheduler[93227]: DEBUG oslo.service.backend._threading.loopingcall [None req-5b89fc74-d04c-43fc-9dd5-cea4ad43c415 None None] Dynamic interval looping call 'nova.service.Service.periodic_tasks' sleeping for 60.00 seconds {{(pid=93227) _run_loop /opt/stack/data/venv/lib/python3.12/site-packages/oslo_service/backend/_threading/loopingcall.py:125}}
Jun 30 15:22:12.893086 np0000004001 nova-scheduler[93227]: DEBUG dbcounter [-] [93227] Writing DB stats nova_cell0:SELECT=1,nova_cell0:UPDATE=1 {{(pid=93227) stat_writer /opt/stack/data/venv/lib/python3.12/site-packages/dbcounter.py:115}}
Jun 30 15:22:12.894769 np0000004001 nova-scheduler[93222]: DEBUG dbcounter [-] [93222] Writing DB stats nova_cell0:SELECT=1,nova_cell0:UPDATE=1 {{(pid=93222) stat_writer /opt/stack/data/venv/lib/python3.12/site-packages/dbcounter.py:115}}
Jun 30 15:22:12.895473 np0000004001 nova-scheduler[93225]: DEBUG dbcounter [-] [93225] Writing DB stats nova_cell0:SELECT=1,nova_cell0:UPDATE=1 {{(pid=93225) stat_writer /opt/stack/data/venv/lib/python3.12/site-packages/dbcounter.py:115}}
Jun 30 15:22:39.380180 np0000004001 nova-scheduler[93227]: DEBUG nova.scheduler.manager [None req-4b666208-7979-4f33-8d3c-64b9ba2ac89d tempest-ServerRescueNegativeTestJSON-1292329739 tempest-ServerRescueNegativeTestJSON-1292329739-project-member] Starting to schedule for instances: ['09f89352-6edb-4e91-bc80-816b7c738fbe'] {{(pid=93227) select_destinations /opt/stack/nova/nova/scheduler/manager.py:209}}
Jun 30 15:22:39.380950 np0000004001 nova-scheduler[93227]: DEBUG nova.scheduler.request_filter [None req-4b666208-7979-4f33-8d3c-64b9ba2ac89d tempest-ServerRescueNegativeTestJSON-1292329739 tempest-ServerRescueNegativeTestJSON-1292329739-project-member] compute_status_filter request filter added forbidden trait COMPUTE_STATUS_DISABLED {{(pid=93227) compute_status_filter /opt/stack/nova/nova/scheduler/request_filter.py:253}}
Jun 30 15:22:39.381540 np0000004001 nova-scheduler[93227]: DEBUG nova.scheduler.request_filter [None req-4b666208-7979-4f33-8d3c-64b9ba2ac89d tempest-ServerRescueNegativeTestJSON-1292329739 tempest-ServerRescueNegativeTestJSON-1292329739-project-member] Request filter 'compute_status_filter' took 0.0 seconds {{(pid=93227) wrapper /opt/stack/nova/nova/scheduler/request_filter.py:46}}
Jun 30 15:22:39.381650 np0000004001 nova-scheduler[93227]: DEBUG nova.scheduler.request_filter [None req-4b666208-7979-4f33-8d3c-64b9ba2ac89d tempest-ServerRescueNegativeTestJSON-1292329739 tempest-ServerRescueNegativeTestJSON-1292329739-project-member] Request filter 'accelerators_filter' took 0.0 seconds {{(pid=93227) wrapper /opt/stack/nova/nova/scheduler/request_filter.py:46}}
Jun 30 15:22:39.382374 np0000004001 nova-scheduler[93227]: DEBUG nova.scheduler.request_filter [None req-4b666208-7979-4f33-8d3c-64b9ba2ac89d tempest-ServerRescueNegativeTestJSON-1292329739 tempest-ServerRescueNegativeTestJSON-1292329739-project-member] Request filter 'packed_virtqueue_filter' took 0.0 seconds {{(pid=93227) wrapper /opt/stack/nova/nova/scheduler/request_filter.py:46}}
Jun 30 15:22:39.382374 np0000004001 nova-scheduler[93227]: DEBUG nova.scheduler.request_filter [None req-4b666208-7979-4f33-8d3c-64b9ba2ac89d tempest-ServerRescueNegativeTestJSON-1292329739 tempest-ServerRescueNegativeTestJSON-1292329739-project-member] Request filter 'remote_managed_ports_filter' took 0.0 seconds {{(pid=93227) wrapper /opt/stack/nova/nova/scheduler/request_filter.py:46}}
Jun 30 15:22:39.382374 np0000004001 nova-scheduler[93227]: DEBUG nova.scheduler.request_filter [None req-4b666208-7979-4f33-8d3c-64b9ba2ac89d tempest-ServerRescueNegativeTestJSON-1292329739 tempest-ServerRescueNegativeTestJSON-1292329739-project-member] ephemeral_encryption_filter skipped {{(pid=93227) ephemeral_encryption_filter /opt/stack/nova/nova/scheduler/request_filter.py:426}}
Jun 30 15:22:39.383185 np0000004001 nova-scheduler[93227]: DEBUG nova.scheduler.request_filter [None req-4b666208-7979-4f33-8d3c-64b9ba2ac89d tempest-ServerRescueNegativeTestJSON-1292329739 tempest-ServerRescueNegativeTestJSON-1292329739-project-member] virtio_sound_filter skipped {{(pid=93227) virtio_sound_filter /opt/stack/nova/nova/scheduler/request_filter.py:460}}
Jun 30 15:22:39.383723 np0000004001 nova-scheduler[93227]: DEBUG nova.scheduler.request_filter [None req-4b666208-7979-4f33-8d3c-64b9ba2ac89d tempest-ServerRescueNegativeTestJSON-1292329739 tempest-ServerRescueNegativeTestJSON-1292329739-project-member] tpm_secret_security_filter skipped {{(pid=93227) tpm_secret_security_filter /opt/stack/nova/nova/scheduler/request_filter.py:477}}
Jun 30 15:22:40.411652 np0000004001 nova-scheduler[93227]: INFO nova.utils [None req-4b666208-7979-4f33-8d3c-64b9ba2ac89d tempest-ServerRescueNegativeTestJSON-1292329739 tempest-ServerRescueNegativeTestJSON-1292329739-project-member] The cell worker thread pool ForkProcess-3.cell_worker is initialized
Jun 30 15:22:40.412225 np0000004001 nova-scheduler[93227]: DEBUG oslo_concurrency.lockutils [None req-4b666208-7979-4f33-8d3c-64b9ba2ac89d tempest-ServerRescueNegativeTestJSON-1292329739 tempest-ServerRescueNegativeTestJSON-1292329739-project-member] Acquiring lock "b50ca4c7-4ff4-4af8-ad77-32d8ee5fd2bd" by "nova.context.set_target_cell..get_or_set_cached_cell_and_set_connections" {{(pid=93227) inner /opt/stack/data/venv/lib/python3.12/site-packages/oslo_concurrency/lockutils.py:511}}
Jun 30 15:22:40.412225 np0000004001 nova-scheduler[93227]: DEBUG oslo_concurrency.lockutils [None req-4b666208-7979-4f33-8d3c-64b9ba2ac89d tempest-ServerRescueNegativeTestJSON-1292329739 tempest-ServerRescueNegativeTestJSON-1292329739-project-member] Lock "b50ca4c7-4ff4-4af8-ad77-32d8ee5fd2bd" acquired by "nova.context.set_target_cell..get_or_set_cached_cell_and_set_connections" :: waited 0.000s {{(pid=93227) inner /opt/stack/data/venv/lib/python3.12/site-packages/oslo_concurrency/lockutils.py:524}}
Jun 30 15:22:40.413641 np0000004001 nova-scheduler[93227]: DEBUG oslo_concurrency.lockutils [None req-4b666208-7979-4f33-8d3c-64b9ba2ac89d tempest-ServerRescueNegativeTestJSON-1292329739 tempest-ServerRescueNegativeTestJSON-1292329739-project-member] Lock "b50ca4c7-4ff4-4af8-ad77-32d8ee5fd2bd" "released" by "nova.context.set_target_cell..get_or_set_cached_cell_and_set_connections" :: held 0.001s {{(pid=93227) inner /opt/stack/data/venv/lib/python3.12/site-packages/oslo_concurrency/lockutils.py:543}}
Jun 30 15:22:40.419107 np0000004001 nova-scheduler[93227]: INFO dbcounter [None req-4b666208-7979-4f33-8d3c-64b9ba2ac89d tempest-ServerRescueNegativeTestJSON-1292329739 tempest-ServerRescueNegativeTestJSON-1292329739-project-member] Registered counter for database nova_cell1
Jun 30 15:22:40.471286 np0000004001 nova-scheduler[93227]: DEBUG oslo_db.sqlalchemy.engines [None req-4b666208-7979-4f33-8d3c-64b9ba2ac89d tempest-ServerRescueNegativeTestJSON-1292329739 tempest-ServerRescueNegativeTestJSON-1292329739-project-member] MySQL server mode set to STRICT_TRANS_TABLES,STRICT_ALL_TABLES,NO_ZERO_IN_DATE,NO_ZERO_DATE,ERROR_FOR_DIVISION_BY_ZERO,TRADITIONAL,NO_ENGINE_SUBSTITUTION {{(pid=93227) _check_effective_sql_mode /opt/stack/data/venv/lib/python3.12/site-packages/oslo_db/sqlalchemy/engines.py:325}}
Jun 30 15:22:40.477537 np0000004001 nova-scheduler[93227]: DEBUG dbcounter [-] [93227] Writer thread running {{(pid=93227) stat_writer /opt/stack/data/venv/lib/python3.12/site-packages/dbcounter.py:102}}
Jun 30 15:22:40.498383 np0000004001 nova-scheduler[93227]: DEBUG oslo_db.sqlalchemy.engines [None req-4b666208-7979-4f33-8d3c-64b9ba2ac89d tempest-ServerRescueNegativeTestJSON-1292329739 tempest-ServerRescueNegativeTestJSON-1292329739-project-member] Parent process 91935 forked (93227) with an open database connection, which is being discarded and recreated. {{(pid=93227) checkout /opt/stack/data/venv/lib/python3.12/site-packages/oslo_db/sqlalchemy/engines.py:402}}
Jun 30 15:22:40.549703 np0000004001 nova-scheduler[93227]: DEBUG dbcounter [-] [93227] Writer thread running {{(pid=93227) stat_writer /opt/stack/data/venv/lib/python3.12/site-packages/dbcounter.py:102}}
Jun 30 15:22:40.556257 np0000004001 nova-scheduler[93227]: DEBUG oslo_concurrency.lockutils [None req-4b666208-7979-4f33-8d3c-64b9ba2ac89d tempest-ServerRescueNegativeTestJSON-1292329739 tempest-ServerRescueNegativeTestJSON-1292329739-project-member] Acquiring lock "b50ca4c7-4ff4-4af8-ad77-32d8ee5fd2bd" by "nova.context.set_target_cell..get_or_set_cached_cell_and_set_connections" {{(pid=93227) inner /opt/stack/data/venv/lib/python3.12/site-packages/oslo_concurrency/lockutils.py:511}}
Jun 30 15:22:40.556257 np0000004001 nova-scheduler[93227]: DEBUG oslo_concurrency.lockutils [None req-4b666208-7979-4f33-8d3c-64b9ba2ac89d tempest-ServerRescueNegativeTestJSON-1292329739 tempest-ServerRescueNegativeTestJSON-1292329739-project-member] Lock "b50ca4c7-4ff4-4af8-ad77-32d8ee5fd2bd" acquired by "nova.context.set_target_cell..get_or_set_cached_cell_and_set_connections" :: waited 0.000s {{(pid=93227) inner /opt/stack/data/venv/lib/python3.12/site-packages/oslo_concurrency/lockutils.py:524}}
Jun 30 15:22:40.556257 np0000004001 nova-scheduler[93227]: DEBUG oslo_concurrency.lockutils [None req-4b666208-7979-4f33-8d3c-64b9ba2ac89d tempest-ServerRescueNegativeTestJSON-1292329739 tempest-ServerRescueNegativeTestJSON-1292329739-project-member] Lock "b50ca4c7-4ff4-4af8-ad77-32d8ee5fd2bd" "released" by "nova.context.set_target_cell..get_or_set_cached_cell_and_set_connections" :: held 0.000s {{(pid=93227) inner /opt/stack/data/venv/lib/python3.12/site-packages/oslo_concurrency/lockutils.py:543}}
Jun 30 15:22:40.560000 np0000004001 nova-scheduler[93227]: DEBUG oslo_concurrency.lockutils [None req-4b666208-7979-4f33-8d3c-64b9ba2ac89d tempest-ServerRescueNegativeTestJSON-1292329739 tempest-ServerRescueNegativeTestJSON-1292329739-project-member] Acquiring lock "np0000004001-np0000004001" by "nova.scheduler.host_manager.HostState.update.._locked_update" {{(pid=93227) inner /opt/stack/data/venv/lib/python3.12/site-packages/oslo_concurrency/lockutils.py:511}}
Jun 30 15:22:40.560183 np0000004001 nova-scheduler[93227]: DEBUG oslo_concurrency.lockutils [None req-4b666208-7979-4f33-8d3c-64b9ba2ac89d tempest-ServerRescueNegativeTestJSON-1292329739 tempest-ServerRescueNegativeTestJSON-1292329739-project-member] Lock "np0000004001-np0000004001" acquired by "nova.scheduler.host_manager.HostState.update.._locked_update" :: waited 0.000s {{(pid=93227) inner /opt/stack/data/venv/lib/python3.12/site-packages/oslo_concurrency/lockutils.py:524}}
Jun 30 15:22:40.562833 np0000004001 nova-scheduler[93227]: DEBUG nova.scheduler.host_manager [None req-4b666208-7979-4f33-8d3c-64b9ba2ac89d tempest-ServerRescueNegativeTestJSON-1292329739 tempest-ServerRescueNegativeTestJSON-1292329739-project-member] Update host state from compute node: ComputeNode(cpu_allocation_ratio=4.0,cpu_info='{"arch": "x86_64", "model": "EPYC-Milan", "vendor": "AMD", "topology": {"cells": 1, "sockets": 16, "cores": 1, "threads": 1}, "maxphysaddr": {"mode": "emulate", "bits": 40}, "features": ["null-sel-clr-base", "umip", "arch-capabilities", "ibrs", "vme", "tsc-scale", "xsaveopt", "wbnoinvd", "invpcid", "lm", "xgetbv1", "rdtscp", "erms", "misalignsse", "npt", "fxsr", "pae", "clwb", "msr", "sse4a", "fsrm", "flushbyasid", "xsaveerptr", "sep", "cmov", "perfctr_core", "syscall", "stibp-always-on", "sha-ni", "sse2", "pcid", "mds-no", "fxsr_opt", "avx", "arat", "skip-l1dfl-vmentry", "virt-ssbd", "tsc-deadline", "smap", "fsgsbase", "rdctl-no", "sse4.1", "abm", "rdseed", "clflush", "spec-ctrl", "topoext", "fpu", "svm", "cx8", "clzero", "mce", "popcnt", "osvw", "movbe", "pku", "x2apic", "apic", "adx", "amd-ssbd", "ssbd", "rdpid", "nrip-save", "xsaves", "sse", "vpclmulqdq", "pse", "sse4.2", "nx", "rdrand", "mmxext", "f16c", "mtrr", "fma", "lahf_lm", "ssse3", "bmi2", "bmi1", "cx16", "pause-filter", "pdpe1gb", "pge", "vaes", "amd-psfd", "ibpb", "amd-stibp", "no-nested-data-bp", "tsc_adjust", "avx2", "smep", "tsc", "mmx", "vmcb-clean", "pse36", "stibp", "pat", "pschange-mc-no", "de", "hypervisor", "3dnowprefetch", "xsavec", "clflushopt", "gds-no", "pni", "cr8legacy", "mca", "pclmuldq", "xsave", "vgif", "cmp_legacy", "aes", "pfthreshold", "lbrv", "lfence-always-serializing", "svme-addr-chk", "v-vmsave-vmload"]}',created_at=2026-06-30T15:20:23Z,current_workload=0,deleted=False,deleted_at=None,disk_allocation_ratio=1.0,disk_available_least=73,free_disk_gb=95,free_ram_mb=62765,host='np0000004001',host_ip=10.4.3.199,hypervisor_hostname='np0000004001',hypervisor_type='QEMU',hypervisor_version=8002002,id=1,local_gb=95,local_gb_used=0,mapped=1,memory_mb=63277,memory_mb_used=512,metrics='[]',numa_topology='{"nova_object.name": "NUMATopology", "nova_object.namespace": "nova", "nova_object.version": "1.2", "nova_object.data": {"cells": [{"nova_object.name": "NUMACell", "nova_object.namespace": "nova", "nova_object.version": "1.5", "nova_object.data": {"id": 0, "cpuset": [0, 1, 2, 3, 4, 5, 6, 7, 8, 9, 10, 11, 12, 13, 14, 15], "pcpuset": [0, 1, 2, 3, 4, 5, 6, 7, 8, 9, 10, 11, 12, 13, 14, 15], "memory": 63277, "cpu_usage": 0, "memory_usage": 0, "pinned_cpus": [], "siblings": [[6], [12], [2], [15], [5], [11], [8], [14], [4], [1], [7], [10], [0], [13], [3], [9]], "mempages": [{"nova_object.name": "NUMAPagesTopology", "nova_object.namespace": "nova", "nova_object.version": "1.1", "nova_object.data": {"size_kb": 4, "total": 16177929, "used": 0, "reserved": 0}, "nova_object.changes": ["total", "size_kb", "used", "reserved"]}, {"nova_object.name": "NUMAPagesTopology", "nova_object.namespace": "nova", "nova_object.version": "1.1", "nova_object.data": {"size_kb": 2048, "total": 41, "used": 0, "reserved": 0}, "nova_object.changes": ["total", "size_kb", "used", "reserved"]}, {"nova_object.name": "NUMAPagesTopology", "nova_object.namespace": "nova", "nova_object.version": "1.1", "nova_object.data": {"size_kb": 1048576, "total": 0, "used": 0, "reserved": 0}, "nova_object.changes": ["total", "size_kb", "used", "reserved"]}], "network_metadata": {"nova_object.name": "NetworkMetadata", "nova_object.namespace": "nova", "nova_object.version": "1.0", "nova_object.data": {"physnets": [], "tunneled": false}, "nova_object.changes": ["tunneled", "physnets"]}, "socket": null}, "nova_object.changes": ["memory", "pcpuset", "siblings", "memory_usage", "cpuset", "mempages", "socket", "id", "pinned_cpus", "cpu_usage", "network_metadata"]}]}, "nova_object.changes": ["cells"]}',pci_device_pools=PciDevicePoolList,ram_allocation_ratio=1.0,running_vms=0,service_id=4,stats={failed_builds='0',uptime=' 15:22:08 up 13 min, 2 users, load average: 1.81, 1.51, 0.84
Jun 30 15:22:40.562833 np0000004001 nova-scheduler[93227]: '},supported_hv_specs=[HVSpec,HVSpec,HVSpec,HVSpec,HVSpec,HVSpec,HVSpec,HVSpec,HVSpec,HVSpec,HVSpec,HVSpec,HVSpec,HVSpec,HVSpec,HVSpec,HVSpec,HVSpec,HVSpec,HVSpec,HVSpec,HVSpec,HVSpec,HVSpec,HVSpec],updated_at=2026-06-30T15:22:10Z,uuid=0899939f-b916-4676-9c13-3fd69f801c76,vcpus=16,vcpus_used=0) {{(pid=93227) _locked_update /opt/stack/nova/nova/scheduler/host_manager.py:168}}
Jun 30 15:22:40.562833 np0000004001 nova-scheduler[93227]: DEBUG nova.scheduler.host_manager [None req-4b666208-7979-4f33-8d3c-64b9ba2ac89d tempest-ServerRescueNegativeTestJSON-1292329739 tempest-ServerRescueNegativeTestJSON-1292329739-project-member] Update host state with aggregates: [] {{(pid=93227) _locked_update /opt/stack/nova/nova/scheduler/host_manager.py:171}}
Jun 30 15:22:40.562833 np0000004001 nova-scheduler[93227]: DEBUG nova.scheduler.host_manager [None req-4b666208-7979-4f33-8d3c-64b9ba2ac89d tempest-ServerRescueNegativeTestJSON-1292329739 tempest-ServerRescueNegativeTestJSON-1292329739-project-member] Update host state with service dict: {'id': 4, 'uuid': '21c0419c-646b-44d2-b21c-6ad279510b6f', 'host': 'np0000004001', 'binary': 'nova-compute', 'topic': 'compute', 'report_count': 2, 'disabled': False, 'disabled_reason': None, 'last_seen_up': datetime.datetime(2026, 6, 30, 15, 22, 32, tzinfo=datetime.timezone.utc), 'forced_down': False, 'version': 72, 'created_at': datetime.datetime(2026, 6, 30, 15, 20, 22, tzinfo=datetime.timezone.utc), 'updated_at': datetime.datetime(2026, 6, 30, 15, 22, 32, tzinfo=datetime.timezone.utc), 'deleted_at': None, 'deleted': False} {{(pid=93227) _locked_update /opt/stack/nova/nova/scheduler/host_manager.py:174}}
Jun 30 15:22:40.562833 np0000004001 nova-scheduler[93227]: DEBUG nova.scheduler.host_manager [None req-4b666208-7979-4f33-8d3c-64b9ba2ac89d tempest-ServerRescueNegativeTestJSON-1292329739 tempest-ServerRescueNegativeTestJSON-1292329739-project-member] Update host state with instances: [] {{(pid=93227) _locked_update /opt/stack/nova/nova/scheduler/host_manager.py:177}}
Jun 30 15:22:40.563316 np0000004001 nova-scheduler[93227]: DEBUG oslo_concurrency.lockutils [None req-4b666208-7979-4f33-8d3c-64b9ba2ac89d tempest-ServerRescueNegativeTestJSON-1292329739 tempest-ServerRescueNegativeTestJSON-1292329739-project-member] Lock "np0000004001-np0000004001" "released" by "nova.scheduler.host_manager.HostState.update.._locked_update" :: held 0.002s {{(pid=93227) inner /opt/stack/data/venv/lib/python3.12/site-packages/oslo_concurrency/lockutils.py:543}}
Jun 30 15:22:40.563316 np0000004001 nova-scheduler[93227]: DEBUG nova.filters [None req-4b666208-7979-4f33-8d3c-64b9ba2ac89d tempest-ServerRescueNegativeTestJSON-1292329739 tempest-ServerRescueNegativeTestJSON-1292329739-project-member] Starting with 1 host(s) {{(pid=93227) get_filtered_objects /opt/stack/nova/nova/filters.py:70}}
Jun 30 15:22:40.563316 np0000004001 nova-scheduler[93227]: DEBUG nova.filters [None req-4b666208-7979-4f33-8d3c-64b9ba2ac89d tempest-ServerRescueNegativeTestJSON-1292329739 tempest-ServerRescueNegativeTestJSON-1292329739-project-member] Filter ComputeFilter returned 1 host(s) {{(pid=93227) get_filtered_objects /opt/stack/nova/nova/filters.py:102}}
Jun 30 15:22:40.563413 np0000004001 nova-scheduler[93227]: DEBUG nova.filters [None req-4b666208-7979-4f33-8d3c-64b9ba2ac89d tempest-ServerRescueNegativeTestJSON-1292329739 tempest-ServerRescueNegativeTestJSON-1292329739-project-member] Filter ComputeCapabilitiesFilter returned 1 host(s) {{(pid=93227) get_filtered_objects /opt/stack/nova/nova/filters.py:102}}
Jun 30 15:22:40.563639 np0000004001 nova-scheduler[93227]: DEBUG nova.filters [None req-4b666208-7979-4f33-8d3c-64b9ba2ac89d tempest-ServerRescueNegativeTestJSON-1292329739 tempest-ServerRescueNegativeTestJSON-1292329739-project-member] Filter ImagePropertiesFilter returned 1 host(s) {{(pid=93227) get_filtered_objects /opt/stack/nova/nova/filters.py:102}}
Jun 30 15:22:40.563696 np0000004001 nova-scheduler[93227]: DEBUG nova.filters [None req-4b666208-7979-4f33-8d3c-64b9ba2ac89d tempest-ServerRescueNegativeTestJSON-1292329739 tempest-ServerRescueNegativeTestJSON-1292329739-project-member] Filter ServerGroupAntiAffinityFilter returned 1 host(s) {{(pid=93227) get_filtered_objects /opt/stack/nova/nova/filters.py:102}}
Jun 30 15:22:40.563806 np0000004001 nova-scheduler[93227]: DEBUG nova.filters [None req-4b666208-7979-4f33-8d3c-64b9ba2ac89d tempest-ServerRescueNegativeTestJSON-1292329739 tempest-ServerRescueNegativeTestJSON-1292329739-project-member] Filter ServerGroupAffinityFilter returned 1 host(s) {{(pid=93227) get_filtered_objects /opt/stack/nova/nova/filters.py:102}}
Jun 30 15:22:40.563951 np0000004001 nova-scheduler[93227]: DEBUG nova.filters [None req-4b666208-7979-4f33-8d3c-64b9ba2ac89d tempest-ServerRescueNegativeTestJSON-1292329739 tempest-ServerRescueNegativeTestJSON-1292329739-project-member] Filter SameHostFilter returned 1 host(s) {{(pid=93227) get_filtered_objects /opt/stack/nova/nova/filters.py:102}}
Jun 30 15:22:40.564172 np0000004001 nova-scheduler[93227]: DEBUG nova.filters [None req-4b666208-7979-4f33-8d3c-64b9ba2ac89d tempest-ServerRescueNegativeTestJSON-1292329739 tempest-ServerRescueNegativeTestJSON-1292329739-project-member] Filter DifferentHostFilter returned 1 host(s) {{(pid=93227) get_filtered_objects /opt/stack/nova/nova/filters.py:102}}
Jun 30 15:22:40.566399 np0000004001 nova-scheduler[93227]: DEBUG nova.scheduler.manager [None req-4b666208-7979-4f33-8d3c-64b9ba2ac89d tempest-ServerRescueNegativeTestJSON-1292329739 tempest-ServerRescueNegativeTestJSON-1292329739-project-member] Filtered [(np0000004001, np0000004001) ram: 62765MB disk: 74752MB io_ops: 0 instances: 0, allocation_candidates: 1] {{(pid=93227) _get_sorted_hosts /opt/stack/nova/nova/scheduler/manager.py:742}}
Jun 30 15:22:40.566399 np0000004001 nova-scheduler[93227]: DEBUG nova.scheduler.manager [None req-4b666208-7979-4f33-8d3c-64b9ba2ac89d tempest-ServerRescueNegativeTestJSON-1292329739 tempest-ServerRescueNegativeTestJSON-1292329739-project-member] Weighed [WeighedHost [host: (np0000004001, np0000004001) ram: 62765MB disk: 74752MB io_ops: 0 instances: 0, allocation_candidates: 1, weight: 0.0]] {{(pid=93227) _get_sorted_hosts /opt/stack/nova/nova/scheduler/manager.py:764}}
Jun 30 15:22:40.566399 np0000004001 nova-scheduler[93227]: DEBUG nova.scheduler.utils [None req-4b666208-7979-4f33-8d3c-64b9ba2ac89d tempest-ServerRescueNegativeTestJSON-1292329739 tempest-ServerRescueNegativeTestJSON-1292329739-project-member] Attempting to claim resources in the placement API for instance 09f89352-6edb-4e91-bc80-816b7c738fbe {{(pid=93227) claim_resources /opt/stack/nova/nova/scheduler/utils.py:1345}}
Jun 30 15:22:40.677943 np0000004001 nova-scheduler[93222]: DEBUG nova.scheduler.manager [None req-f92692cd-3787-4888-b0d4-c6c27e04ba67 tempest-ServerActionsTestOtherB-260579112 tempest-ServerActionsTestOtherB-260579112-project-member] Starting to schedule for instances: ['dfb24a4a-d87b-4383-9043-70351cc95956'] {{(pid=93222) select_destinations /opt/stack/nova/nova/scheduler/manager.py:209}}
Jun 30 15:22:40.678498 np0000004001 nova-scheduler[93222]: DEBUG nova.scheduler.request_filter [None req-f92692cd-3787-4888-b0d4-c6c27e04ba67 tempest-ServerActionsTestOtherB-260579112 tempest-ServerActionsTestOtherB-260579112-project-member] compute_status_filter request filter added forbidden trait COMPUTE_STATUS_DISABLED {{(pid=93222) compute_status_filter /opt/stack/nova/nova/scheduler/request_filter.py:253}}
Jun 30 15:22:40.678587 np0000004001 nova-scheduler[93222]: DEBUG nova.scheduler.request_filter [None req-f92692cd-3787-4888-b0d4-c6c27e04ba67 tempest-ServerActionsTestOtherB-260579112 tempest-ServerActionsTestOtherB-260579112-project-member] Request filter 'compute_status_filter' took 0.0 seconds {{(pid=93222) wrapper /opt/stack/nova/nova/scheduler/request_filter.py:46}}
Jun 30 15:22:40.678788 np0000004001 nova-scheduler[93222]: DEBUG nova.scheduler.request_filter [None req-f92692cd-3787-4888-b0d4-c6c27e04ba67 tempest-ServerActionsTestOtherB-260579112 tempest-ServerActionsTestOtherB-260579112-project-member] Request filter 'accelerators_filter' took 0.0 seconds {{(pid=93222) wrapper /opt/stack/nova/nova/scheduler/request_filter.py:46}}
Jun 30 15:22:40.679110 np0000004001 nova-scheduler[93222]: DEBUG nova.scheduler.request_filter [None req-f92692cd-3787-4888-b0d4-c6c27e04ba67 tempest-ServerActionsTestOtherB-260579112 tempest-ServerActionsTestOtherB-260579112-project-member] Request filter 'packed_virtqueue_filter' took 0.0 seconds {{(pid=93222) wrapper /opt/stack/nova/nova/scheduler/request_filter.py:46}}
Jun 30 15:22:40.679407 np0000004001 nova-scheduler[93222]: DEBUG nova.scheduler.request_filter [None req-f92692cd-3787-4888-b0d4-c6c27e04ba67 tempest-ServerActionsTestOtherB-260579112 tempest-ServerActionsTestOtherB-260579112-project-member] Request filter 'remote_managed_ports_filter' took 0.0 seconds {{(pid=93222) wrapper /opt/stack/nova/nova/scheduler/request_filter.py:46}}
Jun 30 15:22:40.679606 np0000004001 nova-scheduler[93222]: DEBUG nova.scheduler.request_filter [None req-f92692cd-3787-4888-b0d4-c6c27e04ba67 tempest-ServerActionsTestOtherB-260579112 tempest-ServerActionsTestOtherB-260579112-project-member] ephemeral_encryption_filter skipped {{(pid=93222) ephemeral_encryption_filter /opt/stack/nova/nova/scheduler/request_filter.py:426}}
Jun 30 15:22:40.679789 np0000004001 nova-scheduler[93222]: DEBUG nova.scheduler.request_filter [None req-f92692cd-3787-4888-b0d4-c6c27e04ba67 tempest-ServerActionsTestOtherB-260579112 tempest-ServerActionsTestOtherB-260579112-project-member] virtio_sound_filter skipped {{(pid=93222) virtio_sound_filter /opt/stack/nova/nova/scheduler/request_filter.py:460}}
Jun 30 15:22:40.680000 np0000004001 nova-scheduler[93222]: DEBUG nova.scheduler.request_filter [None req-f92692cd-3787-4888-b0d4-c6c27e04ba67 tempest-ServerActionsTestOtherB-260579112 tempest-ServerActionsTestOtherB-260579112-project-member] tpm_secret_security_filter skipped {{(pid=93222) tpm_secret_security_filter /opt/stack/nova/nova/scheduler/request_filter.py:477}}
Jun 30 15:22:40.748199 np0000004001 nova-scheduler[93227]: DEBUG nova.scheduler.manager [None req-4b666208-7979-4f33-8d3c-64b9ba2ac89d tempest-ServerRescueNegativeTestJSON-1292329739 tempest-ServerRescueNegativeTestJSON-1292329739-project-member] [instance: 09f89352-6edb-4e91-bc80-816b7c738fbe] Selected host: (np0000004001, np0000004001) ram: 62765MB disk: 74752MB io_ops: 0 instances: 0, allocation_candidates: 1 {{(pid=93227) _consume_selected_host /opt/stack/nova/nova/scheduler/manager.py:624}}
Jun 30 15:22:40.748522 np0000004001 nova-scheduler[93227]: DEBUG oslo_concurrency.lockutils [None req-4b666208-7979-4f33-8d3c-64b9ba2ac89d tempest-ServerRescueNegativeTestJSON-1292329739 tempest-ServerRescueNegativeTestJSON-1292329739-project-member] Acquiring lock "np0000004001-np0000004001" by "nova.scheduler.host_manager.HostState.consume_from_request.._locked" {{(pid=93227) inner /opt/stack/data/venv/lib/python3.12/site-packages/oslo_concurrency/lockutils.py:511}}
Jun 30 15:22:40.748712 np0000004001 nova-scheduler[93227]: DEBUG oslo_concurrency.lockutils [None req-4b666208-7979-4f33-8d3c-64b9ba2ac89d tempest-ServerRescueNegativeTestJSON-1292329739 tempest-ServerRescueNegativeTestJSON-1292329739-project-member] Lock "np0000004001-np0000004001" acquired by "nova.scheduler.host_manager.HostState.consume_from_request.._locked" :: waited 0.000s {{(pid=93227) inner /opt/stack/data/venv/lib/python3.12/site-packages/oslo_concurrency/lockutils.py:524}}
Jun 30 15:22:40.748920 np0000004001 nova-scheduler[93227]: DEBUG oslo_concurrency.lockutils [None req-4b666208-7979-4f33-8d3c-64b9ba2ac89d tempest-ServerRescueNegativeTestJSON-1292329739 tempest-ServerRescueNegativeTestJSON-1292329739-project-member] Lock "np0000004001-np0000004001" "released" by "nova.scheduler.host_manager.HostState.consume_from_request.._locked" :: held 0.000s {{(pid=93227) inner /opt/stack/data/venv/lib/python3.12/site-packages/oslo_concurrency/lockutils.py:543}}
Jun 30 15:22:40.824202 np0000004001 nova-scheduler[93222]: INFO nova.utils [None req-f92692cd-3787-4888-b0d4-c6c27e04ba67 tempest-ServerActionsTestOtherB-260579112 tempest-ServerActionsTestOtherB-260579112-project-member] The cell worker thread pool ForkProcess-1.cell_worker is initialized
Jun 30 15:22:40.824586 np0000004001 nova-scheduler[93222]: DEBUG oslo_concurrency.lockutils [None req-f92692cd-3787-4888-b0d4-c6c27e04ba67 tempest-ServerActionsTestOtherB-260579112 tempest-ServerActionsTestOtherB-260579112-project-member] Acquiring lock "b50ca4c7-4ff4-4af8-ad77-32d8ee5fd2bd" by "nova.context.set_target_cell..get_or_set_cached_cell_and_set_connections" {{(pid=93222) inner /opt/stack/data/venv/lib/python3.12/site-packages/oslo_concurrency/lockutils.py:511}}
Jun 30 15:22:40.824823 np0000004001 nova-scheduler[93222]: DEBUG oslo_concurrency.lockutils [None req-f92692cd-3787-4888-b0d4-c6c27e04ba67 tempest-ServerActionsTestOtherB-260579112 tempest-ServerActionsTestOtherB-260579112-project-member] Lock "b50ca4c7-4ff4-4af8-ad77-32d8ee5fd2bd" acquired by "nova.context.set_target_cell..get_or_set_cached_cell_and_set_connections" :: waited 0.000s {{(pid=93222) inner /opt/stack/data/venv/lib/python3.12/site-packages/oslo_concurrency/lockutils.py:524}}
Jun 30 15:22:40.826501 np0000004001 nova-scheduler[93222]: DEBUG oslo_concurrency.lockutils [None req-f92692cd-3787-4888-b0d4-c6c27e04ba67 tempest-ServerActionsTestOtherB-260579112 tempest-ServerActionsTestOtherB-260579112-project-member] Lock "b50ca4c7-4ff4-4af8-ad77-32d8ee5fd2bd" "released" by "nova.context.set_target_cell..get_or_set_cached_cell_and_set_connections" :: held 0.002s {{(pid=93222) inner /opt/stack/data/venv/lib/python3.12/site-packages/oslo_concurrency/lockutils.py:543}}
Jun 30 15:22:40.828954 np0000004001 nova-scheduler[93222]: INFO dbcounter [None req-f92692cd-3787-4888-b0d4-c6c27e04ba67 tempest-ServerActionsTestOtherB-260579112 tempest-ServerActionsTestOtherB-260579112-project-member] Registered counter for database nova_cell1
Jun 30 15:22:40.873438 np0000004001 nova-scheduler[93222]: DEBUG oslo_db.sqlalchemy.engines [None req-f92692cd-3787-4888-b0d4-c6c27e04ba67 tempest-ServerActionsTestOtherB-260579112 tempest-ServerActionsTestOtherB-260579112-project-member] MySQL server mode set to STRICT_TRANS_TABLES,STRICT_ALL_TABLES,NO_ZERO_IN_DATE,NO_ZERO_DATE,ERROR_FOR_DIVISION_BY_ZERO,TRADITIONAL,NO_ENGINE_SUBSTITUTION {{(pid=93222) _check_effective_sql_mode /opt/stack/data/venv/lib/python3.12/site-packages/oslo_db/sqlalchemy/engines.py:325}}
Jun 30 15:22:40.882285 np0000004001 nova-scheduler[93222]: DEBUG dbcounter [-] [93222] Writer thread running {{(pid=93222) stat_writer /opt/stack/data/venv/lib/python3.12/site-packages/dbcounter.py:102}}
Jun 30 15:22:40.954146 np0000004001 nova-scheduler[93222]: DEBUG dbcounter [-] [93222] Writer thread running {{(pid=93222) stat_writer /opt/stack/data/venv/lib/python3.12/site-packages/dbcounter.py:102}}
Jun 30 15:22:40.958047 np0000004001 nova-scheduler[93222]: DEBUG oslo_concurrency.lockutils [None req-f92692cd-3787-4888-b0d4-c6c27e04ba67 tempest-ServerActionsTestOtherB-260579112 tempest-ServerActionsTestOtherB-260579112-project-member] Acquiring lock "b50ca4c7-4ff4-4af8-ad77-32d8ee5fd2bd" by "nova.context.set_target_cell..get_or_set_cached_cell_and_set_connections" {{(pid=93222) inner /opt/stack/data/venv/lib/python3.12/site-packages/oslo_concurrency/lockutils.py:511}}
Jun 30 15:22:40.958047 np0000004001 nova-scheduler[93222]: DEBUG oslo_concurrency.lockutils [None req-f92692cd-3787-4888-b0d4-c6c27e04ba67 tempest-ServerActionsTestOtherB-260579112 tempest-ServerActionsTestOtherB-260579112-project-member] Lock "b50ca4c7-4ff4-4af8-ad77-32d8ee5fd2bd" acquired by "nova.context.set_target_cell..get_or_set_cached_cell_and_set_connections" :: waited 0.000s {{(pid=93222) inner /opt/stack/data/venv/lib/python3.12/site-packages/oslo_concurrency/lockutils.py:524}}
Jun 30 15:22:40.958047 np0000004001 nova-scheduler[93222]: DEBUG oslo_concurrency.lockutils [None req-f92692cd-3787-4888-b0d4-c6c27e04ba67 tempest-ServerActionsTestOtherB-260579112 tempest-ServerActionsTestOtherB-260579112-project-member] Lock "b50ca4c7-4ff4-4af8-ad77-32d8ee5fd2bd" "released" by "nova.context.set_target_cell..get_or_set_cached_cell_and_set_connections" :: held 0.000s {{(pid=93222) inner /opt/stack/data/venv/lib/python3.12/site-packages/oslo_concurrency/lockutils.py:543}}
Jun 30 15:22:40.961596 np0000004001 nova-scheduler[93222]: DEBUG oslo_concurrency.lockutils [None req-f92692cd-3787-4888-b0d4-c6c27e04ba67 tempest-ServerActionsTestOtherB-260579112 tempest-ServerActionsTestOtherB-260579112-project-member] Acquiring lock "np0000004001-np0000004001" by "nova.scheduler.host_manager.HostState.update.._locked_update" {{(pid=93222) inner /opt/stack/data/venv/lib/python3.12/site-packages/oslo_concurrency/lockutils.py:511}}
