Aug 07 03:52:03.934703 np0000006698 nova-scheduler[93431]: DEBUG cotyledon.oslo_config_glue [-] oslo_messaging_rabbit.rabbit_quorum_max_memory_bytes = 0 {{(pid=93431) log_opt_values /opt/stack/data/venv/lib/python3.12/site-packages/oslo_config/cfg.py:3545}}
Aug 07 03:52:03.934703 np0000006698 nova-scheduler[93431]: DEBUG cotyledon.oslo_config_glue [-] oslo_messaging_rabbit.rabbit_quorum_max_memory_length = 0 {{(pid=93431) log_opt_values /opt/stack/data/venv/lib/python3.12/site-packages/oslo_config/cfg.py:3545}}
Aug 07 03:52:03.934703 np0000006698 nova-scheduler[93431]: DEBUG cotyledon.oslo_config_glue [-] oslo_messaging_rabbit.rabbit_quorum_queue = False {{(pid=93431) log_opt_values /opt/stack/data/venv/lib/python3.12/site-packages/oslo_config/cfg.py:3545}}
Aug 07 03:52:03.934703 np0000006698 nova-scheduler[93431]: DEBUG cotyledon.oslo_config_glue [-] oslo_messaging_rabbit.rabbit_retry_backoff = 2 {{(pid=93431) log_opt_values /opt/stack/data/venv/lib/python3.12/site-packages/oslo_config/cfg.py:3545}}
Aug 07 03:52:03.934703 np0000006698 nova-scheduler[93431]: DEBUG cotyledon.oslo_config_glue [-] oslo_messaging_rabbit.rabbit_retry_interval = 1 {{(pid=93431) log_opt_values /opt/stack/data/venv/lib/python3.12/site-packages/oslo_config/cfg.py:3545}}
Aug 07 03:52:03.934703 np0000006698 nova-scheduler[93431]: DEBUG cotyledon.oslo_config_glue [-] oslo_messaging_rabbit.rabbit_stream_fanout = False {{(pid=93431) log_opt_values /opt/stack/data/venv/lib/python3.12/site-packages/oslo_config/cfg.py:3545}}
Aug 07 03:52:03.934703 np0000006698 nova-scheduler[93431]: DEBUG cotyledon.oslo_config_glue [-] oslo_messaging_rabbit.rabbit_transient_queues_ttl = 1800 {{(pid=93431) log_opt_values /opt/stack/data/venv/lib/python3.12/site-packages/oslo_config/cfg.py:3545}}
Aug 07 03:52:03.934703 np0000006698 nova-scheduler[93431]: DEBUG cotyledon.oslo_config_glue [-] oslo_messaging_rabbit.rabbit_transient_quorum_queue = False {{(pid=93431) log_opt_values /opt/stack/data/venv/lib/python3.12/site-packages/oslo_config/cfg.py:3545}}
Aug 07 03:52:03.935410 np0000006698 nova-scheduler[93431]: DEBUG cotyledon.oslo_config_glue [-] oslo_messaging_rabbit.rpc_conn_pool_size = 30 {{(pid=93431) log_opt_values /opt/stack/data/venv/lib/python3.12/site-packages/oslo_config/cfg.py:3545}}
Aug 07 03:52:03.935410 np0000006698 nova-scheduler[93431]: DEBUG cotyledon.oslo_config_glue [-] oslo_messaging_rabbit.ssl = False {{(pid=93431) log_opt_values /opt/stack/data/venv/lib/python3.12/site-packages/oslo_config/cfg.py:3545}}
Aug 07 03:52:03.935410 np0000006698 nova-scheduler[93431]: DEBUG cotyledon.oslo_config_glue [-] oslo_messaging_rabbit.ssl_ca_file = {{(pid=93431) log_opt_values /opt/stack/data/venv/lib/python3.12/site-packages/oslo_config/cfg.py:3545}}
Aug 07 03:52:03.935410 np0000006698 nova-scheduler[93431]: DEBUG cotyledon.oslo_config_glue [-] oslo_messaging_rabbit.ssl_cert_file = {{(pid=93431) log_opt_values /opt/stack/data/venv/lib/python3.12/site-packages/oslo_config/cfg.py:3545}}
Aug 07 03:52:03.935410 np0000006698 nova-scheduler[93431]: DEBUG cotyledon.oslo_config_glue [-] oslo_messaging_rabbit.ssl_enforce_fips_mode = False {{(pid=93431) log_opt_values /opt/stack/data/venv/lib/python3.12/site-packages/oslo_config/cfg.py:3545}}
Aug 07 03:52:03.935410 np0000006698 nova-scheduler[93431]: DEBUG cotyledon.oslo_config_glue [-] oslo_messaging_rabbit.ssl_enforce_hostname_verification = True {{(pid=93431) log_opt_values /opt/stack/data/venv/lib/python3.12/site-packages/oslo_config/cfg.py:3545}}
Aug 07 03:52:03.935410 np0000006698 nova-scheduler[93431]: DEBUG cotyledon.oslo_config_glue [-] oslo_messaging_rabbit.ssl_key_file = {{(pid=93431) log_opt_values /opt/stack/data/venv/lib/python3.12/site-packages/oslo_config/cfg.py:3545}}
Aug 07 03:52:03.935410 np0000006698 nova-scheduler[93431]: DEBUG cotyledon.oslo_config_glue [-] oslo_messaging_rabbit.ssl_version = {{(pid=93431) log_opt_values /opt/stack/data/venv/lib/python3.12/site-packages/oslo_config/cfg.py:3545}}
Aug 07 03:52:03.935410 np0000006698 nova-scheduler[93431]: DEBUG cotyledon.oslo_config_glue [-] oslo_messaging_rabbit.use_queue_manager = False {{(pid=93431) log_opt_values /opt/stack/data/venv/lib/python3.12/site-packages/oslo_config/cfg.py:3545}}
Aug 07 03:52:03.935746 np0000006698 nova-scheduler[93431]: DEBUG cotyledon.oslo_config_glue [-] oslo_messaging_notifications.driver = ['messagingv2'] {{(pid=93431) log_opt_values /opt/stack/data/venv/lib/python3.12/site-packages/oslo_config/cfg.py:3545}}
Aug 07 03:52:03.935746 np0000006698 nova-scheduler[93431]: DEBUG cotyledon.oslo_config_glue [-] oslo_messaging_notifications.retry = -1 {{(pid=93431) log_opt_values /opt/stack/data/venv/lib/python3.12/site-packages/oslo_config/cfg.py:3545}}
Aug 07 03:52:03.935746 np0000006698 nova-scheduler[93431]: DEBUG cotyledon.oslo_config_glue [-] oslo_messaging_notifications.topics = ['notifications'] {{(pid=93431) log_opt_values /opt/stack/data/venv/lib/python3.12/site-packages/oslo_config/cfg.py:3545}}
Aug 07 03:52:03.935746 np0000006698 nova-scheduler[93431]: DEBUG cotyledon.oslo_config_glue [-] oslo_messaging_notifications.transport_url = **** {{(pid=93431) log_opt_values /opt/stack/data/venv/lib/python3.12/site-packages/oslo_config/cfg.py:3545}}
Aug 07 03:52:03.935746 np0000006698 nova-scheduler[93431]: DEBUG cotyledon.oslo_config_glue [-] oslo_limit.auth_section = None {{(pid=93431) log_opt_values /opt/stack/data/venv/lib/python3.12/site-packages/oslo_config/cfg.py:3545}}
Aug 07 03:52:03.935746 np0000006698 nova-scheduler[93431]: DEBUG cotyledon.oslo_config_glue [-] oslo_limit.auth_type = None {{(pid=93431) log_opt_values /opt/stack/data/venv/lib/python3.12/site-packages/oslo_config/cfg.py:3545}}
Aug 07 03:52:03.935746 np0000006698 nova-scheduler[93431]: DEBUG cotyledon.oslo_config_glue [-] oslo_limit.cafile = None {{(pid=93431) log_opt_values /opt/stack/data/venv/lib/python3.12/site-packages/oslo_config/cfg.py:3545}}
Aug 07 03:52:03.935746 np0000006698 nova-scheduler[93431]: DEBUG cotyledon.oslo_config_glue [-] oslo_limit.certfile = None {{(pid=93431) log_opt_values /opt/stack/data/venv/lib/python3.12/site-packages/oslo_config/cfg.py:3545}}
Aug 07 03:52:03.935746 np0000006698 nova-scheduler[93431]: DEBUG cotyledon.oslo_config_glue [-] oslo_limit.collect_timing = False {{(pid=93431) log_opt_values /opt/stack/data/venv/lib/python3.12/site-packages/oslo_config/cfg.py:3545}}
Aug 07 03:52:03.936099 np0000006698 nova-scheduler[93431]: DEBUG cotyledon.oslo_config_glue [-] oslo_limit.connect_retries = None {{(pid=93431) log_opt_values /opt/stack/data/venv/lib/python3.12/site-packages/oslo_config/cfg.py:3545}}
Aug 07 03:52:03.936099 np0000006698 nova-scheduler[93431]: DEBUG cotyledon.oslo_config_glue [-] oslo_limit.connect_retry_delay = None {{(pid=93431) log_opt_values /opt/stack/data/venv/lib/python3.12/site-packages/oslo_config/cfg.py:3545}}
Aug 07 03:52:03.936099 np0000006698 nova-scheduler[93431]: DEBUG cotyledon.oslo_config_glue [-] oslo_limit.endpoint_id = None {{(pid=93431) log_opt_values /opt/stack/data/venv/lib/python3.12/site-packages/oslo_config/cfg.py:3545}}
Aug 07 03:52:03.936099 np0000006698 nova-scheduler[93431]: DEBUG cotyledon.oslo_config_glue [-] oslo_limit.endpoint_interface = public {{(pid=93431) log_opt_values /opt/stack/data/venv/lib/python3.12/site-packages/oslo_config/cfg.py:3545}}
Aug 07 03:52:03.936099 np0000006698 nova-scheduler[93431]: DEBUG cotyledon.oslo_config_glue [-] oslo_limit.endpoint_override = None {{(pid=93431) log_opt_values /opt/stack/data/venv/lib/python3.12/site-packages/oslo_config/cfg.py:3545}}
Aug 07 03:52:03.936099 np0000006698 nova-scheduler[93431]: DEBUG cotyledon.oslo_config_glue [-] oslo_limit.endpoint_region_name = None {{(pid=93431) log_opt_values /opt/stack/data/venv/lib/python3.12/site-packages/oslo_config/cfg.py:3545}}
Aug 07 03:52:03.936099 np0000006698 nova-scheduler[93431]: DEBUG cotyledon.oslo_config_glue [-] oslo_limit.endpoint_service_name = None {{(pid=93431) log_opt_values /opt/stack/data/venv/lib/python3.12/site-packages/oslo_config/cfg.py:3545}}
Aug 07 03:52:03.936099 np0000006698 nova-scheduler[93431]: DEBUG cotyledon.oslo_config_glue [-] oslo_limit.endpoint_service_type = None {{(pid=93431) log_opt_values /opt/stack/data/venv/lib/python3.12/site-packages/oslo_config/cfg.py:3545}}
Aug 07 03:52:03.936099 np0000006698 nova-scheduler[93431]: DEBUG cotyledon.oslo_config_glue [-] oslo_limit.insecure = False {{(pid=93431) log_opt_values /opt/stack/data/venv/lib/python3.12/site-packages/oslo_config/cfg.py:3545}}
Aug 07 03:52:03.936458 np0000006698 nova-scheduler[93431]: DEBUG cotyledon.oslo_config_glue [-] oslo_limit.keyfile = None {{(pid=93431) log_opt_values /opt/stack/data/venv/lib/python3.12/site-packages/oslo_config/cfg.py:3545}}
Aug 07 03:52:03.936458 np0000006698 nova-scheduler[93431]: DEBUG cotyledon.oslo_config_glue [-] oslo_limit.max_version = None {{(pid=93431) log_opt_values /opt/stack/data/venv/lib/python3.12/site-packages/oslo_config/cfg.py:3545}}
Aug 07 03:52:03.936458 np0000006698 nova-scheduler[93431]: DEBUG cotyledon.oslo_config_glue [-] oslo_limit.min_version = None {{(pid=93431) log_opt_values /opt/stack/data/venv/lib/python3.12/site-packages/oslo_config/cfg.py:3545}}
Aug 07 03:52:03.936458 np0000006698 nova-scheduler[93431]: DEBUG cotyledon.oslo_config_glue [-] oslo_limit.region_name = None {{(pid=93431) log_opt_values /opt/stack/data/venv/lib/python3.12/site-packages/oslo_config/cfg.py:3545}}
Aug 07 03:52:03.936458 np0000006698 nova-scheduler[93431]: DEBUG cotyledon.oslo_config_glue [-] oslo_limit.retriable_status_codes = None {{(pid=93431) log_opt_values /opt/stack/data/venv/lib/python3.12/site-packages/oslo_config/cfg.py:3545}}
Aug 07 03:52:03.936458 np0000006698 nova-scheduler[93431]: DEBUG cotyledon.oslo_config_glue [-] oslo_limit.service_name = None {{(pid=93431) log_opt_values /opt/stack/data/venv/lib/python3.12/site-packages/oslo_config/cfg.py:3545}}
Aug 07 03:52:03.936458 np0000006698 nova-scheduler[93431]: DEBUG cotyledon.oslo_config_glue [-] oslo_limit.service_type = None {{(pid=93431) log_opt_values /opt/stack/data/venv/lib/python3.12/site-packages/oslo_config/cfg.py:3545}}
Aug 07 03:52:03.936458 np0000006698 nova-scheduler[93431]: DEBUG cotyledon.oslo_config_glue [-] oslo_limit.split_loggers = False {{(pid=93431) log_opt_values /opt/stack/data/venv/lib/python3.12/site-packages/oslo_config/cfg.py:3545}}
Aug 07 03:52:03.936458 np0000006698 nova-scheduler[93431]: DEBUG cotyledon.oslo_config_glue [-] oslo_limit.status_code_retries = None {{(pid=93431) log_opt_values /opt/stack/data/venv/lib/python3.12/site-packages/oslo_config/cfg.py:3545}}
Aug 07 03:52:03.936718 np0000006698 nova-scheduler[93431]: DEBUG cotyledon.oslo_config_glue [-] oslo_limit.status_code_retry_delay = None {{(pid=93431) log_opt_values /opt/stack/data/venv/lib/python3.12/site-packages/oslo_config/cfg.py:3545}}
Aug 07 03:52:03.936718 np0000006698 nova-scheduler[93431]: DEBUG cotyledon.oslo_config_glue [-] oslo_limit.timeout = None {{(pid=93431) log_opt_values /opt/stack/data/venv/lib/python3.12/site-packages/oslo_config/cfg.py:3545}}
Aug 07 03:52:03.936718 np0000006698 nova-scheduler[93431]: DEBUG cotyledon.oslo_config_glue [-] oslo_limit.valid_interfaces = None {{(pid=93431) log_opt_values /opt/stack/data/venv/lib/python3.12/site-packages/oslo_config/cfg.py:3545}}
Aug 07 03:52:03.936718 np0000006698 nova-scheduler[93431]: DEBUG cotyledon.oslo_config_glue [-] oslo_limit.version = None {{(pid=93431) log_opt_values /opt/stack/data/venv/lib/python3.12/site-packages/oslo_config/cfg.py:3545}}
Aug 07 03:52:03.936718 np0000006698 nova-scheduler[93431]: DEBUG cotyledon.oslo_config_glue [-] oslo_reports.file_event_handler = None {{(pid=93431) log_opt_values /opt/stack/data/venv/lib/python3.12/site-packages/oslo_config/cfg.py:3545}}
Aug 07 03:52:03.936718 np0000006698 nova-scheduler[93431]: DEBUG cotyledon.oslo_config_glue [-] oslo_reports.file_event_handler_interval = 1 {{(pid=93431) log_opt_values /opt/stack/data/venv/lib/python3.12/site-packages/oslo_config/cfg.py:3545}}
Aug 07 03:52:03.936718 np0000006698 nova-scheduler[93431]: DEBUG cotyledon.oslo_config_glue [-] oslo_reports.log_dir = None {{(pid=93431) log_opt_values /opt/stack/data/venv/lib/python3.12/site-packages/oslo_config/cfg.py:3545}}
Aug 07 03:52:03.936718 np0000006698 nova-scheduler[93431]: DEBUG cotyledon.oslo_config_glue [-] ******************************************************************************** {{(pid=93431) log_opt_values /opt/stack/data/venv/lib/python3.12/site-packages/oslo_config/cfg.py:3552}}
Aug 07 03:52:03.936718 np0000006698 nova-scheduler[93431]: DEBUG cotyledon._service_worker [-] Run service ServiceWrapper(2) [93431] {{(pid=93431) wait_forever /opt/stack/data/venv/lib/python3.12/site-packages/cotyledon/_service_worker.py:218}}
Aug 07 03:52:03.937027 np0000006698 nova-scheduler[93431]: INFO nova.service [-] Starting scheduler node (version 33.1.0)
Aug 07 03:52:03.937068 np0000006698 nova-scheduler[93427]: DEBUG oslo_db.sqlalchemy.engines [None req-9dee01f6-796e-4ac1-bc7c-6d2faafe20eb None None] MySQL server mode set to STRICT_TRANS_TABLES,STRICT_ALL_TABLES,NO_ZERO_IN_DATE,NO_ZERO_DATE,ERROR_FOR_DIVISION_BY_ZERO,TRADITIONAL,NO_ENGINE_SUBSTITUTION {{(pid=93427) _check_effective_sql_mode /opt/stack/data/venv/lib/python3.12/site-packages/oslo_db/sqlalchemy/engines.py:325}}
Aug 07 03:52:03.937111 np0000006698 nova-scheduler[93431]: INFO dbcounter [None req-d4c60e4b-7906-4bbf-a966-6315949ca286 None None] Registered counter for database nova_cell0
Aug 07 03:52:03.937728 np0000006698 nova-scheduler[93427]: DEBUG dbcounter [-] [93427] Writer thread running {{(pid=93427) stat_writer /opt/stack/data/venv/lib/python3.12/site-packages/dbcounter.py:102}}
Aug 07 03:52:03.947924 np0000006698 nova-scheduler[93429]: DEBUG oslo_db.sqlalchemy.engines [None req-a1ef095a-e958-4b7d-8201-2925fc296f1a None None] MySQL server mode set to STRICT_TRANS_TABLES,STRICT_ALL_TABLES,NO_ZERO_IN_DATE,NO_ZERO_DATE,ERROR_FOR_DIVISION_BY_ZERO,TRADITIONAL,NO_ENGINE_SUBSTITUTION {{(pid=93429) _check_effective_sql_mode /opt/stack/data/venv/lib/python3.12/site-packages/oslo_db/sqlalchemy/engines.py:325}}
Aug 07 03:52:03.955035 np0000006698 nova-scheduler[93427]: DEBUG nova.service [None req-9dee01f6-796e-4ac1-bc7c-6d2faafe20eb None None] Creating RPC server for service: nova-scheduler on topic: scheduler {{(pid=93427) start /opt/stack/nova/nova/service.py:196}}
Aug 07 03:52:03.957405 np0000006698 nova-scheduler[93429]: DEBUG dbcounter [-] [93429] Writer thread running {{(pid=93429) stat_writer /opt/stack/data/venv/lib/python3.12/site-packages/dbcounter.py:102}}
Aug 07 03:52:03.960485 np0000006698 nova-scheduler[93429]: DEBUG nova.service [None req-a1ef095a-e958-4b7d-8201-2925fc296f1a None None] Creating RPC server for service: nova-scheduler on topic: scheduler {{(pid=93429) start /opt/stack/nova/nova/service.py:196}}
Aug 07 03:52:03.972634 np0000006698 nova-scheduler[93431]: DEBUG oslo_db.sqlalchemy.engines [None req-d4c60e4b-7906-4bbf-a966-6315949ca286 None None] MySQL server mode set to STRICT_TRANS_TABLES,STRICT_ALL_TABLES,NO_ZERO_IN_DATE,NO_ZERO_DATE,ERROR_FOR_DIVISION_BY_ZERO,TRADITIONAL,NO_ENGINE_SUBSTITUTION {{(pid=93431) _check_effective_sql_mode /opt/stack/data/venv/lib/python3.12/site-packages/oslo_db/sqlalchemy/engines.py:325}}
Aug 07 03:52:03.978478 np0000006698 nova-scheduler[93429]: DEBUG nova.service [None req-a1ef095a-e958-4b7d-8201-2925fc296f1a None None] Join ServiceGroup membership for this service scheduler {{(pid=93429) start /opt/stack/nova/nova/service.py:222}}
Aug 07 03:52:03.978684 np0000006698 nova-scheduler[93429]: DEBUG nova.servicegroup.drivers.db [None req-a1ef095a-e958-4b7d-8201-2925fc296f1a None None] DB_Driver: join new ServiceGroup member np0000006698 to the scheduler group, service = {{(pid=93429) join /opt/stack/nova/nova/servicegroup/drivers/db.py:44}}
Aug 07 03:52:03.982291 np0000006698 nova-scheduler[93427]: DEBUG nova.service [None req-9dee01f6-796e-4ac1-bc7c-6d2faafe20eb None None] Join ServiceGroup membership for this service scheduler {{(pid=93427) start /opt/stack/nova/nova/service.py:222}}
Aug 07 03:52:03.982576 np0000006698 nova-scheduler[93427]: DEBUG nova.servicegroup.drivers.db [None req-9dee01f6-796e-4ac1-bc7c-6d2faafe20eb None None] DB_Driver: join new ServiceGroup member np0000006698 to the scheduler group, service = {{(pid=93427) join /opt/stack/nova/nova/servicegroup/drivers/db.py:44}}
Aug 07 03:52:03.986061 np0000006698 nova-scheduler[93431]: DEBUG dbcounter [-] [93431] Writer thread running {{(pid=93431) stat_writer /opt/stack/data/venv/lib/python3.12/site-packages/dbcounter.py:102}}
Aug 07 03:52:03.988794 np0000006698 nova-scheduler[93431]: DEBUG nova.service [None req-d4c60e4b-7906-4bbf-a966-6315949ca286 None None] Creating RPC server for service: nova-scheduler on topic: scheduler {{(pid=93431) start /opt/stack/nova/nova/service.py:196}}
Aug 07 03:52:04.003995 np0000006698 nova-scheduler[93431]: DEBUG nova.service [None req-d4c60e4b-7906-4bbf-a966-6315949ca286 None None] Join ServiceGroup membership for this service scheduler {{(pid=93431) start /opt/stack/nova/nova/service.py:222}}
Aug 07 03:52:04.004390 np0000006698 nova-scheduler[93431]: DEBUG nova.servicegroup.drivers.db [None req-d4c60e4b-7906-4bbf-a966-6315949ca286 None None] DB_Driver: join new ServiceGroup member np0000006698 to the scheduler group, service = {{(pid=93431) join /opt/stack/nova/nova/servicegroup/drivers/db.py:44}}
Aug 07 03:52:08.995943 np0000006698 nova-scheduler[93429]: DEBUG oslo.service.backend._threading.loopingcall [-] Fixed interval looping call 'nova.servicegroup.drivers.db.DbDriver._report_state' sleeping for 119.98 seconds {{(pid=93429) _run_loop /opt/stack/data/venv/lib/python3.12/site-packages/oslo_service/backend/_threading/loopingcall.py:125}}
Aug 07 03:52:08.997132 np0000006698 nova-scheduler[93427]: DEBUG oslo.service.backend._threading.loopingcall [-] Fixed interval looping call 'nova.servicegroup.drivers.db.DbDriver._report_state' sleeping for 119.99 seconds {{(pid=93427) _run_loop /opt/stack/data/venv/lib/python3.12/site-packages/oslo_service/backend/_threading/loopingcall.py:125}}
Aug 07 03:52:09.017573 np0000006698 nova-scheduler[93431]: DEBUG oslo.service.backend._threading.loopingcall [-] Fixed interval looping call 'nova.servicegroup.drivers.db.DbDriver._report_state' sleeping for 119.99 seconds {{(pid=93431) _run_loop /opt/stack/data/venv/lib/python3.12/site-packages/oslo_service/backend/_threading/loopingcall.py:125}}
Aug 07 03:52:12.582601 np0000006698 nova-scheduler[92226]: DEBUG dbcounter [-] [92226] Writing DB stats nova_api:SELECT=3 {{(pid=92226) stat_writer /opt/stack/data/venv/lib/python3.12/site-packages/dbcounter.py:115}}
Aug 07 03:52:12.709629 np0000006698 nova-scheduler[92226]: DEBUG dbcounter [-] [92226] Writing DB stats nova_cell0:SELECT=1 {{(pid=92226) stat_writer /opt/stack/data/venv/lib/python3.12/site-packages/dbcounter.py:115}}
Aug 07 03:52:12.718369 np0000006698 nova-scheduler[92226]: DEBUG dbcounter [-] [92226] Writing DB stats nova_cell1:SELECT=1 {{(pid=92226) stat_writer /opt/stack/data/venv/lib/python3.12/site-packages/dbcounter.py:115}}
Aug 07 03:52:18.993093 np0000006698 nova-scheduler[93429]: DEBUG dbcounter [-] [93429] Writing DB stats nova_cell0:SELECT=3,nova_cell0:UPDATE=1 {{(pid=93429) stat_writer /opt/stack/data/venv/lib/python3.12/site-packages/dbcounter.py:115}}
Aug 07 03:52:18.997021 np0000006698 nova-scheduler[93427]: DEBUG dbcounter [-] [93427] Writing DB stats nova_cell0:SELECT=4,nova_cell0:INSERT=1,nova_cell0:UPDATE=1 {{(pid=93427) stat_writer /opt/stack/data/venv/lib/python3.12/site-packages/dbcounter.py:115}}
Aug 07 03:52:19.014345 np0000006698 nova-scheduler[93431]: DEBUG dbcounter [-] [93431] Writing DB stats nova_cell0:SELECT=3 {{(pid=93431) stat_writer /opt/stack/data/venv/lib/python3.12/site-packages/dbcounter.py:115}}
Aug 07 03:52:19.984935 np0000006698 nova-scheduler[93427]: DEBUG oslo.service.backend._threading.loopingcall [None req-b91fe11a-1259-4f06-bc44-bd14ba68f00b None None] Dynamic interval looping call 'nova.service.Service.periodic_tasks' sleeping for 60.00 seconds {{(pid=93427) _run_loop /opt/stack/data/venv/lib/python3.12/site-packages/oslo_service/backend/_threading/loopingcall.py:125}}
Aug 07 03:52:31.006478 np0000006698 nova-scheduler[93431]: DEBUG oslo.service.backend._threading.loopingcall [None req-98d0137f-9ea8-4ac6-91e3-cf6fb9540742 None None] Dynamic interval looping call 'nova.service.Service.periodic_tasks' sleeping for 60.00 seconds {{(pid=93431) _run_loop /opt/stack/data/venv/lib/python3.12/site-packages/oslo_service/backend/_threading/loopingcall.py:125}}
Aug 07 03:53:01.980456 np0000006698 nova-scheduler[93429]: DEBUG oslo.service.backend._threading.loopingcall [None req-fe01e3c2-bf8d-424d-a3a2-770a62e415a4 None None] Dynamic interval looping call 'nova.service.Service.periodic_tasks' sleeping for 60.00 seconds {{(pid=93429) _run_loop /opt/stack/data/venv/lib/python3.12/site-packages/oslo_service/backend/_threading/loopingcall.py:125}}
Aug 07 03:53:19.985379 np0000006698 nova-scheduler[93427]: DEBUG oslo.service.backend._threading.loopingcall [None req-b91fe11a-1259-4f06-bc44-bd14ba68f00b None None] Dynamic interval looping call 'nova.service.Service.periodic_tasks' sleeping for 60.00 seconds {{(pid=93427) _run_loop /opt/stack/data/venv/lib/python3.12/site-packages/oslo_service/backend/_threading/loopingcall.py:125}}
Aug 07 03:53:31.007032 np0000006698 nova-scheduler[93431]: DEBUG oslo.service.backend._threading.loopingcall [None req-98d0137f-9ea8-4ac6-91e3-cf6fb9540742 None None] Dynamic interval looping call 'nova.service.Service.periodic_tasks' sleeping for 60.00 seconds {{(pid=93431) _run_loop /opt/stack/data/venv/lib/python3.12/site-packages/oslo_service/backend/_threading/loopingcall.py:125}}
Aug 07 03:54:01.981134 np0000006698 nova-scheduler[93429]: DEBUG oslo.service.backend._threading.loopingcall [None req-fe01e3c2-bf8d-424d-a3a2-770a62e415a4 None None] Dynamic interval looping call 'nova.service.Service.periodic_tasks' sleeping for 60.00 seconds {{(pid=93429) _run_loop /opt/stack/data/venv/lib/python3.12/site-packages/oslo_service/backend/_threading/loopingcall.py:125}}
Aug 07 03:54:08.986555 np0000006698 nova-scheduler[93429]: DEBUG oslo.service.backend._threading.loopingcall [-] Fixed interval looping call 'nova.servicegroup.drivers.db.DbDriver._report_state' sleeping for 119.99 seconds {{(pid=93429) _run_loop /opt/stack/data/venv/lib/python3.12/site-packages/oslo_service/backend/_threading/loopingcall.py:125}}
Aug 07 03:54:08.993086 np0000006698 nova-scheduler[93427]: DEBUG oslo.service.backend._threading.loopingcall [-] Fixed interval looping call 'nova.servicegroup.drivers.db.DbDriver._report_state' sleeping for 119.99 seconds {{(pid=93427) _run_loop /opt/stack/data/venv/lib/python3.12/site-packages/oslo_service/backend/_threading/loopingcall.py:125}}
Aug 07 03:54:09.015177 np0000006698 nova-scheduler[93431]: DEBUG oslo.service.backend._threading.loopingcall [-] Fixed interval looping call 'nova.servicegroup.drivers.db.DbDriver._report_state' sleeping for 119.99 seconds {{(pid=93431) _run_loop /opt/stack/data/venv/lib/python3.12/site-packages/oslo_service/backend/_threading/loopingcall.py:125}}
Aug 07 03:54:18.984040 np0000006698 nova-scheduler[93429]: DEBUG dbcounter [-] [93429] Writing DB stats nova_cell0:SELECT=1,nova_cell0:UPDATE=1 {{(pid=93429) stat_writer /opt/stack/data/venv/lib/python3.12/site-packages/dbcounter.py:115}}
Aug 07 03:54:18.991353 np0000006698 nova-scheduler[93427]: DEBUG dbcounter [-] [93427] Writing DB stats nova_cell0:SELECT=1 {{(pid=93427) stat_writer /opt/stack/data/venv/lib/python3.12/site-packages/dbcounter.py:115}}
Aug 07 03:54:19.012920 np0000006698 nova-scheduler[93431]: DEBUG dbcounter [-] [93431] Writing DB stats nova_cell0:SELECT=1 {{(pid=93431) stat_writer /opt/stack/data/venv/lib/python3.12/site-packages/dbcounter.py:115}}
Aug 07 03:54:19.988900 np0000006698 nova-scheduler[93427]: DEBUG oslo.service.backend._threading.loopingcall [None req-b91fe11a-1259-4f06-bc44-bd14ba68f00b None None] Dynamic interval looping call 'nova.service.Service.periodic_tasks' sleeping for 60.00 seconds {{(pid=93427) _run_loop /opt/stack/data/venv/lib/python3.12/site-packages/oslo_service/backend/_threading/loopingcall.py:125}}
Aug 07 03:54:31.007946 np0000006698 nova-scheduler[93431]: DEBUG oslo.service.backend._threading.loopingcall [None req-98d0137f-9ea8-4ac6-91e3-cf6fb9540742 None None] Dynamic interval looping call 'nova.service.Service.periodic_tasks' sleeping for 60.00 seconds {{(pid=93431) _run_loop /opt/stack/data/venv/lib/python3.12/site-packages/oslo_service/backend/_threading/loopingcall.py:125}}
Aug 07 03:54:44.404996 np0000006698 nova-scheduler[93429]: DEBUG nova.scheduler.manager [None req-c21222f7-d389-4969-a59a-9e5dacf0df18 tempest-ServerRescueNegativeTestJSON-2145608436 tempest-ServerRescueNegativeTestJSON-2145608436-project-member] Starting to schedule for instances: ['46d2a785-32dc-4e21-8b13-c6aca19dd0f2'] {{(pid=93429) select_destinations /opt/stack/nova/nova/scheduler/manager.py:209}}
Aug 07 03:54:44.405643 np0000006698 nova-scheduler[93429]: DEBUG nova.scheduler.request_filter [None req-c21222f7-d389-4969-a59a-9e5dacf0df18 tempest-ServerRescueNegativeTestJSON-2145608436 tempest-ServerRescueNegativeTestJSON-2145608436-project-member] compute_status_filter request filter added forbidden trait COMPUTE_STATUS_DISABLED {{(pid=93429) compute_status_filter /opt/stack/nova/nova/scheduler/request_filter.py:253}}
Aug 07 03:54:44.405881 np0000006698 nova-scheduler[93429]: DEBUG nova.scheduler.request_filter [None req-c21222f7-d389-4969-a59a-9e5dacf0df18 tempest-ServerRescueNegativeTestJSON-2145608436 tempest-ServerRescueNegativeTestJSON-2145608436-project-member] Request filter 'compute_status_filter' took 0.0 seconds {{(pid=93429) wrapper /opt/stack/nova/nova/scheduler/request_filter.py:46}}
Aug 07 03:54:44.406364 np0000006698 nova-scheduler[93429]: DEBUG nova.scheduler.request_filter [None req-c21222f7-d389-4969-a59a-9e5dacf0df18 tempest-ServerRescueNegativeTestJSON-2145608436 tempest-ServerRescueNegativeTestJSON-2145608436-project-member] Request filter 'accelerators_filter' took 0.0 seconds {{(pid=93429) wrapper /opt/stack/nova/nova/scheduler/request_filter.py:46}}
Aug 07 03:54:44.406637 np0000006698 nova-scheduler[93429]: DEBUG nova.scheduler.request_filter [None req-c21222f7-d389-4969-a59a-9e5dacf0df18 tempest-ServerRescueNegativeTestJSON-2145608436 tempest-ServerRescueNegativeTestJSON-2145608436-project-member] Request filter 'packed_virtqueue_filter' took 0.0 seconds {{(pid=93429) wrapper /opt/stack/nova/nova/scheduler/request_filter.py:46}}
Aug 07 03:54:44.407049 np0000006698 nova-scheduler[93429]: DEBUG nova.scheduler.request_filter [None req-c21222f7-d389-4969-a59a-9e5dacf0df18 tempest-ServerRescueNegativeTestJSON-2145608436 tempest-ServerRescueNegativeTestJSON-2145608436-project-member] Request filter 'remote_managed_ports_filter' took 0.0 seconds {{(pid=93429) wrapper /opt/stack/nova/nova/scheduler/request_filter.py:46}}
Aug 07 03:54:44.407237 np0000006698 nova-scheduler[93429]: DEBUG nova.scheduler.request_filter [None req-c21222f7-d389-4969-a59a-9e5dacf0df18 tempest-ServerRescueNegativeTestJSON-2145608436 tempest-ServerRescueNegativeTestJSON-2145608436-project-member] ephemeral_encryption_filter skipped {{(pid=93429) ephemeral_encryption_filter /opt/stack/nova/nova/scheduler/request_filter.py:426}}
Aug 07 03:54:44.407477 np0000006698 nova-scheduler[93429]: DEBUG nova.scheduler.request_filter [None req-c21222f7-d389-4969-a59a-9e5dacf0df18 tempest-ServerRescueNegativeTestJSON-2145608436 tempest-ServerRescueNegativeTestJSON-2145608436-project-member] virtio_sound_filter skipped {{(pid=93429) virtio_sound_filter /opt/stack/nova/nova/scheduler/request_filter.py:460}}
Aug 07 03:54:44.407603 np0000006698 nova-scheduler[93429]: DEBUG nova.scheduler.request_filter [None req-c21222f7-d389-4969-a59a-9e5dacf0df18 tempest-ServerRescueNegativeTestJSON-2145608436 tempest-ServerRescueNegativeTestJSON-2145608436-project-member] tpm_secret_security_filter skipped {{(pid=93429) tpm_secret_security_filter /opt/stack/nova/nova/scheduler/request_filter.py:477}}
Aug 07 03:54:44.642346 np0000006698 nova-scheduler[93427]: DEBUG nova.scheduler.manager [None req-0ea91bfb-46e8-4d6a-9eac-a8b06fcb2a67 tempest-ServersNegativeTestJSON-673666469 tempest-ServersNegativeTestJSON-673666469-project-member] Starting to schedule for instances: ['827f7b5a-57aa-4c65-a769-77bbc48220b8'] {{(pid=93427) select_destinations /opt/stack/nova/nova/scheduler/manager.py:209}}
Aug 07 03:54:44.643198 np0000006698 nova-scheduler[93427]: DEBUG nova.scheduler.request_filter [None req-0ea91bfb-46e8-4d6a-9eac-a8b06fcb2a67 tempest-ServersNegativeTestJSON-673666469 tempest-ServersNegativeTestJSON-673666469-project-member] compute_status_filter request filter added forbidden trait COMPUTE_STATUS_DISABLED {{(pid=93427) compute_status_filter /opt/stack/nova/nova/scheduler/request_filter.py:253}}
Aug 07 03:54:44.643368 np0000006698 nova-scheduler[93427]: DEBUG nova.scheduler.request_filter [None req-0ea91bfb-46e8-4d6a-9eac-a8b06fcb2a67 tempest-ServersNegativeTestJSON-673666469 tempest-ServersNegativeTestJSON-673666469-project-member] Request filter 'compute_status_filter' took 0.0 seconds {{(pid=93427) wrapper /opt/stack/nova/nova/scheduler/request_filter.py:46}}
Aug 07 03:54:44.643641 np0000006698 nova-scheduler[93427]: DEBUG nova.scheduler.request_filter [None req-0ea91bfb-46e8-4d6a-9eac-a8b06fcb2a67 tempest-ServersNegativeTestJSON-673666469 tempest-ServersNegativeTestJSON-673666469-project-member] Request filter 'accelerators_filter' took 0.0 seconds {{(pid=93427) wrapper /opt/stack/nova/nova/scheduler/request_filter.py:46}}
Aug 07 03:54:44.645354 np0000006698 nova-scheduler[93427]: DEBUG nova.scheduler.request_filter [None req-0ea91bfb-46e8-4d6a-9eac-a8b06fcb2a67 tempest-ServersNegativeTestJSON-673666469 tempest-ServersNegativeTestJSON-673666469-project-member] Request filter 'packed_virtqueue_filter' took 0.0 seconds {{(pid=93427) wrapper /opt/stack/nova/nova/scheduler/request_filter.py:46}}
Aug 07 03:54:44.645975 np0000006698 nova-scheduler[93427]: DEBUG nova.scheduler.request_filter [None req-0ea91bfb-46e8-4d6a-9eac-a8b06fcb2a67 tempest-ServersNegativeTestJSON-673666469 tempest-ServersNegativeTestJSON-673666469-project-member] Request filter 'remote_managed_ports_filter' took 0.0 seconds {{(pid=93427) wrapper /opt/stack/nova/nova/scheduler/request_filter.py:46}}
Aug 07 03:54:44.646196 np0000006698 nova-scheduler[93427]: DEBUG nova.scheduler.request_filter [None req-0ea91bfb-46e8-4d6a-9eac-a8b06fcb2a67 tempest-ServersNegativeTestJSON-673666469 tempest-ServersNegativeTestJSON-673666469-project-member] ephemeral_encryption_filter skipped {{(pid=93427) ephemeral_encryption_filter /opt/stack/nova/nova/scheduler/request_filter.py:426}}
Aug 07 03:54:44.646411 np0000006698 nova-scheduler[93427]: DEBUG nova.scheduler.request_filter [None req-0ea91bfb-46e8-4d6a-9eac-a8b06fcb2a67 tempest-ServersNegativeTestJSON-673666469 tempest-ServersNegativeTestJSON-673666469-project-member] virtio_sound_filter skipped {{(pid=93427) virtio_sound_filter /opt/stack/nova/nova/scheduler/request_filter.py:460}}
Aug 07 03:54:44.646598 np0000006698 nova-scheduler[93427]: DEBUG nova.scheduler.request_filter [None req-0ea91bfb-46e8-4d6a-9eac-a8b06fcb2a67 tempest-ServersNegativeTestJSON-673666469 tempest-ServersNegativeTestJSON-673666469-project-member] tpm_secret_security_filter skipped {{(pid=93427) tpm_secret_security_filter /opt/stack/nova/nova/scheduler/request_filter.py:477}}
Aug 07 03:54:44.729488 np0000006698 nova-scheduler[93431]: DEBUG nova.scheduler.manager [None req-fcf57208-f8ae-40e1-8ba9-7d24cfb1f5d2 tempest-DeleteServersTestJSON-708214306 tempest-DeleteServersTestJSON-708214306-project-member] Starting to schedule for instances: ['81827cdc-80dc-4bad-ac12-f3abed77defe'] {{(pid=93431) select_destinations /opt/stack/nova/nova/scheduler/manager.py:209}}
Aug 07 03:54:44.731015 np0000006698 nova-scheduler[93431]: DEBUG nova.scheduler.request_filter [None req-fcf57208-f8ae-40e1-8ba9-7d24cfb1f5d2 tempest-DeleteServersTestJSON-708214306 tempest-DeleteServersTestJSON-708214306-project-member] compute_status_filter request filter added forbidden trait COMPUTE_STATUS_DISABLED {{(pid=93431) compute_status_filter /opt/stack/nova/nova/scheduler/request_filter.py:253}}
Aug 07 03:54:44.731015 np0000006698 nova-scheduler[93431]: DEBUG nova.scheduler.request_filter [None req-fcf57208-f8ae-40e1-8ba9-7d24cfb1f5d2 tempest-DeleteServersTestJSON-708214306 tempest-DeleteServersTestJSON-708214306-project-member] Request filter 'compute_status_filter' took 0.0 seconds {{(pid=93431) wrapper /opt/stack/nova/nova/scheduler/request_filter.py:46}}
Aug 07 03:54:44.731015 np0000006698 nova-scheduler[93431]: DEBUG nova.scheduler.request_filter [None req-fcf57208-f8ae-40e1-8ba9-7d24cfb1f5d2 tempest-DeleteServersTestJSON-708214306 tempest-DeleteServersTestJSON-708214306-project-member] Request filter 'accelerators_filter' took 0.0 seconds {{(pid=93431) wrapper /opt/stack/nova/nova/scheduler/request_filter.py:46}}
Aug 07 03:54:44.731015 np0000006698 nova-scheduler[93431]: DEBUG nova.scheduler.request_filter [None req-fcf57208-f8ae-40e1-8ba9-7d24cfb1f5d2 tempest-DeleteServersTestJSON-708214306 tempest-DeleteServersTestJSON-708214306-project-member] Request filter 'packed_virtqueue_filter' took 0.0 seconds {{(pid=93431) wrapper /opt/stack/nova/nova/scheduler/request_filter.py:46}}
Aug 07 03:54:44.731330 np0000006698 nova-scheduler[93431]: DEBUG nova.scheduler.request_filter [None req-fcf57208-f8ae-40e1-8ba9-7d24cfb1f5d2 tempest-DeleteServersTestJSON-708214306 tempest-DeleteServersTestJSON-708214306-project-member] Request filter 'remote_managed_ports_filter' took 0.0 seconds {{(pid=93431) wrapper /opt/stack/nova/nova/scheduler/request_filter.py:46}}
Aug 07 03:54:44.731463 np0000006698 nova-scheduler[93431]: DEBUG nova.scheduler.request_filter [None req-fcf57208-f8ae-40e1-8ba9-7d24cfb1f5d2 tempest-DeleteServersTestJSON-708214306 tempest-DeleteServersTestJSON-708214306-project-member] ephemeral_encryption_filter skipped {{(pid=93431) ephemeral_encryption_filter /opt/stack/nova/nova/scheduler/request_filter.py:426}}
Aug 07 03:54:44.731654 np0000006698 nova-scheduler[93431]: DEBUG nova.scheduler.request_filter [None req-fcf57208-f8ae-40e1-8ba9-7d24cfb1f5d2 tempest-DeleteServersTestJSON-708214306 tempest-DeleteServersTestJSON-708214306-project-member] virtio_sound_filter skipped {{(pid=93431) virtio_sound_filter /opt/stack/nova/nova/scheduler/request_filter.py:460}}
Aug 07 03:54:44.731860 np0000006698 nova-scheduler[93431]: DEBUG nova.scheduler.request_filter [None req-fcf57208-f8ae-40e1-8ba9-7d24cfb1f5d2 tempest-DeleteServersTestJSON-708214306 tempest-DeleteServersTestJSON-708214306-project-member] tpm_secret_security_filter skipped {{(pid=93431) tpm_secret_security_filter /opt/stack/nova/nova/scheduler/request_filter.py:477}}
Aug 07 03:54:45.194849 np0000006698 nova-scheduler[93427]: INFO nova.utils [None req-0ea91bfb-46e8-4d6a-9eac-a8b06fcb2a67 tempest-ServersNegativeTestJSON-673666469 tempest-ServersNegativeTestJSON-673666469-project-member] The cell worker thread pool ForkProcess-1.cell_worker is initialized
Aug 07 03:54:45.195362 np0000006698 nova-scheduler[93427]: DEBUG oslo_concurrency.lockutils [None req-0ea91bfb-46e8-4d6a-9eac-a8b06fcb2a67 tempest-ServersNegativeTestJSON-673666469 tempest-ServersNegativeTestJSON-673666469-project-member] Acquiring lock "4e77f818-2133-4c09-8b71-a4fd0395cbb8" by "nova.context.set_target_cell..get_or_set_cached_cell_and_set_connections" {{(pid=93427) inner /opt/stack/data/venv/lib/python3.12/site-packages/oslo_concurrency/lockutils.py:512}}
Aug 07 03:54:45.195648 np0000006698 nova-scheduler[93427]: DEBUG oslo_concurrency.lockutils [None req-0ea91bfb-46e8-4d6a-9eac-a8b06fcb2a67 tempest-ServersNegativeTestJSON-673666469 tempest-ServersNegativeTestJSON-673666469-project-member] Lock "4e77f818-2133-4c09-8b71-a4fd0395cbb8" acquired by "nova.context.set_target_cell..get_or_set_cached_cell_and_set_connections" :: waited 0.000s {{(pid=93427) inner /opt/stack/data/venv/lib/python3.12/site-packages/oslo_concurrency/lockutils.py:525}}
Aug 07 03:54:45.198675 np0000006698 nova-scheduler[93427]: DEBUG oslo_concurrency.lockutils [None req-0ea91bfb-46e8-4d6a-9eac-a8b06fcb2a67 tempest-ServersNegativeTestJSON-673666469 tempest-ServersNegativeTestJSON-673666469-project-member] Lock "4e77f818-2133-4c09-8b71-a4fd0395cbb8" "released" by "nova.context.set_target_cell..get_or_set_cached_cell_and_set_connections" :: held 0.003s {{(pid=93427) inner /opt/stack/data/venv/lib/python3.12/site-packages/oslo_concurrency/lockutils.py:544}}
Aug 07 03:54:45.203180 np0000006698 nova-scheduler[93427]: INFO dbcounter [None req-0ea91bfb-46e8-4d6a-9eac-a8b06fcb2a67 tempest-ServersNegativeTestJSON-673666469 tempest-ServersNegativeTestJSON-673666469-project-member] Registered counter for database nova_cell1
Aug 07 03:54:45.252996 np0000006698 nova-scheduler[93427]: DEBUG oslo_db.sqlalchemy.engines [None req-0ea91bfb-46e8-4d6a-9eac-a8b06fcb2a67 tempest-ServersNegativeTestJSON-673666469 tempest-ServersNegativeTestJSON-673666469-project-member] MySQL server mode set to STRICT_TRANS_TABLES,STRICT_ALL_TABLES,NO_ZERO_IN_DATE,NO_ZERO_DATE,ERROR_FOR_DIVISION_BY_ZERO,TRADITIONAL,NO_ENGINE_SUBSTITUTION {{(pid=93427) _check_effective_sql_mode /opt/stack/data/venv/lib/python3.12/site-packages/oslo_db/sqlalchemy/engines.py:325}}
Aug 07 03:54:45.264272 np0000006698 nova-scheduler[93427]: DEBUG dbcounter [-] [93427] Writer thread running {{(pid=93427) stat_writer /opt/stack/data/venv/lib/python3.12/site-packages/dbcounter.py:102}}
Aug 07 03:54:45.269575 np0000006698 nova-scheduler[93429]: INFO nova.utils [None req-c21222f7-d389-4969-a59a-9e5dacf0df18 tempest-ServerRescueNegativeTestJSON-2145608436 tempest-ServerRescueNegativeTestJSON-2145608436-project-member] The cell worker thread pool ForkProcess-2.cell_worker is initialized
Aug 07 03:54:45.269967 np0000006698 nova-scheduler[93429]: DEBUG oslo_concurrency.lockutils [None req-c21222f7-d389-4969-a59a-9e5dacf0df18 tempest-ServerRescueNegativeTestJSON-2145608436 tempest-ServerRescueNegativeTestJSON-2145608436-project-member] Acquiring lock "4e77f818-2133-4c09-8b71-a4fd0395cbb8" by "nova.context.set_target_cell..get_or_set_cached_cell_and_set_connections" {{(pid=93429) inner /opt/stack/data/venv/lib/python3.12/site-packages/oslo_concurrency/lockutils.py:512}}
Aug 07 03:54:45.270211 np0000006698 nova-scheduler[93429]: DEBUG oslo_concurrency.lockutils [None req-c21222f7-d389-4969-a59a-9e5dacf0df18 tempest-ServerRescueNegativeTestJSON-2145608436 tempest-ServerRescueNegativeTestJSON-2145608436-project-member] Lock "4e77f818-2133-4c09-8b71-a4fd0395cbb8" acquired by "nova.context.set_target_cell..get_or_set_cached_cell_and_set_connections" :: waited 0.000s {{(pid=93429) inner /opt/stack/data/venv/lib/python3.12/site-packages/oslo_concurrency/lockutils.py:525}}
Aug 07 03:54:45.272306 np0000006698 nova-scheduler[93429]: DEBUG oslo_concurrency.lockutils [None req-c21222f7-d389-4969-a59a-9e5dacf0df18 tempest-ServerRescueNegativeTestJSON-2145608436 tempest-ServerRescueNegativeTestJSON-2145608436-project-member] Lock "4e77f818-2133-4c09-8b71-a4fd0395cbb8" "released" by "nova.context.set_target_cell..get_or_set_cached_cell_and_set_connections" :: held 0.002s {{(pid=93429) inner /opt/stack/data/venv/lib/python3.12/site-packages/oslo_concurrency/lockutils.py:544}}
Aug 07 03:54:45.275602 np0000006698 nova-scheduler[93429]: INFO dbcounter [None req-c21222f7-d389-4969-a59a-9e5dacf0df18 tempest-ServerRescueNegativeTestJSON-2145608436 tempest-ServerRescueNegativeTestJSON-2145608436-project-member] Registered counter for database nova_cell1
Aug 07 03:54:45.284174 np0000006698 nova-scheduler[93427]: DEBUG oslo_db.sqlalchemy.engines [None req-0ea91bfb-46e8-4d6a-9eac-a8b06fcb2a67 tempest-ServersNegativeTestJSON-673666469 tempest-ServersNegativeTestJSON-673666469-project-member] Parent process 92226 forked (93427) with an open database connection, which is being discarded and recreated. {{(pid=93427) checkout /opt/stack/data/venv/lib/python3.12/site-packages/oslo_db/sqlalchemy/engines.py:402}}
Aug 07 03:54:45.324297 np0000006698 nova-scheduler[93429]: DEBUG oslo_db.sqlalchemy.engines [None req-c21222f7-d389-4969-a59a-9e5dacf0df18 tempest-ServerRescueNegativeTestJSON-2145608436 tempest-ServerRescueNegativeTestJSON-2145608436-project-member] MySQL server mode set to STRICT_TRANS_TABLES,STRICT_ALL_TABLES,NO_ZERO_IN_DATE,NO_ZERO_DATE,ERROR_FOR_DIVISION_BY_ZERO,TRADITIONAL,NO_ENGINE_SUBSTITUTION {{(pid=93429) _check_effective_sql_mode /opt/stack/data/venv/lib/python3.12/site-packages/oslo_db/sqlalchemy/engines.py:325}}
Aug 07 03:54:45.329584 np0000006698 nova-scheduler[93429]: DEBUG dbcounter [-] [93429] Writer thread running {{(pid=93429) stat_writer /opt/stack/data/venv/lib/python3.12/site-packages/dbcounter.py:102}}
Aug 07 03:54:45.331691 np0000006698 nova-scheduler[93427]: DEBUG dbcounter [-] [93427] Writer thread running {{(pid=93427) stat_writer /opt/stack/data/venv/lib/python3.12/site-packages/dbcounter.py:102}}
Aug 07 03:54:45.335575 np0000006698 nova-scheduler[93427]: DEBUG oslo_concurrency.lockutils [None req-0ea91bfb-46e8-4d6a-9eac-a8b06fcb2a67 tempest-ServersNegativeTestJSON-673666469 tempest-ServersNegativeTestJSON-673666469-project-member] Acquiring lock "4e77f818-2133-4c09-8b71-a4fd0395cbb8" by "nova.context.set_target_cell..get_or_set_cached_cell_and_set_connections" {{(pid=93427) inner /opt/stack/data/venv/lib/python3.12/site-packages/oslo_concurrency/lockutils.py:512}}
Aug 07 03:54:45.335803 np0000006698 nova-scheduler[93427]: DEBUG oslo_concurrency.lockutils [None req-0ea91bfb-46e8-4d6a-9eac-a8b06fcb2a67 tempest-ServersNegativeTestJSON-673666469 tempest-ServersNegativeTestJSON-673666469-project-member] Lock "4e77f818-2133-4c09-8b71-a4fd0395cbb8" acquired by "nova.context.set_target_cell..get_or_set_cached_cell_and_set_connections" :: waited 0.000s {{(pid=93427) inner /opt/stack/data/venv/lib/python3.12/site-packages/oslo_concurrency/lockutils.py:525}}
Aug 07 03:54:45.335927 np0000006698 nova-scheduler[93427]: DEBUG oslo_concurrency.lockutils [None req-0ea91bfb-46e8-4d6a-9eac-a8b06fcb2a67 tempest-ServersNegativeTestJSON-673666469 tempest-ServersNegativeTestJSON-673666469-project-member] Lock "4e77f818-2133-4c09-8b71-a4fd0395cbb8" "released" by "nova.context.set_target_cell..get_or_set_cached_cell_and_set_connections" :: held 0.000s {{(pid=93427) inner /opt/stack/data/venv/lib/python3.12/site-packages/oslo_concurrency/lockutils.py:544}}
Aug 07 03:54:45.339579 np0000006698 nova-scheduler[93427]: DEBUG oslo_concurrency.lockutils [None req-0ea91bfb-46e8-4d6a-9eac-a8b06fcb2a67 tempest-ServersNegativeTestJSON-673666469 tempest-ServersNegativeTestJSON-673666469-project-member] Acquiring lock "np0000006698-np0000006698" by "nova.scheduler.host_manager.HostState.update.._locked_update" {{(pid=93427) inner /opt/stack/data/venv/lib/python3.12/site-packages/oslo_concurrency/lockutils.py:512}}
Aug 07 03:54:45.339822 np0000006698 nova-scheduler[93427]: DEBUG oslo_concurrency.lockutils [None req-0ea91bfb-46e8-4d6a-9eac-a8b06fcb2a67 tempest-ServersNegativeTestJSON-673666469 tempest-ServersNegativeTestJSON-673666469-project-member] Lock "np0000006698-np0000006698" acquired by "nova.scheduler.host_manager.HostState.update.._locked_update" :: waited 0.000s {{(pid=93427) inner /opt/stack/data/venv/lib/python3.12/site-packages/oslo_concurrency/lockutils.py:525}}
Aug 07 03:54:45.341125 np0000006698 nova-scheduler[93427]: DEBUG nova.scheduler.host_manager [None req-0ea91bfb-46e8-4d6a-9eac-a8b06fcb2a67 tempest-ServersNegativeTestJSON-673666469 tempest-ServersNegativeTestJSON-673666469-project-member] Update host state from compute node: ComputeNode(cpu_allocation_ratio=4.0,cpu_info='{"arch": "x86_64", "model": "EPYC-Milan", "vendor": "AMD", "topology": {"cells": 1, "sockets": 16, "cores": 1, "threads": 1}, "maxphysaddr": {"mode": "emulate", "bits": 40}, "features": ["cx8", "tsc", "de", "cx16", "fsgsbase", "fxsr_opt", "f16c", "pni", "bmi2", "amd-ssbd", "arch-capabilities", "rdtscp", "sse4a", "fxsr", "ssse3", "cmp_legacy", "misalignsse", "adx", "rdpid", "sse4.1", "null-sel-clr-base", "osvw", "mmx", "npt", "sha-ni", "avx2", "abm", "pfthreshold", "xsave", "pat", "fpu", "xsavec", "clzero", "amd-psfd", "clflush", "perfctr_core", "gds-no", "pse36", "mmxext", "lfence-always-serializing", "xsaves", "pdpe1gb", "3dnowprefetch", "vgif", "syscall", "xgetbv1", "sep", "mca", "pschange-mc-no", "svme-addr-chk", "pge", "wbnoinvd", "sse4.2", "no-nested-data-bp", "umip", "lahf_lm", "invpcid", "x2apic", "movbe", "mtrr", "vpclmulqdq", "amd-stibp", "apic", "fma", "nrip-save", "popcnt", "mds-no", "rdseed", "pcid", "cr8legacy", "ibrs", "lm", "avx", "aes", "pclmuldq", "pku", "vaes", "smap", "clwb", "spec-ctrl", "stibp", "clflushopt", "nx", "v-vmsave-vmload", "tsc-deadline", "vmcb-clean", "lbrv", "pse", "arat", "virt-ssbd", "pause-filter", "ibpb", "svm", "skip-l1dfl-vmentry", "tsc_adjust", "xsaveerptr", "sse2", "rdrand", "msr", "rdctl-no", "bmi1", "stibp-always-on", "vme", "fsrm", "hypervisor", "flushbyasid", "mce", "sse", "xsaveopt", "cmov", "smep", "pae", "tsc-scale", "erms", "ssbd", "topoext"]}',created_at=2026-08-07T03:52:25Z,current_workload=0,deleted=False,deleted_at=None,disk_allocation_ratio=1.0,disk_available_least=73,free_disk_gb=95,free_ram_mb=62765,host='np0000006698',host_ip=10.4.3.114,hypervisor_hostname='np0000006698',hypervisor_type='QEMU',hypervisor_version=8002002,id=1,local_gb=95,local_gb_used=0,mapped=1,memory_mb=63277,memory_mb_used=512,metrics='[]',numa_topology='{"nova_object.name": "NUMATopology", "nova_object.namespace": "nova", "nova_object.version": "1.2", "nova_object.data": {"cells": [{"nova_object.name": "NUMACell", "nova_object.namespace": "nova", "nova_object.version": "1.5", "nova_object.data": {"id": 0, "cpuset": [0, 1, 2, 3, 4, 5, 6, 7, 8, 9, 10, 11, 12, 13, 14, 15], "pcpuset": [0, 1, 2, 3, 4, 5, 6, 7, 8, 9, 10, 11, 12, 13, 14, 15], "memory": 63277, "cpu_usage": 0, "memory_usage": 0, "pinned_cpus": [], "siblings": [[6], [12], [2], [15], [5], [11], [8], [14], [4], [1], [7], [10], [0], [13], [3], [9]], "mempages": [{"nova_object.name": "NUMAPagesTopology", "nova_object.namespace": "nova", "nova_object.version": "1.1", "nova_object.data": {"size_kb": 4, "total": 16177929, "used": 0, "reserved": 0}, "nova_object.changes": ["total", "size_kb", "used", "reserved"]}, {"nova_object.name": "NUMAPagesTopology", "nova_object.namespace": "nova", "nova_object.version": "1.1", "nova_object.data": {"size_kb": 2048, "total": 41, "used": 0, "reserved": 0}, "nova_object.changes": ["total", "size_kb", "used", "reserved"]}, {"nova_object.name": "NUMAPagesTopology", "nova_object.namespace": "nova", "nova_object.version": "1.1", "nova_object.data": {"size_kb": 1048576, "total": 0, "used": 0, "reserved": 0}, "nova_object.changes": ["total", "size_kb", "used", "reserved"]}], "network_metadata": {"nova_object.name": "NetworkMetadata", "nova_object.namespace": "nova", "nova_object.version": "1.0", "nova_object.data": {"physnets": [], "tunneled": false}, "nova_object.changes": ["tunneled", "physnets"]}, "socket": null}, "nova_object.changes": ["id", "memory", "socket", "cpu_usage", "mempages", "cpuset", "memory_usage", "pcpuset", "pinned_cpus", "siblings", "network_metadata"]}]}, "nova_object.changes": ["cells"]}',pci_device_pools=PciDevicePoolList,ram_allocation_ratio=1.0,running_vms=0,service_id=3,stats={failed_builds='0',uptime=' 03:54:14 up 13 min, 2 users, load average: 1.30, 1.33, 0.77
Aug 07 03:54:45.341125 np0000006698 nova-scheduler[93427]: '},supported_hv_specs=[HVSpec,HVSpec,HVSpec,HVSpec,HVSpec,HVSpec,HVSpec,HVSpec,HVSpec,HVSpec,HVSpec,HVSpec,HVSpec,HVSpec,HVSpec,HVSpec,HVSpec,HVSpec,HVSpec,HVSpec,HVSpec,HVSpec,HVSpec,HVSpec,HVSpec],updated_at=2026-08-07T03:54:15Z,uuid=abbe9e55-4796-46e0-870e-a2449ee6167e,vcpus=16,vcpus_used=0) {{(pid=93427) _locked_update /opt/stack/nova/nova/scheduler/host_manager.py:168}}
Aug 07 03:54:45.341885 np0000006698 nova-scheduler[93427]: DEBUG nova.scheduler.host_manager [None req-0ea91bfb-46e8-4d6a-9eac-a8b06fcb2a67 tempest-ServersNegativeTestJSON-673666469 tempest-ServersNegativeTestJSON-673666469-project-member] Update host state with aggregates: [] {{(pid=93427) _locked_update /opt/stack/nova/nova/scheduler/host_manager.py:171}}
Aug 07 03:54:45.342111 np0000006698 nova-scheduler[93427]: DEBUG nova.scheduler.host_manager [None req-0ea91bfb-46e8-4d6a-9eac-a8b06fcb2a67 tempest-ServersNegativeTestJSON-673666469 tempest-ServersNegativeTestJSON-673666469-project-member] Update host state with service dict: {'id': 3, 'uuid': 'bfbd6c35-d0e3-44ec-8d42-fbba032ec0c5', 'host': 'np0000006698', 'binary': 'nova-compute', 'topic': 'compute', 'report_count': 2, 'disabled': False, 'disabled_reason': None, 'last_seen_up': datetime.datetime(2026, 8, 7, 3, 54, 31, tzinfo=datetime.timezone.utc), 'forced_down': False, 'version': 72, 'created_at': datetime.datetime(2026, 8, 7, 3, 52, 25, tzinfo=datetime.timezone.utc), 'updated_at': datetime.datetime(2026, 8, 7, 3, 54, 31, tzinfo=datetime.timezone.utc), 'deleted_at': None, 'deleted': False} {{(pid=93427) _locked_update /opt/stack/nova/nova/scheduler/host_manager.py:174}}
Aug 07 03:54:45.342206 np0000006698 nova-scheduler[93427]: DEBUG nova.scheduler.host_manager [None req-0ea91bfb-46e8-4d6a-9eac-a8b06fcb2a67 tempest-ServersNegativeTestJSON-673666469 tempest-ServersNegativeTestJSON-673666469-project-member] Update host state with instances: [] {{(pid=93427) _locked_update /opt/stack/nova/nova/scheduler/host_manager.py:177}}
