Aug 14 02:58:24.655414 np0000007307 devstack@placement-api.service[93330]: DEBUG placement.requestlog [req-01d81315-0536-413e-9a7b-b1ae715d4de9 req-90a8abcb-c1ce-41fd-97ff-735249e03ad6 None None] Starting request: 10.4.3.152 "GET /placement/allocations/93ad0dcc-b27c-4c1d-acf1-0f6c771fd32f" {{(pid=93330) __call__ /opt/stack/placement/placement/requestlog.py:55}}
Aug 14 02:58:24.666844 np0000007307 devstack@placement-api.service[93330]: INFO placement.requestlog [req-01d81315-0536-413e-9a7b-b1ae715d4de9 req-90a8abcb-c1ce-41fd-97ff-735249e03ad6 service nova] 10.4.3.152 "GET /placement/allocations/93ad0dcc-b27c-4c1d-acf1-0f6c771fd32f" status: 200 len: 244 microversion: 1.28
Aug 14 02:58:24.666844 np0000007307 devstack@placement-api.service[93330]: [pid: 93330|app: 0|req: 43/170] 10.4.3.152 () {68 vars in 1499 bytes} [Fri Aug 14 02:58:24 2026] GET /placement/allocations/93ad0dcc-b27c-4c1d-acf1-0f6c771fd32f => generated 244 bytes in 11 msecs (HTTP/1.1 200) 8 headers in 296 bytes (1 switches on core 0)
Aug 14 02:58:24.727757 np0000007307 devstack@placement-api.service[93332]: DEBUG placement.requestlog [req-01d81315-0536-413e-9a7b-b1ae715d4de9 req-498daa7e-0768-4c55-a1b1-5e29213977ad None None] Starting request: 10.4.3.152 "GET /placement/allocations/2ba4376b-5490-4d70-8171-b8f63c154df1" {{(pid=93332) __call__ /opt/stack/placement/placement/requestlog.py:55}}
Aug 14 02:58:24.744907 np0000007307 devstack@placement-api.service[93332]: INFO placement.requestlog [req-01d81315-0536-413e-9a7b-b1ae715d4de9 req-498daa7e-0768-4c55-a1b1-5e29213977ad service nova] 10.4.3.152 "GET /placement/allocations/2ba4376b-5490-4d70-8171-b8f63c154df1" status: 200 len: 258 microversion: 1.28
Aug 14 02:58:24.745533 np0000007307 devstack@placement-api.service[93332]: [pid: 93332|app: 0|req: 44/171] 10.4.3.152 () {68 vars in 1499 bytes} [Fri Aug 14 02:58:24 2026] GET /placement/allocations/2ba4376b-5490-4d70-8171-b8f63c154df1 => generated 258 bytes in 18 msecs (HTTP/1.1 200) 8 headers in 296 bytes (1 switches on core 0)
Aug 14 02:58:24.764035 np0000007307 devstack@placement-api.service[93333]: DEBUG placement.requestlog [None req-c6112531-dcce-4f1e-b2a1-b40b3da38df8 None None] Starting request: 10.4.3.152 "GET /placement/resource_providers/0830da56-5f56-4e57-a550-b54a719b5b69/aggregates" {{(pid=93333) __call__ /opt/stack/placement/placement/requestlog.py:55}}
Aug 14 02:58:24.795481 np0000007307 devstack@placement-api.service[93331]: DEBUG placement.requestlog [req-01d81315-0536-413e-9a7b-b1ae715d4de9 req-a51d5b3a-5992-43c3-96e4-5ff693e43a99 None None] Starting request: 10.4.3.152 "GET /placement/allocations/5a624dc7-03a8-4072-93f1-f0db9936d31e" {{(pid=93331) __call__ /opt/stack/placement/placement/requestlog.py:55}}
Aug 14 02:58:24.901563 np0000007307 devstack@placement-api.service[93330]: DEBUG placement.requestlog [req-73c82966-9dae-4adb-8472-d46276c4c9b8 req-612d0c4a-7f35-47b7-9bb2-583621f8ff18 None None] Starting request: 10.4.3.152 "GET /placement/allocation_candidates?limit=1000&resources=DISK_GB%3A1%2CMEMORY_MB%3A192%2CVCPU%3A1&root_required=%21COMPUTE_STATUS_DISABLED" {{(pid=93330) __call__ /opt/stack/placement/placement/requestlog.py:55}}
Aug 14 02:58:24.909766 np0000007307 devstack@placement-api.service[93331]: INFO placement.requestlog [req-01d81315-0536-413e-9a7b-b1ae715d4de9 req-a51d5b3a-5992-43c3-96e4-5ff693e43a99 service nova] 10.4.3.152 "GET /placement/allocations/5a624dc7-03a8-4072-93f1-f0db9936d31e" status: 200 len: 244 microversion: 1.28
Aug 14 02:58:24.910106 np0000007307 devstack@placement-api.service[93331]: [pid: 93331|app: 0|req: 44/172] 10.4.3.152 () {68 vars in 1499 bytes} [Fri Aug 14 02:58:24 2026] GET /placement/allocations/5a624dc7-03a8-4072-93f1-f0db9936d31e => generated 244 bytes in 115 msecs (HTTP/1.1 200) 8 headers in 296 bytes (1 switches on core 0)
Aug 14 02:58:24.931217 np0000007307 devstack@placement-api.service[93330]: DEBUG placement.objects.research_context [req-73c82966-9dae-4adb-8472-d46276c4c9b8 req-612d0c4a-7f35-47b7-9bb2-583621f8ff18 service nova] getting providers with 1 DISK_GB {{(pid=93330) __init__ /opt/stack/placement/placement/objects/research_context.py:137}}
Aug 14 02:58:24.935932 np0000007307 devstack@placement-api.service[93330]: DEBUG placement.objects.research_context [req-73c82966-9dae-4adb-8472-d46276c4c9b8 req-612d0c4a-7f35-47b7-9bb2-583621f8ff18 service nova] getting providers with 192 MEMORY_MB {{(pid=93330) __init__ /opt/stack/placement/placement/objects/research_context.py:137}}
Aug 14 02:58:24.940092 np0000007307 devstack@placement-api.service[93330]: DEBUG placement.objects.research_context [req-73c82966-9dae-4adb-8472-d46276c4c9b8 req-612d0c4a-7f35-47b7-9bb2-583621f8ff18 service nova] getting providers with 1 VCPU {{(pid=93330) __init__ /opt/stack/placement/placement/objects/research_context.py:137}}
Aug 14 02:58:24.944682 np0000007307 devstack@placement-api.service[93330]: DEBUG placement.objects.research_context [req-73c82966-9dae-4adb-8472-d46276c4c9b8 req-612d0c4a-7f35-47b7-9bb2-583621f8ff18 service nova] found 1 providers with available 1 DISK_GB {{(pid=93330) get_provider_ids_matching /opt/stack/placement/placement/objects/research_context.py:566}}
Aug 14 02:58:24.945299 np0000007307 devstack@placement-api.service[93330]: DEBUG placement.objects.research_context [req-73c82966-9dae-4adb-8472-d46276c4c9b8 req-612d0c4a-7f35-47b7-9bb2-583621f8ff18 service nova] found 1 providers with available 192 MEMORY_MB {{(pid=93330) get_provider_ids_matching /opt/stack/placement/placement/objects/research_context.py:566}}
Aug 14 02:58:24.945561 np0000007307 devstack@placement-api.service[93330]: DEBUG placement.objects.research_context [req-73c82966-9dae-4adb-8472-d46276c4c9b8 req-612d0c4a-7f35-47b7-9bb2-583621f8ff18 service nova] found 1 providers after filtering by previous result {{(pid=93330) get_provider_ids_matching /opt/stack/placement/placement/objects/research_context.py:597}}
Aug 14 02:58:24.945881 np0000007307 devstack@placement-api.service[93330]: DEBUG placement.objects.research_context [req-73c82966-9dae-4adb-8472-d46276c4c9b8 req-612d0c4a-7f35-47b7-9bb2-583621f8ff18 service nova] found 1 providers with available 1 VCPU {{(pid=93330) get_provider_ids_matching /opt/stack/placement/placement/objects/research_context.py:566}}
Aug 14 02:58:24.946178 np0000007307 devstack@placement-api.service[93330]: DEBUG placement.objects.research_context [req-73c82966-9dae-4adb-8472-d46276c4c9b8 req-612d0c4a-7f35-47b7-9bb2-583621f8ff18 service nova] found 1 providers after filtering by previous result {{(pid=93330) get_provider_ids_matching /opt/stack/placement/placement/objects/research_context.py:597}}
Aug 14 02:58:24.954598 np0000007307 devstack@placement-api.service[93330]: DEBUG placement.objects.allocation_candidate [req-73c82966-9dae-4adb-8472-d46276c4c9b8 req-612d0c4a-7f35-47b7-9bb2-583621f8ff18 service nova] RequestGroup(use_same_provider=False, resources={DISK_GB:1, MEMORY_MB:192, VCPU:1}, traits=(), aggregates=[]) (suffix '') returned 1 matches {{(pid=93330) _get_by_requests /opt/stack/placement/placement/objects/allocation_candidate.py:158}}
Aug 14 02:58:24.955320 np0000007307 devstack@placement-api.service[93330]: DEBUG placement.objects.allocation_candidate [req-73c82966-9dae-4adb-8472-d46276c4c9b8 req-612d0c4a-7f35-47b7-9bb2-583621f8ff18 service nova] Merging candidates yields 1 allocation requests and 1 provider summaries {{(pid=93330) _merge_candidates /opt/stack/placement/placement/objects/allocation_candidate.py:973}}
Aug 14 02:58:24.959325 np0000007307 devstack@placement-api.service[93330]: INFO placement.requestlog [req-73c82966-9dae-4adb-8472-d46276c4c9b8 req-612d0c4a-7f35-47b7-9bb2-583621f8ff18 service nova] 10.4.3.152 "GET /placement/allocation_candidates?limit=1000&resources=DISK_GB%3A1%2CMEMORY_MB%3A192%2CVCPU%3A1&root_required=%21COMPUTE_STATUS_DISABLED" status: 200 len: 2493 microversion: 1.36
Aug 14 02:58:24.959940 np0000007307 devstack@placement-api.service[93330]: [pid: 93330|app: 0|req: 44/173] 10.4.3.152 () {68 vars in 1625 bytes} [Fri Aug 14 02:58:24 2026] GET /placement/allocation_candidates?limit=1000&resources=DISK_GB%3A1%2CMEMORY_MB%3A192%2CVCPU%3A1&root_required=%21COMPUTE_STATUS_DISABLED => generated 2493 bytes in 59 msecs (HTTP/1.1 200) 8 headers in 297 bytes (1 switches on core 0)
Aug 14 02:58:24.962203 np0000007307 devstack@placement-api.service[93332]: DEBUG placement.requestlog [req-01d81315-0536-413e-9a7b-b1ae715d4de9 req-1c9427b1-e368-4fd5-a7e3-5555f2b408f6 None None] Starting request: 10.4.3.152 "GET /placement/allocations/21cb5486-9c93-4f75-a7bf-bb39d49106a7" {{(pid=93332) __call__ /opt/stack/placement/placement/requestlog.py:55}}
Aug 14 02:58:24.980261 np0000007307 devstack@placement-api.service[93332]: INFO placement.requestlog [req-01d81315-0536-413e-9a7b-b1ae715d4de9 req-1c9427b1-e368-4fd5-a7e3-5555f2b408f6 service nova] 10.4.3.152 "GET /placement/allocations/21cb5486-9c93-4f75-a7bf-bb39d49106a7" status: 200 len: 258 microversion: 1.28
Aug 14 02:58:24.980547 np0000007307 devstack@placement-api.service[93332]: [pid: 93332|app: 0|req: 45/174] 10.4.3.152 () {68 vars in 1499 bytes} [Fri Aug 14 02:58:24 2026] GET /placement/allocations/21cb5486-9c93-4f75-a7bf-bb39d49106a7 => generated 258 bytes in 18 msecs (HTTP/1.1 200) 8 headers in 296 bytes (1 switches on core 0)
Aug 14 02:58:25.037221 np0000007307 devstack@placement-api.service[93331]: DEBUG placement.requestlog [req-01d81315-0536-413e-9a7b-b1ae715d4de9 req-8ec0cbc6-daa7-4d19-b4ed-e5f72d7d1546 None None] Starting request: 10.4.3.152 "GET /placement/allocations/842f5de1-a996-4a35-a457-2e183c5bbeed" {{(pid=93331) __call__ /opt/stack/placement/placement/requestlog.py:55}}
Aug 14 02:58:25.052432 np0000007307 devstack@placement-api.service[93330]: DEBUG placement.requestlog [req-73c82966-9dae-4adb-8472-d46276c4c9b8 req-d43979a2-926b-4eb4-924d-a4643877b826 None None] Starting request: 10.4.3.152 "GET /placement/allocations/c37d6ebf-1ca4-4ca3-b4f6-81616a940f82" {{(pid=93330) __call__ /opt/stack/placement/placement/requestlog.py:55}}
Aug 14 02:58:25.058143 np0000007307 devstack@placement-api.service[93331]: INFO placement.requestlog [req-01d81315-0536-413e-9a7b-b1ae715d4de9 req-8ec0cbc6-daa7-4d19-b4ed-e5f72d7d1546 service nova] 10.4.3.152 "GET /placement/allocations/842f5de1-a996-4a35-a457-2e183c5bbeed" status: 200 len: 258 microversion: 1.28
Aug 14 02:58:25.058844 np0000007307 devstack@placement-api.service[93331]: [pid: 93331|app: 0|req: 45/175] 10.4.3.152 () {68 vars in 1499 bytes} [Fri Aug 14 02:58:25 2026] GET /placement/allocations/842f5de1-a996-4a35-a457-2e183c5bbeed => generated 258 bytes in 22 msecs (HTTP/1.1 200) 8 headers in 296 bytes (1 switches on core 0)
Aug 14 02:58:25.065084 np0000007307 devstack@placement-api.service[93330]: INFO placement.requestlog [req-73c82966-9dae-4adb-8472-d46276c4c9b8 req-d43979a2-926b-4eb4-924d-a4643877b826 service nova] 10.4.3.152 "GET /placement/allocations/c37d6ebf-1ca4-4ca3-b4f6-81616a940f82" status: 200 len: 19 microversion: 1.28
Aug 14 02:58:25.065395 np0000007307 devstack@placement-api.service[93330]: [pid: 93330|app: 0|req: 45/176] 10.4.3.152 () {68 vars in 1501 bytes} [Fri Aug 14 02:58:25 2026] GET /placement/allocations/c37d6ebf-1ca4-4ca3-b4f6-81616a940f82 => generated 19 bytes in 13 msecs (HTTP/1.1 200) 8 headers in 295 bytes (1 switches on core 0)
Aug 14 02:58:25.108797 np0000007307 devstack@placement-api.service[93332]: DEBUG placement.requestlog [req-01d81315-0536-413e-9a7b-b1ae715d4de9 req-ac58d3d9-9706-4b3f-bceb-7393244052ac None None] Starting request: 10.4.3.152 "GET /placement/allocations/815e237c-acaa-4cf9-89d5-4765894b6fb2" {{(pid=93332) __call__ /opt/stack/placement/placement/requestlog.py:55}}
Aug 14 02:58:25.109856 np0000007307 devstack@placement-api.service[93331]: DEBUG placement.requestlog [req-73c82966-9dae-4adb-8472-d46276c4c9b8 req-3f41695c-3ce6-45c2-9d2f-1b7880fe378d None None] Starting request: 10.4.3.152 "PUT /placement/allocations/c37d6ebf-1ca4-4ca3-b4f6-81616a940f82" {{(pid=93331) __call__ /opt/stack/placement/placement/requestlog.py:55}}
Aug 14 02:58:25.126759 np0000007307 devstack@placement-api.service[93332]: INFO placement.requestlog [req-01d81315-0536-413e-9a7b-b1ae715d4de9 req-ac58d3d9-9706-4b3f-bceb-7393244052ac service nova] 10.4.3.152 "GET /placement/allocations/815e237c-acaa-4cf9-89d5-4765894b6fb2" status: 200 len: 258 microversion: 1.28
Aug 14 02:58:25.127328 np0000007307 devstack@placement-api.service[93332]: [pid: 93332|app: 0|req: 46/177] 10.4.3.152 () {68 vars in 1499 bytes} [Fri Aug 14 02:58:25 2026] GET /placement/allocations/815e237c-acaa-4cf9-89d5-4765894b6fb2 => generated 258 bytes in 18 msecs (HTTP/1.1 200) 8 headers in 296 bytes (1 switches on core 0)
Aug 14 02:58:25.156983 np0000007307 devstack@placement-api.service[93333]: INFO placement.requestlog [None req-c6112531-dcce-4f1e-b2a1-b40b3da38df8 service placement] 10.4.3.152 "GET /placement/resource_providers/0830da56-5f56-4e57-a550-b54a719b5b69/aggregates" status: 404 len: 235 microversion: 1.1
Aug 14 02:58:25.157267 np0000007307 devstack@placement-api.service[93333]: [pid: 93333|app: 0|req: 42/178] 10.4.3.152 () {66 vars in 1474 bytes} [Fri Aug 14 02:58:24 2026] GET /placement/resource_providers/0830da56-5f56-4e57-a550-b54a719b5b69/aggregates => generated 235 bytes in 394 msecs (HTTP/1.1 404) 5 headers in 202 bytes (1 switches on core 0)
Aug 14 02:58:25.195021 np0000007307 devstack@placement-api.service[93330]: DEBUG placement.requestlog [req-01d81315-0536-413e-9a7b-b1ae715d4de9 req-db2664a2-0b08-4498-99a5-040700587ad6 None None] Starting request: 10.4.3.152 "GET /placement/allocations/d7624f4f-aa0e-4adf-93f4-706eded5f43c" {{(pid=93330) __call__ /opt/stack/placement/placement/requestlog.py:55}}
Aug 14 02:58:25.211460 np0000007307 devstack@placement-api.service[93331]: DEBUG placement.handlers.allocation [req-73c82966-9dae-4adb-8472-d46276c4c9b8 req-3f41695c-3ce6-45c2-9d2f-1b7880fe378d service nova] Successfully wrote allocations [, , ] {{(pid=93331) _update_consumers_and_create_allocations /opt/stack/placement/placement/handlers/allocation.py:462}}
Aug 14 02:58:25.213538 np0000007307 devstack@placement-api.service[93330]: INFO placement.requestlog [req-01d81315-0536-413e-9a7b-b1ae715d4de9 req-db2664a2-0b08-4498-99a5-040700587ad6 service nova] 10.4.3.152 "GET /placement/allocations/d7624f4f-aa0e-4adf-93f4-706eded5f43c" status: 200 len: 244 microversion: 1.28
Aug 14 02:58:25.213923 np0000007307 devstack@placement-api.service[93330]: [pid: 93330|app: 0|req: 46/179] 10.4.3.152 () {68 vars in 1499 bytes} [Fri Aug 14 02:58:25 2026] GET /placement/allocations/d7624f4f-aa0e-4adf-93f4-706eded5f43c => generated 244 bytes in 19 msecs (HTTP/1.1 200) 8 headers in 296 bytes (1 switches on core 0)
Aug 14 02:58:25.223041 np0000007307 devstack@placement-api.service[93331]: INFO placement.requestlog [req-73c82966-9dae-4adb-8472-d46276c4c9b8 req-3f41695c-3ce6-45c2-9d2f-1b7880fe378d service nova] 10.4.3.152 "PUT /placement/allocations/c37d6ebf-1ca4-4ca3-b4f6-81616a940f82" status: 204 len: 0 microversion: 1.36
Aug 14 02:58:25.223960 np0000007307 devstack@placement-api.service[93331]: [pid: 93331|app: 0|req: 46/180] 10.4.3.152 () {72 vars in 1554 bytes} [Fri Aug 14 02:58:25 2026] PUT /placement/allocations/c37d6ebf-1ca4-4ca3-b4f6-81616a940f82 => generated 0 bytes in 114 msecs (HTTP/1.1 204) 5 headers in 199 bytes (1 switches on core 0)
Aug 14 02:58:25.235267 np0000007307 devstack@placement-api.service[93332]: DEBUG placement.requestlog [None req-2c71d579-591b-4d16-a53b-e833b7964012 None None] Starting request: 10.4.3.152 "DELETE /placement/resource_providers/0830da56-5f56-4e57-a550-b54a719b5b69" {{(pid=93332) __call__ /opt/stack/placement/placement/requestlog.py:55}}
Aug 14 02:58:25.251064 np0000007307 devstack@placement-api.service[93332]: DEBUG placement.wsgi_wrapper [None req-2c71d579-591b-4d16-a53b-e833b7964012 service placement] Placement API returning an error response: No resource provider with uuid 0830da56-5f56-4e57-a550-b54a719b5b69 found for delete {{(pid=93332) call_func /opt/stack/placement/placement/wsgi_wrapper.py:31}}
Aug 14 02:58:25.251064 np0000007307 devstack@placement-api.service[93332]: INFO placement.requestlog [None req-2c71d579-591b-4d16-a53b-e833b7964012 service placement] 10.4.3.152 "DELETE /placement/resource_providers/0830da56-5f56-4e57-a550-b54a719b5b69" status: 404 len: 246 microversion: 1.1
Aug 14 02:58:25.251367 np0000007307 devstack@placement-api.service[93332]: [pid: 93332|app: 0|req: 47/181] 10.4.3.152 () {68 vars in 1463 bytes} [Fri Aug 14 02:58:25 2026] DELETE /placement/resource_providers/0830da56-5f56-4e57-a550-b54a719b5b69 => generated 246 bytes in 18 msecs (HTTP/1.1 404) 6 headers in 231 bytes (1 switches on core 0)
Aug 14 02:58:25.458114 np0000007307 devstack@placement-api.service[93333]: DEBUG placement.requestlog [req-995f4f98-17e1-49b1-89fa-bb76435dd335 req-c3a4b44c-7ff5-4eb4-a4ac-94ab82e39e16 None None] Starting request: 10.4.3.152 "GET /placement/allocations/93ad0dcc-b27c-4c1d-acf1-0f6c771fd32f" {{(pid=93333) __call__ /opt/stack/placement/placement/requestlog.py:55}}
Aug 14 02:58:25.492916 np0000007307 devstack@placement-api.service[93333]: INFO placement.requestlog [req-995f4f98-17e1-49b1-89fa-bb76435dd335 req-c3a4b44c-7ff5-4eb4-a4ac-94ab82e39e16 service nova] 10.4.3.152 "GET /placement/allocations/93ad0dcc-b27c-4c1d-acf1-0f6c771fd32f" status: 200 len: 244 microversion: 1.28
Aug 14 02:58:25.492916 np0000007307 devstack@placement-api.service[93333]: [pid: 93333|app: 0|req: 43/182] 10.4.3.152 () {68 vars in 1499 bytes} [Fri Aug 14 02:58:25 2026] GET /placement/allocations/93ad0dcc-b27c-4c1d-acf1-0f6c771fd32f => generated 244 bytes in 28 msecs (HTTP/1.1 200) 8 headers in 296 bytes (1 switches on core 0)
Aug 14 02:58:25.703353 np0000007307 devstack@placement-api.service[93330]: DEBUG placement.requestlog [req-73c82966-9dae-4adb-8472-d46276c4c9b8 req-cf176de3-8cf5-4e34-ae5a-1b6d93f105da None None] Starting request: 10.4.3.152 "GET /placement/allocations/c37d6ebf-1ca4-4ca3-b4f6-81616a940f82" {{(pid=93330) __call__ /opt/stack/placement/placement/requestlog.py:55}}
Aug 14 02:58:25.730058 np0000007307 devstack@placement-api.service[93330]: INFO placement.requestlog [req-73c82966-9dae-4adb-8472-d46276c4c9b8 req-cf176de3-8cf5-4e34-ae5a-1b6d93f105da service nova] 10.4.3.152 "GET /placement/allocations/c37d6ebf-1ca4-4ca3-b4f6-81616a940f82" status: 200 len: 258 microversion: 1.28
Aug 14 02:58:25.730058 np0000007307 devstack@placement-api.service[93330]: [pid: 93330|app: 0|req: 47/183] 10.4.3.152 () {68 vars in 1499 bytes} [Fri Aug 14 02:58:25 2026] GET /placement/allocations/c37d6ebf-1ca4-4ca3-b4f6-81616a940f82 => generated 258 bytes in 27 msecs (HTTP/1.1 200) 8 headers in 296 bytes (1 switches on core 0)
Aug 14 02:58:25.930548 np0000007307 devstack@placement-api.service[93331]: DEBUG placement.requestlog [req-73c82966-9dae-4adb-8472-d46276c4c9b8 req-40bab222-7976-4e0c-87d0-cbc66c6baa7b None None] Starting request: 10.4.3.152 "GET /placement/resource_providers/fa91f438-fd92-4d2a-b8da-995d1057bc62/allocations" {{(pid=93331) __call__ /opt/stack/placement/placement/requestlog.py:55}}
Aug 14 02:58:25.961344 np0000007307 devstack@placement-api.service[93331]: INFO placement.requestlog [req-73c82966-9dae-4adb-8472-d46276c4c9b8 req-40bab222-7976-4e0c-87d0-cbc66c6baa7b service nova] 10.4.3.152 "GET /placement/resource_providers/fa91f438-fd92-4d2a-b8da-995d1057bc62/allocations" status: 200 len: 811 microversion: 1.0
Aug 14 02:58:25.961344 np0000007307 devstack@placement-api.service[93331]: [pid: 93331|app: 0|req: 47/184] 10.4.3.152 () {66 vars in 1512 bytes} [Fri Aug 14 02:58:25 2026] GET /placement/resource_providers/fa91f438-fd92-4d2a-b8da-995d1057bc62/allocations => generated 811 bytes in 32 msecs (HTTP/1.1 200) 6 headers in 224 bytes (1 switches on core 0)
Aug 14 02:58:26.032496 np0000007307 devstack@placement-api.service[93332]: DEBUG placement.requestlog [req-73c82966-9dae-4adb-8472-d46276c4c9b8 req-ffd2ec38-184b-4bc8-a0ff-4b98352bd948 None None] Starting request: 10.4.3.152 "GET /placement/allocations/93ad0dcc-b27c-4c1d-acf1-0f6c771fd32f" {{(pid=93332) __call__ /opt/stack/placement/placement/requestlog.py:55}}
Aug 14 02:58:26.063174 np0000007307 devstack@placement-api.service[93332]: INFO placement.requestlog [req-73c82966-9dae-4adb-8472-d46276c4c9b8 req-ffd2ec38-184b-4bc8-a0ff-4b98352bd948 service nova] 10.4.3.152 "GET /placement/allocations/93ad0dcc-b27c-4c1d-acf1-0f6c771fd32f" status: 200 len: 244 microversion: 1.28
Aug 14 02:58:26.063174 np0000007307 devstack@placement-api.service[93332]: [pid: 93332|app: 0|req: 48/185] 10.4.3.152 () {68 vars in 1499 bytes} [Fri Aug 14 02:58:26 2026] GET /placement/allocations/93ad0dcc-b27c-4c1d-acf1-0f6c771fd32f => generated 244 bytes in 31 msecs (HTTP/1.1 200) 8 headers in 296 bytes (1 switches on core 0)
Aug 14 02:58:26.169562 np0000007307 devstack@placement-api.service[93333]: DEBUG placement.requestlog [req-73c82966-9dae-4adb-8472-d46276c4c9b8 req-77b25224-72d7-4ed6-80c0-a0148ac1dede None None] Starting request: 10.4.3.152 "GET /placement/allocations/c37d6ebf-1ca4-4ca3-b4f6-81616a940f82" {{(pid=93333) __call__ /opt/stack/placement/placement/requestlog.py:55}}
Aug 14 02:58:26.200452 np0000007307 devstack@placement-api.service[93333]: INFO placement.requestlog [req-73c82966-9dae-4adb-8472-d46276c4c9b8 req-77b25224-72d7-4ed6-80c0-a0148ac1dede service nova] 10.4.3.152 "GET /placement/allocations/c37d6ebf-1ca4-4ca3-b4f6-81616a940f82" status: 200 len: 258 microversion: 1.28
Aug 14 02:58:26.201000 np0000007307 devstack@placement-api.service[93333]: [pid: 93333|app: 0|req: 44/186] 10.4.3.152 () {68 vars in 1499 bytes} [Fri Aug 14 02:58:26 2026] GET /placement/allocations/c37d6ebf-1ca4-4ca3-b4f6-81616a940f82 => generated 258 bytes in 31 msecs (HTTP/1.1 200) 8 headers in 296 bytes (2 switches on core 0)
Aug 14 02:58:26.255111 np0000007307 devstack@placement-api.service[93330]: DEBUG placement.requestlog [req-73c82966-9dae-4adb-8472-d46276c4c9b8 req-4941c7db-ac89-497c-991b-9a2db8fed3d8 None None] Starting request: 10.4.3.152 "GET /placement/allocations/5a624dc7-03a8-4072-93f1-f0db9936d31e" {{(pid=93330) __call__ /opt/stack/placement/placement/requestlog.py:55}}
Aug 14 02:58:26.274687 np0000007307 devstack@placement-api.service[93330]: INFO placement.requestlog [req-73c82966-9dae-4adb-8472-d46276c4c9b8 req-4941c7db-ac89-497c-991b-9a2db8fed3d8 service nova] 10.4.3.152 "GET /placement/allocations/5a624dc7-03a8-4072-93f1-f0db9936d31e" status: 200 len: 244 microversion: 1.28
Aug 14 02:58:26.274687 np0000007307 devstack@placement-api.service[93330]: [pid: 93330|app: 0|req: 48/187] 10.4.3.152 () {68 vars in 1499 bytes} [Fri Aug 14 02:58:26 2026] GET /placement/allocations/5a624dc7-03a8-4072-93f1-f0db9936d31e => generated 244 bytes in 19 msecs (HTTP/1.1 200) 8 headers in 296 bytes (1 switches on core 0)
Aug 14 02:58:26.324227 np0000007307 devstack@placement-api.service[93331]: DEBUG placement.requestlog [req-73c82966-9dae-4adb-8472-d46276c4c9b8 req-f3bfac84-0751-47a9-b455-bc83f80be386 None None] Starting request: 10.4.3.152 "GET /placement/allocations/842f5de1-a996-4a35-a457-2e183c5bbeed" {{(pid=93331) __call__ /opt/stack/placement/placement/requestlog.py:55}}
Aug 14 02:58:26.341973 np0000007307 devstack@placement-api.service[93331]: INFO placement.requestlog [req-73c82966-9dae-4adb-8472-d46276c4c9b8 req-f3bfac84-0751-47a9-b455-bc83f80be386 service nova] 10.4.3.152 "GET /placement/allocations/842f5de1-a996-4a35-a457-2e183c5bbeed" status: 200 len: 258 microversion: 1.28
Aug 14 02:58:26.342971 np0000007307 devstack@placement-api.service[93331]: [pid: 93331|app: 0|req: 48/188] 10.4.3.152 () {68 vars in 1499 bytes} [Fri Aug 14 02:58:26 2026] GET /placement/allocations/842f5de1-a996-4a35-a457-2e183c5bbeed => generated 258 bytes in 19 msecs (HTTP/1.1 200) 8 headers in 296 bytes (1 switches on core 0)
Aug 14 02:58:26.396436 np0000007307 devstack@placement-api.service[93332]: DEBUG placement.requestlog [req-73c82966-9dae-4adb-8472-d46276c4c9b8 req-8ba5ab3e-d8e5-43cf-a937-0227bb6b0126 None None] Starting request: 10.4.3.152 "GET /placement/allocations/2ba4376b-5490-4d70-8171-b8f63c154df1" {{(pid=93332) __call__ /opt/stack/placement/placement/requestlog.py:55}}
Aug 14 02:58:26.419996 np0000007307 devstack@placement-api.service[93332]: INFO placement.requestlog [req-73c82966-9dae-4adb-8472-d46276c4c9b8 req-8ba5ab3e-d8e5-43cf-a937-0227bb6b0126 service nova] 10.4.3.152 "GET /placement/allocations/2ba4376b-5490-4d70-8171-b8f63c154df1" status: 200 len: 258 microversion: 1.28
Aug 14 02:58:26.420367 np0000007307 devstack@placement-api.service[93332]: [pid: 93332|app: 0|req: 49/189] 10.4.3.152 () {68 vars in 1499 bytes} [Fri Aug 14 02:58:26 2026] GET /placement/allocations/2ba4376b-5490-4d70-8171-b8f63c154df1 => generated 258 bytes in 24 msecs (HTTP/1.1 200) 8 headers in 296 bytes (1 switches on core 0)
Aug 14 02:58:26.471426 np0000007307 devstack@placement-api.service[93333]: DEBUG placement.requestlog [req-73c82966-9dae-4adb-8472-d46276c4c9b8 req-16588fbd-3154-46f4-9d31-b2e04c7e2202 None None] Starting request: 10.4.3.152 "GET /placement/allocations/815e237c-acaa-4cf9-89d5-4765894b6fb2" {{(pid=93333) __call__ /opt/stack/placement/placement/requestlog.py:55}}
Aug 14 02:58:26.505495 np0000007307 devstack@placement-api.service[93330]: DEBUG placement.requestlog [None req-e0fb93bc-5e57-4451-880b-87ffb92c6515 None None] Starting request: 10.4.3.152 "GET /placement/resource_providers/d1a5c301-52f9-4d83-af13-128196147c99/aggregates" {{(pid=93330) __call__ /opt/stack/placement/placement/requestlog.py:55}}
Aug 14 02:58:26.527003 np0000007307 devstack@placement-api.service[93330]: INFO placement.requestlog [None req-e0fb93bc-5e57-4451-880b-87ffb92c6515 service placement] 10.4.3.152 "GET /placement/resource_providers/d1a5c301-52f9-4d83-af13-128196147c99/aggregates" status: 404 len: 235 microversion: 1.1
Aug 14 02:58:26.527266 np0000007307 devstack@placement-api.service[93330]: [pid: 93330|app: 0|req: 49/190] 10.4.3.152 () {66 vars in 1474 bytes} [Fri Aug 14 02:58:26 2026] GET /placement/resource_providers/d1a5c301-52f9-4d83-af13-128196147c99/aggregates => generated 235 bytes in 22 msecs (HTTP/1.1 404) 5 headers in 202 bytes (1 switches on core 0)
Aug 14 02:58:26.587134 np0000007307 devstack@placement-api.service[93333]: INFO placement.requestlog [req-73c82966-9dae-4adb-8472-d46276c4c9b8 req-16588fbd-3154-46f4-9d31-b2e04c7e2202 service nova] 10.4.3.152 "GET /placement/allocations/815e237c-acaa-4cf9-89d5-4765894b6fb2" status: 200 len: 258 microversion: 1.28
Aug 14 02:58:26.587436 np0000007307 devstack@placement-api.service[93333]: [pid: 93333|app: 0|req: 45/191] 10.4.3.152 () {68 vars in 1499 bytes} [Fri Aug 14 02:58:26 2026] GET /placement/allocations/815e237c-acaa-4cf9-89d5-4765894b6fb2 => generated 258 bytes in 116 msecs (HTTP/1.1 200) 8 headers in 296 bytes (1 switches on core 0)
Aug 14 02:58:26.589796 np0000007307 devstack@placement-api.service[93331]: DEBUG placement.requestlog [None req-ffbf96f8-dcc4-45fc-9d52-471ac0b059cd None None] Starting request: 10.4.3.152 "DELETE /placement/resource_providers/d1a5c301-52f9-4d83-af13-128196147c99" {{(pid=93331) __call__ /opt/stack/placement/placement/requestlog.py:55}}
Aug 14 02:58:26.601182 np0000007307 devstack@placement-api.service[93331]: DEBUG placement.wsgi_wrapper [None req-ffbf96f8-dcc4-45fc-9d52-471ac0b059cd service placement] Placement API returning an error response: No resource provider with uuid d1a5c301-52f9-4d83-af13-128196147c99 found for delete {{(pid=93331) call_func /opt/stack/placement/placement/wsgi_wrapper.py:31}}
Aug 14 02:58:26.601478 np0000007307 devstack@placement-api.service[93331]: INFO placement.requestlog [None req-ffbf96f8-dcc4-45fc-9d52-471ac0b059cd service placement] 10.4.3.152 "DELETE /placement/resource_providers/d1a5c301-52f9-4d83-af13-128196147c99" status: 404 len: 246 microversion: 1.1
Aug 14 02:58:26.601804 np0000007307 devstack@placement-api.service[93331]: [pid: 93331|app: 0|req: 49/192] 10.4.3.152 () {68 vars in 1463 bytes} [Fri Aug 14 02:58:26 2026] DELETE /placement/resource_providers/d1a5c301-52f9-4d83-af13-128196147c99 => generated 246 bytes in 12 msecs (HTTP/1.1 404) 6 headers in 231 bytes (1 switches on core 0)
Aug 14 02:58:26.647274 np0000007307 devstack@placement-api.service[93332]: DEBUG placement.requestlog [req-73c82966-9dae-4adb-8472-d46276c4c9b8 req-e2d50a81-f0d1-4c50-bb0d-fdb9ce27a5af None None] Starting request: 10.4.3.152 "GET /placement/allocations/21cb5486-9c93-4f75-a7bf-bb39d49106a7" {{(pid=93332) __call__ /opt/stack/placement/placement/requestlog.py:55}}
Aug 14 02:58:26.669529 np0000007307 devstack@placement-api.service[93332]: INFO placement.requestlog [req-73c82966-9dae-4adb-8472-d46276c4c9b8 req-e2d50a81-f0d1-4c50-bb0d-fdb9ce27a5af service nova] 10.4.3.152 "GET /placement/allocations/21cb5486-9c93-4f75-a7bf-bb39d49106a7" status: 200 len: 258 microversion: 1.28
Aug 14 02:58:26.669529 np0000007307 devstack@placement-api.service[93332]: [pid: 93332|app: 0|req: 50/193] 10.4.3.152 () {68 vars in 1499 bytes} [Fri Aug 14 02:58:26 2026] GET /placement/allocations/21cb5486-9c93-4f75-a7bf-bb39d49106a7 => generated 258 bytes in 22 msecs (HTTP/1.1 200) 8 headers in 296 bytes (1 switches on core 0)
Aug 14 02:58:26.720510 np0000007307 devstack@placement-api.service[93330]: DEBUG placement.requestlog [req-73c82966-9dae-4adb-8472-d46276c4c9b8 req-dbe992db-4eca-4f0f-8ea5-fd68223b2cb4 None None] Starting request: 10.4.3.152 "GET /placement/allocations/d7624f4f-aa0e-4adf-93f4-706eded5f43c" {{(pid=93330) __call__ /opt/stack/placement/placement/requestlog.py:55}}
Aug 14 02:58:26.734243 np0000007307 devstack@placement-api.service[93330]: INFO placement.requestlog [req-73c82966-9dae-4adb-8472-d46276c4c9b8 req-dbe992db-4eca-4f0f-8ea5-fd68223b2cb4 service nova] 10.4.3.152 "GET /placement/allocations/d7624f4f-aa0e-4adf-93f4-706eded5f43c" status: 200 len: 244 microversion: 1.28
Aug 14 02:58:26.735013 np0000007307 devstack@placement-api.service[93330]: [pid: 93330|app: 0|req: 50/194] 10.4.3.152 () {68 vars in 1499 bytes} [Fri Aug 14 02:58:26 2026] GET /placement/allocations/d7624f4f-aa0e-4adf-93f4-706eded5f43c => generated 244 bytes in 15 msecs (HTTP/1.1 200) 8 headers in 296 bytes (1 switches on core 0)
Aug 14 02:58:28.952694 np0000007307 devstack@placement-api.service[93333]: DEBUG placement.requestlog [None req-cb4d3009-ebb6-471a-9cde-fa09178300d5 None None] Starting request: 10.4.3.152 "GET /placement/resource_providers/4682e079-9bd4-4555-b5a0-34201207e791/aggregates" {{(pid=93333) __call__ /opt/stack/placement/placement/requestlog.py:55}}
Aug 14 02:58:28.961764 np0000007307 devstack@placement-api.service[93333]: INFO placement.requestlog [None req-cb4d3009-ebb6-471a-9cde-fa09178300d5 service placement] 10.4.3.152 "GET /placement/resource_providers/4682e079-9bd4-4555-b5a0-34201207e791/aggregates" status: 404 len: 235 microversion: 1.1
Aug 14 02:58:28.961924 np0000007307 devstack@placement-api.service[93333]: [pid: 93333|app: 0|req: 46/195] 10.4.3.152 () {66 vars in 1474 bytes} [Fri Aug 14 02:58:28 2026] GET /placement/resource_providers/4682e079-9bd4-4555-b5a0-34201207e791/aggregates => generated 235 bytes in 9 msecs (HTTP/1.1 404) 5 headers in 202 bytes (1 switches on core 0)
Aug 14 02:58:29.012752 np0000007307 devstack@placement-api.service[93331]: DEBUG placement.requestlog [None req-ac758a81-4a6d-41ed-bba4-a2cb7de8102d None None] Starting request: 10.4.3.152 "DELETE /placement/resource_providers/4682e079-9bd4-4555-b5a0-34201207e791" {{(pid=93331) __call__ /opt/stack/placement/placement/requestlog.py:55}}
Aug 14 02:58:29.029420 np0000007307 devstack@placement-api.service[93331]: DEBUG placement.wsgi_wrapper [None req-ac758a81-4a6d-41ed-bba4-a2cb7de8102d service placement] Placement API returning an error response: No resource provider with uuid 4682e079-9bd4-4555-b5a0-34201207e791 found for delete {{(pid=93331) call_func /opt/stack/placement/placement/wsgi_wrapper.py:31}}
Aug 14 02:58:29.031084 np0000007307 devstack@placement-api.service[93331]: INFO placement.requestlog [None req-ac758a81-4a6d-41ed-bba4-a2cb7de8102d service placement] 10.4.3.152 "DELETE /placement/resource_providers/4682e079-9bd4-4555-b5a0-34201207e791" status: 404 len: 246 microversion: 1.1
Aug 14 02:58:29.031540 np0000007307 devstack@placement-api.service[93331]: [pid: 93331|app: 0|req: 50/196] 10.4.3.152 () {68 vars in 1463 bytes} [Fri Aug 14 02:58:29 2026] DELETE /placement/resource_providers/4682e079-9bd4-4555-b5a0-34201207e791 => generated 246 bytes in 19 msecs (HTTP/1.1 404) 6 headers in 231 bytes (1 switches on core 0)
Aug 14 02:58:31.074207 np0000007307 devstack@placement-api.service[93332]: DEBUG placement.requestlog [None req-1d1f2482-d148-43a3-9fd6-171b7095bf59 None None] Starting request: 10.4.3.152 "GET /placement/resource_providers/26693552-4371-4321-b747-0cc0a6261103/aggregates" {{(pid=93332) __call__ /opt/stack/placement/placement/requestlog.py:55}}
Aug 14 02:58:31.083050 np0000007307 devstack@placement-api.service[93332]: INFO placement.requestlog [None req-1d1f2482-d148-43a3-9fd6-171b7095bf59 service placement] 10.4.3.152 "GET /placement/resource_providers/26693552-4371-4321-b747-0cc0a6261103/aggregates" status: 404 len: 235 microversion: 1.1
Aug 14 02:58:31.083453 np0000007307 devstack@placement-api.service[93332]: [pid: 93332|app: 0|req: 51/197] 10.4.3.152 () {66 vars in 1474 bytes} [Fri Aug 14 02:58:31 2026] GET /placement/resource_providers/26693552-4371-4321-b747-0cc0a6261103/aggregates => generated 235 bytes in 11 msecs (HTTP/1.1 404) 5 headers in 202 bytes (1 switches on core 0)
Aug 14 02:58:31.139471 np0000007307 devstack@placement-api.service[93330]: DEBUG placement.requestlog [None req-a6dbc5b8-1c74-4e30-bdbd-2a48a56463bc None None] Starting request: 10.4.3.152 "DELETE /placement/resource_providers/26693552-4371-4321-b747-0cc0a6261103" {{(pid=93330) __call__ /opt/stack/placement/placement/requestlog.py:55}}
Aug 14 02:58:31.148058 np0000007307 devstack@placement-api.service[93330]: DEBUG placement.wsgi_wrapper [None req-a6dbc5b8-1c74-4e30-bdbd-2a48a56463bc service placement] Placement API returning an error response: No resource provider with uuid 26693552-4371-4321-b747-0cc0a6261103 found for delete {{(pid=93330) call_func /opt/stack/placement/placement/wsgi_wrapper.py:31}}
Aug 14 02:58:31.148565 np0000007307 devstack@placement-api.service[93330]: INFO placement.requestlog [None req-a6dbc5b8-1c74-4e30-bdbd-2a48a56463bc service placement] 10.4.3.152 "DELETE /placement/resource_providers/26693552-4371-4321-b747-0cc0a6261103" status: 404 len: 246 microversion: 1.1
Aug 14 02:58:31.149842 np0000007307 devstack@placement-api.service[93330]: [pid: 93330|app: 0|req: 51/198] 10.4.3.152 () {68 vars in 1463 bytes} [Fri Aug 14 02:58:31 2026] DELETE /placement/resource_providers/26693552-4371-4321-b747-0cc0a6261103 => generated 246 bytes in 10 msecs (HTTP/1.1 404) 6 headers in 231 bytes (1 switches on core 0)
Aug 14 02:58:35.437882 np0000007307 devstack@placement-api.service[93333]: DEBUG placement.requestlog [None req-8403186c-1b53-41bd-acc7-3918a2a32c95 None None] Starting request: 10.4.3.152 "GET /placement/resource_providers/b55b6da5-de22-4a6b-80ad-ad9cc313e4c7/aggregates" {{(pid=93333) __call__ /opt/stack/placement/placement/requestlog.py:55}}
Aug 14 02:58:35.460217 np0000007307 devstack@placement-api.service[93333]: INFO placement.requestlog [None req-8403186c-1b53-41bd-acc7-3918a2a32c95 service placement] 10.4.3.152 "GET /placement/resource_providers/b55b6da5-de22-4a6b-80ad-ad9cc313e4c7/aggregates" status: 404 len: 235 microversion: 1.1
Aug 14 02:58:35.460361 np0000007307 devstack@placement-api.service[93333]: [pid: 93333|app: 0|req: 47/199] 10.4.3.152 () {66 vars in 1474 bytes} [Fri Aug 14 02:58:35 2026] GET /placement/resource_providers/b55b6da5-de22-4a6b-80ad-ad9cc313e4c7/aggregates => generated 235 bytes in 23 msecs (HTTP/1.1 404) 5 headers in 202 bytes (1 switches on core 0)
Aug 14 02:58:35.543545 np0000007307 devstack@placement-api.service[93331]: DEBUG placement.requestlog [None req-f769c824-325d-46c7-89c6-7a68c25c6dfc None None] Starting request: 10.4.3.152 "DELETE /placement/resource_providers/b55b6da5-de22-4a6b-80ad-ad9cc313e4c7" {{(pid=93331) __call__ /opt/stack/placement/placement/requestlog.py:55}}
Aug 14 02:58:35.560733 np0000007307 devstack@placement-api.service[93331]: DEBUG placement.wsgi_wrapper [None req-f769c824-325d-46c7-89c6-7a68c25c6dfc service placement] Placement API returning an error response: No resource provider with uuid b55b6da5-de22-4a6b-80ad-ad9cc313e4c7 found for delete {{(pid=93331) call_func /opt/stack/placement/placement/wsgi_wrapper.py:31}}
Aug 14 02:58:35.561387 np0000007307 devstack@placement-api.service[93331]: INFO placement.requestlog [None req-f769c824-325d-46c7-89c6-7a68c25c6dfc service placement] 10.4.3.152 "DELETE /placement/resource_providers/b55b6da5-de22-4a6b-80ad-ad9cc313e4c7" status: 404 len: 246 microversion: 1.1
Aug 14 02:58:35.561387 np0000007307 devstack@placement-api.service[93331]: [pid: 93331|app: 0|req: 51/200] 10.4.3.152 () {68 vars in 1463 bytes} [Fri Aug 14 02:58:35 2026] DELETE /placement/resource_providers/b55b6da5-de22-4a6b-80ad-ad9cc313e4c7 => generated 246 bytes in 18 msecs (HTTP/1.1 404) 6 headers in 231 bytes (1 switches on core 0)
Aug 14 02:58:37.031708 np0000007307 devstack@placement-api.service[93332]: DEBUG placement.requestlog [req-0fe395e6-edfc-454b-afe9-88619f183523 req-e05cd54f-9d75-4dbc-a582-37b5ba35a82a None None] Starting request: 10.4.3.152 "GET /placement/resource_providers/fa91f438-fd92-4d2a-b8da-995d1057bc62/allocations" {{(pid=93332) __call__ /opt/stack/placement/placement/requestlog.py:55}}
Aug 14 02:58:37.164341 np0000007307 devstack@placement-api.service[93332]: INFO placement.requestlog [req-0fe395e6-edfc-454b-afe9-88619f183523 req-e05cd54f-9d75-4dbc-a582-37b5ba35a82a service nova] 10.4.3.152 "GET /placement/resource_providers/fa91f438-fd92-4d2a-b8da-995d1057bc62/allocations" status: 200 len: 811 microversion: 1.0
Aug 14 02:58:37.164697 np0000007307 devstack@placement-api.service[93332]: [pid: 93332|app: 0|req: 52/201] 10.4.3.152 () {66 vars in 1512 bytes} [Fri Aug 14 02:58:37 2026] GET /placement/resource_providers/fa91f438-fd92-4d2a-b8da-995d1057bc62/allocations => generated 811 bytes in 136 msecs (HTTP/1.1 200) 6 headers in 224 bytes (1 switches on core 0)
Aug 14 02:58:37.252986 np0000007307 devstack@placement-api.service[93330]: DEBUG placement.requestlog [req-0fe395e6-edfc-454b-afe9-88619f183523 req-6e7f8f36-5665-417b-bed0-c8dcbf6c13ec None None] Starting request: 10.4.3.152 "GET /placement/allocations/93ad0dcc-b27c-4c1d-acf1-0f6c771fd32f" {{(pid=93330) __call__ /opt/stack/placement/placement/requestlog.py:55}}
Aug 14 02:58:37.271327 np0000007307 devstack@placement-api.service[93330]: INFO placement.requestlog [req-0fe395e6-edfc-454b-afe9-88619f183523 req-6e7f8f36-5665-417b-bed0-c8dcbf6c13ec service nova] 10.4.3.152 "GET /placement/allocations/93ad0dcc-b27c-4c1d-acf1-0f6c771fd32f" status: 200 len: 244 microversion: 1.28
Aug 14 02:58:37.271719 np0000007307 devstack@placement-api.service[93330]: [pid: 93330|app: 0|req: 52/202] 10.4.3.152 () {68 vars in 1499 bytes} [Fri Aug 14 02:58:37 2026] GET /placement/allocations/93ad0dcc-b27c-4c1d-acf1-0f6c771fd32f => generated 244 bytes in 19 msecs (HTTP/1.1 200) 8 headers in 296 bytes (1 switches on core 0)
Aug 14 02:58:37.350355 np0000007307 devstack@placement-api.service[93333]: DEBUG placement.requestlog [req-0fe395e6-edfc-454b-afe9-88619f183523 req-764b01b1-2800-4ecc-a5f4-ae8df440f03c None None] Starting request: 10.4.3.152 "GET /placement/allocations/c37d6ebf-1ca4-4ca3-b4f6-81616a940f82" {{(pid=93333) __call__ /opt/stack/placement/placement/requestlog.py:55}}
Aug 14 02:58:37.372251 np0000007307 devstack@placement-api.service[93333]: INFO placement.requestlog [req-0fe395e6-edfc-454b-afe9-88619f183523 req-764b01b1-2800-4ecc-a5f4-ae8df440f03c service nova] 10.4.3.152 "GET /placement/allocations/c37d6ebf-1ca4-4ca3-b4f6-81616a940f82" status: 200 len: 258 microversion: 1.28
Aug 14 02:58:37.372251 np0000007307 devstack@placement-api.service[93333]: [pid: 93333|app: 0|req: 48/203] 10.4.3.152 () {68 vars in 1499 bytes} [Fri Aug 14 02:58:37 2026] GET /placement/allocations/c37d6ebf-1ca4-4ca3-b4f6-81616a940f82 => generated 258 bytes in 22 msecs (HTTP/1.1 200) 8 headers in 296 bytes (1 switches on core 0)
Aug 14 02:58:37.434411 np0000007307 devstack@placement-api.service[93331]: DEBUG placement.requestlog [req-0fe395e6-edfc-454b-afe9-88619f183523 req-6bd34dcf-2a5a-4821-b1e8-bf019bdf69c5 None None] Starting request: 10.4.3.152 "GET /placement/allocations/5a624dc7-03a8-4072-93f1-f0db9936d31e" {{(pid=93331) __call__ /opt/stack/placement/placement/requestlog.py:55}}
Aug 14 02:58:37.460293 np0000007307 devstack@placement-api.service[93331]: INFO placement.requestlog [req-0fe395e6-edfc-454b-afe9-88619f183523 req-6bd34dcf-2a5a-4821-b1e8-bf019bdf69c5 service nova] 10.4.3.152 "GET /placement/allocations/5a624dc7-03a8-4072-93f1-f0db9936d31e" status: 200 len: 244 microversion: 1.28
Aug 14 02:58:37.460293 np0000007307 devstack@placement-api.service[93331]: [pid: 93331|app: 0|req: 52/204] 10.4.3.152 () {68 vars in 1499 bytes} [Fri Aug 14 02:58:37 2026] GET /placement/allocations/5a624dc7-03a8-4072-93f1-f0db9936d31e => generated 244 bytes in 26 msecs (HTTP/1.1 200) 8 headers in 296 bytes (1 switches on core 0)
Aug 14 02:58:37.556757 np0000007307 devstack@placement-api.service[93332]: DEBUG placement.requestlog [req-0fe395e6-edfc-454b-afe9-88619f183523 req-35117111-8515-4a56-aaef-302624bfd0a9 None None] Starting request: 10.4.3.152 "GET /placement/allocations/842f5de1-a996-4a35-a457-2e183c5bbeed" {{(pid=93332) __call__ /opt/stack/placement/placement/requestlog.py:55}}
Aug 14 02:58:37.568146 np0000007307 devstack@placement-api.service[93332]: INFO placement.requestlog [req-0fe395e6-edfc-454b-afe9-88619f183523 req-35117111-8515-4a56-aaef-302624bfd0a9 service nova] 10.4.3.152 "GET /placement/allocations/842f5de1-a996-4a35-a457-2e183c5bbeed" status: 200 len: 258 microversion: 1.28
Aug 14 02:58:37.568607 np0000007307 devstack@placement-api.service[93332]: [pid: 93332|app: 0|req: 53/205] 10.4.3.152 () {68 vars in 1499 bytes} [Fri Aug 14 02:58:37 2026] GET /placement/allocations/842f5de1-a996-4a35-a457-2e183c5bbeed => generated 258 bytes in 12 msecs (HTTP/1.1 200) 8 headers in 296 bytes (1 switches on core 0)
Aug 14 02:58:37.817200 np0000007307 devstack@placement-api.service[93330]: DEBUG placement.requestlog [req-0fe395e6-edfc-454b-afe9-88619f183523 req-aac6e5cd-b202-4ddf-9f84-786c2d3b7e01 None None] Starting request: 10.4.3.152 "GET /placement/allocations/2ba4376b-5490-4d70-8171-b8f63c154df1" {{(pid=93330) __call__ /opt/stack/placement/placement/requestlog.py:55}}
Aug 14 02:58:37.831054 np0000007307 devstack@placement-api.service[93330]: INFO placement.requestlog [req-0fe395e6-edfc-454b-afe9-88619f183523 req-aac6e5cd-b202-4ddf-9f84-786c2d3b7e01 service nova] 10.4.3.152 "GET /placement/allocations/2ba4376b-5490-4d70-8171-b8f63c154df1" status: 200 len: 258 microversion: 1.28
Aug 14 02:58:37.831054 np0000007307 devstack@placement-api.service[93330]: [pid: 93330|app: 0|req: 53/206] 10.4.3.152 () {68 vars in 1499 bytes} [Fri Aug 14 02:58:37 2026] GET /placement/allocations/2ba4376b-5490-4d70-8171-b8f63c154df1 => generated 258 bytes in 14 msecs (HTTP/1.1 200) 8 headers in 296 bytes (1 switches on core 0)
Aug 14 02:58:37.895807 np0000007307 devstack@placement-api.service[93333]: DEBUG placement.requestlog [req-0fe395e6-edfc-454b-afe9-88619f183523 req-a2e7ef85-d8cc-44ef-870f-eaa245773579 None None] Starting request: 10.4.3.152 "GET /placement/allocations/815e237c-acaa-4cf9-89d5-4765894b6fb2" {{(pid=93333) __call__ /opt/stack/placement/placement/requestlog.py:55}}
Aug 14 02:58:37.910570 np0000007307 devstack@placement-api.service[93333]: INFO placement.requestlog [req-0fe395e6-edfc-454b-afe9-88619f183523 req-a2e7ef85-d8cc-44ef-870f-eaa245773579 service nova] 10.4.3.152 "GET /placement/allocations/815e237c-acaa-4cf9-89d5-4765894b6fb2" status: 200 len: 258 microversion: 1.28
Aug 14 02:58:37.910801 np0000007307 devstack@placement-api.service[93333]: [pid: 93333|app: 0|req: 49/207] 10.4.3.152 () {68 vars in 1499 bytes} [Fri Aug 14 02:58:37 2026] GET /placement/allocations/815e237c-acaa-4cf9-89d5-4765894b6fb2 => generated 258 bytes in 15 msecs (HTTP/1.1 200) 8 headers in 296 bytes (1 switches on core 0)
Aug 14 02:58:37.973173 np0000007307 devstack@placement-api.service[93331]: DEBUG placement.requestlog [req-0fe395e6-edfc-454b-afe9-88619f183523 req-a087c6ed-277d-4419-9aa4-11cf17e3b5e3 None None] Starting request: 10.4.3.152 "GET /placement/allocations/21cb5486-9c93-4f75-a7bf-bb39d49106a7" {{(pid=93331) __call__ /opt/stack/placement/placement/requestlog.py:55}}
Aug 14 02:58:37.983579 np0000007307 devstack@placement-api.service[93331]: INFO placement.requestlog [req-0fe395e6-edfc-454b-afe9-88619f183523 req-a087c6ed-277d-4419-9aa4-11cf17e3b5e3 service nova] 10.4.3.152 "GET /placement/allocations/21cb5486-9c93-4f75-a7bf-bb39d49106a7" status: 200 len: 258 microversion: 1.28
Aug 14 02:58:37.983579 np0000007307 devstack@placement-api.service[93331]: [pid: 93331|app: 0|req: 53/208] 10.4.3.152 () {68 vars in 1499 bytes} [Fri Aug 14 02:58:37 2026] GET /placement/allocations/21cb5486-9c93-4f75-a7bf-bb39d49106a7 => generated 258 bytes in 12 msecs (HTTP/1.1 200) 8 headers in 296 bytes (1 switches on core 0)
Aug 14 02:58:38.043322 np0000007307 devstack@placement-api.service[93332]: DEBUG placement.requestlog [req-0fe395e6-edfc-454b-afe9-88619f183523 req-ea7a04e2-1dc7-4a92-92aa-2dca47e5cc49 None None] Starting request: 10.4.3.152 "GET /placement/allocations/d7624f4f-aa0e-4adf-93f4-706eded5f43c" {{(pid=93332) __call__ /opt/stack/placement/placement/requestlog.py:55}}
Aug 14 02:58:38.055534 np0000007307 devstack@placement-api.service[93332]: INFO placement.requestlog [req-0fe395e6-edfc-454b-afe9-88619f183523 req-ea7a04e2-1dc7-4a92-92aa-2dca47e5cc49 service nova] 10.4.3.152 "GET /placement/allocations/d7624f4f-aa0e-4adf-93f4-706eded5f43c" status: 200 len: 244 microversion: 1.28
Aug 14 02:58:38.057075 np0000007307 devstack@placement-api.service[93332]: [pid: 93332|app: 0|req: 54/209] 10.4.3.152 () {68 vars in 1499 bytes} [Fri Aug 14 02:58:38 2026] GET /placement/allocations/d7624f4f-aa0e-4adf-93f4-706eded5f43c => generated 244 bytes in 13 msecs (HTTP/1.1 200) 8 headers in 296 bytes (1 switches on core 0)
Aug 14 02:58:38.236100 np0000007307 devstack@placement-api.service[93330]: DEBUG placement.requestlog [req-0fe395e6-edfc-454b-afe9-88619f183523 req-c665b0c1-b35c-49ac-921b-e024eba16d55 None None] Starting request: 10.4.3.152 "DELETE /placement/allocations/815e237c-acaa-4cf9-89d5-4765894b6fb2" {{(pid=93330) __call__ /opt/stack/placement/placement/requestlog.py:55}}
Aug 14 02:58:38.236810 np0000007307 devstack@placement-api.service[93333]: DEBUG placement.requestlog [req-11b9621e-de37-4f29-b1e0-1e4885d44560 req-e2adad0c-4774-41be-89ca-5759a97836f6 None None] Starting request: 10.4.3.152 "GET /placement/resource_providers/fa91f438-fd92-4d2a-b8da-995d1057bc62/allocations" {{(pid=93333) __call__ /opt/stack/placement/placement/requestlog.py:55}}
Aug 14 02:58:38.260050 np0000007307 devstack@placement-api.service[93333]: INFO placement.requestlog [req-11b9621e-de37-4f29-b1e0-1e4885d44560 req-e2adad0c-4774-41be-89ca-5759a97836f6 service nova] 10.4.3.152 "GET /placement/resource_providers/fa91f438-fd92-4d2a-b8da-995d1057bc62/allocations" status: 200 len: 811 microversion: 1.0
Aug 14 02:58:38.260563 np0000007307 devstack@placement-api.service[93333]: [pid: 93333|app: 0|req: 50/210] 10.4.3.152 () {66 vars in 1512 bytes} [Fri Aug 14 02:58:38 2026] GET /placement/resource_providers/fa91f438-fd92-4d2a-b8da-995d1057bc62/allocations => generated 811 bytes in 24 msecs (HTTP/1.1 200) 6 headers in 224 bytes (1 switches on core 0)
Aug 14 02:58:38.333228 np0000007307 devstack@placement-api.service[93331]: DEBUG placement.requestlog [req-11b9621e-de37-4f29-b1e0-1e4885d44560 req-1bd18213-dea2-4c44-a394-af38f447df39 None None] Starting request: 10.4.3.152 "GET /placement/allocations/93ad0dcc-b27c-4c1d-acf1-0f6c771fd32f" {{(pid=93331) __call__ /opt/stack/placement/placement/requestlog.py:55}}
Aug 14 02:58:38.356978 np0000007307 devstack@placement-api.service[93331]: INFO placement.requestlog [req-11b9621e-de37-4f29-b1e0-1e4885d44560 req-1bd18213-dea2-4c44-a394-af38f447df39 service nova] 10.4.3.152 "GET /placement/allocations/93ad0dcc-b27c-4c1d-acf1-0f6c771fd32f" status: 200 len: 244 microversion: 1.28
Aug 14 02:58:38.357846 np0000007307 devstack@placement-api.service[93331]: [pid: 93331|app: 0|req: 54/211] 10.4.3.152 () {68 vars in 1499 bytes} [Fri Aug 14 02:58:38 2026] GET /placement/allocations/93ad0dcc-b27c-4c1d-acf1-0f6c771fd32f => generated 244 bytes in 25 msecs (HTTP/1.1 200) 8 headers in 296 bytes (1 switches on core 0)
Aug 14 02:58:38.371551 np0000007307 devstack@placement-api.service[93330]: DEBUG placement.handlers.allocation [req-0fe395e6-edfc-454b-afe9-88619f183523 req-c665b0c1-b35c-49ac-921b-e024eba16d55 service nova] Successfully deleted allocations [, , ] {{(pid=93330) delete_allocations /opt/stack/placement/placement/handlers/allocation.py:627}}
Aug 14 02:58:38.372615 np0000007307 devstack@placement-api.service[93330]: INFO placement.requestlog [req-0fe395e6-edfc-454b-afe9-88619f183523 req-c665b0c1-b35c-49ac-921b-e024eba16d55 service nova] 10.4.3.152 "DELETE /placement/allocations/815e237c-acaa-4cf9-89d5-4765894b6fb2" status: 204 len: 0 microversion: 1.0
Aug 14 02:58:38.372615 np0000007307 devstack@placement-api.service[93330]: [pid: 93330|app: 0|req: 54/212] 10.4.3.152 () {68 vars in 1477 bytes} [Fri Aug 14 02:58:38 2026] DELETE /placement/allocations/815e237c-acaa-4cf9-89d5-4765894b6fb2 => generated 0 bytes in 137 msecs (HTTP/1.1 204) 5 headers in 198 bytes (1 switches on core 0)
