Jul 10 06:11:51.005805 np0000004961 devstack@g-api.service[99724]: DEBUG glance_store.capabilities [None req-f9bcadf8-bd03-4d3e-8b98-f2d314138186 tempest-ImageDependencyTests-577235212 tempest-ImageDependencyTests-577235212-project-member] Store glance_store._drivers.swift.store.SingleTenantStore doesn't support updating dynamic storage capabilities. Please overwrite 'update_capabilities' method of the store to implement updating logics if needed. {{(pid=99724) update_capabilities /opt/stack/data/venv/lib/python3.12/site-packages/glance_store/capabilities.py:91}}
Jul 10 06:11:51.005986 np0000004961 devstack@g-api.service[99724]: DEBUG glance_store.driver [None req-f9bcadf8-bd03-4d3e-8b98-f2d314138186 tempest-ImageDependencyTests-577235212 tempest-ImageDependencyTests-577235212-project-member] Late loading location class glance_store._drivers.swift.store.StoreLocation {{(pid=99724) get_store_location_class /opt/stack/data/venv/lib/python3.12/site-packages/glance_store/driver.py:134}}
Jul 10 06:11:51.006160 np0000004961 devstack@g-api.service[99724]: DEBUG glance_store.location [None req-f9bcadf8-bd03-4d3e-8b98-f2d314138186 tempest-ImageDependencyTests-577235212 tempest-ImageDependencyTests-577235212-project-member] Registering scheme swift+https with {'store': , 'location_class': , 'store_entry': 'swift'} {{(pid=99724) register_scheme_map /opt/stack/data/venv/lib/python3.12/site-packages/glance_store/location.py:146}}
Jul 10 06:11:51.006358 np0000004961 devstack@g-api.service[99724]: DEBUG glance_store.location [None req-f9bcadf8-bd03-4d3e-8b98-f2d314138186 tempest-ImageDependencyTests-577235212 tempest-ImageDependencyTests-577235212-project-member] Registering scheme swift+https with {'store': , 'location_class': , 'store_entry': 'swift'} {{(pid=99724) register_scheme_map /opt/stack/data/venv/lib/python3.12/site-packages/glance_store/location.py:146}}
Jul 10 06:11:51.006485 np0000004961 devstack@g-api.service[99724]: DEBUG glance_store.location [None req-f9bcadf8-bd03-4d3e-8b98-f2d314138186 tempest-ImageDependencyTests-577235212 tempest-ImageDependencyTests-577235212-project-member] Registering scheme swift with {'store': , 'location_class': , 'store_entry': 'swift'} {{(pid=99724) register_scheme_map /opt/stack/data/venv/lib/python3.12/site-packages/glance_store/location.py:146}}
Jul 10 06:11:51.007170 np0000004961 devstack@g-api.service[99724]: DEBUG glance_store.location [None req-f9bcadf8-bd03-4d3e-8b98-f2d314138186 tempest-ImageDependencyTests-577235212 tempest-ImageDependencyTests-577235212-project-member] Registering scheme swift+https with {'store': , 'location_class': , 'store_entry': 'swift'} {{(pid=99724) register_scheme_map /opt/stack/data/venv/lib/python3.12/site-packages/glance_store/location.py:146}}
Jul 10 06:11:51.007170 np0000004961 devstack@g-api.service[99724]: DEBUG glance_store.location [None req-f9bcadf8-bd03-4d3e-8b98-f2d314138186 tempest-ImageDependencyTests-577235212 tempest-ImageDependencyTests-577235212-project-member] Registering scheme swift with {'store': , 'location_class': , 'store_entry': 'swift'} {{(pid=99724) register_scheme_map /opt/stack/data/venv/lib/python3.12/site-packages/glance_store/location.py:146}}
Jul 10 06:11:51.007170 np0000004961 devstack@g-api.service[99724]: DEBUG glance_store.location [None req-f9bcadf8-bd03-4d3e-8b98-f2d314138186 tempest-ImageDependencyTests-577235212 tempest-ImageDependencyTests-577235212-project-member] Registering scheme swift+http with {'store': , 'location_class': , 'store_entry': 'swift'} {{(pid=99724) register_scheme_map /opt/stack/data/venv/lib/python3.12/site-packages/glance_store/location.py:146}}
Jul 10 06:11:51.007170 np0000004961 devstack@g-api.service[99724]: DEBUG glance_store.location [None req-f9bcadf8-bd03-4d3e-8b98-f2d314138186 tempest-ImageDependencyTests-577235212 tempest-ImageDependencyTests-577235212-project-member] Registering scheme swift+https with {'store': , 'location_class': , 'store_entry': 'swift'} {{(pid=99724) register_scheme_map /opt/stack/data/venv/lib/python3.12/site-packages/glance_store/location.py:146}}
Jul 10 06:11:51.007598 np0000004961 devstack@g-api.service[99724]: DEBUG glance_store.location [None req-f9bcadf8-bd03-4d3e-8b98-f2d314138186 tempest-ImageDependencyTests-577235212 tempest-ImageDependencyTests-577235212-project-member] Registering scheme swift with {'store': , 'location_class': , 'store_entry': 'swift'} {{(pid=99724) register_scheme_map /opt/stack/data/venv/lib/python3.12/site-packages/glance_store/location.py:146}}
Jul 10 06:11:51.007598 np0000004961 devstack@g-api.service[99724]: DEBUG glance_store.location [None req-f9bcadf8-bd03-4d3e-8b98-f2d314138186 tempest-ImageDependencyTests-577235212 tempest-ImageDependencyTests-577235212-project-member] Registering scheme swift+http with {'store': , 'location_class': , 'store_entry': 'swift'} {{(pid=99724) register_scheme_map /opt/stack/data/venv/lib/python3.12/site-packages/glance_store/location.py:146}}
Jul 10 06:11:51.007665 np0000004961 devstack@g-api.service[99724]: DEBUG glance_store.location [None req-f9bcadf8-bd03-4d3e-8b98-f2d314138186 tempest-ImageDependencyTests-577235212 tempest-ImageDependencyTests-577235212-project-member] Registering scheme swift+config with {'store': , 'location_class': , 'store_entry': 'swift'} {{(pid=99724) register_scheme_map /opt/stack/data/venv/lib/python3.12/site-packages/glance_store/location.py:146}}
Jul 10 06:11:51.181643 np0000004961 devstack@g-api.service[99724]: DEBUG swiftclient [None req-f9bcadf8-bd03-4d3e-8b98-f2d314138186 tempest-ImageDependencyTests-577235212 tempest-ImageDependencyTests-577235212-project-member] REQ: curl -i https://10.4.3.23:8080/v1/AUTH_1fa7ef7e5ba149929033b2c8b9843b98/glance -I -H "X-Auth-Token: gAAAAABqUI0nGriZ..." {{(pid=99724) http_log /opt/stack/data/venv/lib/python3.12/site-packages/swiftclient/client.py:160}}
Jul 10 06:11:51.181742 np0000004961 devstack@g-api.service[99724]: DEBUG swiftclient [None req-f9bcadf8-bd03-4d3e-8b98-f2d314138186 tempest-ImageDependencyTests-577235212 tempest-ImageDependencyTests-577235212-project-member] RESP STATUS: 204 No Content {{(pid=99724) http_log /opt/stack/data/venv/lib/python3.12/site-packages/swiftclient/client.py:161}}
Jul 10 06:11:51.181886 np0000004961 devstack@g-api.service[99724]: DEBUG swiftclient [None req-f9bcadf8-bd03-4d3e-8b98-f2d314138186 tempest-ImageDependencyTests-577235212 tempest-ImageDependencyTests-577235212-project-member] RESP HEADERS: {'Date': 'Fri, 10 Jul 2026 06:11:51 GMT', 'Server': 'Apache/2.4.58 (Ubuntu)', 'Content-Type': 'text/plain; charset=utf-8', 'X-Container-Object-Count': '5', 'X-Container-Bytes-Used': '117964800', 'X-Timestamp': '1783663624.99373', 'Last-Modified': 'Fri, 10 Jul 2026 06:07:05 GMT', 'Accept-Ranges': 'bytes', 'X-Storage-Policy': 'Policy-0', 'X-Container-Sharding': 'False', 'Vary': 'Accept', 'X-Trans-Id': 'txe7d7fb58862044099f15f-006a508d27', 'X-Openstack-Request-Id': 'txe7d7fb58862044099f15f-006a508d27', 'Connection': 'close'} {{(pid=99724) http_log /opt/stack/data/venv/lib/python3.12/site-packages/swiftclient/client.py:162}}
Jul 10 06:11:51.182734 np0000004961 devstack@g-api.service[99724]: DEBUG glance_store._drivers.swift.store [None req-f9bcadf8-bd03-4d3e-8b98-f2d314138186 tempest-ImageDependencyTests-577235212 tempest-ImageDependencyTests-577235212-project-member] Adding image object 'e8ac845b-65b3-49c8-981b-b6be4fafd46e' to Swift {{(pid=99724) add /opt/stack/data/venv/lib/python3.12/site-packages/glance_store/_drivers/swift/store.py:970}}
Jul 10 06:11:51.186799 np0000004961 devstack@g-api.service[99724]: DEBUG oslo_utils.imageutils.format_inspector [None req-f9bcadf8-bd03-4d3e-8b98-f2d314138186 tempest-ImageDependencyTests-577235212 tempest-ImageDependencyTests-577235212-project-member] Format inspector for vmdk does not match, excluding from consideration (Signature KDMV not found: b'"\xf1\xab\xf7') {{(pid=99724) _process_chunk /opt/stack/data/venv/lib/python3.12/site-packages/oslo_utils/imageutils/format_inspector.py:1758}}
Jul 10 06:11:51.207717 np0000004961 devstack@g-api.service[99724]: DEBUG swiftclient [None req-f9bcadf8-bd03-4d3e-8b98-f2d314138186 tempest-ImageDependencyTests-577235212 tempest-ImageDependencyTests-577235212-project-member] REQ: curl -i https://10.4.3.23:8080/v1/AUTH_1fa7ef7e5ba149929033b2c8b9843b98/glance/e8ac845b-65b3-49c8-981b-b6be4fafd46e -X PUT -H "X-Auth-Token: gAAAAABqUI0nGriZ..." -H "Content-Length: 1024" {{(pid=99724) http_log /opt/stack/data/venv/lib/python3.12/site-packages/swiftclient/client.py:160}}
Jul 10 06:11:51.207874 np0000004961 devstack@g-api.service[99724]: DEBUG swiftclient [None req-f9bcadf8-bd03-4d3e-8b98-f2d314138186 tempest-ImageDependencyTests-577235212 tempest-ImageDependencyTests-577235212-project-member] RESP STATUS: 201 Created {{(pid=99724) http_log /opt/stack/data/venv/lib/python3.12/site-packages/swiftclient/client.py:161}}
Jul 10 06:11:51.208019 np0000004961 devstack@g-api.service[99724]: DEBUG swiftclient [None req-f9bcadf8-bd03-4d3e-8b98-f2d314138186 tempest-ImageDependencyTests-577235212 tempest-ImageDependencyTests-577235212-project-member] RESP HEADERS: {'Date': 'Fri, 10 Jul 2026 06:11:51 GMT', 'Server': 'Apache/2.4.58 (Ubuntu)', 'Content-Type': 'text/html; charset=UTF-8', 'Content-Length': '0', 'Etag': '86213ce95600236c278774de4882d4bb', 'Last-Modified': 'Fri, 10 Jul 2026 06:11:52 GMT', 'X-Trans-Id': 'tx7c57e558dcea409c89945-006a508d27', 'X-Openstack-Request-Id': 'tx7c57e558dcea409c89945-006a508d27', 'Connection': 'close'} {{(pid=99724) http_log /opt/stack/data/venv/lib/python3.12/site-packages/swiftclient/client.py:162}}
Jul 10 06:11:51.208437 np0000004961 devstack@g-api.service[99724]: INFO glance.location [None req-f9bcadf8-bd03-4d3e-8b98-f2d314138186 tempest-ImageDependencyTests-577235212 tempest-ImageDependencyTests-577235212-project-member] Image format matched and virtual size computed: 1024
Jul 10 06:11:51.230136 np0000004961 devstack@g-api.service[99724]: DEBUG glance_store.backend [None req-f9bcadf8-bd03-4d3e-8b98-f2d314138186 tempest-ImageDependencyTests-577235212 tempest-ImageDependencyTests-577235212-project-member] Attempting to import store swift {{(pid=99724) _load_store /opt/stack/data/venv/lib/python3.12/site-packages/glance_store/backend.py:215}}
Jul 10 06:11:51.231490 np0000004961 devstack@g-api.service[99724]: DEBUG glance_store.capabilities [None req-f9bcadf8-bd03-4d3e-8b98-f2d314138186 tempest-ImageDependencyTests-577235212 tempest-ImageDependencyTests-577235212-project-member] Store glance_store._drivers.swift.store.SingleTenantStore doesn't support updating dynamic storage capabilities. Please overwrite 'update_capabilities' method of the store to implement updating logics if needed. {{(pid=99724) update_capabilities /opt/stack/data/venv/lib/python3.12/site-packages/glance_store/capabilities.py:91}}
Jul 10 06:11:51.231617 np0000004961 devstack@g-api.service[99724]: DEBUG glance_store.driver [None req-f9bcadf8-bd03-4d3e-8b98-f2d314138186 tempest-ImageDependencyTests-577235212 tempest-ImageDependencyTests-577235212-project-member] Late loading location class glance_store._drivers.swift.store.StoreLocation {{(pid=99724) get_store_location_class /opt/stack/data/venv/lib/python3.12/site-packages/glance_store/driver.py:134}}
Jul 10 06:11:51.231811 np0000004961 devstack@g-api.service[99724]: DEBUG glance_store.location [None req-f9bcadf8-bd03-4d3e-8b98-f2d314138186 tempest-ImageDependencyTests-577235212 tempest-ImageDependencyTests-577235212-project-member] Registering scheme swift+https with {'store': , 'location_class': , 'store_entry': 'swift'} {{(pid=99724) register_scheme_map /opt/stack/data/venv/lib/python3.12/site-packages/glance_store/location.py:146}}
Jul 10 06:11:51.231914 np0000004961 devstack@g-api.service[99724]: DEBUG glance_store.location [None req-f9bcadf8-bd03-4d3e-8b98-f2d314138186 tempest-ImageDependencyTests-577235212 tempest-ImageDependencyTests-577235212-project-member] Registering scheme swift+https with {'store': , 'location_class': , 'store_entry': 'swift'} {{(pid=99724) register_scheme_map /opt/stack/data/venv/lib/python3.12/site-packages/glance_store/location.py:146}}
Jul 10 06:11:51.231986 np0000004961 devstack@g-api.service[99724]: DEBUG glance_store.location [None req-f9bcadf8-bd03-4d3e-8b98-f2d314138186 tempest-ImageDependencyTests-577235212 tempest-ImageDependencyTests-577235212-project-member] Registering scheme swift with {'store': , 'location_class': , 'store_entry': 'swift'} {{(pid=99724) register_scheme_map /opt/stack/data/venv/lib/python3.12/site-packages/glance_store/location.py:146}}
Jul 10 06:11:51.232159 np0000004961 devstack@g-api.service[99724]: DEBUG glance_store.location [None req-f9bcadf8-bd03-4d3e-8b98-f2d314138186 tempest-ImageDependencyTests-577235212 tempest-ImageDependencyTests-577235212-project-member] Registering scheme swift+https with {'store': , 'location_class': , 'store_entry': 'swift'} {{(pid=99724) register_scheme_map /opt/stack/data/venv/lib/python3.12/site-packages/glance_store/location.py:146}}
Jul 10 06:11:51.232337 np0000004961 devstack@g-api.service[99724]: DEBUG glance_store.location [None req-f9bcadf8-bd03-4d3e-8b98-f2d314138186 tempest-ImageDependencyTests-577235212 tempest-ImageDependencyTests-577235212-project-member] Registering scheme swift with {'store': , 'location_class': , 'store_entry': 'swift'} {{(pid=99724) register_scheme_map /opt/stack/data/venv/lib/python3.12/site-packages/glance_store/location.py:146}}
Jul 10 06:11:51.232466 np0000004961 devstack@g-api.service[99724]: DEBUG glance_store.location [None req-f9bcadf8-bd03-4d3e-8b98-f2d314138186 tempest-ImageDependencyTests-577235212 tempest-ImageDependencyTests-577235212-project-member] Registering scheme swift+http with {'store': , 'location_class': , 'store_entry': 'swift'} {{(pid=99724) register_scheme_map /opt/stack/data/venv/lib/python3.12/site-packages/glance_store/location.py:146}}
Jul 10 06:11:51.232575 np0000004961 devstack@g-api.service[99724]: DEBUG glance_store.location [None req-f9bcadf8-bd03-4d3e-8b98-f2d314138186 tempest-ImageDependencyTests-577235212 tempest-ImageDependencyTests-577235212-project-member] Registering scheme swift+https with {'store': , 'location_class': , 'store_entry': 'swift'} {{(pid=99724) register_scheme_map /opt/stack/data/venv/lib/python3.12/site-packages/glance_store/location.py:146}}
Jul 10 06:11:51.232718 np0000004961 devstack@g-api.service[99724]: DEBUG glance_store.location [None req-f9bcadf8-bd03-4d3e-8b98-f2d314138186 tempest-ImageDependencyTests-577235212 tempest-ImageDependencyTests-577235212-project-member] Registering scheme swift with {'store': , 'location_class': , 'store_entry': 'swift'} {{(pid=99724) register_scheme_map /opt/stack/data/venv/lib/python3.12/site-packages/glance_store/location.py:146}}
Jul 10 06:11:51.232841 np0000004961 devstack@g-api.service[99724]: DEBUG glance_store.location [None req-f9bcadf8-bd03-4d3e-8b98-f2d314138186 tempest-ImageDependencyTests-577235212 tempest-ImageDependencyTests-577235212-project-member] Registering scheme swift+http with {'store': , 'location_class': , 'store_entry': 'swift'} {{(pid=99724) register_scheme_map /opt/stack/data/venv/lib/python3.12/site-packages/glance_store/location.py:146}}
Jul 10 06:11:51.232943 np0000004961 devstack@g-api.service[99724]: DEBUG glance_store.location [None req-f9bcadf8-bd03-4d3e-8b98-f2d314138186 tempest-ImageDependencyTests-577235212 tempest-ImageDependencyTests-577235212-project-member] Registering scheme swift+config with {'store': , 'location_class': , 'store_entry': 'swift'} {{(pid=99724) register_scheme_map /opt/stack/data/venv/lib/python3.12/site-packages/glance_store/location.py:146}}
Jul 10 06:11:51.233056 np0000004961 devstack@g-api.service[99724]: DEBUG glance_store.backend [None req-f9bcadf8-bd03-4d3e-8b98-f2d314138186 tempest-ImageDependencyTests-577235212 tempest-ImageDependencyTests-577235212-project-member] Skipping store.set_acls... not implemented. {{(pid=99724) set_acls /opt/stack/data/venv/lib/python3.12/site-packages/glance_store/backend.py:507}}
Jul 10 06:11:51.234946 np0000004961 devstack@g-api.service[99724]: [pid: 99724|app: 0|req: 63/187] 127.0.0.1 () {40 vars in 843 bytes} [Fri Jul 10 06:11:50 2026] PUT /v2/images/e8ac845b-65b3-49c8-981b-b6be4fafd46e/file => generated 0 bytes in 1178 msecs (HTTP/1.1 204) 4 headers in 171 bytes (1 switches on core 0)
Jul 10 06:11:51.241798 np0000004961 devstack@g-api.service[99726]: DEBUG glance.api.middleware.version_negotiation [None req-168605cf-ad9e-4cf6-b406-7f8b5449e14d tempest-ServerStableDeviceRescueTest-985097162 tempest-ServerStableDeviceRescueTest-985097162-project-member] Determining version of request: GET /v2/images/e8ac845b-65b3-49c8-981b-b6be4fafd46e Accept: application/json {{(pid=99726) process_request /opt/stack/glance/glance/api/middleware/version_negotiation.py:44}}
Jul 10 06:11:51.242132 np0000004961 devstack@g-api.service[99726]: DEBUG glance.api.middleware.version_negotiation [None req-168605cf-ad9e-4cf6-b406-7f8b5449e14d tempest-ServerStableDeviceRescueTest-985097162 tempest-ServerStableDeviceRescueTest-985097162-project-member] Using url versioning {{(pid=99726) process_request /opt/stack/glance/glance/api/middleware/version_negotiation.py:57}}
Jul 10 06:11:51.242132 np0000004961 devstack@g-api.service[99726]: DEBUG glance.api.middleware.version_negotiation [None req-168605cf-ad9e-4cf6-b406-7f8b5449e14d tempest-ServerStableDeviceRescueTest-985097162 tempest-ServerStableDeviceRescueTest-985097162-project-member] Matched version: v2 {{(pid=99726) process_request /opt/stack/glance/glance/api/middleware/version_negotiation.py:69}}
Jul 10 06:11:51.242132 np0000004961 devstack@g-api.service[99726]: DEBUG glance.api.middleware.version_negotiation [None req-168605cf-ad9e-4cf6-b406-7f8b5449e14d tempest-ServerStableDeviceRescueTest-985097162 tempest-ServerStableDeviceRescueTest-985097162-project-member] new path /v2/images/e8ac845b-65b3-49c8-981b-b6be4fafd46e {{(pid=99726) process_request /opt/stack/glance/glance/api/middleware/version_negotiation.py:70}}
Jul 10 06:11:51.254576 np0000004961 devstack@g-api.service[99726]: [pid: 99726|app: 0|req: 63/188] 127.0.0.1 () {40 vars in 834 bytes} [Fri Jul 10 06:11:51 2026] GET /v2/images/e8ac845b-65b3-49c8-981b-b6be4fafd46e => generated 807 bytes in 13 msecs (HTTP/1.1 200) 4 headers in 157 bytes (1 switches on core 0)
Jul 10 06:11:51.448378 np0000004961 devstack@g-api.service[99725]: DEBUG glance.api.middleware.version_negotiation [None req-168605cf-ad9e-4cf6-b406-7f8b5449e14d tempest-ServerStableDeviceRescueTest-985097162 tempest-ServerStableDeviceRescueTest-985097162-project-member] Determining version of request: GET /v2/images/e8ac845b-65b3-49c8-981b-b6be4fafd46e Accept: */* {{(pid=99725) process_request /opt/stack/glance/glance/api/middleware/version_negotiation.py:44}}
Jul 10 06:11:51.448750 np0000004961 devstack@g-api.service[99725]: DEBUG glance.api.middleware.version_negotiation [None req-168605cf-ad9e-4cf6-b406-7f8b5449e14d tempest-ServerStableDeviceRescueTest-985097162 tempest-ServerStableDeviceRescueTest-985097162-project-member] Using url versioning {{(pid=99725) process_request /opt/stack/glance/glance/api/middleware/version_negotiation.py:57}}
Jul 10 06:11:51.448750 np0000004961 devstack@g-api.service[99725]: DEBUG glance.api.middleware.version_negotiation [None req-168605cf-ad9e-4cf6-b406-7f8b5449e14d tempest-ServerStableDeviceRescueTest-985097162 tempest-ServerStableDeviceRescueTest-985097162-project-member] Matched version: v2 {{(pid=99725) process_request /opt/stack/glance/glance/api/middleware/version_negotiation.py:69}}
Jul 10 06:11:51.448750 np0000004961 devstack@g-api.service[99725]: DEBUG glance.api.middleware.version_negotiation [None req-168605cf-ad9e-4cf6-b406-7f8b5449e14d tempest-ServerStableDeviceRescueTest-985097162 tempest-ServerStableDeviceRescueTest-985097162-project-member] new path /v2/images/e8ac845b-65b3-49c8-981b-b6be4fafd46e {{(pid=99725) process_request /opt/stack/glance/glance/api/middleware/version_negotiation.py:70}}
Jul 10 06:11:51.488095 np0000004961 devstack@g-api.service[99725]: [pid: 99725|app: 0|req: 63/189] 127.0.0.1 () {44 vars in 1111 bytes} [Fri Jul 10 06:11:51 2026] GET /v2/images/e8ac845b-65b3-49c8-981b-b6be4fafd46e => generated 807 bytes in 40 msecs (HTTP/1.1 200) 4 headers in 157 bytes (1 switches on core 0)
Jul 10 06:11:51.495015 np0000004961 devstack@g-api.service[99724]: DEBUG glance.api.middleware.version_negotiation [None req-f9bcadf8-bd03-4d3e-8b98-f2d314138186 tempest-ImageDependencyTests-577235212 tempest-ImageDependencyTests-577235212-project-member] Determining version of request: GET /v2/schemas/image Accept: */* {{(pid=99724) process_request /opt/stack/glance/glance/api/middleware/version_negotiation.py:44}}
Jul 10 06:11:51.497161 np0000004961 devstack@g-api.service[99724]: DEBUG glance.api.middleware.version_negotiation [None req-f9bcadf8-bd03-4d3e-8b98-f2d314138186 tempest-ImageDependencyTests-577235212 tempest-ImageDependencyTests-577235212-project-member] Using url versioning {{(pid=99724) process_request /opt/stack/glance/glance/api/middleware/version_negotiation.py:57}}
Jul 10 06:11:51.497411 np0000004961 devstack@g-api.service[99724]: DEBUG glance.api.middleware.version_negotiation [None req-f9bcadf8-bd03-4d3e-8b98-f2d314138186 tempest-ImageDependencyTests-577235212 tempest-ImageDependencyTests-577235212-project-member] Matched version: v2 {{(pid=99724) process_request /opt/stack/glance/glance/api/middleware/version_negotiation.py:69}}
Jul 10 06:11:51.497551 np0000004961 devstack@g-api.service[99724]: DEBUG glance.api.middleware.version_negotiation [None req-f9bcadf8-bd03-4d3e-8b98-f2d314138186 tempest-ImageDependencyTests-577235212 tempest-ImageDependencyTests-577235212-project-member] new path /v2/schemas/image {{(pid=99724) process_request /opt/stack/glance/glance/api/middleware/version_negotiation.py:70}}
Jul 10 06:11:51.499744 np0000004961 devstack@g-api.service[99724]: [pid: 99724|app: 0|req: 64/190] 127.0.0.1 () {44 vars in 1051 bytes} [Fri Jul 10 06:11:51 2026] GET /v2/schemas/image => generated 6083 bytes in 5 msecs (HTTP/1.1 200) 4 headers in 158 bytes (1 switches on core 0)
Jul 10 06:11:51.510033 np0000004961 devstack@g-api.service[99726]: DEBUG glance.api.middleware.version_negotiation [None req-311cbdc6-0ca5-40a3-94f8-196bb4ad4535 tempest-ImageDependencyTests-577235212 tempest-ImageDependencyTests-577235212-project-member] Determining version of request: GET /v2/schemas/image Accept: */* {{(pid=99726) process_request /opt/stack/glance/glance/api/middleware/version_negotiation.py:44}}
Jul 10 06:11:51.511153 np0000004961 devstack@g-api.service[99726]: DEBUG glance.api.middleware.version_negotiation [None req-311cbdc6-0ca5-40a3-94f8-196bb4ad4535 tempest-ImageDependencyTests-577235212 tempest-ImageDependencyTests-577235212-project-member] Using url versioning {{(pid=99726) process_request /opt/stack/glance/glance/api/middleware/version_negotiation.py:57}}
Jul 10 06:11:51.511153 np0000004961 devstack@g-api.service[99726]: DEBUG glance.api.middleware.version_negotiation [None req-311cbdc6-0ca5-40a3-94f8-196bb4ad4535 tempest-ImageDependencyTests-577235212 tempest-ImageDependencyTests-577235212-project-member] Matched version: v2 {{(pid=99726) process_request /opt/stack/glance/glance/api/middleware/version_negotiation.py:69}}
Jul 10 06:11:51.511153 np0000004961 devstack@g-api.service[99726]: DEBUG glance.api.middleware.version_negotiation [None req-311cbdc6-0ca5-40a3-94f8-196bb4ad4535 tempest-ImageDependencyTests-577235212 tempest-ImageDependencyTests-577235212-project-member] new path /v2/schemas/image {{(pid=99726) process_request /opt/stack/glance/glance/api/middleware/version_negotiation.py:70}}
Jul 10 06:11:51.513550 np0000004961 devstack@g-api.service[99726]: [pid: 99726|app: 0|req: 64/191] 127.0.0.1 () {44 vars in 1051 bytes} [Fri Jul 10 06:11:51 2026] GET /v2/schemas/image => generated 6083 bytes in 4 msecs (HTTP/1.1 200) 4 headers in 158 bytes (1 switches on core 0)
Jul 10 06:11:51.520240 np0000004961 devstack@g-api.service[99725]: DEBUG glance.api.middleware.version_negotiation [None req-153bcb1b-22bd-4da5-a1ca-9161fd0041c0 tempest-ImageDependencyTests-577235212 tempest-ImageDependencyTests-577235212-project-member] Determining version of request: GET /v2/images/e8ac845b-65b3-49c8-981b-b6be4fafd46e Accept: */* {{(pid=99725) process_request /opt/stack/glance/glance/api/middleware/version_negotiation.py:44}}
Jul 10 06:11:51.520420 np0000004961 devstack@g-api.service[99725]: DEBUG glance.api.middleware.version_negotiation [None req-153bcb1b-22bd-4da5-a1ca-9161fd0041c0 tempest-ImageDependencyTests-577235212 tempest-ImageDependencyTests-577235212-project-member] Using url versioning {{(pid=99725) process_request /opt/stack/glance/glance/api/middleware/version_negotiation.py:57}}
Jul 10 06:11:51.520546 np0000004961 devstack@g-api.service[99725]: DEBUG glance.api.middleware.version_negotiation [None req-153bcb1b-22bd-4da5-a1ca-9161fd0041c0 tempest-ImageDependencyTests-577235212 tempest-ImageDependencyTests-577235212-project-member] Matched version: v2 {{(pid=99725) process_request /opt/stack/glance/glance/api/middleware/version_negotiation.py:69}}
Jul 10 06:11:51.520672 np0000004961 devstack@g-api.service[99725]: DEBUG glance.api.middleware.version_negotiation [None req-153bcb1b-22bd-4da5-a1ca-9161fd0041c0 tempest-ImageDependencyTests-577235212 tempest-ImageDependencyTests-577235212-project-member] new path /v2/images/e8ac845b-65b3-49c8-981b-b6be4fafd46e {{(pid=99725) process_request /opt/stack/glance/glance/api/middleware/version_negotiation.py:70}}
Jul 10 06:11:51.529527 np0000004961 devstack@g-api.service[99725]: [pid: 99725|app: 0|req: 64/192] 127.0.0.1 () {44 vars in 1111 bytes} [Fri Jul 10 06:11:51 2026] GET /v2/images/e8ac845b-65b3-49c8-981b-b6be4fafd46e => generated 807 bytes in 9 msecs (HTTP/1.1 200) 4 headers in 157 bytes (1 switches on core 0)
Jul 10 06:11:51.537140 np0000004961 devstack@g-api.service[99724]: DEBUG glance.api.middleware.version_negotiation [None req-153bcb1b-22bd-4da5-a1ca-9161fd0041c0 tempest-ImageDependencyTests-577235212 tempest-ImageDependencyTests-577235212-project-member] Determining version of request: GET /v2/schemas/image Accept: */* {{(pid=99724) process_request /opt/stack/glance/glance/api/middleware/version_negotiation.py:44}}
Jul 10 06:11:51.537223 np0000004961 devstack@g-api.service[99724]: DEBUG glance.api.middleware.version_negotiation [None req-153bcb1b-22bd-4da5-a1ca-9161fd0041c0 tempest-ImageDependencyTests-577235212 tempest-ImageDependencyTests-577235212-project-member] Using url versioning {{(pid=99724) process_request /opt/stack/glance/glance/api/middleware/version_negotiation.py:57}}
Jul 10 06:11:51.537877 np0000004961 devstack@g-api.service[99724]: DEBUG glance.api.middleware.version_negotiation [None req-153bcb1b-22bd-4da5-a1ca-9161fd0041c0 tempest-ImageDependencyTests-577235212 tempest-ImageDependencyTests-577235212-project-member] Matched version: v2 {{(pid=99724) process_request /opt/stack/glance/glance/api/middleware/version_negotiation.py:69}}
Jul 10 06:11:51.538641 np0000004961 devstack@g-api.service[99724]: DEBUG glance.api.middleware.version_negotiation [None req-153bcb1b-22bd-4da5-a1ca-9161fd0041c0 tempest-ImageDependencyTests-577235212 tempest-ImageDependencyTests-577235212-project-member] new path /v2/schemas/image {{(pid=99724) process_request /opt/stack/glance/glance/api/middleware/version_negotiation.py:70}}
Jul 10 06:11:51.543526 np0000004961 devstack@g-api.service[99724]: [pid: 99724|app: 0|req: 65/193] 127.0.0.1 () {44 vars in 1051 bytes} [Fri Jul 10 06:11:51 2026] GET /v2/schemas/image => generated 6083 bytes in 6 msecs (HTTP/1.1 200) 4 headers in 158 bytes (1 switches on core 0)
Jul 10 06:11:51.554500 np0000004961 devstack@g-api.service[99726]: DEBUG glance.api.middleware.version_negotiation [None req-153bcb1b-22bd-4da5-a1ca-9161fd0041c0 tempest-ImageDependencyTests-577235212 tempest-ImageDependencyTests-577235212-project-member] Determining version of request: GET /v2/schemas/image Accept: */* {{(pid=99726) process_request /opt/stack/glance/glance/api/middleware/version_negotiation.py:44}}
Jul 10 06:11:51.555663 np0000004961 devstack@g-api.service[99726]: DEBUG glance.api.middleware.version_negotiation [None req-153bcb1b-22bd-4da5-a1ca-9161fd0041c0 tempest-ImageDependencyTests-577235212 tempest-ImageDependencyTests-577235212-project-member] Using url versioning {{(pid=99726) process_request /opt/stack/glance/glance/api/middleware/version_negotiation.py:57}}
Jul 10 06:11:51.555663 np0000004961 devstack@g-api.service[99726]: DEBUG glance.api.middleware.version_negotiation [None req-153bcb1b-22bd-4da5-a1ca-9161fd0041c0 tempest-ImageDependencyTests-577235212 tempest-ImageDependencyTests-577235212-project-member] Matched version: v2 {{(pid=99726) process_request /opt/stack/glance/glance/api/middleware/version_negotiation.py:69}}
Jul 10 06:11:51.555663 np0000004961 devstack@g-api.service[99726]: DEBUG glance.api.middleware.version_negotiation [None req-153bcb1b-22bd-4da5-a1ca-9161fd0041c0 tempest-ImageDependencyTests-577235212 tempest-ImageDependencyTests-577235212-project-member] new path /v2/schemas/image {{(pid=99726) process_request /opt/stack/glance/glance/api/middleware/version_negotiation.py:70}}
Jul 10 06:11:51.558450 np0000004961 devstack@g-api.service[99726]: [pid: 99726|app: 0|req: 65/194] 127.0.0.1 () {44 vars in 1051 bytes} [Fri Jul 10 06:11:51 2026] GET /v2/schemas/image => generated 6083 bytes in 4 msecs (HTTP/1.1 200) 4 headers in 158 bytes (1 switches on core 0)
Jul 10 06:11:51.586220 np0000004961 devstack@g-api.service[99725]: DEBUG glance.api.middleware.version_negotiation [None req-153bcb1b-22bd-4da5-a1ca-9161fd0041c0 tempest-ImageDependencyTests-577235212 tempest-ImageDependencyTests-577235212-project-member] Determining version of request: GET /v2/images/e8ac845b-65b3-49c8-981b-b6be4fafd46e Accept: */* {{(pid=99725) process_request /opt/stack/glance/glance/api/middleware/version_negotiation.py:44}}
Jul 10 06:11:51.587623 np0000004961 devstack@g-api.service[99725]: DEBUG glance.api.middleware.version_negotiation [None req-153bcb1b-22bd-4da5-a1ca-9161fd0041c0 tempest-ImageDependencyTests-577235212 tempest-ImageDependencyTests-577235212-project-member] Using url versioning {{(pid=99725) process_request /opt/stack/glance/glance/api/middleware/version_negotiation.py:57}}
Jul 10 06:11:51.588144 np0000004961 devstack@g-api.service[99725]: DEBUG glance.api.middleware.version_negotiation [None req-153bcb1b-22bd-4da5-a1ca-9161fd0041c0 tempest-ImageDependencyTests-577235212 tempest-ImageDependencyTests-577235212-project-member] Matched version: v2 {{(pid=99725) process_request /opt/stack/glance/glance/api/middleware/version_negotiation.py:69}}
Jul 10 06:11:51.589298 np0000004961 devstack@g-api.service[99725]: DEBUG glance.api.middleware.version_negotiation [None req-153bcb1b-22bd-4da5-a1ca-9161fd0041c0 tempest-ImageDependencyTests-577235212 tempest-ImageDependencyTests-577235212-project-member] new path /v2/images/e8ac845b-65b3-49c8-981b-b6be4fafd46e {{(pid=99725) process_request /opt/stack/glance/glance/api/middleware/version_negotiation.py:70}}
Jul 10 06:11:51.602659 np0000004961 devstack@g-api.service[99724]: DEBUG glance.api.middleware.version_negotiation [None req-153bcb1b-22bd-4da5-a1ca-9161fd0041c0 tempest-ImageDependencyTests-577235212 tempest-ImageDependencyTests-577235212-project-member] Determining version of request: GET /v2/images/9f3a24a5-201c-4edb-8139-5a712aeee75c Accept: */* {{(pid=99724) process_request /opt/stack/glance/glance/api/middleware/version_negotiation.py:44}}
Jul 10 06:11:51.602849 np0000004961 devstack@g-api.service[99724]: DEBUG glance.api.middleware.version_negotiation [None req-153bcb1b-22bd-4da5-a1ca-9161fd0041c0 tempest-ImageDependencyTests-577235212 tempest-ImageDependencyTests-577235212-project-member] Using url versioning {{(pid=99724) process_request /opt/stack/glance/glance/api/middleware/version_negotiation.py:57}}
Jul 10 06:11:51.603004 np0000004961 devstack@g-api.service[99724]: DEBUG glance.api.middleware.version_negotiation [None req-153bcb1b-22bd-4da5-a1ca-9161fd0041c0 tempest-ImageDependencyTests-577235212 tempest-ImageDependencyTests-577235212-project-member] Matched version: v2 {{(pid=99724) process_request /opt/stack/glance/glance/api/middleware/version_negotiation.py:69}}
Jul 10 06:11:51.603101 np0000004961 devstack@g-api.service[99724]: DEBUG glance.api.middleware.version_negotiation [None req-153bcb1b-22bd-4da5-a1ca-9161fd0041c0 tempest-ImageDependencyTests-577235212 tempest-ImageDependencyTests-577235212-project-member] new path /v2/images/9f3a24a5-201c-4edb-8139-5a712aeee75c {{(pid=99724) process_request /opt/stack/glance/glance/api/middleware/version_negotiation.py:70}}
Jul 10 06:11:51.605995 np0000004961 devstack@g-api.service[99725]: [pid: 99725|app: 0|req: 65/195] 127.0.0.1 () {44 vars in 1111 bytes} [Fri Jul 10 06:11:51 2026] GET /v2/images/e8ac845b-65b3-49c8-981b-b6be4fafd46e => generated 807 bytes in 18 msecs (HTTP/1.1 200) 4 headers in 157 bytes (1 switches on core 0)
Jul 10 06:11:51.611689 np0000004961 devstack@g-api.service[99726]: DEBUG glance.api.middleware.version_negotiation [None req-153bcb1b-22bd-4da5-a1ca-9161fd0041c0 tempest-ImageDependencyTests-577235212 tempest-ImageDependencyTests-577235212-project-member] Determining version of request: GET /v2/schemas/image Accept: */* {{(pid=99726) process_request /opt/stack/glance/glance/api/middleware/version_negotiation.py:44}}
Jul 10 06:11:51.611965 np0000004961 devstack@g-api.service[99726]: DEBUG glance.api.middleware.version_negotiation [None req-153bcb1b-22bd-4da5-a1ca-9161fd0041c0 tempest-ImageDependencyTests-577235212 tempest-ImageDependencyTests-577235212-project-member] Using url versioning {{(pid=99726) process_request /opt/stack/glance/glance/api/middleware/version_negotiation.py:57}}
Jul 10 06:11:51.612157 np0000004961 devstack@g-api.service[99724]: [pid: 99724|app: 0|req: 66/196] 127.0.0.1 () {44 vars in 1111 bytes} [Fri Jul 10 06:11:51 2026] GET /v2/images/9f3a24a5-201c-4edb-8139-5a712aeee75c => generated 1044 bytes in 9 msecs (HTTP/1.1 200) 4 headers in 158 bytes (1 switches on core 0)
Jul 10 06:11:51.613879 np0000004961 devstack@g-api.service[99726]: DEBUG glance.api.middleware.version_negotiation [None req-153bcb1b-22bd-4da5-a1ca-9161fd0041c0 tempest-ImageDependencyTests-577235212 tempest-ImageDependencyTests-577235212-project-member] Matched version: v2 {{(pid=99726) process_request /opt/stack/glance/glance/api/middleware/version_negotiation.py:69}}
Jul 10 06:11:51.614114 np0000004961 devstack@g-api.service[99726]: DEBUG glance.api.middleware.version_negotiation [None req-153bcb1b-22bd-4da5-a1ca-9161fd0041c0 tempest-ImageDependencyTests-577235212 tempest-ImageDependencyTests-577235212-project-member] new path /v2/schemas/image {{(pid=99726) process_request /opt/stack/glance/glance/api/middleware/version_negotiation.py:70}}
Jul 10 06:11:51.617407 np0000004961 devstack@g-api.service[99726]: [pid: 99726|app: 0|req: 66/197] 127.0.0.1 () {44 vars in 1051 bytes} [Fri Jul 10 06:11:51 2026] GET /v2/schemas/image => generated 6083 bytes in 6 msecs (HTTP/1.1 200) 4 headers in 158 bytes (1 switches on core 0)
Jul 10 06:11:51.630008 np0000004961 devstack@g-api.service[99725]: DEBUG glance.api.middleware.version_negotiation [None req-153bcb1b-22bd-4da5-a1ca-9161fd0041c0 tempest-ImageDependencyTests-577235212 tempest-ImageDependencyTests-577235212-project-member] Determining version of request: GET /v2/schemas/image Accept: */* {{(pid=99725) process_request /opt/stack/glance/glance/api/middleware/version_negotiation.py:44}}
Jul 10 06:11:51.630208 np0000004961 devstack@g-api.service[99725]: DEBUG glance.api.middleware.version_negotiation [None req-153bcb1b-22bd-4da5-a1ca-9161fd0041c0 tempest-ImageDependencyTests-577235212 tempest-ImageDependencyTests-577235212-project-member] Using url versioning {{(pid=99725) process_request /opt/stack/glance/glance/api/middleware/version_negotiation.py:57}}
Jul 10 06:11:51.630406 np0000004961 devstack@g-api.service[99725]: DEBUG glance.api.middleware.version_negotiation [None req-153bcb1b-22bd-4da5-a1ca-9161fd0041c0 tempest-ImageDependencyTests-577235212 tempest-ImageDependencyTests-577235212-project-member] Matched version: v2 {{(pid=99725) process_request /opt/stack/glance/glance/api/middleware/version_negotiation.py:69}}
Jul 10 06:11:51.630549 np0000004961 devstack@g-api.service[99725]: DEBUG glance.api.middleware.version_negotiation [None req-153bcb1b-22bd-4da5-a1ca-9161fd0041c0 tempest-ImageDependencyTests-577235212 tempest-ImageDependencyTests-577235212-project-member] new path /v2/schemas/image {{(pid=99725) process_request /opt/stack/glance/glance/api/middleware/version_negotiation.py:70}}
Jul 10 06:11:51.635647 np0000004961 devstack@g-api.service[99725]: [pid: 99725|app: 0|req: 66/198] 127.0.0.1 () {44 vars in 1051 bytes} [Fri Jul 10 06:11:51 2026] GET /v2/schemas/image => generated 6083 bytes in 6 msecs (HTTP/1.1 200) 4 headers in 158 bytes (1 switches on core 0)
Jul 10 06:11:51.640732 np0000004961 devstack@g-api.service[99724]: DEBUG glance.api.middleware.version_negotiation [None req-075cdc01-0a00-43f1-b68a-b763acecd94d tempest-AttachVolumeNegativeTest-721698300 tempest-AttachVolumeNegativeTest-721698300-project-member] Determining version of request: GET /v2/schemas/image Accept: */* {{(pid=99724) process_request /opt/stack/glance/glance/api/middleware/version_negotiation.py:44}}
Jul 10 06:11:51.640915 np0000004961 devstack@g-api.service[99724]: DEBUG glance.api.middleware.version_negotiation [None req-075cdc01-0a00-43f1-b68a-b763acecd94d tempest-AttachVolumeNegativeTest-721698300 tempest-AttachVolumeNegativeTest-721698300-project-member] Using url versioning {{(pid=99724) process_request /opt/stack/glance/glance/api/middleware/version_negotiation.py:57}}
Jul 10 06:11:51.641066 np0000004961 devstack@g-api.service[99724]: DEBUG glance.api.middleware.version_negotiation [None req-075cdc01-0a00-43f1-b68a-b763acecd94d tempest-AttachVolumeNegativeTest-721698300 tempest-AttachVolumeNegativeTest-721698300-project-member] Matched version: v2 {{(pid=99724) process_request /opt/stack/glance/glance/api/middleware/version_negotiation.py:69}}
Jul 10 06:11:51.641179 np0000004961 devstack@g-api.service[99724]: DEBUG glance.api.middleware.version_negotiation [None req-075cdc01-0a00-43f1-b68a-b763acecd94d tempest-AttachVolumeNegativeTest-721698300 tempest-AttachVolumeNegativeTest-721698300-project-member] new path /v2/schemas/image {{(pid=99724) process_request /opt/stack/glance/glance/api/middleware/version_negotiation.py:70}}
Jul 10 06:11:51.643613 np0000004961 devstack@g-api.service[99724]: [pid: 99724|app: 0|req: 67/199] 127.0.0.1 () {44 vars in 1051 bytes} [Fri Jul 10 06:11:51 2026] GET /v2/schemas/image => generated 6083 bytes in 3 msecs (HTTP/1.1 200) 4 headers in 158 bytes (1 switches on core 0)
Jul 10 06:11:51.986762 np0000004961 devstack@g-api.service[99726]: DEBUG glance.api.middleware.version_negotiation [None req-153bcb1b-22bd-4da5-a1ca-9161fd0041c0 tempest-ImageDependencyTests-577235212 tempest-ImageDependencyTests-577235212-project-member] Determining version of request: GET /versions Accept: */* {{(pid=99726) process_request /opt/stack/glance/glance/api/middleware/version_negotiation.py:44}}
Jul 10 06:11:51.987904 np0000004961 devstack@g-api.service[99726]: [pid: 99726|app: 0|req: 67/200] 127.0.0.1 () {44 vars in 1035 bytes} [Fri Jul 10 06:11:51 2026] GET /versions => generated 1501 bytes in 2 msecs (HTTP/1.1 200) 3 headers in 92 bytes (1 switches on core 0)
Jul 10 06:11:51.997833 np0000004961 devstack@g-api.service[99725]: DEBUG glance.api.middleware.version_negotiation [None req-153bcb1b-22bd-4da5-a1ca-9161fd0041c0 tempest-ImageDependencyTests-577235212 tempest-ImageDependencyTests-577235212-project-member] Determining version of request: GET /v2/images/e8ac845b-65b3-49c8-981b-b6be4fafd46e/locations Accept: */* {{(pid=99725) process_request /opt/stack/glance/glance/api/middleware/version_negotiation.py:44}}
Jul 10 06:11:51.997976 np0000004961 devstack@g-api.service[99725]: DEBUG glance.api.middleware.version_negotiation [None req-153bcb1b-22bd-4da5-a1ca-9161fd0041c0 tempest-ImageDependencyTests-577235212 tempest-ImageDependencyTests-577235212-project-member] Using url versioning {{(pid=99725) process_request /opt/stack/glance/glance/api/middleware/version_negotiation.py:57}}
Jul 10 06:11:51.997976 np0000004961 devstack@g-api.service[99725]: DEBUG glance.api.middleware.version_negotiation [None req-153bcb1b-22bd-4da5-a1ca-9161fd0041c0 tempest-ImageDependencyTests-577235212 tempest-ImageDependencyTests-577235212-project-member] Matched version: v2 {{(pid=99725) process_request /opt/stack/glance/glance/api/middleware/version_negotiation.py:69}}
Jul 10 06:11:51.998047 np0000004961 devstack@g-api.service[99725]: DEBUG glance.api.middleware.version_negotiation [None req-153bcb1b-22bd-4da5-a1ca-9161fd0041c0 tempest-ImageDependencyTests-577235212 tempest-ImageDependencyTests-577235212-project-member] new path /v2/images/e8ac845b-65b3-49c8-981b-b6be4fafd46e/locations {{(pid=99725) process_request /opt/stack/glance/glance/api/middleware/version_negotiation.py:70}}
Jul 10 06:11:52.027409 np0000004961 devstack@g-api.service[99725]: [pid: 99725|app: 0|req: 67/201] 127.0.0.1 () {44 vars in 1131 bytes} [Fri Jul 10 06:11:51 2026] GET /v2/images/e8ac845b-65b3-49c8-981b-b6be4fafd46e/locations => generated 92 bytes in 30 msecs (HTTP/1.1 200) 4 headers in 156 bytes (1 switches on core 0)
Jul 10 06:11:52.037191 np0000004961 devstack@g-api.service[99724]: DEBUG glance.api.middleware.version_negotiation [None req-075cdc01-0a00-43f1-b68a-b763acecd94d tempest-AttachVolumeNegativeTest-721698300 tempest-AttachVolumeNegativeTest-721698300-project-member] Determining version of request: GET /v2/images/e8ac845b-65b3-49c8-981b-b6be4fafd46e Accept: */* {{(pid=99724) process_request /opt/stack/glance/glance/api/middleware/version_negotiation.py:44}}
Jul 10 06:11:52.037617 np0000004961 devstack@g-api.service[99724]: DEBUG glance.api.middleware.version_negotiation [None req-075cdc01-0a00-43f1-b68a-b763acecd94d tempest-AttachVolumeNegativeTest-721698300 tempest-AttachVolumeNegativeTest-721698300-project-member] Using url versioning {{(pid=99724) process_request /opt/stack/glance/glance/api/middleware/version_negotiation.py:57}}
Jul 10 06:11:52.037617 np0000004961 devstack@g-api.service[99724]: DEBUG glance.api.middleware.version_negotiation [None req-075cdc01-0a00-43f1-b68a-b763acecd94d tempest-AttachVolumeNegativeTest-721698300 tempest-AttachVolumeNegativeTest-721698300-project-member] Matched version: v2 {{(pid=99724) process_request /opt/stack/glance/glance/api/middleware/version_negotiation.py:69}}
Jul 10 06:11:52.037617 np0000004961 devstack@g-api.service[99724]: DEBUG glance.api.middleware.version_negotiation [None req-075cdc01-0a00-43f1-b68a-b763acecd94d tempest-AttachVolumeNegativeTest-721698300 tempest-AttachVolumeNegativeTest-721698300-project-member] new path /v2/images/e8ac845b-65b3-49c8-981b-b6be4fafd46e {{(pid=99724) process_request /opt/stack/glance/glance/api/middleware/version_negotiation.py:70}}
Jul 10 06:11:52.045625 np0000004961 devstack@g-api.service[99724]: [pid: 99724|app: 0|req: 68/202] 127.0.0.1 () {44 vars in 1111 bytes} [Fri Jul 10 06:11:52 2026] GET /v2/images/e8ac845b-65b3-49c8-981b-b6be4fafd46e => generated 807 bytes in 8 msecs (HTTP/1.1 200) 4 headers in 157 bytes (1 switches on core 0)
Jul 10 06:11:52.053814 np0000004961 devstack@g-api.service[99726]: DEBUG glance.api.middleware.version_negotiation [None req-153bcb1b-22bd-4da5-a1ca-9161fd0041c0 tempest-ImageDependencyTests-577235212 tempest-ImageDependencyTests-577235212-project-member] Determining version of request: GET /v2/schemas/image Accept: */* {{(pid=99726) process_request /opt/stack/glance/glance/api/middleware/version_negotiation.py:44}}
Jul 10 06:11:52.053814 np0000004961 devstack@g-api.service[99726]: DEBUG glance.api.middleware.version_negotiation [None req-153bcb1b-22bd-4da5-a1ca-9161fd0041c0 tempest-ImageDependencyTests-577235212 tempest-ImageDependencyTests-577235212-project-member] Using url versioning {{(pid=99726) process_request /opt/stack/glance/glance/api/middleware/version_negotiation.py:57}}
Jul 10 06:11:52.053814 np0000004961 devstack@g-api.service[99726]: DEBUG glance.api.middleware.version_negotiation [None req-153bcb1b-22bd-4da5-a1ca-9161fd0041c0 tempest-ImageDependencyTests-577235212 tempest-ImageDependencyTests-577235212-project-member] Matched version: v2 {{(pid=99726) process_request /opt/stack/glance/glance/api/middleware/version_negotiation.py:69}}
Jul 10 06:11:52.053814 np0000004961 devstack@g-api.service[99726]: DEBUG glance.api.middleware.version_negotiation [None req-153bcb1b-22bd-4da5-a1ca-9161fd0041c0 tempest-ImageDependencyTests-577235212 tempest-ImageDependencyTests-577235212-project-member] new path /v2/schemas/image {{(pid=99726) process_request /opt/stack/glance/glance/api/middleware/version_negotiation.py:70}}
Jul 10 06:11:52.058793 np0000004961 devstack@g-api.service[99726]: [pid: 99726|app: 0|req: 68/203] 127.0.0.1 () {44 vars in 1051 bytes} [Fri Jul 10 06:11:52 2026] GET /v2/schemas/image => generated 6083 bytes in 6 msecs (HTTP/1.1 200) 4 headers in 158 bytes (1 switches on core 0)
Jul 10 06:11:52.071600 np0000004961 devstack@g-api.service[99725]: DEBUG glance.api.middleware.version_negotiation [None req-153bcb1b-22bd-4da5-a1ca-9161fd0041c0 service glance] Determining version of request: GET /v2/schemas/image Accept: */* {{(pid=99725) process_request /opt/stack/glance/glance/api/middleware/version_negotiation.py:44}}
Jul 10 06:11:52.071600 np0000004961 devstack@g-api.service[99725]: DEBUG glance.api.middleware.version_negotiation [None req-153bcb1b-22bd-4da5-a1ca-9161fd0041c0 service glance] Using url versioning {{(pid=99725) process_request /opt/stack/glance/glance/api/middleware/version_negotiation.py:57}}
Jul 10 06:11:52.071600 np0000004961 devstack@g-api.service[99725]: DEBUG glance.api.middleware.version_negotiation [None req-153bcb1b-22bd-4da5-a1ca-9161fd0041c0 service glance] Matched version: v2 {{(pid=99725) process_request /opt/stack/glance/glance/api/middleware/version_negotiation.py:69}}
Jul 10 06:11:52.071600 np0000004961 devstack@g-api.service[99725]: DEBUG glance.api.middleware.version_negotiation [None req-153bcb1b-22bd-4da5-a1ca-9161fd0041c0 service glance] new path /v2/schemas/image {{(pid=99725) process_request /opt/stack/glance/glance/api/middleware/version_negotiation.py:70}}
Jul 10 06:11:52.074243 np0000004961 devstack@g-api.service[99725]: [pid: 99725|app: 0|req: 68/204] 127.0.0.1 () {44 vars in 1051 bytes} [Fri Jul 10 06:11:52 2026] GET /v2/schemas/image => generated 6083 bytes in 3 msecs (HTTP/1.1 200) 4 headers in 158 bytes (1 switches on core 0)
Jul 10 06:11:52.102005 np0000004961 devstack@g-api.service[99724]: DEBUG glance.api.middleware.version_negotiation [None req-153bcb1b-22bd-4da5-a1ca-9161fd0041c0 tempest-ImageDependencyTests-577235212 tempest-ImageDependencyTests-577235212-project-member] Determining version of request: GET /v2/images/e8ac845b-65b3-49c8-981b-b6be4fafd46e Accept: */* {{(pid=99724) process_request /opt/stack/glance/glance/api/middleware/version_negotiation.py:44}}
Jul 10 06:11:52.102230 np0000004961 devstack@g-api.service[99724]: DEBUG glance.api.middleware.version_negotiation [None req-153bcb1b-22bd-4da5-a1ca-9161fd0041c0 tempest-ImageDependencyTests-577235212 tempest-ImageDependencyTests-577235212-project-member] Using url versioning {{(pid=99724) process_request /opt/stack/glance/glance/api/middleware/version_negotiation.py:57}}
Jul 10 06:11:52.102547 np0000004961 devstack@g-api.service[99724]: DEBUG glance.api.middleware.version_negotiation [None req-153bcb1b-22bd-4da5-a1ca-9161fd0041c0 tempest-ImageDependencyTests-577235212 tempest-ImageDependencyTests-577235212-project-member] Matched version: v2 {{(pid=99724) process_request /opt/stack/glance/glance/api/middleware/version_negotiation.py:69}}
Jul 10 06:11:52.102769 np0000004961 devstack@g-api.service[99724]: DEBUG glance.api.middleware.version_negotiation [None req-153bcb1b-22bd-4da5-a1ca-9161fd0041c0 tempest-ImageDependencyTests-577235212 tempest-ImageDependencyTests-577235212-project-member] new path /v2/images/e8ac845b-65b3-49c8-981b-b6be4fafd46e {{(pid=99724) process_request /opt/stack/glance/glance/api/middleware/version_negotiation.py:70}}
Jul 10 06:11:52.115705 np0000004961 devstack@g-api.service[99724]: [pid: 99724|app: 0|req: 69/205] 127.0.0.1 () {44 vars in 1111 bytes} [Fri Jul 10 06:11:52 2026] GET /v2/images/e8ac845b-65b3-49c8-981b-b6be4fafd46e => generated 807 bytes in 14 msecs (HTTP/1.1 200) 4 headers in 157 bytes (1 switches on core 0)
Jul 10 06:11:52.123772 np0000004961 devstack@g-api.service[99726]: DEBUG glance.api.middleware.version_negotiation [None req-153bcb1b-22bd-4da5-a1ca-9161fd0041c0 tempest-ImageDependencyTests-577235212 tempest-ImageDependencyTests-577235212-project-member] Determining version of request: GET /v2/images/e8ac845b-65b3-49c8-981b-b6be4fafd46e/file Accept: */* {{(pid=99726) process_request /opt/stack/glance/glance/api/middleware/version_negotiation.py:44}}
Jul 10 06:11:52.123772 np0000004961 devstack@g-api.service[99726]: DEBUG glance.api.middleware.version_negotiation [None req-153bcb1b-22bd-4da5-a1ca-9161fd0041c0 tempest-ImageDependencyTests-577235212 tempest-ImageDependencyTests-577235212-project-member] Using url versioning {{(pid=99726) process_request /opt/stack/glance/glance/api/middleware/version_negotiation.py:57}}
