Jul 10 06:14:53.139551 np0000004961 devstack@g-api.service[99726]: DEBUG dbcounter [-] [99726] Writing DB stats glance:SELECT=66,glance:INSERT=19,glance:UPDATE=27,glance:DELETE=1 {{(pid=99726) stat_writer /opt/stack/data/venv/lib/python3.12/site-packages/dbcounter.py:115}}
Jul 10 06:14:54.377379 np0000004961 devstack@g-api.service[99726]: DEBUG glance.api.middleware.version_negotiation [None req-9bd486cc-d152-4394-9bef-2c52362a751f tempest-VolumesBackupsTest-127867408 tempest-VolumesBackupsTest-127867408-project-member] Determining version of request: GET /v2/images/9f3a24a5-201c-4edb-8139-5a712aeee75c Accept: */* {{(pid=99726) process_request /opt/stack/glance/glance/api/middleware/version_negotiation.py:44}}
Jul 10 06:14:54.378085 np0000004961 devstack@g-api.service[99726]: DEBUG glance.api.middleware.version_negotiation [None req-9bd486cc-d152-4394-9bef-2c52362a751f tempest-VolumesBackupsTest-127867408 tempest-VolumesBackupsTest-127867408-project-member] Using url versioning {{(pid=99726) process_request /opt/stack/glance/glance/api/middleware/version_negotiation.py:57}}
Jul 10 06:14:54.378085 np0000004961 devstack@g-api.service[99726]: DEBUG glance.api.middleware.version_negotiation [None req-9bd486cc-d152-4394-9bef-2c52362a751f tempest-VolumesBackupsTest-127867408 tempest-VolumesBackupsTest-127867408-project-member] Matched version: v2 {{(pid=99726) process_request /opt/stack/glance/glance/api/middleware/version_negotiation.py:69}}
Jul 10 06:14:54.378085 np0000004961 devstack@g-api.service[99726]: DEBUG glance.api.middleware.version_negotiation [None req-9bd486cc-d152-4394-9bef-2c52362a751f tempest-VolumesBackupsTest-127867408 tempest-VolumesBackupsTest-127867408-project-member] new path /v2/images/9f3a24a5-201c-4edb-8139-5a712aeee75c {{(pid=99726) process_request /opt/stack/glance/glance/api/middleware/version_negotiation.py:70}}
Jul 10 06:14:54.387181 np0000004961 devstack@g-api.service[99726]: [pid: 99726|app: 0|req: 134/404] 127.0.0.1 () {44 vars in 1111 bytes} [Fri Jul 10 06:14:54 2026] GET /v2/images/9f3a24a5-201c-4edb-8139-5a712aeee75c => generated 1044 bytes in 10 msecs (HTTP/1.1 200) 4 headers in 158 bytes (1 switches on core 0)
Jul 10 06:14:54.426587 np0000004961 devstack@g-api.service[99725]: DEBUG glance.api.middleware.version_negotiation [None req-9bd486cc-d152-4394-9bef-2c52362a751f tempest-VolumesBackupsTest-127867408 tempest-VolumesBackupsTest-127867408-project-member] Determining version of request: GET /v2/schemas/image Accept: */* {{(pid=99725) process_request /opt/stack/glance/glance/api/middleware/version_negotiation.py:44}}
Jul 10 06:14:54.427083 np0000004961 devstack@g-api.service[99725]: DEBUG glance.api.middleware.version_negotiation [None req-9bd486cc-d152-4394-9bef-2c52362a751f tempest-VolumesBackupsTest-127867408 tempest-VolumesBackupsTest-127867408-project-member] Using url versioning {{(pid=99725) process_request /opt/stack/glance/glance/api/middleware/version_negotiation.py:57}}
Jul 10 06:14:54.427083 np0000004961 devstack@g-api.service[99725]: DEBUG glance.api.middleware.version_negotiation [None req-9bd486cc-d152-4394-9bef-2c52362a751f tempest-VolumesBackupsTest-127867408 tempest-VolumesBackupsTest-127867408-project-member] Matched version: v2 {{(pid=99725) process_request /opt/stack/glance/glance/api/middleware/version_negotiation.py:69}}
Jul 10 06:14:54.427083 np0000004961 devstack@g-api.service[99725]: DEBUG glance.api.middleware.version_negotiation [None req-9bd486cc-d152-4394-9bef-2c52362a751f tempest-VolumesBackupsTest-127867408 tempest-VolumesBackupsTest-127867408-project-member] new path /v2/schemas/image {{(pid=99725) process_request /opt/stack/glance/glance/api/middleware/version_negotiation.py:70}}
Jul 10 06:14:54.429711 np0000004961 devstack@g-api.service[99725]: [pid: 99725|app: 0|req: 131/405] 127.0.0.1 () {44 vars in 1051 bytes} [Fri Jul 10 06:14:54 2026] GET /v2/schemas/image => generated 6083 bytes in 3 msecs (HTTP/1.1 200) 4 headers in 158 bytes (1 switches on core 0)
Jul 10 06:15:04.385268 np0000004961 devstack@g-api.service[99726]: DEBUG dbcounter [-] [99726] Writing DB stats glance:SELECT=2 {{(pid=99726) stat_writer /opt/stack/data/venv/lib/python3.12/site-packages/dbcounter.py:115}}
Jul 10 06:15:17.907937 np0000004961 devstack@g-api.service[99724]: DEBUG glance.api.middleware.version_negotiation [None req-9bd486cc-d152-4394-9bef-2c52362a751f tempest-VolumesBackupsTest-127867408 tempest-VolumesBackupsTest-127867408-project-member] Determining version of request: GET /v2/schemas/image Accept: */* {{(pid=99724) process_request /opt/stack/glance/glance/api/middleware/version_negotiation.py:44}}
Jul 10 06:15:17.908454 np0000004961 devstack@g-api.service[99724]: DEBUG glance.api.middleware.version_negotiation [None req-9bd486cc-d152-4394-9bef-2c52362a751f tempest-VolumesBackupsTest-127867408 tempest-VolumesBackupsTest-127867408-project-member] Using url versioning {{(pid=99724) process_request /opt/stack/glance/glance/api/middleware/version_negotiation.py:57}}
Jul 10 06:15:17.908454 np0000004961 devstack@g-api.service[99724]: DEBUG glance.api.middleware.version_negotiation [None req-9bd486cc-d152-4394-9bef-2c52362a751f tempest-VolumesBackupsTest-127867408 tempest-VolumesBackupsTest-127867408-project-member] Matched version: v2 {{(pid=99724) process_request /opt/stack/glance/glance/api/middleware/version_negotiation.py:69}}
Jul 10 06:15:17.908553 np0000004961 devstack@g-api.service[99724]: DEBUG glance.api.middleware.version_negotiation [None req-9bd486cc-d152-4394-9bef-2c52362a751f tempest-VolumesBackupsTest-127867408 tempest-VolumesBackupsTest-127867408-project-member] new path /v2/schemas/image {{(pid=99724) process_request /opt/stack/glance/glance/api/middleware/version_negotiation.py:70}}
Jul 10 06:15:17.910629 np0000004961 devstack@g-api.service[99724]: [pid: 99724|app: 0|req: 141/406] 127.0.0.1 () {44 vars in 1051 bytes} [Fri Jul 10 06:15:17 2026] GET /v2/schemas/image => generated 6083 bytes in 3 msecs (HTTP/1.1 200) 4 headers in 158 bytes (1 switches on core 0)
Jul 10 06:15:17.917821 np0000004961 devstack@g-api.service[99726]: DEBUG glance.api.middleware.version_negotiation [None req-7b720b35-f44e-402a-a9e1-426d8ba313d4 tempest-VolumesActionsTest-738056569 tempest-VolumesActionsTest-738056569-project-member] Determining version of request: POST /v2/images Accept: */* {{(pid=99726) process_request /opt/stack/glance/glance/api/middleware/version_negotiation.py:44}}
Jul 10 06:15:17.918147 np0000004961 devstack@g-api.service[99726]: DEBUG glance.api.middleware.version_negotiation [None req-7b720b35-f44e-402a-a9e1-426d8ba313d4 tempest-VolumesActionsTest-738056569 tempest-VolumesActionsTest-738056569-project-member] Using url versioning {{(pid=99726) process_request /opt/stack/glance/glance/api/middleware/version_negotiation.py:57}}
Jul 10 06:15:17.918147 np0000004961 devstack@g-api.service[99726]: DEBUG glance.api.middleware.version_negotiation [None req-7b720b35-f44e-402a-a9e1-426d8ba313d4 tempest-VolumesActionsTest-738056569 tempest-VolumesActionsTest-738056569-project-member] Matched version: v2 {{(pid=99726) process_request /opt/stack/glance/glance/api/middleware/version_negotiation.py:69}}
Jul 10 06:15:17.918214 np0000004961 devstack@g-api.service[99726]: DEBUG glance.api.middleware.version_negotiation [None req-7b720b35-f44e-402a-a9e1-426d8ba313d4 tempest-VolumesActionsTest-738056569 tempest-VolumesActionsTest-738056569-project-member] new path /v2/images {{(pid=99726) process_request /opt/stack/glance/glance/api/middleware/version_negotiation.py:70}}
Jul 10 06:15:18.341424 np0000004961 devstack@g-api.service[99726]: [pid: 99726|app: 0|req: 135/407] 127.0.0.1 () {46 vars in 1051 bytes} [Fri Jul 10 06:15:17 2026] POST /v2/images => generated 649 bytes in 423 msecs (HTTP/1.1 201) 6 headers in 315 bytes (1 switches on core 0)
Jul 10 06:15:18.348430 np0000004961 devstack@g-api.service[99725]: DEBUG glance.api.middleware.version_negotiation [None req-7b720b35-f44e-402a-a9e1-426d8ba313d4 tempest-VolumesActionsTest-738056569 tempest-VolumesActionsTest-738056569-project-member] Determining version of request: GET /v2/schemas/image Accept: */* {{(pid=99725) process_request /opt/stack/glance/glance/api/middleware/version_negotiation.py:44}}
Jul 10 06:15:18.348862 np0000004961 devstack@g-api.service[99725]: DEBUG glance.api.middleware.version_negotiation [None req-7b720b35-f44e-402a-a9e1-426d8ba313d4 tempest-VolumesActionsTest-738056569 tempest-VolumesActionsTest-738056569-project-member] Using url versioning {{(pid=99725) process_request /opt/stack/glance/glance/api/middleware/version_negotiation.py:57}}
Jul 10 06:15:18.348862 np0000004961 devstack@g-api.service[99725]: DEBUG glance.api.middleware.version_negotiation [None req-7b720b35-f44e-402a-a9e1-426d8ba313d4 tempest-VolumesActionsTest-738056569 tempest-VolumesActionsTest-738056569-project-member] Matched version: v2 {{(pid=99725) process_request /opt/stack/glance/glance/api/middleware/version_negotiation.py:69}}
Jul 10 06:15:18.348862 np0000004961 devstack@g-api.service[99725]: DEBUG glance.api.middleware.version_negotiation [None req-7b720b35-f44e-402a-a9e1-426d8ba313d4 tempest-VolumesActionsTest-738056569 tempest-VolumesActionsTest-738056569-project-member] new path /v2/schemas/image {{(pid=99725) process_request /opt/stack/glance/glance/api/middleware/version_negotiation.py:70}}
Jul 10 06:15:18.351048 np0000004961 devstack@g-api.service[99725]: [pid: 99725|app: 0|req: 132/408] 127.0.0.1 () {44 vars in 1051 bytes} [Fri Jul 10 06:15:18 2026] GET /v2/schemas/image => generated 6083 bytes in 3 msecs (HTTP/1.1 200) 4 headers in 158 bytes (1 switches on core 0)
Jul 10 06:15:18.361775 np0000004961 devstack@g-api.service[99724]: DEBUG glance.api.middleware.version_negotiation [None req-400226f8-9316-40dc-9667-6193782a7460 tempest-VolumesActionsTest-738056569 tempest-VolumesActionsTest-738056569-project-member] Determining version of request: GET /v2/images/8065ec6a-9e74-43ab-b7a6-df311b951ad2 Accept: application/json {{(pid=99724) process_request /opt/stack/glance/glance/api/middleware/version_negotiation.py:44}}
Jul 10 06:15:18.362001 np0000004961 devstack@g-api.service[99724]: DEBUG glance.api.middleware.version_negotiation [None req-400226f8-9316-40dc-9667-6193782a7460 tempest-VolumesActionsTest-738056569 tempest-VolumesActionsTest-738056569-project-member] Using url versioning {{(pid=99724) process_request /opt/stack/glance/glance/api/middleware/version_negotiation.py:57}}
Jul 10 06:15:18.362171 np0000004961 devstack@g-api.service[99724]: DEBUG glance.api.middleware.version_negotiation [None req-400226f8-9316-40dc-9667-6193782a7460 tempest-VolumesActionsTest-738056569 tempest-VolumesActionsTest-738056569-project-member] Matched version: v2 {{(pid=99724) process_request /opt/stack/glance/glance/api/middleware/version_negotiation.py:69}}
Jul 10 06:15:18.362354 np0000004961 devstack@g-api.service[99724]: DEBUG glance.api.middleware.version_negotiation [None req-400226f8-9316-40dc-9667-6193782a7460 tempest-VolumesActionsTest-738056569 tempest-VolumesActionsTest-738056569-project-member] new path /v2/images/8065ec6a-9e74-43ab-b7a6-df311b951ad2 {{(pid=99724) process_request /opt/stack/glance/glance/api/middleware/version_negotiation.py:70}}
Jul 10 06:15:18.375104 np0000004961 devstack@g-api.service[99724]: [pid: 99724|app: 0|req: 142/409] 127.0.0.1 () {40 vars in 834 bytes} [Fri Jul 10 06:15:18 2026] GET /v2/images/8065ec6a-9e74-43ab-b7a6-df311b951ad2 => generated 649 bytes in 12 msecs (HTTP/1.1 200) 4 headers in 157 bytes (1 switches on core 0)
Jul 10 06:15:18.798254 np0000004961 devstack@g-api.service[99726]: DEBUG glance.api.middleware.version_negotiation [None req-400226f8-9316-40dc-9667-6193782a7460 tempest-VolumesActionsTest-738056569 tempest-VolumesActionsTest-738056569-project-member] Determining version of request: PUT /v2/images/8065ec6a-9e74-43ab-b7a6-df311b951ad2/file Accept: */* {{(pid=99726) process_request /opt/stack/glance/glance/api/middleware/version_negotiation.py:44}}
Jul 10 06:15:18.798516 np0000004961 devstack@g-api.service[99726]: DEBUG glance.api.middleware.version_negotiation [None req-400226f8-9316-40dc-9667-6193782a7460 tempest-VolumesActionsTest-738056569 tempest-VolumesActionsTest-738056569-project-member] Using url versioning {{(pid=99726) process_request /opt/stack/glance/glance/api/middleware/version_negotiation.py:57}}
Jul 10 06:15:18.798691 np0000004961 devstack@g-api.service[99726]: DEBUG glance.api.middleware.version_negotiation [None req-400226f8-9316-40dc-9667-6193782a7460 tempest-VolumesActionsTest-738056569 tempest-VolumesActionsTest-738056569-project-member] Matched version: v2 {{(pid=99726) process_request /opt/stack/glance/glance/api/middleware/version_negotiation.py:69}}
Jul 10 06:15:18.799226 np0000004961 devstack@g-api.service[99726]: DEBUG glance.api.middleware.version_negotiation [None req-400226f8-9316-40dc-9667-6193782a7460 tempest-VolumesActionsTest-738056569 tempest-VolumesActionsTest-738056569-project-member] new path /v2/images/8065ec6a-9e74-43ab-b7a6-df311b951ad2/file {{(pid=99726) process_request /opt/stack/glance/glance/api/middleware/version_negotiation.py:70}}
Jul 10 06:15:19.258183 np0000004961 devstack@g-api.service[99726]: INFO glance.api.v2.image_data [None req-400226f8-9316-40dc-9667-6193782a7460 tempest-VolumesActionsTest-738056569 tempest-VolumesActionsTest-738056569-project-member] Unable to create trust: no such option collect_timing in group [keystone_authtoken] Use the existing user token.
Jul 10 06:15:19.383014 np0000004961 devstack@g-api.service[99725]: DEBUG glance.api.middleware.version_negotiation [None req-400226f8-9316-40dc-9667-6193782a7460 tempest-VolumesActionsTest-738056569 tempest-VolumesActionsTest-738056569-project-member] Determining version of request: GET /v2/images/8065ec6a-9e74-43ab-b7a6-df311b951ad2 Accept: application/json {{(pid=99725) process_request /opt/stack/glance/glance/api/middleware/version_negotiation.py:44}}
Jul 10 06:15:19.383398 np0000004961 devstack@g-api.service[99725]: DEBUG glance.api.middleware.version_negotiation [None req-400226f8-9316-40dc-9667-6193782a7460 tempest-VolumesActionsTest-738056569 tempest-VolumesActionsTest-738056569-project-member] Using url versioning {{(pid=99725) process_request /opt/stack/glance/glance/api/middleware/version_negotiation.py:57}}
Jul 10 06:15:19.383398 np0000004961 devstack@g-api.service[99725]: DEBUG glance.api.middleware.version_negotiation [None req-400226f8-9316-40dc-9667-6193782a7460 tempest-VolumesActionsTest-738056569 tempest-VolumesActionsTest-738056569-project-member] Matched version: v2 {{(pid=99725) process_request /opt/stack/glance/glance/api/middleware/version_negotiation.py:69}}
Jul 10 06:15:19.383398 np0000004961 devstack@g-api.service[99725]: DEBUG glance.api.middleware.version_negotiation [None req-400226f8-9316-40dc-9667-6193782a7460 tempest-VolumesActionsTest-738056569 tempest-VolumesActionsTest-738056569-project-member] new path /v2/images/8065ec6a-9e74-43ab-b7a6-df311b951ad2 {{(pid=99725) process_request /opt/stack/glance/glance/api/middleware/version_negotiation.py:70}}
Jul 10 06:15:19.392314 np0000004961 devstack@g-api.service[99725]: [pid: 99725|app: 0|req: 133/410] 127.0.0.1 () {40 vars in 834 bytes} [Fri Jul 10 06:15:19 2026] GET /v2/images/8065ec6a-9e74-43ab-b7a6-df311b951ad2 => generated 649 bytes in 9 msecs (HTTP/1.1 200) 4 headers in 157 bytes (1 switches on core 0)
Jul 10 06:15:19.695892 np0000004961 devstack@g-api.service[99726]: DEBUG glance.location [None req-400226f8-9316-40dc-9667-6193782a7460 tempest-VolumesActionsTest-738056569 tempest-VolumesActionsTest-738056569-project-member] Enabling in-flight format inspection for raw {{(pid=99726) set_data /opt/stack/glance/glance/location.py:596}}
Jul 10 06:15:19.695892 np0000004961 devstack@g-api.service[99726]: DEBUG glance_store.backend [None req-400226f8-9316-40dc-9667-6193782a7460 tempest-VolumesActionsTest-738056569 tempest-VolumesActionsTest-738056569-project-member] Attempting to import store swift {{(pid=99726) _load_store /opt/stack/data/venv/lib/python3.12/site-packages/glance_store/backend.py:215}}
Jul 10 06:15:19.696491 np0000004961 devstack@g-api.service[99726]: DEBUG glance_store.capabilities [None req-400226f8-9316-40dc-9667-6193782a7460 tempest-VolumesActionsTest-738056569 tempest-VolumesActionsTest-738056569-project-member] Store glance_store._drivers.swift.store.SingleTenantStore doesn't support updating dynamic storage capabilities. Please overwrite 'update_capabilities' method of the store to implement updating logics if needed. {{(pid=99726) update_capabilities /opt/stack/data/venv/lib/python3.12/site-packages/glance_store/capabilities.py:91}}
Jul 10 06:15:19.696579 np0000004961 devstack@g-api.service[99726]: DEBUG glance_store.driver [None req-400226f8-9316-40dc-9667-6193782a7460 tempest-VolumesActionsTest-738056569 tempest-VolumesActionsTest-738056569-project-member] Late loading location class glance_store._drivers.swift.store.StoreLocation {{(pid=99726) get_store_location_class /opt/stack/data/venv/lib/python3.12/site-packages/glance_store/driver.py:134}}
Jul 10 06:15:19.697132 np0000004961 devstack@g-api.service[99726]: DEBUG glance_store.location [None req-400226f8-9316-40dc-9667-6193782a7460 tempest-VolumesActionsTest-738056569 tempest-VolumesActionsTest-738056569-project-member] Registering scheme swift+https with {'store': , 'location_class': , 'store_entry': 'swift'} {{(pid=99726) register_scheme_map /opt/stack/data/venv/lib/python3.12/site-packages/glance_store/location.py:146}}
Jul 10 06:15:19.697132 np0000004961 devstack@g-api.service[99726]: DEBUG glance_store.location [None req-400226f8-9316-40dc-9667-6193782a7460 tempest-VolumesActionsTest-738056569 tempest-VolumesActionsTest-738056569-project-member] Registering scheme swift+https with {'store': , 'location_class': , 'store_entry': 'swift'} {{(pid=99726) register_scheme_map /opt/stack/data/venv/lib/python3.12/site-packages/glance_store/location.py:146}}
Jul 10 06:15:19.697132 np0000004961 devstack@g-api.service[99726]: DEBUG glance_store.location [None req-400226f8-9316-40dc-9667-6193782a7460 tempest-VolumesActionsTest-738056569 tempest-VolumesActionsTest-738056569-project-member] Registering scheme swift with {'store': , 'location_class': , 'store_entry': 'swift'} {{(pid=99726) register_scheme_map /opt/stack/data/venv/lib/python3.12/site-packages/glance_store/location.py:146}}
Jul 10 06:15:19.697132 np0000004961 devstack@g-api.service[99726]: DEBUG glance_store.location [None req-400226f8-9316-40dc-9667-6193782a7460 tempest-VolumesActionsTest-738056569 tempest-VolumesActionsTest-738056569-project-member] Registering scheme swift+https with {'store': , 'location_class': , 'store_entry': 'swift'} {{(pid=99726) register_scheme_map /opt/stack/data/venv/lib/python3.12/site-packages/glance_store/location.py:146}}
Jul 10 06:15:19.697132 np0000004961 devstack@g-api.service[99726]: DEBUG glance_store.location [None req-400226f8-9316-40dc-9667-6193782a7460 tempest-VolumesActionsTest-738056569 tempest-VolumesActionsTest-738056569-project-member] Registering scheme swift with {'store': , 'location_class': , 'store_entry': 'swift'} {{(pid=99726) register_scheme_map /opt/stack/data/venv/lib/python3.12/site-packages/glance_store/location.py:146}}
Jul 10 06:15:19.697132 np0000004961 devstack@g-api.service[99726]: DEBUG glance_store.location [None req-400226f8-9316-40dc-9667-6193782a7460 tempest-VolumesActionsTest-738056569 tempest-VolumesActionsTest-738056569-project-member] Registering scheme swift+http with {'store': , 'location_class': , 'store_entry': 'swift'} {{(pid=99726) register_scheme_map /opt/stack/data/venv/lib/python3.12/site-packages/glance_store/location.py:146}}
Jul 10 06:15:19.697132 np0000004961 devstack@g-api.service[99726]: DEBUG glance_store.location [None req-400226f8-9316-40dc-9667-6193782a7460 tempest-VolumesActionsTest-738056569 tempest-VolumesActionsTest-738056569-project-member] Registering scheme swift+https with {'store': , 'location_class': , 'store_entry': 'swift'} {{(pid=99726) register_scheme_map /opt/stack/data/venv/lib/python3.12/site-packages/glance_store/location.py:146}}
Jul 10 06:15:19.697132 np0000004961 devstack@g-api.service[99726]: DEBUG glance_store.location [None req-400226f8-9316-40dc-9667-6193782a7460 tempest-VolumesActionsTest-738056569 tempest-VolumesActionsTest-738056569-project-member] Registering scheme swift with {'store': , 'location_class': , 'store_entry': 'swift'} {{(pid=99726) register_scheme_map /opt/stack/data/venv/lib/python3.12/site-packages/glance_store/location.py:146}}
Jul 10 06:15:19.697413 np0000004961 devstack@g-api.service[99726]: DEBUG glance_store.location [None req-400226f8-9316-40dc-9667-6193782a7460 tempest-VolumesActionsTest-738056569 tempest-VolumesActionsTest-738056569-project-member] Registering scheme swift+http with {'store': , 'location_class': , 'store_entry': 'swift'} {{(pid=99726) register_scheme_map /opt/stack/data/venv/lib/python3.12/site-packages/glance_store/location.py:146}}
Jul 10 06:15:19.697413 np0000004961 devstack@g-api.service[99726]: DEBUG glance_store.location [None req-400226f8-9316-40dc-9667-6193782a7460 tempest-VolumesActionsTest-738056569 tempest-VolumesActionsTest-738056569-project-member] Registering scheme swift+config with {'store': , 'location_class': , 'store_entry': 'swift'} {{(pid=99726) register_scheme_map /opt/stack/data/venv/lib/python3.12/site-packages/glance_store/location.py:146}}
Jul 10 06:15:19.904828 np0000004961 devstack@g-api.service[99726]: DEBUG swiftclient [None req-400226f8-9316-40dc-9667-6193782a7460 tempest-VolumesActionsTest-738056569 tempest-VolumesActionsTest-738056569-project-member] REQ: curl -i https://10.4.3.23:8080/v1/AUTH_1fa7ef7e5ba149929033b2c8b9843b98/glance -I -H "X-Auth-Token: gAAAAABqUI33US6I..." {{(pid=99726) http_log /opt/stack/data/venv/lib/python3.12/site-packages/swiftclient/client.py:160}}
Jul 10 06:15:19.904916 np0000004961 devstack@g-api.service[99726]: DEBUG swiftclient [None req-400226f8-9316-40dc-9667-6193782a7460 tempest-VolumesActionsTest-738056569 tempest-VolumesActionsTest-738056569-project-member] RESP STATUS: 204 No Content {{(pid=99726) http_log /opt/stack/data/venv/lib/python3.12/site-packages/swiftclient/client.py:161}}
Jul 10 06:15:19.905069 np0000004961 devstack@g-api.service[99726]: DEBUG swiftclient [None req-400226f8-9316-40dc-9667-6193782a7460 tempest-VolumesActionsTest-738056569 tempest-VolumesActionsTest-738056569-project-member] RESP HEADERS: {'Date': 'Fri, 10 Jul 2026 06:15:19 GMT', 'Server': 'Apache/2.4.58 (Ubuntu)', 'Content-Type': 'text/plain; charset=utf-8', 'X-Container-Object-Count': '3', 'X-Container-Bytes-Used': '64356352', 'X-Timestamp': '1783663624.99373', 'Last-Modified': 'Fri, 10 Jul 2026 06:07:05 GMT', 'Accept-Ranges': 'bytes', 'X-Storage-Policy': 'Policy-0', 'X-Container-Sharding': 'False', 'Vary': 'Accept', 'X-Trans-Id': 'txb86f2acbbca9405f8a128-006a508df7', 'X-Openstack-Request-Id': 'txb86f2acbbca9405f8a128-006a508df7', 'Connection': 'close'} {{(pid=99726) http_log /opt/stack/data/venv/lib/python3.12/site-packages/swiftclient/client.py:162}}
Jul 10 06:15:19.905230 np0000004961 devstack@g-api.service[99726]: DEBUG glance_store._drivers.swift.store [None req-400226f8-9316-40dc-9667-6193782a7460 tempest-VolumesActionsTest-738056569 tempest-VolumesActionsTest-738056569-project-member] Adding image object '8065ec6a-9e74-43ab-b7a6-df311b951ad2' to Swift {{(pid=99726) add /opt/stack/data/venv/lib/python3.12/site-packages/glance_store/_drivers/swift/store.py:970}}
Jul 10 06:15:19.905303 np0000004961 devstack@g-api.service[99726]: DEBUG glance_store._drivers.swift.store [None req-400226f8-9316-40dc-9667-6193782a7460 tempest-VolumesActionsTest-738056569 tempest-VolumesActionsTest-738056569-project-member] Cannot determine image size because it is either not provided in the request or chunked-transfer encoding is used. Adding image as a segmented object to Swift. {{(pid=99726) add /opt/stack/data/venv/lib/python3.12/site-packages/glance_store/_drivers/swift/store.py:994}}
Jul 10 06:15:19.909761 np0000004961 devstack@g-api.service[99726]: DEBUG oslo_utils.imageutils.format_inspector [None req-400226f8-9316-40dc-9667-6193782a7460 tempest-VolumesActionsTest-738056569 tempest-VolumesActionsTest-738056569-project-member] Format inspector for vmdk does not match, excluding from consideration (Signature KDMV not found: b'\x00\x00\x00\x00') {{(pid=99726) _process_chunk /opt/stack/data/venv/lib/python3.12/site-packages/oslo_utils/imageutils/format_inspector.py:1758}}
Jul 10 06:15:19.912171 np0000004961 devstack@g-api.service[99726]: DEBUG oslo_utils.imageutils.format_inspector [None req-400226f8-9316-40dc-9667-6193782a7460 tempest-VolumesActionsTest-738056569 tempest-VolumesActionsTest-738056569-project-member] Format inspector for vhdx does not match, excluding from consideration (Region signature not found at 30000) {{(pid=99726) _process_chunk /opt/stack/data/venv/lib/python3.12/site-packages/oslo_utils/imageutils/format_inspector.py:1758}}
Jul 10 06:15:20.401364 np0000004961 devstack@g-api.service[99724]: DEBUG glance.api.middleware.version_negotiation [None req-7c09e53c-2958-420a-89a8-d9b81c5bdd18 tempest-VolumesActionsTest-738056569 tempest-VolumesActionsTest-738056569-project-member] Determining version of request: GET /v2/images/8065ec6a-9e74-43ab-b7a6-df311b951ad2 Accept: application/json {{(pid=99724) process_request /opt/stack/glance/glance/api/middleware/version_negotiation.py:44}}
Jul 10 06:15:20.401648 np0000004961 devstack@g-api.service[99724]: DEBUG glance.api.middleware.version_negotiation [None req-7c09e53c-2958-420a-89a8-d9b81c5bdd18 tempest-VolumesActionsTest-738056569 tempest-VolumesActionsTest-738056569-project-member] Using url versioning {{(pid=99724) process_request /opt/stack/glance/glance/api/middleware/version_negotiation.py:57}}
Jul 10 06:15:20.401712 np0000004961 devstack@g-api.service[99724]: DEBUG glance.api.middleware.version_negotiation [None req-7c09e53c-2958-420a-89a8-d9b81c5bdd18 tempest-VolumesActionsTest-738056569 tempest-VolumesActionsTest-738056569-project-member] Matched version: v2 {{(pid=99724) process_request /opt/stack/glance/glance/api/middleware/version_negotiation.py:69}}
Jul 10 06:15:20.401854 np0000004961 devstack@g-api.service[99724]: DEBUG glance.api.middleware.version_negotiation [None req-7c09e53c-2958-420a-89a8-d9b81c5bdd18 tempest-VolumesActionsTest-738056569 tempest-VolumesActionsTest-738056569-project-member] new path /v2/images/8065ec6a-9e74-43ab-b7a6-df311b951ad2 {{(pid=99724) process_request /opt/stack/glance/glance/api/middleware/version_negotiation.py:70}}
Jul 10 06:15:20.417929 np0000004961 devstack@g-api.service[99724]: [pid: 99724|app: 0|req: 143/411] 127.0.0.1 () {40 vars in 834 bytes} [Fri Jul 10 06:15:20 2026] GET /v2/images/8065ec6a-9e74-43ab-b7a6-df311b951ad2 => generated 649 bytes in 17 msecs (HTTP/1.1 200) 4 headers in 157 bytes (1 switches on core 0)
Jul 10 06:15:21.428606 np0000004961 devstack@g-api.service[99725]: DEBUG glance.api.middleware.version_negotiation [None req-1320d8bd-5181-4a82-8091-17cdc6cea093 tempest-VolumesActionsTest-738056569 tempest-VolumesActionsTest-738056569-project-member] Determining version of request: GET /v2/images/8065ec6a-9e74-43ab-b7a6-df311b951ad2 Accept: application/json {{(pid=99725) process_request /opt/stack/glance/glance/api/middleware/version_negotiation.py:44}}
Jul 10 06:15:21.428909 np0000004961 devstack@g-api.service[99725]: DEBUG glance.api.middleware.version_negotiation [None req-1320d8bd-5181-4a82-8091-17cdc6cea093 tempest-VolumesActionsTest-738056569 tempest-VolumesActionsTest-738056569-project-member] Using url versioning {{(pid=99725) process_request /opt/stack/glance/glance/api/middleware/version_negotiation.py:57}}
Jul 10 06:15:21.428944 np0000004961 devstack@g-api.service[99725]: DEBUG glance.api.middleware.version_negotiation [None req-1320d8bd-5181-4a82-8091-17cdc6cea093 tempest-VolumesActionsTest-738056569 tempest-VolumesActionsTest-738056569-project-member] Matched version: v2 {{(pid=99725) process_request /opt/stack/glance/glance/api/middleware/version_negotiation.py:69}}
Jul 10 06:15:21.429071 np0000004961 devstack@g-api.service[99725]: DEBUG glance.api.middleware.version_negotiation [None req-1320d8bd-5181-4a82-8091-17cdc6cea093 tempest-VolumesActionsTest-738056569 tempest-VolumesActionsTest-738056569-project-member] new path /v2/images/8065ec6a-9e74-43ab-b7a6-df311b951ad2 {{(pid=99725) process_request /opt/stack/glance/glance/api/middleware/version_negotiation.py:70}}
Jul 10 06:15:21.442712 np0000004961 devstack@g-api.service[99725]: [pid: 99725|app: 0|req: 134/412] 127.0.0.1 () {40 vars in 834 bytes} [Fri Jul 10 06:15:21 2026] GET /v2/images/8065ec6a-9e74-43ab-b7a6-df311b951ad2 => generated 649 bytes in 14 msecs (HTTP/1.1 200) 4 headers in 157 bytes (1 switches on core 0)
Jul 10 06:15:21.869335 np0000004961 devstack@g-api.service[99726]: DEBUG swiftclient [None req-400226f8-9316-40dc-9667-6193782a7460 tempest-VolumesActionsTest-738056569 tempest-VolumesActionsTest-738056569-project-member] REQ: curl -i https://10.4.3.23:8080/v1/AUTH_1fa7ef7e5ba149929033b2c8b9843b98/glance/8065ec6a-9e74-43ab-b7a6-df311b951ad2-00001 -X PUT -H "X-Auth-Token: gAAAAABqUI33US6I..." {{(pid=99726) http_log /opt/stack/data/venv/lib/python3.12/site-packages/swiftclient/client.py:160}}
Jul 10 06:15:21.869578 np0000004961 devstack@g-api.service[99726]: DEBUG swiftclient [None req-400226f8-9316-40dc-9667-6193782a7460 tempest-VolumesActionsTest-738056569 tempest-VolumesActionsTest-738056569-project-member] RESP STATUS: 201 Created {{(pid=99726) http_log /opt/stack/data/venv/lib/python3.12/site-packages/swiftclient/client.py:161}}
Jul 10 06:15:21.869578 np0000004961 devstack@g-api.service[99726]: DEBUG swiftclient [None req-400226f8-9316-40dc-9667-6193782a7460 tempest-VolumesActionsTest-738056569 tempest-VolumesActionsTest-738056569-project-member] RESP HEADERS: {'Date': 'Fri, 10 Jul 2026 06:15:21 GMT', 'Server': 'Apache/2.4.58 (Ubuntu)', 'Content-Type': 'text/html; charset=UTF-8', 'Content-Length': '0', 'Etag': 'eda9a9889837ac4bc81d6387d92c1bec', 'Last-Modified': 'Fri, 10 Jul 2026 06:15:20 GMT', 'X-Trans-Id': 'txda714c1c39194c80857ca-006a508df7', 'X-Openstack-Request-Id': 'txda714c1c39194c80857ca-006a508df7', 'Connection': 'close'} {{(pid=99726) http_log /opt/stack/data/venv/lib/python3.12/site-packages/swiftclient/client.py:162}}
Jul 10 06:15:21.869719 np0000004961 devstack@g-api.service[99726]: DEBUG glance_store._drivers.swift.store [None req-400226f8-9316-40dc-9667-6193782a7460 tempest-VolumesActionsTest-738056569 tempest-VolumesActionsTest-738056569-project-member] Wrote chunk 8065ec6a-9e74-43ab-b7a6-df311b951ad2-00001 (1/?) of length 204800000 to Swift returning MD5 of content: eda9a9889837ac4bc81d6387d92c1bec {{(pid=99726) add /opt/stack/data/venv/lib/python3.12/site-packages/glance_store/_drivers/swift/store.py:1059}}
Jul 10 06:15:21.982808 np0000004961 devstack@g-api.service[99724]: DEBUG glance.api.middleware.version_negotiation [None req-51b28171-643d-47c4-84c4-3ba3f5739a4c tempest-VolumesActionsTest-738056569 tempest-VolumesActionsTest-738056569-project-member] Determining version of request: GET /v2/images/9f3a24a5-201c-4edb-8139-5a712aeee75c Accept: */* {{(pid=99724) process_request /opt/stack/glance/glance/api/middleware/version_negotiation.py:44}}
Jul 10 06:15:21.983334 np0000004961 devstack@g-api.service[99724]: DEBUG glance.api.middleware.version_negotiation [None req-51b28171-643d-47c4-84c4-3ba3f5739a4c tempest-VolumesActionsTest-738056569 tempest-VolumesActionsTest-738056569-project-member] Using url versioning {{(pid=99724) process_request /opt/stack/glance/glance/api/middleware/version_negotiation.py:57}}
Jul 10 06:15:21.983334 np0000004961 devstack@g-api.service[99724]: DEBUG glance.api.middleware.version_negotiation [None req-51b28171-643d-47c4-84c4-3ba3f5739a4c tempest-VolumesActionsTest-738056569 tempest-VolumesActionsTest-738056569-project-member] Matched version: v2 {{(pid=99724) process_request /opt/stack/glance/glance/api/middleware/version_negotiation.py:69}}
Jul 10 06:15:21.983334 np0000004961 devstack@g-api.service[99724]: DEBUG glance.api.middleware.version_negotiation [None req-51b28171-643d-47c4-84c4-3ba3f5739a4c tempest-VolumesActionsTest-738056569 tempest-VolumesActionsTest-738056569-project-member] new path /v2/images/9f3a24a5-201c-4edb-8139-5a712aeee75c {{(pid=99724) process_request /opt/stack/glance/glance/api/middleware/version_negotiation.py:70}}
Jul 10 06:15:21.994783 np0000004961 devstack@g-api.service[99724]: [pid: 99724|app: 0|req: 144/413] 127.0.0.1 () {44 vars in 1111 bytes} [Fri Jul 10 06:15:21 2026] GET /v2/images/9f3a24a5-201c-4edb-8139-5a712aeee75c => generated 1044 bytes in 12 msecs (HTTP/1.1 200) 4 headers in 158 bytes (1 switches on core 0)
Jul 10 06:15:22.035750 np0000004961 devstack@g-api.service[99725]: DEBUG glance.api.middleware.version_negotiation [None req-1cef45da-09e3-4018-8473-641d4675f197 tempest-VolumesActionsTest-738056569 tempest-VolumesActionsTest-738056569-project-member] Determining version of request: GET /v2/schemas/image Accept: */* {{(pid=99725) process_request /opt/stack/glance/glance/api/middleware/version_negotiation.py:44}}
Jul 10 06:15:22.036150 np0000004961 devstack@g-api.service[99725]: DEBUG glance.api.middleware.version_negotiation [None req-1cef45da-09e3-4018-8473-641d4675f197 tempest-VolumesActionsTest-738056569 tempest-VolumesActionsTest-738056569-project-member] Using url versioning {{(pid=99725) process_request /opt/stack/glance/glance/api/middleware/version_negotiation.py:57}}
Jul 10 06:15:22.036150 np0000004961 devstack@g-api.service[99725]: DEBUG glance.api.middleware.version_negotiation [None req-1cef45da-09e3-4018-8473-641d4675f197 tempest-VolumesActionsTest-738056569 tempest-VolumesActionsTest-738056569-project-member] Matched version: v2 {{(pid=99725) process_request /opt/stack/glance/glance/api/middleware/version_negotiation.py:69}}
Jul 10 06:15:22.036245 np0000004961 devstack@g-api.service[99725]: DEBUG glance.api.middleware.version_negotiation [None req-1cef45da-09e3-4018-8473-641d4675f197 tempest-VolumesActionsTest-738056569 tempest-VolumesActionsTest-738056569-project-member] new path /v2/schemas/image {{(pid=99725) process_request /opt/stack/glance/glance/api/middleware/version_negotiation.py:70}}
Jul 10 06:15:22.038578 np0000004961 devstack@g-api.service[99725]: [pid: 99725|app: 0|req: 135/414] 127.0.0.1 () {44 vars in 1051 bytes} [Fri Jul 10 06:15:22 2026] GET /v2/schemas/image => generated 6083 bytes in 3 msecs (HTTP/1.1 200) 4 headers in 158 bytes (1 switches on core 0)
Jul 10 06:15:22.455348 np0000004961 devstack@g-api.service[99724]: DEBUG glance.api.middleware.version_negotiation [None req-85ebb177-04b0-43f8-8f54-28cf34b207ff tempest-VolumesBackupsTest-127867408 tempest-VolumesBackupsTest-127867408-project-member] Determining version of request: GET /v2/images/8065ec6a-9e74-43ab-b7a6-df311b951ad2 Accept: application/json {{(pid=99724) process_request /opt/stack/glance/glance/api/middleware/version_negotiation.py:44}}
Jul 10 06:15:22.455348 np0000004961 devstack@g-api.service[99724]: DEBUG glance.api.middleware.version_negotiation [None req-85ebb177-04b0-43f8-8f54-28cf34b207ff tempest-VolumesBackupsTest-127867408 tempest-VolumesBackupsTest-127867408-project-member] Using url versioning {{(pid=99724) process_request /opt/stack/glance/glance/api/middleware/version_negotiation.py:57}}
Jul 10 06:15:22.455348 np0000004961 devstack@g-api.service[99724]: DEBUG glance.api.middleware.version_negotiation [None req-85ebb177-04b0-43f8-8f54-28cf34b207ff tempest-VolumesBackupsTest-127867408 tempest-VolumesBackupsTest-127867408-project-member] Matched version: v2 {{(pid=99724) process_request /opt/stack/glance/glance/api/middleware/version_negotiation.py:69}}
Jul 10 06:15:22.455348 np0000004961 devstack@g-api.service[99724]: DEBUG glance.api.middleware.version_negotiation [None req-85ebb177-04b0-43f8-8f54-28cf34b207ff tempest-VolumesBackupsTest-127867408 tempest-VolumesBackupsTest-127867408-project-member] new path /v2/images/8065ec6a-9e74-43ab-b7a6-df311b951ad2 {{(pid=99724) process_request /opt/stack/glance/glance/api/middleware/version_negotiation.py:70}}
Jul 10 06:15:22.471198 np0000004961 devstack@g-api.service[99724]: [pid: 99724|app: 0|req: 145/415] 127.0.0.1 () {40 vars in 834 bytes} [Fri Jul 10 06:15:22 2026] GET /v2/images/8065ec6a-9e74-43ab-b7a6-df311b951ad2 => generated 649 bytes in 19 msecs (HTTP/1.1 200) 4 headers in 157 bytes (1 switches on core 0)
Jul 10 06:15:23.480808 np0000004961 devstack@g-api.service[99725]: DEBUG glance.api.middleware.version_negotiation [None req-85ebb177-04b0-43f8-8f54-28cf34b207ff tempest-VolumesBackupsTest-127867408 tempest-VolumesBackupsTest-127867408-project-member] Determining version of request: GET /v2/images/8065ec6a-9e74-43ab-b7a6-df311b951ad2 Accept: application/json {{(pid=99725) process_request /opt/stack/glance/glance/api/middleware/version_negotiation.py:44}}
Jul 10 06:15:23.481430 np0000004961 devstack@g-api.service[99725]: DEBUG glance.api.middleware.version_negotiation [None req-85ebb177-04b0-43f8-8f54-28cf34b207ff tempest-VolumesBackupsTest-127867408 tempest-VolumesBackupsTest-127867408-project-member] Using url versioning {{(pid=99725) process_request /opt/stack/glance/glance/api/middleware/version_negotiation.py:57}}
Jul 10 06:15:23.481430 np0000004961 devstack@g-api.service[99725]: DEBUG glance.api.middleware.version_negotiation [None req-85ebb177-04b0-43f8-8f54-28cf34b207ff tempest-VolumesBackupsTest-127867408 tempest-VolumesBackupsTest-127867408-project-member] Matched version: v2 {{(pid=99725) process_request /opt/stack/glance/glance/api/middleware/version_negotiation.py:69}}
Jul 10 06:15:23.481430 np0000004961 devstack@g-api.service[99725]: DEBUG glance.api.middleware.version_negotiation [None req-85ebb177-04b0-43f8-8f54-28cf34b207ff tempest-VolumesBackupsTest-127867408 tempest-VolumesBackupsTest-127867408-project-member] new path /v2/images/8065ec6a-9e74-43ab-b7a6-df311b951ad2 {{(pid=99725) process_request /opt/stack/glance/glance/api/middleware/version_negotiation.py:70}}
Jul 10 06:15:23.503751 np0000004961 devstack@g-api.service[99725]: [pid: 99725|app: 0|req: 136/416] 127.0.0.1 () {40 vars in 834 bytes} [Fri Jul 10 06:15:23 2026] GET /v2/images/8065ec6a-9e74-43ab-b7a6-df311b951ad2 => generated 649 bytes in 23 msecs (HTTP/1.1 200) 4 headers in 157 bytes (1 switches on core 0)
Jul 10 06:15:23.808499 np0000004961 devstack@g-api.service[99726]: DEBUG swiftclient [None req-400226f8-9316-40dc-9667-6193782a7460 tempest-VolumesActionsTest-738056569 tempest-VolumesActionsTest-738056569-project-member] REQ: curl -i https://10.4.3.23:8080/v1/AUTH_1fa7ef7e5ba149929033b2c8b9843b98/glance/8065ec6a-9e74-43ab-b7a6-df311b951ad2-00002 -X PUT -H "X-Auth-Token: gAAAAABqUI33US6I..." {{(pid=99726) http_log /opt/stack/data/venv/lib/python3.12/site-packages/swiftclient/client.py:160}}
Jul 10 06:15:23.808802 np0000004961 devstack@g-api.service[99726]: DEBUG swiftclient [None req-400226f8-9316-40dc-9667-6193782a7460 tempest-VolumesActionsTest-738056569 tempest-VolumesActionsTest-738056569-project-member] RESP STATUS: 201 Created {{(pid=99726) http_log /opt/stack/data/venv/lib/python3.12/site-packages/swiftclient/client.py:161}}
Jul 10 06:15:23.808802 np0000004961 devstack@g-api.service[99726]: DEBUG swiftclient [None req-400226f8-9316-40dc-9667-6193782a7460 tempest-VolumesActionsTest-738056569 tempest-VolumesActionsTest-738056569-project-member] RESP HEADERS: {'Date': 'Fri, 10 Jul 2026 06:15:23 GMT', 'Server': 'Apache/2.4.58 (Ubuntu)', 'Content-Type': 'text/html; charset=UTF-8', 'Content-Length': '0', 'Etag': 'eda9a9889837ac4bc81d6387d92c1bec', 'Last-Modified': 'Fri, 10 Jul 2026 06:15:22 GMT', 'X-Trans-Id': 'tx089141c730b14e038da24-006a508df9', 'X-Openstack-Request-Id': 'tx089141c730b14e038da24-006a508df9', 'Connection': 'close'} {{(pid=99726) http_log /opt/stack/data/venv/lib/python3.12/site-packages/swiftclient/client.py:162}}
Jul 10 06:15:23.808802 np0000004961 devstack@g-api.service[99726]: DEBUG glance_store._drivers.swift.store [None req-400226f8-9316-40dc-9667-6193782a7460 tempest-VolumesActionsTest-738056569 tempest-VolumesActionsTest-738056569-project-member] Wrote chunk 8065ec6a-9e74-43ab-b7a6-df311b951ad2-00002 (2/?) of length 204800000 to Swift returning MD5 of content: eda9a9889837ac4bc81d6387d92c1bec {{(pid=99726) add /opt/stack/data/venv/lib/python3.12/site-packages/glance_store/_drivers/swift/store.py:1059}}
Jul 10 06:15:24.512474 np0000004961 devstack@g-api.service[99724]: DEBUG glance.api.middleware.version_negotiation [None req-41927e7e-7154-405d-9faa-eaad7bb01cc4 tempest-VolumesActionsTest-738056569 tempest-VolumesActionsTest-738056569-project-member] Determining version of request: GET /v2/images/8065ec6a-9e74-43ab-b7a6-df311b951ad2 Accept: application/json {{(pid=99724) process_request /opt/stack/glance/glance/api/middleware/version_negotiation.py:44}}
Jul 10 06:15:24.512945 np0000004961 devstack@g-api.service[99724]: DEBUG glance.api.middleware.version_negotiation [None req-41927e7e-7154-405d-9faa-eaad7bb01cc4 tempest-VolumesActionsTest-738056569 tempest-VolumesActionsTest-738056569-project-member] Using url versioning {{(pid=99724) process_request /opt/stack/glance/glance/api/middleware/version_negotiation.py:57}}
Jul 10 06:15:24.512945 np0000004961 devstack@g-api.service[99724]: DEBUG glance.api.middleware.version_negotiation [None req-41927e7e-7154-405d-9faa-eaad7bb01cc4 tempest-VolumesActionsTest-738056569 tempest-VolumesActionsTest-738056569-project-member] Matched version: v2 {{(pid=99724) process_request /opt/stack/glance/glance/api/middleware/version_negotiation.py:69}}
Jul 10 06:15:24.512945 np0000004961 devstack@g-api.service[99724]: DEBUG glance.api.middleware.version_negotiation [None req-41927e7e-7154-405d-9faa-eaad7bb01cc4 tempest-VolumesActionsTest-738056569 tempest-VolumesActionsTest-738056569-project-member] new path /v2/images/8065ec6a-9e74-43ab-b7a6-df311b951ad2 {{(pid=99724) process_request /opt/stack/glance/glance/api/middleware/version_negotiation.py:70}}
Jul 10 06:15:24.533430 np0000004961 devstack@g-api.service[99724]: [pid: 99724|app: 0|req: 146/417] 127.0.0.1 () {40 vars in 834 bytes} [Fri Jul 10 06:15:24 2026] GET /v2/images/8065ec6a-9e74-43ab-b7a6-df311b951ad2 => generated 649 bytes in 21 msecs (HTTP/1.1 200) 4 headers in 157 bytes (1 switches on core 0)
Jul 10 06:15:25.542050 np0000004961 devstack@g-api.service[99725]: DEBUG glance.api.middleware.version_negotiation [None req-07ef5647-54b2-4838-881e-0e15f6e590cf tempest-VolumesActionsTest-738056569 tempest-VolumesActionsTest-738056569-project-member] Determining version of request: GET /v2/images/8065ec6a-9e74-43ab-b7a6-df311b951ad2 Accept: application/json {{(pid=99725) process_request /opt/stack/glance/glance/api/middleware/version_negotiation.py:44}}
Jul 10 06:15:25.542367 np0000004961 devstack@g-api.service[99725]: DEBUG glance.api.middleware.version_negotiation [None req-07ef5647-54b2-4838-881e-0e15f6e590cf tempest-VolumesActionsTest-738056569 tempest-VolumesActionsTest-738056569-project-member] Using url versioning {{(pid=99725) process_request /opt/stack/glance/glance/api/middleware/version_negotiation.py:57}}
Jul 10 06:15:25.542478 np0000004961 devstack@g-api.service[99725]: DEBUG glance.api.middleware.version_negotiation [None req-07ef5647-54b2-4838-881e-0e15f6e590cf tempest-VolumesActionsTest-738056569 tempest-VolumesActionsTest-738056569-project-member] Matched version: v2 {{(pid=99725) process_request /opt/stack/glance/glance/api/middleware/version_negotiation.py:69}}
Jul 10 06:15:25.542587 np0000004961 devstack@g-api.service[99725]: DEBUG glance.api.middleware.version_negotiation [None req-07ef5647-54b2-4838-881e-0e15f6e590cf tempest-VolumesActionsTest-738056569 tempest-VolumesActionsTest-738056569-project-member] new path /v2/images/8065ec6a-9e74-43ab-b7a6-df311b951ad2 {{(pid=99725) process_request /opt/stack/glance/glance/api/middleware/version_negotiation.py:70}}
Jul 10 06:15:25.552069 np0000004961 devstack@g-api.service[99725]: [pid: 99725|app: 0|req: 137/418] 127.0.0.1 () {40 vars in 834 bytes} [Fri Jul 10 06:15:25 2026] GET /v2/images/8065ec6a-9e74-43ab-b7a6-df311b951ad2 => generated 649 bytes in 10 msecs (HTTP/1.1 200) 4 headers in 157 bytes (1 switches on core 0)
Jul 10 06:15:25.780048 np0000004961 devstack@g-api.service[99726]: DEBUG swiftclient [None req-400226f8-9316-40dc-9667-6193782a7460 tempest-VolumesActionsTest-738056569 tempest-VolumesActionsTest-738056569-project-member] REQ: curl -i https://10.4.3.23:8080/v1/AUTH_1fa7ef7e5ba149929033b2c8b9843b98/glance/8065ec6a-9e74-43ab-b7a6-df311b951ad2-00003 -X PUT -H "X-Auth-Token: gAAAAABqUI33US6I..." {{(pid=99726) http_log /opt/stack/data/venv/lib/python3.12/site-packages/swiftclient/client.py:160}}
Jul 10 06:15:25.780464 np0000004961 devstack@g-api.service[99726]: DEBUG swiftclient [None req-400226f8-9316-40dc-9667-6193782a7460 tempest-VolumesActionsTest-738056569 tempest-VolumesActionsTest-738056569-project-member] RESP STATUS: 201 Created {{(pid=99726) http_log /opt/stack/data/venv/lib/python3.12/site-packages/swiftclient/client.py:161}}
Jul 10 06:15:25.780464 np0000004961 devstack@g-api.service[99726]: DEBUG swiftclient [None req-400226f8-9316-40dc-9667-6193782a7460 tempest-VolumesActionsTest-738056569 tempest-VolumesActionsTest-738056569-project-member] RESP HEADERS: {'Date': 'Fri, 10 Jul 2026 06:15:25 GMT', 'Server': 'Apache/2.4.58 (Ubuntu)', 'Content-Type': 'text/html; charset=UTF-8', 'Content-Length': '0', 'Etag': 'eda9a9889837ac4bc81d6387d92c1bec', 'Last-Modified': 'Fri, 10 Jul 2026 06:15:24 GMT', 'X-Trans-Id': 'tx3b69e3804b5048e596b0d-006a508dfb', 'X-Openstack-Request-Id': 'tx3b69e3804b5048e596b0d-006a508dfb', 'Connection': 'close'} {{(pid=99726) http_log /opt/stack/data/venv/lib/python3.12/site-packages/swiftclient/client.py:162}}
Jul 10 06:15:25.780464 np0000004961 devstack@g-api.service[99726]: DEBUG glance_store._drivers.swift.store [None req-400226f8-9316-40dc-9667-6193782a7460 tempest-VolumesActionsTest-738056569 tempest-VolumesActionsTest-738056569-project-member] Wrote chunk 8065ec6a-9e74-43ab-b7a6-df311b951ad2-00003 (3/?) of length 204800000 to Swift returning MD5 of content: eda9a9889837ac4bc81d6387d92c1bec {{(pid=99726) add /opt/stack/data/venv/lib/python3.12/site-packages/glance_store/_drivers/swift/store.py:1059}}
Jul 10 06:15:26.562350 np0000004961 devstack@g-api.service[99724]: DEBUG glance.api.middleware.version_negotiation [None req-16820a79-3a1f-420e-a827-dcf0730cfadf tempest-VolumesActionsTest-738056569 tempest-VolumesActionsTest-738056569-project-member] Determining version of request: GET /v2/images/8065ec6a-9e74-43ab-b7a6-df311b951ad2 Accept: application/json {{(pid=99724) process_request /opt/stack/glance/glance/api/middleware/version_negotiation.py:44}}
Jul 10 06:15:26.562902 np0000004961 devstack@g-api.service[99724]: DEBUG glance.api.middleware.version_negotiation [None req-16820a79-3a1f-420e-a827-dcf0730cfadf tempest-VolumesActionsTest-738056569 tempest-VolumesActionsTest-738056569-project-member] Using url versioning {{(pid=99724) process_request /opt/stack/glance/glance/api/middleware/version_negotiation.py:57}}
Jul 10 06:15:26.562902 np0000004961 devstack@g-api.service[99724]: DEBUG glance.api.middleware.version_negotiation [None req-16820a79-3a1f-420e-a827-dcf0730cfadf tempest-VolumesActionsTest-738056569 tempest-VolumesActionsTest-738056569-project-member] Matched version: v2 {{(pid=99724) process_request /opt/stack/glance/glance/api/middleware/version_negotiation.py:69}}
Jul 10 06:15:26.562902 np0000004961 devstack@g-api.service[99724]: DEBUG glance.api.middleware.version_negotiation [None req-16820a79-3a1f-420e-a827-dcf0730cfadf tempest-VolumesActionsTest-738056569 tempest-VolumesActionsTest-738056569-project-member] new path /v2/images/8065ec6a-9e74-43ab-b7a6-df311b951ad2 {{(pid=99724) process_request /opt/stack/glance/glance/api/middleware/version_negotiation.py:70}}
Jul 10 06:15:26.573055 np0000004961 devstack@g-api.service[99724]: [pid: 99724|app: 0|req: 147/419] 127.0.0.1 () {40 vars in 834 bytes} [Fri Jul 10 06:15:26 2026] GET /v2/images/8065ec6a-9e74-43ab-b7a6-df311b951ad2 => generated 649 bytes in 11 msecs (HTTP/1.1 200) 4 headers in 157 bytes (1 switches on core 0)
Jul 10 06:15:27.581726 np0000004961 devstack@g-api.service[99725]: DEBUG glance.api.middleware.version_negotiation [None req-cdf25c5b-04f8-4838-a06b-82ccafd554f8 tempest-VolumesActionsTest-738056569 tempest-VolumesActionsTest-738056569-project-member] Determining version of request: GET /v2/images/8065ec6a-9e74-43ab-b7a6-df311b951ad2 Accept: application/json {{(pid=99725) process_request /opt/stack/glance/glance/api/middleware/version_negotiation.py:44}}
Jul 10 06:15:27.582119 np0000004961 devstack@g-api.service[99725]: DEBUG glance.api.middleware.version_negotiation [None req-cdf25c5b-04f8-4838-a06b-82ccafd554f8 tempest-VolumesActionsTest-738056569 tempest-VolumesActionsTest-738056569-project-member] Using url versioning {{(pid=99725) process_request /opt/stack/glance/glance/api/middleware/version_negotiation.py:57}}
Jul 10 06:15:27.582555 np0000004961 devstack@g-api.service[99725]: DEBUG glance.api.middleware.version_negotiation [None req-cdf25c5b-04f8-4838-a06b-82ccafd554f8 tempest-VolumesActionsTest-738056569 tempest-VolumesActionsTest-738056569-project-member] Matched version: v2 {{(pid=99725) process_request /opt/stack/glance/glance/api/middleware/version_negotiation.py:69}}
