Jun 12 01:06:21.350196 np0000002699 devstack@g-api.service[101943]: [pid: 101943|app: 0|req: 66/192] 127.0.0.1 () {40 vars in 838 bytes} [Fri Jun 12 01:06:21 2026] GET /v2/images/d3485f96-588e-4891-8f98-2261c6b68019 => generated 650 bytes in 26 msecs (HTTP/1.1 200) 4 headers in 157 bytes (1 switches on core 0)
Jun 12 01:06:22.357665 np0000002699 devstack@g-api.service[101945]: DEBUG glance.api.middleware.version_negotiation [None req-91982d08-0fd0-46e7-8f61-40403ee213c4 tempest-VolumesActionsTest-1187150930 tempest-VolumesActionsTest-1187150930-project-member] Determining version of request: GET /v2/images/d3485f96-588e-4891-8f98-2261c6b68019 Accept: application/json {{(pid=101945) process_request /opt/stack/glance/glance/api/middleware/version_negotiation.py:44}}
Jun 12 01:06:22.358000 np0000002699 devstack@g-api.service[101945]: DEBUG glance.api.middleware.version_negotiation [None req-91982d08-0fd0-46e7-8f61-40403ee213c4 tempest-VolumesActionsTest-1187150930 tempest-VolumesActionsTest-1187150930-project-member] Using url versioning {{(pid=101945) process_request /opt/stack/glance/glance/api/middleware/version_negotiation.py:57}}
Jun 12 01:06:22.358088 np0000002699 devstack@g-api.service[101945]: DEBUG glance.api.middleware.version_negotiation [None req-91982d08-0fd0-46e7-8f61-40403ee213c4 tempest-VolumesActionsTest-1187150930 tempest-VolumesActionsTest-1187150930-project-member] Matched version: v2 {{(pid=101945) process_request /opt/stack/glance/glance/api/middleware/version_negotiation.py:69}}
Jun 12 01:06:22.358245 np0000002699 devstack@g-api.service[101945]: DEBUG glance.api.middleware.version_negotiation [None req-91982d08-0fd0-46e7-8f61-40403ee213c4 tempest-VolumesActionsTest-1187150930 tempest-VolumesActionsTest-1187150930-project-member] new path /v2/images/d3485f96-588e-4891-8f98-2261c6b68019 {{(pid=101945) process_request /opt/stack/glance/glance/api/middleware/version_negotiation.py:70}}
Jun 12 01:06:22.369862 np0000002699 devstack@g-api.service[101945]: [pid: 101945|app: 0|req: 64/193] 127.0.0.1 () {40 vars in 838 bytes} [Fri Jun 12 01:06:22 2026] GET /v2/images/d3485f96-588e-4891-8f98-2261c6b68019 => generated 650 bytes in 12 msecs (HTTP/1.1 200) 4 headers in 157 bytes (1 switches on core 0)
Jun 12 01:06:23.320893 np0000002699 devstack@g-api.service[101944]: DEBUG swiftclient [None req-19ecf162-ee8f-4e1a-bfb9-29d0e814938e tempest-VolumesActionsTest-1187150930 tempest-VolumesActionsTest-1187150930-project-member] REQ: curl -i https://10.4.3.240:8080/v1/AUTH_25bae90b0e4a4b0f99508d7caaf1d7b5/glance/d3485f96-588e-4891-8f98-2261c6b68019-00002 -X PUT -H "X-Auth-Token: gAAAAABqK1uK8xcH..." {{(pid=101944) http_log /opt/stack/data/venv/lib/python3.12/site-packages/swiftclient/client.py:160}}
Jun 12 01:06:23.321240 np0000002699 devstack@g-api.service[101944]: DEBUG swiftclient [None req-19ecf162-ee8f-4e1a-bfb9-29d0e814938e tempest-VolumesActionsTest-1187150930 tempest-VolumesActionsTest-1187150930-project-member] RESP STATUS: 201 Created {{(pid=101944) http_log /opt/stack/data/venv/lib/python3.12/site-packages/swiftclient/client.py:161}}
Jun 12 01:06:23.321240 np0000002699 devstack@g-api.service[101944]: DEBUG swiftclient [None req-19ecf162-ee8f-4e1a-bfb9-29d0e814938e tempest-VolumesActionsTest-1187150930 tempest-VolumesActionsTest-1187150930-project-member] RESP HEADERS: {'Date': 'Fri, 12 Jun 2026 01:06:23 GMT', 'Server': 'Apache/2.4.58 (Ubuntu)', 'Content-Type': 'text/html; charset=UTF-8', 'Content-Length': '0', 'Etag': 'eda9a9889837ac4bc81d6387d92c1bec', 'Last-Modified': 'Fri, 12 Jun 2026 01:06:22 GMT', 'X-Trans-Id': 'tx391d00e64d0943cf9e959-006a2b5b8d', 'X-Openstack-Request-Id': 'tx391d00e64d0943cf9e959-006a2b5b8d', 'Connection': 'close'} {{(pid=101944) http_log /opt/stack/data/venv/lib/python3.12/site-packages/swiftclient/client.py:162}}
Jun 12 01:06:23.321240 np0000002699 devstack@g-api.service[101944]: DEBUG glance_store._drivers.swift.store [None req-19ecf162-ee8f-4e1a-bfb9-29d0e814938e tempest-VolumesActionsTest-1187150930 tempest-VolumesActionsTest-1187150930-project-member] Wrote chunk d3485f96-588e-4891-8f98-2261c6b68019-00002 (2/?) of length 204800000 to Swift returning MD5 of content: eda9a9889837ac4bc81d6387d92c1bec {{(pid=101944) add /opt/stack/data/venv/lib/python3.12/site-packages/glance_store/_drivers/swift/store.py:1059}}
Jun 12 01:06:23.380598 np0000002699 devstack@g-api.service[101943]: DEBUG glance.api.middleware.version_negotiation [None req-5abf5c0c-787b-4432-b8ae-826ec319d754 tempest-VolumesActionsTest-1187150930 tempest-VolumesActionsTest-1187150930-project-member] Determining version of request: GET /v2/images/d3485f96-588e-4891-8f98-2261c6b68019 Accept: application/json {{(pid=101943) process_request /opt/stack/glance/glance/api/middleware/version_negotiation.py:44}}
Jun 12 01:06:23.381068 np0000002699 devstack@g-api.service[101943]: DEBUG glance.api.middleware.version_negotiation [None req-5abf5c0c-787b-4432-b8ae-826ec319d754 tempest-VolumesActionsTest-1187150930 tempest-VolumesActionsTest-1187150930-project-member] Using url versioning {{(pid=101943) process_request /opt/stack/glance/glance/api/middleware/version_negotiation.py:57}}
Jun 12 01:06:23.381068 np0000002699 devstack@g-api.service[101943]: DEBUG glance.api.middleware.version_negotiation [None req-5abf5c0c-787b-4432-b8ae-826ec319d754 tempest-VolumesActionsTest-1187150930 tempest-VolumesActionsTest-1187150930-project-member] Matched version: v2 {{(pid=101943) process_request /opt/stack/glance/glance/api/middleware/version_negotiation.py:69}}
Jun 12 01:06:23.381068 np0000002699 devstack@g-api.service[101943]: DEBUG glance.api.middleware.version_negotiation [None req-5abf5c0c-787b-4432-b8ae-826ec319d754 tempest-VolumesActionsTest-1187150930 tempest-VolumesActionsTest-1187150930-project-member] new path /v2/images/d3485f96-588e-4891-8f98-2261c6b68019 {{(pid=101943) process_request /opt/stack/glance/glance/api/middleware/version_negotiation.py:70}}
Jun 12 01:06:23.401497 np0000002699 devstack@g-api.service[101943]: [pid: 101943|app: 0|req: 67/194] 127.0.0.1 () {40 vars in 838 bytes} [Fri Jun 12 01:06:23 2026] GET /v2/images/d3485f96-588e-4891-8f98-2261c6b68019 => generated 650 bytes in 21 msecs (HTTP/1.1 200) 4 headers in 157 bytes (1 switches on core 0)
Jun 12 01:06:24.414741 np0000002699 devstack@g-api.service[101945]: DEBUG glance.api.middleware.version_negotiation [None req-bdeb952e-b95f-4c83-9deb-4880ef01f335 tempest-VolumesActionsTest-1187150930 tempest-VolumesActionsTest-1187150930-project-member] Determining version of request: GET /v2/images/d3485f96-588e-4891-8f98-2261c6b68019 Accept: application/json {{(pid=101945) process_request /opt/stack/glance/glance/api/middleware/version_negotiation.py:44}}
Jun 12 01:06:24.414741 np0000002699 devstack@g-api.service[101945]: DEBUG glance.api.middleware.version_negotiation [None req-bdeb952e-b95f-4c83-9deb-4880ef01f335 tempest-VolumesActionsTest-1187150930 tempest-VolumesActionsTest-1187150930-project-member] Using url versioning {{(pid=101945) process_request /opt/stack/glance/glance/api/middleware/version_negotiation.py:57}}
Jun 12 01:06:24.414741 np0000002699 devstack@g-api.service[101945]: DEBUG glance.api.middleware.version_negotiation [None req-bdeb952e-b95f-4c83-9deb-4880ef01f335 tempest-VolumesActionsTest-1187150930 tempest-VolumesActionsTest-1187150930-project-member] Matched version: v2 {{(pid=101945) process_request /opt/stack/glance/glance/api/middleware/version_negotiation.py:69}}
Jun 12 01:06:24.414741 np0000002699 devstack@g-api.service[101945]: DEBUG glance.api.middleware.version_negotiation [None req-bdeb952e-b95f-4c83-9deb-4880ef01f335 tempest-VolumesActionsTest-1187150930 tempest-VolumesActionsTest-1187150930-project-member] new path /v2/images/d3485f96-588e-4891-8f98-2261c6b68019 {{(pid=101945) process_request /opt/stack/glance/glance/api/middleware/version_negotiation.py:70}}
Jun 12 01:06:24.427487 np0000002699 devstack@g-api.service[101945]: [pid: 101945|app: 0|req: 65/195] 127.0.0.1 () {40 vars in 838 bytes} [Fri Jun 12 01:06:24 2026] GET /v2/images/d3485f96-588e-4891-8f98-2261c6b68019 => generated 650 bytes in 15 msecs (HTTP/1.1 200) 4 headers in 157 bytes (1 switches on core 0)
Jun 12 01:06:25.302718 np0000002699 devstack@g-api.service[101944]: DEBUG swiftclient [None req-19ecf162-ee8f-4e1a-bfb9-29d0e814938e tempest-VolumesActionsTest-1187150930 tempest-VolumesActionsTest-1187150930-project-member] REQ: curl -i https://10.4.3.240:8080/v1/AUTH_25bae90b0e4a4b0f99508d7caaf1d7b5/glance/d3485f96-588e-4891-8f98-2261c6b68019-00003 -X PUT -H "X-Auth-Token: gAAAAABqK1uK8xcH..." {{(pid=101944) http_log /opt/stack/data/venv/lib/python3.12/site-packages/swiftclient/client.py:160}}
Jun 12 01:06:25.302718 np0000002699 devstack@g-api.service[101944]: DEBUG swiftclient [None req-19ecf162-ee8f-4e1a-bfb9-29d0e814938e tempest-VolumesActionsTest-1187150930 tempest-VolumesActionsTest-1187150930-project-member] RESP STATUS: 201 Created {{(pid=101944) http_log /opt/stack/data/venv/lib/python3.12/site-packages/swiftclient/client.py:161}}
Jun 12 01:06:25.302718 np0000002699 devstack@g-api.service[101944]: DEBUG swiftclient [None req-19ecf162-ee8f-4e1a-bfb9-29d0e814938e tempest-VolumesActionsTest-1187150930 tempest-VolumesActionsTest-1187150930-project-member] RESP HEADERS: {'Date': 'Fri, 12 Jun 2026 01:06:25 GMT', 'Server': 'Apache/2.4.58 (Ubuntu)', 'Content-Type': 'text/html; charset=UTF-8', 'Content-Length': '0', 'Etag': 'eda9a9889837ac4bc81d6387d92c1bec', 'Last-Modified': 'Fri, 12 Jun 2026 01:06:24 GMT', 'X-Trans-Id': 'txb2a280d142f24f708756f-006a2b5b8f', 'X-Openstack-Request-Id': 'txb2a280d142f24f708756f-006a2b5b8f', 'Connection': 'close'} {{(pid=101944) http_log /opt/stack/data/venv/lib/python3.12/site-packages/swiftclient/client.py:162}}
Jun 12 01:06:25.303012 np0000002699 devstack@g-api.service[101944]: DEBUG glance_store._drivers.swift.store [None req-19ecf162-ee8f-4e1a-bfb9-29d0e814938e tempest-VolumesActionsTest-1187150930 tempest-VolumesActionsTest-1187150930-project-member] Wrote chunk d3485f96-588e-4891-8f98-2261c6b68019-00003 (3/?) of length 204800000 to Swift returning MD5 of content: eda9a9889837ac4bc81d6387d92c1bec {{(pid=101944) add /opt/stack/data/venv/lib/python3.12/site-packages/glance_store/_drivers/swift/store.py:1059}}
Jun 12 01:06:25.436578 np0000002699 devstack@g-api.service[101943]: DEBUG glance.api.middleware.version_negotiation [None req-850cdf00-b0c5-4fa1-8241-1e889db0c01c tempest-VolumesActionsTest-1187150930 tempest-VolumesActionsTest-1187150930-project-member] Determining version of request: GET /v2/images/d3485f96-588e-4891-8f98-2261c6b68019 Accept: application/json {{(pid=101943) process_request /opt/stack/glance/glance/api/middleware/version_negotiation.py:44}}
Jun 12 01:06:25.436925 np0000002699 devstack@g-api.service[101943]: DEBUG glance.api.middleware.version_negotiation [None req-850cdf00-b0c5-4fa1-8241-1e889db0c01c tempest-VolumesActionsTest-1187150930 tempest-VolumesActionsTest-1187150930-project-member] Using url versioning {{(pid=101943) process_request /opt/stack/glance/glance/api/middleware/version_negotiation.py:57}}
Jun 12 01:06:25.436925 np0000002699 devstack@g-api.service[101943]: DEBUG glance.api.middleware.version_negotiation [None req-850cdf00-b0c5-4fa1-8241-1e889db0c01c tempest-VolumesActionsTest-1187150930 tempest-VolumesActionsTest-1187150930-project-member] Matched version: v2 {{(pid=101943) process_request /opt/stack/glance/glance/api/middleware/version_negotiation.py:69}}
Jun 12 01:06:25.436925 np0000002699 devstack@g-api.service[101943]: DEBUG glance.api.middleware.version_negotiation [None req-850cdf00-b0c5-4fa1-8241-1e889db0c01c tempest-VolumesActionsTest-1187150930 tempest-VolumesActionsTest-1187150930-project-member] new path /v2/images/d3485f96-588e-4891-8f98-2261c6b68019 {{(pid=101943) process_request /opt/stack/glance/glance/api/middleware/version_negotiation.py:70}}
Jun 12 01:06:25.454302 np0000002699 devstack@g-api.service[101943]: [pid: 101943|app: 0|req: 68/196] 127.0.0.1 () {40 vars in 838 bytes} [Fri Jun 12 01:06:25 2026] GET /v2/images/d3485f96-588e-4891-8f98-2261c6b68019 => generated 650 bytes in 18 msecs (HTTP/1.1 200) 4 headers in 157 bytes (1 switches on core 0)
Jun 12 01:06:26.463096 np0000002699 devstack@g-api.service[101945]: DEBUG glance.api.middleware.version_negotiation [None req-7fb11f01-1a05-4fde-aa71-b348a450a669 tempest-VolumesActionsTest-1187150930 tempest-VolumesActionsTest-1187150930-project-member] Determining version of request: GET /v2/images/d3485f96-588e-4891-8f98-2261c6b68019 Accept: application/json {{(pid=101945) process_request /opt/stack/glance/glance/api/middleware/version_negotiation.py:44}}
Jun 12 01:06:26.463566 np0000002699 devstack@g-api.service[101945]: DEBUG glance.api.middleware.version_negotiation [None req-7fb11f01-1a05-4fde-aa71-b348a450a669 tempest-VolumesActionsTest-1187150930 tempest-VolumesActionsTest-1187150930-project-member] Using url versioning {{(pid=101945) process_request /opt/stack/glance/glance/api/middleware/version_negotiation.py:57}}
Jun 12 01:06:26.463566 np0000002699 devstack@g-api.service[101945]: DEBUG glance.api.middleware.version_negotiation [None req-7fb11f01-1a05-4fde-aa71-b348a450a669 tempest-VolumesActionsTest-1187150930 tempest-VolumesActionsTest-1187150930-project-member] Matched version: v2 {{(pid=101945) process_request /opt/stack/glance/glance/api/middleware/version_negotiation.py:69}}
Jun 12 01:06:26.463566 np0000002699 devstack@g-api.service[101945]: DEBUG glance.api.middleware.version_negotiation [None req-7fb11f01-1a05-4fde-aa71-b348a450a669 tempest-VolumesActionsTest-1187150930 tempest-VolumesActionsTest-1187150930-project-member] new path /v2/images/d3485f96-588e-4891-8f98-2261c6b68019 {{(pid=101945) process_request /opt/stack/glance/glance/api/middleware/version_negotiation.py:70}}
Jun 12 01:06:26.477581 np0000002699 devstack@g-api.service[101945]: [pid: 101945|app: 0|req: 66/197] 127.0.0.1 () {40 vars in 838 bytes} [Fri Jun 12 01:06:26 2026] GET /v2/images/d3485f96-588e-4891-8f98-2261c6b68019 => generated 650 bytes in 15 msecs (HTTP/1.1 200) 4 headers in 157 bytes (1 switches on core 0)
Jun 12 01:06:27.337823 np0000002699 devstack@g-api.service[101944]: DEBUG swiftclient [None req-19ecf162-ee8f-4e1a-bfb9-29d0e814938e tempest-VolumesActionsTest-1187150930 tempest-VolumesActionsTest-1187150930-project-member] REQ: curl -i https://10.4.3.240:8080/v1/AUTH_25bae90b0e4a4b0f99508d7caaf1d7b5/glance/d3485f96-588e-4891-8f98-2261c6b68019-00004 -X PUT -H "X-Auth-Token: gAAAAABqK1uK8xcH..." {{(pid=101944) http_log /opt/stack/data/venv/lib/python3.12/site-packages/swiftclient/client.py:160}}
Jun 12 01:06:27.338152 np0000002699 devstack@g-api.service[101944]: DEBUG swiftclient [None req-19ecf162-ee8f-4e1a-bfb9-29d0e814938e tempest-VolumesActionsTest-1187150930 tempest-VolumesActionsTest-1187150930-project-member] RESP STATUS: 201 Created {{(pid=101944) http_log /opt/stack/data/venv/lib/python3.12/site-packages/swiftclient/client.py:161}}
Jun 12 01:06:27.338205 np0000002699 devstack@g-api.service[101944]: DEBUG swiftclient [None req-19ecf162-ee8f-4e1a-bfb9-29d0e814938e tempest-VolumesActionsTest-1187150930 tempest-VolumesActionsTest-1187150930-project-member] RESP HEADERS: {'Date': 'Fri, 12 Jun 2026 01:06:27 GMT', 'Server': 'Apache/2.4.58 (Ubuntu)', 'Content-Type': 'text/html; charset=UTF-8', 'Content-Length': '0', 'Etag': 'eda9a9889837ac4bc81d6387d92c1bec', 'Last-Modified': 'Fri, 12 Jun 2026 01:06:26 GMT', 'X-Trans-Id': 'tx2885838ed2034d8b94d8f-006a2b5b91', 'X-Openstack-Request-Id': 'tx2885838ed2034d8b94d8f-006a2b5b91', 'Connection': 'close'} {{(pid=101944) http_log /opt/stack/data/venv/lib/python3.12/site-packages/swiftclient/client.py:162}}
Jun 12 01:06:27.338360 np0000002699 devstack@g-api.service[101944]: DEBUG glance_store._drivers.swift.store [None req-19ecf162-ee8f-4e1a-bfb9-29d0e814938e tempest-VolumesActionsTest-1187150930 tempest-VolumesActionsTest-1187150930-project-member] Wrote chunk d3485f96-588e-4891-8f98-2261c6b68019-00004 (4/?) of length 204800000 to Swift returning MD5 of content: eda9a9889837ac4bc81d6387d92c1bec {{(pid=101944) add /opt/stack/data/venv/lib/python3.12/site-packages/glance_store/_drivers/swift/store.py:1059}}
Jun 12 01:06:27.489754 np0000002699 devstack@g-api.service[101943]: DEBUG glance.api.middleware.version_negotiation [None req-6f288b5e-040d-4858-9b85-22436495a39b tempest-VolumesActionsTest-1187150930 tempest-VolumesActionsTest-1187150930-project-member] Determining version of request: GET /v2/images/d3485f96-588e-4891-8f98-2261c6b68019 Accept: application/json {{(pid=101943) process_request /opt/stack/glance/glance/api/middleware/version_negotiation.py:44}}
Jun 12 01:06:27.490213 np0000002699 devstack@g-api.service[101943]: DEBUG glance.api.middleware.version_negotiation [None req-6f288b5e-040d-4858-9b85-22436495a39b tempest-VolumesActionsTest-1187150930 tempest-VolumesActionsTest-1187150930-project-member] Using url versioning {{(pid=101943) process_request /opt/stack/glance/glance/api/middleware/version_negotiation.py:57}}
Jun 12 01:06:27.490213 np0000002699 devstack@g-api.service[101943]: DEBUG glance.api.middleware.version_negotiation [None req-6f288b5e-040d-4858-9b85-22436495a39b tempest-VolumesActionsTest-1187150930 tempest-VolumesActionsTest-1187150930-project-member] Matched version: v2 {{(pid=101943) process_request /opt/stack/glance/glance/api/middleware/version_negotiation.py:69}}
Jun 12 01:06:27.491219 np0000002699 devstack@g-api.service[101943]: DEBUG glance.api.middleware.version_negotiation [None req-6f288b5e-040d-4858-9b85-22436495a39b tempest-VolumesActionsTest-1187150930 tempest-VolumesActionsTest-1187150930-project-member] new path /v2/images/d3485f96-588e-4891-8f98-2261c6b68019 {{(pid=101943) process_request /opt/stack/glance/glance/api/middleware/version_negotiation.py:70}}
Jun 12 01:06:27.507871 np0000002699 devstack@g-api.service[101943]: [pid: 101943|app: 0|req: 69/198] 127.0.0.1 () {40 vars in 838 bytes} [Fri Jun 12 01:06:27 2026] GET /v2/images/d3485f96-588e-4891-8f98-2261c6b68019 => generated 650 bytes in 18 msecs (HTTP/1.1 200) 4 headers in 157 bytes (1 switches on core 0)
Jun 12 01:06:28.519369 np0000002699 devstack@g-api.service[101945]: DEBUG glance.api.middleware.version_negotiation [None req-f52add47-1337-42a6-97c5-7ed486094056 tempest-VolumesActionsTest-1187150930 tempest-VolumesActionsTest-1187150930-project-member] Determining version of request: GET /v2/images/d3485f96-588e-4891-8f98-2261c6b68019 Accept: application/json {{(pid=101945) process_request /opt/stack/glance/glance/api/middleware/version_negotiation.py:44}}
Jun 12 01:06:28.519369 np0000002699 devstack@g-api.service[101945]: DEBUG glance.api.middleware.version_negotiation [None req-f52add47-1337-42a6-97c5-7ed486094056 tempest-VolumesActionsTest-1187150930 tempest-VolumesActionsTest-1187150930-project-member] Using url versioning {{(pid=101945) process_request /opt/stack/glance/glance/api/middleware/version_negotiation.py:57}}
Jun 12 01:06:28.519369 np0000002699 devstack@g-api.service[101945]: DEBUG glance.api.middleware.version_negotiation [None req-f52add47-1337-42a6-97c5-7ed486094056 tempest-VolumesActionsTest-1187150930 tempest-VolumesActionsTest-1187150930-project-member] Matched version: v2 {{(pid=101945) process_request /opt/stack/glance/glance/api/middleware/version_negotiation.py:69}}
Jun 12 01:06:28.519369 np0000002699 devstack@g-api.service[101945]: DEBUG glance.api.middleware.version_negotiation [None req-f52add47-1337-42a6-97c5-7ed486094056 tempest-VolumesActionsTest-1187150930 tempest-VolumesActionsTest-1187150930-project-member] new path /v2/images/d3485f96-588e-4891-8f98-2261c6b68019 {{(pid=101945) process_request /opt/stack/glance/glance/api/middleware/version_negotiation.py:70}}
Jun 12 01:06:28.533233 np0000002699 devstack@g-api.service[101945]: [pid: 101945|app: 0|req: 67/199] 127.0.0.1 () {40 vars in 838 bytes} [Fri Jun 12 01:06:28 2026] GET /v2/images/d3485f96-588e-4891-8f98-2261c6b68019 => generated 650 bytes in 15 msecs (HTTP/1.1 200) 4 headers in 157 bytes (1 switches on core 0)
Jun 12 01:06:28.905193 np0000002699 devstack@g-api.service[101944]: DEBUG dbcounter [-] [101944] Writing DB stats glance:SELECT=20,glance:UPDATE=1 {{(pid=101944) stat_writer /opt/stack/data/venv/lib/python3.12/site-packages/dbcounter.py:115}}
Jun 12 01:06:29.355701 np0000002699 devstack@g-api.service[101944]: DEBUG swiftclient [None req-19ecf162-ee8f-4e1a-bfb9-29d0e814938e tempest-VolumesActionsTest-1187150930 tempest-VolumesActionsTest-1187150930-project-member] REQ: curl -i https://10.4.3.240:8080/v1/AUTH_25bae90b0e4a4b0f99508d7caaf1d7b5/glance/d3485f96-588e-4891-8f98-2261c6b68019-00005 -X PUT -H "X-Auth-Token: gAAAAABqK1uK8xcH..." {{(pid=101944) http_log /opt/stack/data/venv/lib/python3.12/site-packages/swiftclient/client.py:160}}
Jun 12 01:06:29.355701 np0000002699 devstack@g-api.service[101944]: DEBUG swiftclient [None req-19ecf162-ee8f-4e1a-bfb9-29d0e814938e tempest-VolumesActionsTest-1187150930 tempest-VolumesActionsTest-1187150930-project-member] RESP STATUS: 201 Created {{(pid=101944) http_log /opt/stack/data/venv/lib/python3.12/site-packages/swiftclient/client.py:161}}
Jun 12 01:06:29.355701 np0000002699 devstack@g-api.service[101944]: DEBUG swiftclient [None req-19ecf162-ee8f-4e1a-bfb9-29d0e814938e tempest-VolumesActionsTest-1187150930 tempest-VolumesActionsTest-1187150930-project-member] RESP HEADERS: {'Date': 'Fri, 12 Jun 2026 01:06:29 GMT', 'Server': 'Apache/2.4.58 (Ubuntu)', 'Content-Type': 'text/html; charset=UTF-8', 'Content-Length': '0', 'Etag': 'eda9a9889837ac4bc81d6387d92c1bec', 'Last-Modified': 'Fri, 12 Jun 2026 01:06:28 GMT', 'X-Trans-Id': 'tx42b323126c1844a8ab360-006a2b5b93', 'X-Openstack-Request-Id': 'tx42b323126c1844a8ab360-006a2b5b93', 'Connection': 'close'} {{(pid=101944) http_log /opt/stack/data/venv/lib/python3.12/site-packages/swiftclient/client.py:162}}
Jun 12 01:06:29.356274 np0000002699 devstack@g-api.service[101944]: DEBUG glance_store._drivers.swift.store [None req-19ecf162-ee8f-4e1a-bfb9-29d0e814938e tempest-VolumesActionsTest-1187150930 tempest-VolumesActionsTest-1187150930-project-member] Wrote chunk d3485f96-588e-4891-8f98-2261c6b68019-00005 (5/?) of length 204800000 to Swift returning MD5 of content: eda9a9889837ac4bc81d6387d92c1bec {{(pid=101944) add /opt/stack/data/venv/lib/python3.12/site-packages/glance_store/_drivers/swift/store.py:1059}}
Jun 12 01:06:29.544089 np0000002699 devstack@g-api.service[101943]: DEBUG glance.api.middleware.version_negotiation [None req-922e185a-a0ab-4a48-8a8e-8e797f2456e0 tempest-VolumesActionsTest-1187150930 tempest-VolumesActionsTest-1187150930-project-member] Determining version of request: GET /v2/images/d3485f96-588e-4891-8f98-2261c6b68019 Accept: application/json {{(pid=101943) process_request /opt/stack/glance/glance/api/middleware/version_negotiation.py:44}}
Jun 12 01:06:29.545786 np0000002699 devstack@g-api.service[101943]: DEBUG glance.api.middleware.version_negotiation [None req-922e185a-a0ab-4a48-8a8e-8e797f2456e0 tempest-VolumesActionsTest-1187150930 tempest-VolumesActionsTest-1187150930-project-member] Using url versioning {{(pid=101943) process_request /opt/stack/glance/glance/api/middleware/version_negotiation.py:57}}
Jun 12 01:06:29.545880 np0000002699 devstack@g-api.service[101943]: DEBUG glance.api.middleware.version_negotiation [None req-922e185a-a0ab-4a48-8a8e-8e797f2456e0 tempest-VolumesActionsTest-1187150930 tempest-VolumesActionsTest-1187150930-project-member] Matched version: v2 {{(pid=101943) process_request /opt/stack/glance/glance/api/middleware/version_negotiation.py:69}}
Jun 12 01:06:29.550327 np0000002699 devstack@g-api.service[101943]: DEBUG glance.api.middleware.version_negotiation [None req-922e185a-a0ab-4a48-8a8e-8e797f2456e0 tempest-VolumesActionsTest-1187150930 tempest-VolumesActionsTest-1187150930-project-member] new path /v2/images/d3485f96-588e-4891-8f98-2261c6b68019 {{(pid=101943) process_request /opt/stack/glance/glance/api/middleware/version_negotiation.py:70}}
Jun 12 01:06:29.565230 np0000002699 devstack@g-api.service[101943]: [pid: 101943|app: 0|req: 70/200] 127.0.0.1 () {40 vars in 838 bytes} [Fri Jun 12 01:06:29 2026] GET /v2/images/d3485f96-588e-4891-8f98-2261c6b68019 => generated 650 bytes in 22 msecs (HTTP/1.1 200) 4 headers in 157 bytes (1 switches on core 0)
Jun 12 01:06:29.954322 np0000002699 devstack@g-api.service[101944]: DEBUG swiftclient [None req-19ecf162-ee8f-4e1a-bfb9-29d0e814938e tempest-VolumesActionsTest-1187150930 tempest-VolumesActionsTest-1187150930-project-member] REQ: curl -i https://10.4.3.240:8080/v1/AUTH_25bae90b0e4a4b0f99508d7caaf1d7b5/glance/d3485f96-588e-4891-8f98-2261c6b68019-00006 -X PUT -H "X-Auth-Token: gAAAAABqK1uK8xcH..." {{(pid=101944) http_log /opt/stack/data/venv/lib/python3.12/site-packages/swiftclient/client.py:160}}
Jun 12 01:06:29.954659 np0000002699 devstack@g-api.service[101944]: DEBUG swiftclient [None req-19ecf162-ee8f-4e1a-bfb9-29d0e814938e tempest-VolumesActionsTest-1187150930 tempest-VolumesActionsTest-1187150930-project-member] RESP STATUS: 201 Created {{(pid=101944) http_log /opt/stack/data/venv/lib/python3.12/site-packages/swiftclient/client.py:161}}
Jun 12 01:06:29.954659 np0000002699 devstack@g-api.service[101944]: DEBUG swiftclient [None req-19ecf162-ee8f-4e1a-bfb9-29d0e814938e tempest-VolumesActionsTest-1187150930 tempest-VolumesActionsTest-1187150930-project-member] RESP HEADERS: {'Date': 'Fri, 12 Jun 2026 01:06:29 GMT', 'Server': 'Apache/2.4.58 (Ubuntu)', 'Content-Type': 'text/html; charset=UTF-8', 'Content-Length': '0', 'Etag': '708761f3b8777ec77058e63da08eeeb6', 'Last-Modified': 'Fri, 12 Jun 2026 01:06:30 GMT', 'X-Trans-Id': 'tx596c805f2e2747b6aa613-006a2b5b95', 'X-Openstack-Request-Id': 'tx596c805f2e2747b6aa613-006a2b5b95', 'Connection': 'close'} {{(pid=101944) http_log /opt/stack/data/venv/lib/python3.12/site-packages/swiftclient/client.py:162}}
Jun 12 01:06:29.954748 np0000002699 devstack@g-api.service[101944]: DEBUG glance_store._drivers.swift.store [None req-19ecf162-ee8f-4e1a-bfb9-29d0e814938e tempest-VolumesActionsTest-1187150930 tempest-VolumesActionsTest-1187150930-project-member] Wrote chunk d3485f96-588e-4891-8f98-2261c6b68019-00006 (6/?) of length 49741824 to Swift returning MD5 of content: 708761f3b8777ec77058e63da08eeeb6 {{(pid=101944) add /opt/stack/data/venv/lib/python3.12/site-packages/glance_store/_drivers/swift/store.py:1059}}
Jun 12 01:06:29.956434 np0000002699 devstack@g-api.service[101944]: DEBUG glance_store._drivers.swift.store [None req-19ecf162-ee8f-4e1a-bfb9-29d0e814938e tempest-VolumesActionsTest-1187150930 tempest-VolumesActionsTest-1187150930-project-member] Not writing zero-length chunk. {{(pid=101944) add /opt/stack/data/venv/lib/python3.12/site-packages/glance_store/_drivers/swift/store.py:1028}}
Jun 12 01:06:29.978997 np0000002699 devstack@g-api.service[101944]: DEBUG swiftclient [None req-19ecf162-ee8f-4e1a-bfb9-29d0e814938e tempest-VolumesActionsTest-1187150930 tempest-VolumesActionsTest-1187150930-project-member] REQ: curl -i https://10.4.3.240:8080/v1/AUTH_25bae90b0e4a4b0f99508d7caaf1d7b5/glance/d3485f96-588e-4891-8f98-2261c6b68019 -X PUT -H "X-Object-Manifest: glance/d3485f96-588e-4891-8f98-2261c6b68019-" -H "X-Auth-Token: gAAAAABqK1uK8xcH..." -H "Content-Length: 0" {{(pid=101944) http_log /opt/stack/data/venv/lib/python3.12/site-packages/swiftclient/client.py:160}}
Jun 12 01:06:29.979127 np0000002699 devstack@g-api.service[101944]: DEBUG swiftclient [None req-19ecf162-ee8f-4e1a-bfb9-29d0e814938e tempest-VolumesActionsTest-1187150930 tempest-VolumesActionsTest-1187150930-project-member] RESP STATUS: 201 Created {{(pid=101944) http_log /opt/stack/data/venv/lib/python3.12/site-packages/swiftclient/client.py:161}}
Jun 12 01:06:29.979359 np0000002699 devstack@g-api.service[101944]: DEBUG swiftclient [None req-19ecf162-ee8f-4e1a-bfb9-29d0e814938e tempest-VolumesActionsTest-1187150930 tempest-VolumesActionsTest-1187150930-project-member] RESP HEADERS: {'Date': 'Fri, 12 Jun 2026 01:06:29 GMT', 'Server': 'Apache/2.4.58 (Ubuntu)', 'Content-Type': 'text/html; charset=UTF-8', 'Content-Length': '0', 'Etag': 'd41d8cd98f00b204e9800998ecf8427e', 'Last-Modified': 'Fri, 12 Jun 2026 01:06:30 GMT', 'X-Trans-Id': 'txe51dd78bd76a4225b9c3a-006a2b5b95', 'X-Openstack-Request-Id': 'txe51dd78bd76a4225b9c3a-006a2b5b95', 'Connection': 'close'} {{(pid=101944) http_log /opt/stack/data/venv/lib/python3.12/site-packages/swiftclient/client.py:162}}
Jun 12 01:06:29.979831 np0000002699 devstack@g-api.service[101944]: INFO glance.location [None req-19ecf162-ee8f-4e1a-bfb9-29d0e814938e tempest-VolumesActionsTest-1187150930 tempest-VolumesActionsTest-1187150930-project-member] Image format matched and virtual size computed: 1073741824
Jun 12 01:06:30.013516 np0000002699 devstack@g-api.service[101944]: DEBUG glance_store.backend [None req-19ecf162-ee8f-4e1a-bfb9-29d0e814938e tempest-VolumesActionsTest-1187150930 tempest-VolumesActionsTest-1187150930-project-member] Attempting to import store swift {{(pid=101944) _load_store /opt/stack/data/venv/lib/python3.12/site-packages/glance_store/backend.py:215}}
Jun 12 01:06:30.014914 np0000002699 devstack@g-api.service[101944]: DEBUG glance_store.capabilities [None req-19ecf162-ee8f-4e1a-bfb9-29d0e814938e tempest-VolumesActionsTest-1187150930 tempest-VolumesActionsTest-1187150930-project-member] Store glance_store._drivers.swift.store.SingleTenantStore doesn't support updating dynamic storage capabilities. Please overwrite 'update_capabilities' method of the store to implement updating logics if needed. {{(pid=101944) update_capabilities /opt/stack/data/venv/lib/python3.12/site-packages/glance_store/capabilities.py:91}}
Jun 12 01:06:30.015038 np0000002699 devstack@g-api.service[101944]: DEBUG glance_store.driver [None req-19ecf162-ee8f-4e1a-bfb9-29d0e814938e tempest-VolumesActionsTest-1187150930 tempest-VolumesActionsTest-1187150930-project-member] Late loading location class glance_store._drivers.swift.store.StoreLocation {{(pid=101944) get_store_location_class /opt/stack/data/venv/lib/python3.12/site-packages/glance_store/driver.py:134}}
Jun 12 01:06:30.015172 np0000002699 devstack@g-api.service[101944]: DEBUG glance_store.location [None req-19ecf162-ee8f-4e1a-bfb9-29d0e814938e tempest-VolumesActionsTest-1187150930 tempest-VolumesActionsTest-1187150930-project-member] Registering scheme swift+https with {'store': , 'location_class': , 'store_entry': 'swift'} {{(pid=101944) register_scheme_map /opt/stack/data/venv/lib/python3.12/site-packages/glance_store/location.py:146}}
Jun 12 01:06:30.015272 np0000002699 devstack@g-api.service[101944]: DEBUG glance_store.location [None req-19ecf162-ee8f-4e1a-bfb9-29d0e814938e tempest-VolumesActionsTest-1187150930 tempest-VolumesActionsTest-1187150930-project-member] Registering scheme swift+https with {'store': , 'location_class': , 'store_entry': 'swift'} {{(pid=101944) register_scheme_map /opt/stack/data/venv/lib/python3.12/site-packages/glance_store/location.py:146}}
Jun 12 01:06:30.015325 np0000002699 devstack@g-api.service[101944]: DEBUG glance_store.location [None req-19ecf162-ee8f-4e1a-bfb9-29d0e814938e tempest-VolumesActionsTest-1187150930 tempest-VolumesActionsTest-1187150930-project-member] Registering scheme swift with {'store': , 'location_class': , 'store_entry': 'swift'} {{(pid=101944) register_scheme_map /opt/stack/data/venv/lib/python3.12/site-packages/glance_store/location.py:146}}
Jun 12 01:06:30.015422 np0000002699 devstack@g-api.service[101944]: DEBUG glance_store.location [None req-19ecf162-ee8f-4e1a-bfb9-29d0e814938e tempest-VolumesActionsTest-1187150930 tempest-VolumesActionsTest-1187150930-project-member] Registering scheme swift+https with {'store': , 'location_class': , 'store_entry': 'swift'} {{(pid=101944) register_scheme_map /opt/stack/data/venv/lib/python3.12/site-packages/glance_store/location.py:146}}
Jun 12 01:06:30.015475 np0000002699 devstack@g-api.service[101944]: DEBUG glance_store.location [None req-19ecf162-ee8f-4e1a-bfb9-29d0e814938e tempest-VolumesActionsTest-1187150930 tempest-VolumesActionsTest-1187150930-project-member] Registering scheme swift with {'store': , 'location_class': , 'store_entry': 'swift'} {{(pid=101944) register_scheme_map /opt/stack/data/venv/lib/python3.12/site-packages/glance_store/location.py:146}}
Jun 12 01:06:30.015550 np0000002699 devstack@g-api.service[101944]: DEBUG glance_store.location [None req-19ecf162-ee8f-4e1a-bfb9-29d0e814938e tempest-VolumesActionsTest-1187150930 tempest-VolumesActionsTest-1187150930-project-member] Registering scheme swift+http with {'store': , 'location_class': , 'store_entry': 'swift'} {{(pid=101944) register_scheme_map /opt/stack/data/venv/lib/python3.12/site-packages/glance_store/location.py:146}}
Jun 12 01:06:30.015605 np0000002699 devstack@g-api.service[101944]: DEBUG glance_store.location [None req-19ecf162-ee8f-4e1a-bfb9-29d0e814938e tempest-VolumesActionsTest-1187150930 tempest-VolumesActionsTest-1187150930-project-member] Registering scheme swift+https with {'store': , 'location_class': , 'store_entry': 'swift'} {{(pid=101944) register_scheme_map /opt/stack/data/venv/lib/python3.12/site-packages/glance_store/location.py:146}}
Jun 12 01:06:30.015651 np0000002699 devstack@g-api.service[101944]: DEBUG glance_store.location [None req-19ecf162-ee8f-4e1a-bfb9-29d0e814938e tempest-VolumesActionsTest-1187150930 tempest-VolumesActionsTest-1187150930-project-member] Registering scheme swift with {'store': , 'location_class': , 'store_entry': 'swift'} {{(pid=101944) register_scheme_map /opt/stack/data/venv/lib/python3.12/site-packages/glance_store/location.py:146}}
Jun 12 01:06:30.015719 np0000002699 devstack@g-api.service[101944]: DEBUG glance_store.location [None req-19ecf162-ee8f-4e1a-bfb9-29d0e814938e tempest-VolumesActionsTest-1187150930 tempest-VolumesActionsTest-1187150930-project-member] Registering scheme swift+http with {'store': , 'location_class': , 'store_entry': 'swift'} {{(pid=101944) register_scheme_map /opt/stack/data/venv/lib/python3.12/site-packages/glance_store/location.py:146}}
Jun 12 01:06:30.015783 np0000002699 devstack@g-api.service[101944]: DEBUG glance_store.location [None req-19ecf162-ee8f-4e1a-bfb9-29d0e814938e tempest-VolumesActionsTest-1187150930 tempest-VolumesActionsTest-1187150930-project-member] Registering scheme swift+config with {'store': , 'location_class': , 'store_entry': 'swift'} {{(pid=101944) register_scheme_map /opt/stack/data/venv/lib/python3.12/site-packages/glance_store/location.py:146}}
Jun 12 01:06:30.015862 np0000002699 devstack@g-api.service[101944]: DEBUG glance_store.backend [None req-19ecf162-ee8f-4e1a-bfb9-29d0e814938e tempest-VolumesActionsTest-1187150930 tempest-VolumesActionsTest-1187150930-project-member] Skipping store.set_acls... not implemented. {{(pid=101944) set_acls /opt/stack/data/venv/lib/python3.12/site-packages/glance_store/backend.py:507}}
Jun 12 01:06:30.017774 np0000002699 devstack@g-api.service[101944]: [pid: 101944|app: 0|req: 64/201] 127.0.0.1 () {46 vars in 1158 bytes} [Fri Jun 12 01:06:17 2026] PUT /v2/images/d3485f96-588e-4891-8f98-2261c6b68019/file => generated 0 bytes in 12054 msecs (HTTP/1.1 204) 4 headers in 171 bytes (1 switches on core 0)
Jun 12 01:06:30.025290 np0000002699 devstack@g-api.service[101945]: DEBUG glance.api.middleware.version_negotiation [None req-55295433-7208-4b8e-9e72-26ddafd696a8 tempest-VolumesActionsTest-1187150930 tempest-VolumesActionsTest-1187150930-project-member] Determining version of request: GET /v2/images/d3485f96-588e-4891-8f98-2261c6b68019 Accept: */* {{(pid=101945) process_request /opt/stack/glance/glance/api/middleware/version_negotiation.py:44}}
Jun 12 01:06:30.025708 np0000002699 devstack@g-api.service[101945]: DEBUG glance.api.middleware.version_negotiation [None req-55295433-7208-4b8e-9e72-26ddafd696a8 tempest-VolumesActionsTest-1187150930 tempest-VolumesActionsTest-1187150930-project-member] Using url versioning {{(pid=101945) process_request /opt/stack/glance/glance/api/middleware/version_negotiation.py:57}}
Jun 12 01:06:30.025708 np0000002699 devstack@g-api.service[101945]: DEBUG glance.api.middleware.version_negotiation [None req-55295433-7208-4b8e-9e72-26ddafd696a8 tempest-VolumesActionsTest-1187150930 tempest-VolumesActionsTest-1187150930-project-member] Matched version: v2 {{(pid=101945) process_request /opt/stack/glance/glance/api/middleware/version_negotiation.py:69}}
Jun 12 01:06:30.025708 np0000002699 devstack@g-api.service[101945]: DEBUG glance.api.middleware.version_negotiation [None req-55295433-7208-4b8e-9e72-26ddafd696a8 tempest-VolumesActionsTest-1187150930 tempest-VolumesActionsTest-1187150930-project-member] new path /v2/images/d3485f96-588e-4891-8f98-2261c6b68019 {{(pid=101945) process_request /opt/stack/glance/glance/api/middleware/version_negotiation.py:70}}
Jun 12 01:06:30.034658 np0000002699 devstack@g-api.service[101945]: [pid: 101945|app: 0|req: 68/202] 127.0.0.1 () {44 vars in 1115 bytes} [Fri Jun 12 01:06:30 2026] GET /v2/images/d3485f96-588e-4891-8f98-2261c6b68019 => generated 822 bytes in 9 msecs (HTTP/1.1 200) 4 headers in 157 bytes (1 switches on core 0)
Jun 12 01:06:30.042826 np0000002699 devstack@g-api.service[101943]: DEBUG glance.api.middleware.version_negotiation [None req-109280ba-5f9f-4ca4-b189-5dbf8c3ae2fe tempest-VolumesActionsTest-1187150930 tempest-VolumesActionsTest-1187150930-project-member] Determining version of request: GET /v2/schemas/image Accept: */* {{(pid=101943) process_request /opt/stack/glance/glance/api/middleware/version_negotiation.py:44}}
Jun 12 01:06:30.043277 np0000002699 devstack@g-api.service[101943]: DEBUG glance.api.middleware.version_negotiation [None req-109280ba-5f9f-4ca4-b189-5dbf8c3ae2fe tempest-VolumesActionsTest-1187150930 tempest-VolumesActionsTest-1187150930-project-member] Using url versioning {{(pid=101943) process_request /opt/stack/glance/glance/api/middleware/version_negotiation.py:57}}
Jun 12 01:06:30.043277 np0000002699 devstack@g-api.service[101943]: DEBUG glance.api.middleware.version_negotiation [None req-109280ba-5f9f-4ca4-b189-5dbf8c3ae2fe tempest-VolumesActionsTest-1187150930 tempest-VolumesActionsTest-1187150930-project-member] Matched version: v2 {{(pid=101943) process_request /opt/stack/glance/glance/api/middleware/version_negotiation.py:69}}
Jun 12 01:06:30.043277 np0000002699 devstack@g-api.service[101943]: DEBUG glance.api.middleware.version_negotiation [None req-109280ba-5f9f-4ca4-b189-5dbf8c3ae2fe tempest-VolumesActionsTest-1187150930 tempest-VolumesActionsTest-1187150930-project-member] new path /v2/schemas/image {{(pid=101943) process_request /opt/stack/glance/glance/api/middleware/version_negotiation.py:70}}
Jun 12 01:06:30.045271 np0000002699 devstack@g-api.service[101943]: [pid: 101943|app: 0|req: 71/203] 127.0.0.1 () {44 vars in 1055 bytes} [Fri Jun 12 01:06:30 2026] GET /v2/schemas/image => generated 6083 bytes in 2 msecs (HTTP/1.1 200) 4 headers in 158 bytes (1 switches on core 0)
Jun 12 01:06:30.055851 np0000002699 devstack@g-api.service[101944]: DEBUG glance.api.middleware.version_negotiation [None req-19ecf162-ee8f-4e1a-bfb9-29d0e814938e tempest-VolumesActionsTest-1187150930 tempest-VolumesActionsTest-1187150930-project-member] Determining version of request: GET /v2/schemas/image Accept: */* {{(pid=101944) process_request /opt/stack/glance/glance/api/middleware/version_negotiation.py:44}}
Jun 12 01:06:30.056074 np0000002699 devstack@g-api.service[101944]: DEBUG glance.api.middleware.version_negotiation [None req-19ecf162-ee8f-4e1a-bfb9-29d0e814938e tempest-VolumesActionsTest-1187150930 tempest-VolumesActionsTest-1187150930-project-member] Using url versioning {{(pid=101944) process_request /opt/stack/glance/glance/api/middleware/version_negotiation.py:57}}
Jun 12 01:06:30.056257 np0000002699 devstack@g-api.service[101944]: DEBUG glance.api.middleware.version_negotiation [None req-19ecf162-ee8f-4e1a-bfb9-29d0e814938e tempest-VolumesActionsTest-1187150930 tempest-VolumesActionsTest-1187150930-project-member] Matched version: v2 {{(pid=101944) process_request /opt/stack/glance/glance/api/middleware/version_negotiation.py:69}}
Jun 12 01:06:30.056424 np0000002699 devstack@g-api.service[101944]: DEBUG glance.api.middleware.version_negotiation [None req-19ecf162-ee8f-4e1a-bfb9-29d0e814938e tempest-VolumesActionsTest-1187150930 tempest-VolumesActionsTest-1187150930-project-member] new path /v2/schemas/image {{(pid=101944) process_request /opt/stack/glance/glance/api/middleware/version_negotiation.py:70}}
Jun 12 01:06:30.059356 np0000002699 devstack@g-api.service[101944]: [pid: 101944|app: 0|req: 65/204] 127.0.0.1 () {44 vars in 1055 bytes} [Fri Jun 12 01:06:30 2026] GET /v2/schemas/image => generated 6083 bytes in 4 msecs (HTTP/1.1 200) 4 headers in 158 bytes (1 switches on core 0)
Jun 12 01:06:30.575651 np0000002699 devstack@g-api.service[101945]: DEBUG glance.api.middleware.version_negotiation [None req-19ecf162-ee8f-4e1a-bfb9-29d0e814938e tempest-VolumesActionsTest-1187150930 tempest-VolumesActionsTest-1187150930-project-member] Determining version of request: GET /v2/images/d3485f96-588e-4891-8f98-2261c6b68019 Accept: application/json {{(pid=101945) process_request /opt/stack/glance/glance/api/middleware/version_negotiation.py:44}}
Jun 12 01:06:30.575794 np0000002699 devstack@g-api.service[101945]: DEBUG glance.api.middleware.version_negotiation [None req-19ecf162-ee8f-4e1a-bfb9-29d0e814938e tempest-VolumesActionsTest-1187150930 tempest-VolumesActionsTest-1187150930-project-member] Using url versioning {{(pid=101945) process_request /opt/stack/glance/glance/api/middleware/version_negotiation.py:57}}
Jun 12 01:06:30.575914 np0000002699 devstack@g-api.service[101945]: DEBUG glance.api.middleware.version_negotiation [None req-19ecf162-ee8f-4e1a-bfb9-29d0e814938e tempest-VolumesActionsTest-1187150930 tempest-VolumesActionsTest-1187150930-project-member] Matched version: v2 {{(pid=101945) process_request /opt/stack/glance/glance/api/middleware/version_negotiation.py:69}}
Jun 12 01:06:30.576010 np0000002699 devstack@g-api.service[101945]: DEBUG glance.api.middleware.version_negotiation [None req-19ecf162-ee8f-4e1a-bfb9-29d0e814938e tempest-VolumesActionsTest-1187150930 tempest-VolumesActionsTest-1187150930-project-member] new path /v2/images/d3485f96-588e-4891-8f98-2261c6b68019 {{(pid=101945) process_request /opt/stack/glance/glance/api/middleware/version_negotiation.py:70}}
Jun 12 01:06:30.590213 np0000002699 devstack@g-api.service[101945]: [pid: 101945|app: 0|req: 69/205] 127.0.0.1 () {40 vars in 838 bytes} [Fri Jun 12 01:06:30 2026] GET /v2/images/d3485f96-588e-4891-8f98-2261c6b68019 => generated 822 bytes in 15 msecs (HTTP/1.1 200) 4 headers in 157 bytes (1 switches on core 0)
Jun 12 01:06:33.775243 np0000002699 devstack@g-api.service[101943]: DEBUG glance.api.middleware.version_negotiation [None req-19ecf162-ee8f-4e1a-bfb9-29d0e814938e tempest-VolumesActionsTest-1187150930 tempest-VolumesActionsTest-1187150930-project-member] Determining version of request: GET /v2/images/d3485f96-588e-4891-8f98-2261c6b68019 Accept: application/json {{(pid=101943) process_request /opt/stack/glance/glance/api/middleware/version_negotiation.py:44}}
Jun 12 01:06:33.775608 np0000002699 devstack@g-api.service[101943]: DEBUG glance.api.middleware.version_negotiation [None req-19ecf162-ee8f-4e1a-bfb9-29d0e814938e tempest-VolumesActionsTest-1187150930 tempest-VolumesActionsTest-1187150930-project-member] Using url versioning {{(pid=101943) process_request /opt/stack/glance/glance/api/middleware/version_negotiation.py:57}}
Jun 12 01:06:33.775608 np0000002699 devstack@g-api.service[101943]: DEBUG glance.api.middleware.version_negotiation [None req-19ecf162-ee8f-4e1a-bfb9-29d0e814938e tempest-VolumesActionsTest-1187150930 tempest-VolumesActionsTest-1187150930-project-member] Matched version: v2 {{(pid=101943) process_request /opt/stack/glance/glance/api/middleware/version_negotiation.py:69}}
Jun 12 01:06:33.775686 np0000002699 devstack@g-api.service[101943]: DEBUG glance.api.middleware.version_negotiation [None req-19ecf162-ee8f-4e1a-bfb9-29d0e814938e tempest-VolumesActionsTest-1187150930 tempest-VolumesActionsTest-1187150930-project-member] new path /v2/images/d3485f96-588e-4891-8f98-2261c6b68019 {{(pid=101943) process_request /opt/stack/glance/glance/api/middleware/version_negotiation.py:70}}
Jun 12 01:06:33.785051 np0000002699 devstack@g-api.service[101943]: [pid: 101943|app: 0|req: 72/206] 127.0.0.1 () {40 vars in 838 bytes} [Fri Jun 12 01:06:33 2026] GET /v2/images/d3485f96-588e-4891-8f98-2261c6b68019 => generated 822 bytes in 10 msecs (HTTP/1.1 200) 4 headers in 157 bytes (1 switches on core 0)
Jun 12 01:06:33.917717 np0000002699 devstack@g-api.service[101944]: DEBUG glance.api.middleware.version_negotiation [None req-19ecf162-ee8f-4e1a-bfb9-29d0e814938e tempest-VolumesActionsTest-1187150930 tempest-VolumesActionsTest-1187150930-project-member] Determining version of request: GET /v2/schemas/image Accept: */* {{(pid=101944) process_request /opt/stack/glance/glance/api/middleware/version_negotiation.py:44}}
Jun 12 01:06:33.918047 np0000002699 devstack@g-api.service[101944]: DEBUG glance.api.middleware.version_negotiation [None req-19ecf162-ee8f-4e1a-bfb9-29d0e814938e tempest-VolumesActionsTest-1187150930 tempest-VolumesActionsTest-1187150930-project-member] Using url versioning {{(pid=101944) process_request /opt/stack/glance/glance/api/middleware/version_negotiation.py:57}}
Jun 12 01:06:33.918047 np0000002699 devstack@g-api.service[101944]: DEBUG glance.api.middleware.version_negotiation [None req-19ecf162-ee8f-4e1a-bfb9-29d0e814938e tempest-VolumesActionsTest-1187150930 tempest-VolumesActionsTest-1187150930-project-member] Matched version: v2 {{(pid=101944) process_request /opt/stack/glance/glance/api/middleware/version_negotiation.py:69}}
Jun 12 01:06:33.918047 np0000002699 devstack@g-api.service[101944]: DEBUG glance.api.middleware.version_negotiation [None req-19ecf162-ee8f-4e1a-bfb9-29d0e814938e tempest-VolumesActionsTest-1187150930 tempest-VolumesActionsTest-1187150930-project-member] new path /v2/schemas/image {{(pid=101944) process_request /opt/stack/glance/glance/api/middleware/version_negotiation.py:70}}
Jun 12 01:06:33.946486 np0000002699 devstack@g-api.service[101944]: [pid: 101944|app: 0|req: 66/207] 127.0.0.1 () {44 vars in 1055 bytes} [Fri Jun 12 01:06:33 2026] GET /v2/schemas/image => generated 6083 bytes in 29 msecs (HTTP/1.1 200) 4 headers in 158 bytes (1 switches on core 0)
Jun 12 01:06:33.955961 np0000002699 devstack@g-api.service[101945]: DEBUG glance.api.middleware.version_negotiation [None req-e371fbe8-f615-4272-b374-26bb31eb369d tempest-VolumesActionsTest-1187150930 tempest-VolumesActionsTest-1187150930-project-member] Determining version of request: POST /v2/images Accept: */* {{(pid=101945) process_request /opt/stack/glance/glance/api/middleware/version_negotiation.py:44}}
Jun 12 01:06:33.956250 np0000002699 devstack@g-api.service[101945]: DEBUG glance.api.middleware.version_negotiation [None req-e371fbe8-f615-4272-b374-26bb31eb369d tempest-VolumesActionsTest-1187150930 tempest-VolumesActionsTest-1187150930-project-member] Using url versioning {{(pid=101945) process_request /opt/stack/glance/glance/api/middleware/version_negotiation.py:57}}
Jun 12 01:06:33.956250 np0000002699 devstack@g-api.service[101945]: DEBUG glance.api.middleware.version_negotiation [None req-e371fbe8-f615-4272-b374-26bb31eb369d tempest-VolumesActionsTest-1187150930 tempest-VolumesActionsTest-1187150930-project-member] Matched version: v2 {{(pid=101945) process_request /opt/stack/glance/glance/api/middleware/version_negotiation.py:69}}
Jun 12 01:06:33.956317 np0000002699 devstack@g-api.service[101945]: DEBUG glance.api.middleware.version_negotiation [None req-e371fbe8-f615-4272-b374-26bb31eb369d tempest-VolumesActionsTest-1187150930 tempest-VolumesActionsTest-1187150930-project-member] new path /v2/images {{(pid=101945) process_request /opt/stack/glance/glance/api/middleware/version_negotiation.py:70}}
Jun 12 01:06:34.339240 np0000002699 devstack@g-api.service[101945]: [pid: 101945|app: 0|req: 70/208] 127.0.0.1 () {46 vars in 1055 bytes} [Fri Jun 12 01:06:33 2026] POST /v2/images => generated 651 bytes in 383 msecs (HTTP/1.1 201) 6 headers in 315 bytes (1 switches on core 0)
Jun 12 01:06:34.347019 np0000002699 devstack@g-api.service[101943]: DEBUG glance.api.middleware.version_negotiation [None req-c22514d1-4a47-4e96-be26-365286888d13 tempest-VolumesActionsTest-1187150930 tempest-VolumesActionsTest-1187150930-project-member] Determining version of request: GET /v2/schemas/image Accept: */* {{(pid=101943) process_request /opt/stack/glance/glance/api/middleware/version_negotiation.py:44}}
Jun 12 01:06:34.347173 np0000002699 devstack@g-api.service[101943]: DEBUG glance.api.middleware.version_negotiation [None req-c22514d1-4a47-4e96-be26-365286888d13 tempest-VolumesActionsTest-1187150930 tempest-VolumesActionsTest-1187150930-project-member] Using url versioning {{(pid=101943) process_request /opt/stack/glance/glance/api/middleware/version_negotiation.py:57}}
Jun 12 01:06:34.347308 np0000002699 devstack@g-api.service[101943]: DEBUG glance.api.middleware.version_negotiation [None req-c22514d1-4a47-4e96-be26-365286888d13 tempest-VolumesActionsTest-1187150930 tempest-VolumesActionsTest-1187150930-project-member] Matched version: v2 {{(pid=101943) process_request /opt/stack/glance/glance/api/middleware/version_negotiation.py:69}}
Jun 12 01:06:34.347444 np0000002699 devstack@g-api.service[101943]: DEBUG glance.api.middleware.version_negotiation [None req-c22514d1-4a47-4e96-be26-365286888d13 tempest-VolumesActionsTest-1187150930 tempest-VolumesActionsTest-1187150930-project-member] new path /v2/schemas/image {{(pid=101943) process_request /opt/stack/glance/glance/api/middleware/version_negotiation.py:70}}
