Aug 18 13:43:53.245311 np0000007658 systemd[1]: Starting devstack@n-api-meta.service - Devstack devstack@n-api-meta.service...
Aug 18 13:43:53.251249 np0000007658 devstack@n-api-meta.service[96096]: [uWSGI] getting INI configuration from /etc/nova/nova-metadata-uwsgi.ini
Aug 18 13:43:53.253632 np0000007658 devstack@n-api-meta.service[96096]: *** Starting uWSGI 2.0.24-debian (64bit) on [Tue Aug 18 13:43:53 2026] ***
Aug 18 13:43:53.253632 np0000007658 devstack@n-api-meta.service[96096]: compiled with version: 13.2.0 on 17 April 2024 16:23:48
Aug 18 13:43:53.253632 np0000007658 devstack@n-api-meta.service[96096]: os: Linux-6.8.0-100-generic #100-Ubuntu SMP PREEMPT_DYNAMIC Tue Jan 13 16:40:06 UTC 2026
Aug 18 13:43:53.253632 np0000007658 devstack@n-api-meta.service[96096]: nodename: np0000007658
Aug 18 13:43:53.253632 np0000007658 devstack@n-api-meta.service[96096]: machine: x86_64
Aug 18 13:43:53.253632 np0000007658 devstack@n-api-meta.service[96096]: clock source: unix
Aug 18 13:43:53.253632 np0000007658 devstack@n-api-meta.service[96096]: pcre jit disabled
Aug 18 13:43:53.253632 np0000007658 devstack@n-api-meta.service[96096]: detected number of CPU cores: 16
Aug 18 13:43:53.253632 np0000007658 devstack@n-api-meta.service[96096]: current working directory: /
Aug 18 13:43:53.253632 np0000007658 devstack@n-api-meta.service[96096]: detected binary path: /usr/bin/uwsgi-core
Aug 18 13:43:53.253871 np0000007658 devstack@n-api-meta.service[96096]: your processes number limit is 257052
Aug 18 13:43:53.253871 np0000007658 devstack@n-api-meta.service[96096]: your memory page size is 4096 bytes
Aug 18 13:43:53.253871 np0000007658 devstack@n-api-meta.service[96096]: detected max file descriptor number: 2048
Aug 18 13:43:53.253871 np0000007658 devstack@n-api-meta.service[96096]: lock engine: pthread robust mutexes
Aug 18 13:43:53.253871 np0000007658 devstack@n-api-meta.service[96096]: thunder lock: enabled
Aug 18 13:43:53.254164 np0000007658 devstack@n-api-meta.service[96096]: uWSGI http bound on 0.0.0.0:8775 fd 5
Aug 18 13:43:53.254224 np0000007658 devstack@n-api-meta.service[96096]: uwsgi socket 0 bound to TCP address 127.0.0.1:41033 (port auto-assigned) fd 4
Aug 18 13:43:53.254224 np0000007658 devstack@n-api-meta.service[96096]: Python version: 3.12.3 (main, Jun 19 2026, 12:46:00) [GCC 13.3.0]
Aug 18 13:43:53.254289 np0000007658 devstack@n-api-meta.service[96096]: PEP 405 virtualenv detected: /opt/stack/data/venv
Aug 18 13:43:53.254289 np0000007658 devstack@n-api-meta.service[96096]: Set PythonHome to /opt/stack/data/venv
Aug 18 13:43:53.287344 np0000007658 devstack@n-api-meta.service[96096]: Python main interpreter initialized at 0x7a75df0a4668
Aug 18 13:43:53.287344 np0000007658 devstack@n-api-meta.service[96096]: python threads support enabled
Aug 18 13:43:53.287344 np0000007658 devstack@n-api-meta.service[96096]: your server socket listen backlog is limited to 100 connections
Aug 18 13:43:53.287344 np0000007658 devstack@n-api-meta.service[96096]: your mercy for graceful operations on workers is 80 seconds
Aug 18 13:43:53.287845 np0000007658 devstack@n-api-meta.service[96096]: mapped 671795 bytes (656 KB) for 4 cores
Aug 18 13:43:53.287988 np0000007658 devstack@n-api-meta.service[96096]: *** Operational MODE: preforking ***
Aug 18 13:43:53.288179 np0000007658 devstack@n-api-meta.service[96096]: *** uWSGI is running in multiple interpreter mode ***
Aug 18 13:43:53.288179 np0000007658 devstack@n-api-meta.service[96096]: spawned uWSGI master process (pid: 96096)
Aug 18 13:43:53.288333 np0000007658 systemd[1]: Started devstack@n-api-meta.service - Devstack devstack@n-api-meta.service.
Aug 18 13:43:53.288737 np0000007658 devstack@n-api-meta.service[96096]: spawned uWSGI worker 1 (pid: 96098, cores: 1)
Aug 18 13:43:53.289142 np0000007658 devstack@n-api-meta.service[96096]: spawned uWSGI worker 2 (pid: 96099, cores: 1)
Aug 18 13:43:53.292888 np0000007658 devstack@n-api-meta.service[96096]: spawned uWSGI worker 3 (pid: 96100, cores: 1)
Aug 18 13:43:53.292888 np0000007658 devstack@n-api-meta.service[96096]: spawned uWSGI worker 4 (pid: 96101, cores: 1)
Aug 18 13:43:53.292888 np0000007658 devstack@n-api-meta.service[96096]: spawned uWSGI http 1 (pid: 96102)
Aug 18 13:43:53.292888 np0000007658 devstack@n-api-meta.service[96096]: running "unix_signal:15 gracefully_kill_them_all" (master-start)...
Aug 18 13:43:54.846386 np0000007658 devstack@n-api-meta.service[96101]: INFO dbcounter [None req-d28d936b-6710-4448-b5fc-7fddbe0c2a9c None None] Registered counter for database nova_api
Aug 18 13:43:54.886566 np0000007658 devstack@n-api-meta.service[96101]: DEBUG oslo_db.sqlalchemy.engines [None req-d28d936b-6710-4448-b5fc-7fddbe0c2a9c None None] MySQL server mode set to STRICT_TRANS_TABLES,STRICT_ALL_TABLES,NO_ZERO_IN_DATE,NO_ZERO_DATE,ERROR_FOR_DIVISION_BY_ZERO,TRADITIONAL,NO_ENGINE_SUBSTITUTION {{(pid=96101) _check_effective_sql_mode /opt/stack/data/venv/lib/python3.12/site-packages/oslo_db/sqlalchemy/engines.py:325}}
Aug 18 13:43:54.892093 np0000007658 devstack@n-api-meta.service[96098]: INFO dbcounter [None req-e65bf60e-a970-4586-8aae-7eea7eeeca9f None None] Registered counter for database nova_api
Aug 18 13:43:54.913680 np0000007658 devstack@n-api-meta.service[96100]: INFO dbcounter [None req-183a567f-256b-4318-80c2-06e2b1278d17 None None] Registered counter for database nova_api
Aug 18 13:43:54.917206 np0000007658 devstack@n-api-meta.service[96101]: DEBUG dbcounter [-] [96101] Writer thread running {{(pid=96101) stat_writer /opt/stack/data/venv/lib/python3.12/site-packages/dbcounter.py:102}}
Aug 18 13:43:54.919278 np0000007658 devstack@n-api-meta.service[96101]: DEBUG nova.context [None req-d28d936b-6710-4448-b5fc-7fddbe0c2a9c None None] Found 2 cells: 00000000-0000-0000-0000-000000000000(cell0),66ed233b-b9e9-4d0c-a4fb-151ab8820a48(cell1) {{(pid=96101) load_cells /opt/stack/nova/nova/context.py:509}}
Aug 18 13:43:54.919523 np0000007658 devstack@n-api-meta.service[96101]: INFO nova.utils [None req-d28d936b-6710-4448-b5fc-7fddbe0c2a9c None None] The cell worker thread pool MainProcess.cell_worker is initialized
Aug 18 13:43:54.921163 np0000007658 devstack@n-api-meta.service[96101]: DEBUG oslo_concurrency.lockutils [None req-d28d936b-6710-4448-b5fc-7fddbe0c2a9c None None] Acquiring lock "00000000-0000-0000-0000-000000000000" by "nova.context.set_target_cell..get_or_set_cached_cell_and_set_connections" {{(pid=96101) inner /opt/stack/data/venv/lib/python3.12/site-packages/oslo_concurrency/lockutils.py:512}}
Aug 18 13:43:54.921367 np0000007658 devstack@n-api-meta.service[96101]: DEBUG oslo_concurrency.lockutils [None req-d28d936b-6710-4448-b5fc-7fddbe0c2a9c None None] Lock "00000000-0000-0000-0000-000000000000" acquired by "nova.context.set_target_cell..get_or_set_cached_cell_and_set_connections" :: waited 0.000s {{(pid=96101) inner /opt/stack/data/venv/lib/python3.12/site-packages/oslo_concurrency/lockutils.py:525}}
Aug 18 13:43:54.921821 np0000007658 devstack@n-api-meta.service[96101]: DEBUG oslo_concurrency.lockutils [None req-d28d936b-6710-4448-b5fc-7fddbe0c2a9c None None] Lock "00000000-0000-0000-0000-000000000000" "released" by "nova.context.set_target_cell..get_or_set_cached_cell_and_set_connections" :: held 0.000s {{(pid=96101) inner /opt/stack/data/venv/lib/python3.12/site-packages/oslo_concurrency/lockutils.py:544}}
Aug 18 13:43:54.922545 np0000007658 devstack@n-api-meta.service[96101]: DEBUG oslo_concurrency.lockutils [None req-d28d936b-6710-4448-b5fc-7fddbe0c2a9c None None] Acquiring lock "66ed233b-b9e9-4d0c-a4fb-151ab8820a48" by "nova.context.set_target_cell..get_or_set_cached_cell_and_set_connections" {{(pid=96101) inner /opt/stack/data/venv/lib/python3.12/site-packages/oslo_concurrency/lockutils.py:512}}
Aug 18 13:43:54.924321 np0000007658 devstack@n-api-meta.service[96101]: INFO dbcounter [None req-d28d936b-6710-4448-b5fc-7fddbe0c2a9c None None] Registered counter for database nova_cell0
Aug 18 13:43:54.925454 np0000007658 devstack@n-api-meta.service[96101]: DEBUG oslo_concurrency.lockutils [None req-d28d936b-6710-4448-b5fc-7fddbe0c2a9c None None] Lock "66ed233b-b9e9-4d0c-a4fb-151ab8820a48" acquired by "nova.context.set_target_cell..get_or_set_cached_cell_and_set_connections" :: waited 0.002s {{(pid=96101) inner /opt/stack/data/venv/lib/python3.12/site-packages/oslo_concurrency/lockutils.py:525}}
Aug 18 13:43:54.926574 np0000007658 devstack@n-api-meta.service[96101]: DEBUG oslo_concurrency.lockutils [None req-d28d936b-6710-4448-b5fc-7fddbe0c2a9c None None] Lock "66ed233b-b9e9-4d0c-a4fb-151ab8820a48" "released" by "nova.context.set_target_cell..get_or_set_cached_cell_and_set_connections" :: held 0.002s {{(pid=96101) inner /opt/stack/data/venv/lib/python3.12/site-packages/oslo_concurrency/lockutils.py:544}}
Aug 18 13:43:54.928540 np0000007658 devstack@n-api-meta.service[96101]: INFO dbcounter [None req-d28d936b-6710-4448-b5fc-7fddbe0c2a9c None None] Registered counter for database nova_cell1
Aug 18 13:43:54.933216 np0000007658 devstack@n-api-meta.service[96098]: DEBUG oslo_db.sqlalchemy.engines [None req-e65bf60e-a970-4586-8aae-7eea7eeeca9f None None] MySQL server mode set to STRICT_TRANS_TABLES,STRICT_ALL_TABLES,NO_ZERO_IN_DATE,NO_ZERO_DATE,ERROR_FOR_DIVISION_BY_ZERO,TRADITIONAL,NO_ENGINE_SUBSTITUTION {{(pid=96098) _check_effective_sql_mode /opt/stack/data/venv/lib/python3.12/site-packages/oslo_db/sqlalchemy/engines.py:325}}
Aug 18 13:43:54.933469 np0000007658 devstack@n-api-meta.service[96099]: INFO dbcounter [None req-cded1290-c94d-4b36-84bb-16ef65c90d5d None None] Registered counter for database nova_api
Aug 18 13:43:54.957024 np0000007658 devstack@n-api-meta.service[96100]: DEBUG oslo_db.sqlalchemy.engines [None req-183a567f-256b-4318-80c2-06e2b1278d17 None None] MySQL server mode set to STRICT_TRANS_TABLES,STRICT_ALL_TABLES,NO_ZERO_IN_DATE,NO_ZERO_DATE,ERROR_FOR_DIVISION_BY_ZERO,TRADITIONAL,NO_ENGINE_SUBSTITUTION {{(pid=96100) _check_effective_sql_mode /opt/stack/data/venv/lib/python3.12/site-packages/oslo_db/sqlalchemy/engines.py:325}}
Aug 18 13:43:54.960703 np0000007658 devstack@n-api-meta.service[96098]: DEBUG dbcounter [-] [96098] Writer thread running {{(pid=96098) stat_writer /opt/stack/data/venv/lib/python3.12/site-packages/dbcounter.py:102}}
Aug 18 13:43:54.963739 np0000007658 devstack@n-api-meta.service[96098]: DEBUG nova.context [None req-e65bf60e-a970-4586-8aae-7eea7eeeca9f None None] Found 2 cells: 00000000-0000-0000-0000-000000000000(cell0),66ed233b-b9e9-4d0c-a4fb-151ab8820a48(cell1) {{(pid=96098) load_cells /opt/stack/nova/nova/context.py:509}}
Aug 18 13:43:54.963739 np0000007658 devstack@n-api-meta.service[96098]: INFO nova.utils [None req-e65bf60e-a970-4586-8aae-7eea7eeeca9f None None] The cell worker thread pool MainProcess.cell_worker is initialized
Aug 18 13:43:54.964439 np0000007658 devstack@n-api-meta.service[96098]: DEBUG oslo_concurrency.lockutils [None req-e65bf60e-a970-4586-8aae-7eea7eeeca9f None None] Acquiring lock "00000000-0000-0000-0000-000000000000" by "nova.context.set_target_cell..get_or_set_cached_cell_and_set_connections" {{(pid=96098) inner /opt/stack/data/venv/lib/python3.12/site-packages/oslo_concurrency/lockutils.py:512}}
Aug 18 13:43:54.964593 np0000007658 devstack@n-api-meta.service[96098]: DEBUG oslo_concurrency.lockutils [None req-e65bf60e-a970-4586-8aae-7eea7eeeca9f None None] Lock "00000000-0000-0000-0000-000000000000" acquired by "nova.context.set_target_cell..get_or_set_cached_cell_and_set_connections" :: waited 0.000s {{(pid=96098) inner /opt/stack/data/venv/lib/python3.12/site-packages/oslo_concurrency/lockutils.py:525}}
Aug 18 13:43:54.965700 np0000007658 devstack@n-api-meta.service[96098]: DEBUG oslo_concurrency.lockutils [None req-e65bf60e-a970-4586-8aae-7eea7eeeca9f None None] Lock "00000000-0000-0000-0000-000000000000" "released" by "nova.context.set_target_cell..get_or_set_cached_cell_and_set_connections" :: held 0.000s {{(pid=96098) inner /opt/stack/data/venv/lib/python3.12/site-packages/oslo_concurrency/lockutils.py:544}}
Aug 18 13:43:54.965700 np0000007658 devstack@n-api-meta.service[96098]: DEBUG oslo_concurrency.lockutils [None req-e65bf60e-a970-4586-8aae-7eea7eeeca9f None None] Acquiring lock "66ed233b-b9e9-4d0c-a4fb-151ab8820a48" by "nova.context.set_target_cell..get_or_set_cached_cell_and_set_connections" {{(pid=96098) inner /opt/stack/data/venv/lib/python3.12/site-packages/oslo_concurrency/lockutils.py:512}}
Aug 18 13:43:54.965700 np0000007658 devstack@n-api-meta.service[96098]: DEBUG oslo_concurrency.lockutils [None req-e65bf60e-a970-4586-8aae-7eea7eeeca9f None None] Lock "66ed233b-b9e9-4d0c-a4fb-151ab8820a48" acquired by "nova.context.set_target_cell..get_or_set_cached_cell_and_set_connections" :: waited 0.000s {{(pid=96098) inner /opt/stack/data/venv/lib/python3.12/site-packages/oslo_concurrency/lockutils.py:525}}
Aug 18 13:43:54.966408 np0000007658 devstack@n-api-meta.service[96098]: DEBUG oslo_concurrency.lockutils [None req-e65bf60e-a970-4586-8aae-7eea7eeeca9f None None] Lock "66ed233b-b9e9-4d0c-a4fb-151ab8820a48" "released" by "nova.context.set_target_cell..get_or_set_cached_cell_and_set_connections" :: held 0.001s {{(pid=96098) inner /opt/stack/data/venv/lib/python3.12/site-packages/oslo_concurrency/lockutils.py:544}}
Aug 18 13:43:54.967653 np0000007658 devstack@n-api-meta.service[96098]: INFO dbcounter [None req-e65bf60e-a970-4586-8aae-7eea7eeeca9f None None] Registered counter for database nova_cell0
Aug 18 13:43:54.970315 np0000007658 devstack@n-api-meta.service[96098]: INFO dbcounter [None req-e65bf60e-a970-4586-8aae-7eea7eeeca9f None None] Registered counter for database nova_cell1
Aug 18 13:43:54.974606 np0000007658 devstack@n-api-meta.service[96101]: DEBUG oslo_db.sqlalchemy.engines [None req-d28d936b-6710-4448-b5fc-7fddbe0c2a9c None None] MySQL server mode set to STRICT_TRANS_TABLES,STRICT_ALL_TABLES,NO_ZERO_IN_DATE,NO_ZERO_DATE,ERROR_FOR_DIVISION_BY_ZERO,TRADITIONAL,NO_ENGINE_SUBSTITUTION {{(pid=96101) _check_effective_sql_mode /opt/stack/data/venv/lib/python3.12/site-packages/oslo_db/sqlalchemy/engines.py:325}}
Aug 18 13:43:54.979784 np0000007658 devstack@n-api-meta.service[96099]: DEBUG oslo_db.sqlalchemy.engines [None req-cded1290-c94d-4b36-84bb-16ef65c90d5d None None] MySQL server mode set to STRICT_TRANS_TABLES,STRICT_ALL_TABLES,NO_ZERO_IN_DATE,NO_ZERO_DATE,ERROR_FOR_DIVISION_BY_ZERO,TRADITIONAL,NO_ENGINE_SUBSTITUTION {{(pid=96099) _check_effective_sql_mode /opt/stack/data/venv/lib/python3.12/site-packages/oslo_db/sqlalchemy/engines.py:325}}
Aug 18 13:43:54.986304 np0000007658 devstack@n-api-meta.service[96100]: DEBUG dbcounter [-] [96100] Writer thread running {{(pid=96100) stat_writer /opt/stack/data/venv/lib/python3.12/site-packages/dbcounter.py:102}}
Aug 18 13:43:54.988404 np0000007658 devstack@n-api-meta.service[96100]: DEBUG nova.context [None req-183a567f-256b-4318-80c2-06e2b1278d17 None None] Found 2 cells: 00000000-0000-0000-0000-000000000000(cell0),66ed233b-b9e9-4d0c-a4fb-151ab8820a48(cell1) {{(pid=96100) load_cells /opt/stack/nova/nova/context.py:509}}
Aug 18 13:43:54.988614 np0000007658 devstack@n-api-meta.service[96100]: INFO nova.utils [None req-183a567f-256b-4318-80c2-06e2b1278d17 None None] The cell worker thread pool MainProcess.cell_worker is initialized
Aug 18 13:43:54.990272 np0000007658 devstack@n-api-meta.service[96100]: DEBUG oslo_concurrency.lockutils [None req-183a567f-256b-4318-80c2-06e2b1278d17 None None] Acquiring lock "00000000-0000-0000-0000-000000000000" by "nova.context.set_target_cell..get_or_set_cached_cell_and_set_connections" {{(pid=96100) inner /opt/stack/data/venv/lib/python3.12/site-packages/oslo_concurrency/lockutils.py:512}}
Aug 18 13:43:54.990433 np0000007658 devstack@n-api-meta.service[96100]: DEBUG oslo_concurrency.lockutils [None req-183a567f-256b-4318-80c2-06e2b1278d17 None None] Lock "00000000-0000-0000-0000-000000000000" acquired by "nova.context.set_target_cell..get_or_set_cached_cell_and_set_connections" :: waited 0.000s {{(pid=96100) inner /opt/stack/data/venv/lib/python3.12/site-packages/oslo_concurrency/lockutils.py:525}}
Aug 18 13:43:54.990769 np0000007658 devstack@n-api-meta.service[96100]: DEBUG oslo_concurrency.lockutils [None req-183a567f-256b-4318-80c2-06e2b1278d17 None None] Lock "00000000-0000-0000-0000-000000000000" "released" by "nova.context.set_target_cell..get_or_set_cached_cell_and_set_connections" :: held 0.000s {{(pid=96100) inner /opt/stack/data/venv/lib/python3.12/site-packages/oslo_concurrency/lockutils.py:544}}
Aug 18 13:43:54.991415 np0000007658 devstack@n-api-meta.service[96100]: DEBUG oslo_concurrency.lockutils [None req-183a567f-256b-4318-80c2-06e2b1278d17 None None] Acquiring lock "66ed233b-b9e9-4d0c-a4fb-151ab8820a48" by "nova.context.set_target_cell..get_or_set_cached_cell_and_set_connections" {{(pid=96100) inner /opt/stack/data/venv/lib/python3.12/site-packages/oslo_concurrency/lockutils.py:512}}
Aug 18 13:43:54.991551 np0000007658 devstack@n-api-meta.service[96100]: DEBUG oslo_concurrency.lockutils [None req-183a567f-256b-4318-80c2-06e2b1278d17 None None] Lock "66ed233b-b9e9-4d0c-a4fb-151ab8820a48" acquired by "nova.context.set_target_cell..get_or_set_cached_cell_and_set_connections" :: waited 0.000s {{(pid=96100) inner /opt/stack/data/venv/lib/python3.12/site-packages/oslo_concurrency/lockutils.py:525}}
Aug 18 13:43:54.992368 np0000007658 devstack@n-api-meta.service[96100]: DEBUG oslo_concurrency.lockutils [None req-183a567f-256b-4318-80c2-06e2b1278d17 None None] Lock "66ed233b-b9e9-4d0c-a4fb-151ab8820a48" "released" by "nova.context.set_target_cell..get_or_set_cached_cell_and_set_connections" :: held 0.001s {{(pid=96100) inner /opt/stack/data/venv/lib/python3.12/site-packages/oslo_concurrency/lockutils.py:544}}
Aug 18 13:43:54.992629 np0000007658 devstack@n-api-meta.service[96101]: DEBUG oslo_db.sqlalchemy.engines [None req-d28d936b-6710-4448-b5fc-7fddbe0c2a9c None None] MySQL server mode set to STRICT_TRANS_TABLES,STRICT_ALL_TABLES,NO_ZERO_IN_DATE,NO_ZERO_DATE,ERROR_FOR_DIVISION_BY_ZERO,TRADITIONAL,NO_ENGINE_SUBSTITUTION {{(pid=96101) _check_effective_sql_mode /opt/stack/data/venv/lib/python3.12/site-packages/oslo_db/sqlalchemy/engines.py:325}}
Aug 18 13:43:54.994084 np0000007658 devstack@n-api-meta.service[96100]: INFO dbcounter [None req-183a567f-256b-4318-80c2-06e2b1278d17 None None] Registered counter for database nova_cell0
Aug 18 13:43:54.996610 np0000007658 devstack@n-api-meta.service[96100]: INFO dbcounter [None req-183a567f-256b-4318-80c2-06e2b1278d17 None None] Registered counter for database nova_cell1
Aug 18 13:43:55.013532 np0000007658 devstack@n-api-meta.service[96099]: DEBUG dbcounter [-] [96099] Writer thread running {{(pid=96099) stat_writer /opt/stack/data/venv/lib/python3.12/site-packages/dbcounter.py:102}}
Aug 18 13:43:55.015983 np0000007658 devstack@n-api-meta.service[96099]: DEBUG nova.context [None req-cded1290-c94d-4b36-84bb-16ef65c90d5d None None] Found 2 cells: 00000000-0000-0000-0000-000000000000(cell0),66ed233b-b9e9-4d0c-a4fb-151ab8820a48(cell1) {{(pid=96099) load_cells /opt/stack/nova/nova/context.py:509}}
Aug 18 13:43:55.016286 np0000007658 devstack@n-api-meta.service[96099]: INFO nova.utils [None req-cded1290-c94d-4b36-84bb-16ef65c90d5d None None] The cell worker thread pool MainProcess.cell_worker is initialized
Aug 18 13:43:55.018084 np0000007658 devstack@n-api-meta.service[96099]: DEBUG oslo_concurrency.lockutils [None req-cded1290-c94d-4b36-84bb-16ef65c90d5d None None] Acquiring lock "00000000-0000-0000-0000-000000000000" by "nova.context.set_target_cell..get_or_set_cached_cell_and_set_connections" {{(pid=96099) inner /opt/stack/data/venv/lib/python3.12/site-packages/oslo_concurrency/lockutils.py:512}}
Aug 18 13:43:55.018321 np0000007658 devstack@n-api-meta.service[96099]: DEBUG oslo_concurrency.lockutils [None req-cded1290-c94d-4b36-84bb-16ef65c90d5d None None] Lock "00000000-0000-0000-0000-000000000000" acquired by "nova.context.set_target_cell..get_or_set_cached_cell_and_set_connections" :: waited 0.000s {{(pid=96099) inner /opt/stack/data/venv/lib/python3.12/site-packages/oslo_concurrency/lockutils.py:525}}
Aug 18 13:43:55.018491 np0000007658 devstack@n-api-meta.service[96098]: DEBUG oslo_db.sqlalchemy.engines [None req-e65bf60e-a970-4586-8aae-7eea7eeeca9f None None] MySQL server mode set to STRICT_TRANS_TABLES,STRICT_ALL_TABLES,NO_ZERO_IN_DATE,NO_ZERO_DATE,ERROR_FOR_DIVISION_BY_ZERO,TRADITIONAL,NO_ENGINE_SUBSTITUTION {{(pid=96098) _check_effective_sql_mode /opt/stack/data/venv/lib/python3.12/site-packages/oslo_db/sqlalchemy/engines.py:325}}
Aug 18 13:43:55.018756 np0000007658 devstack@n-api-meta.service[96099]: DEBUG oslo_concurrency.lockutils [None req-cded1290-c94d-4b36-84bb-16ef65c90d5d None None] Lock "00000000-0000-0000-0000-000000000000" "released" by "nova.context.set_target_cell..get_or_set_cached_cell_and_set_connections" :: held 0.000s {{(pid=96099) inner /opt/stack/data/venv/lib/python3.12/site-packages/oslo_concurrency/lockutils.py:544}}
Aug 18 13:43:55.019557 np0000007658 devstack@n-api-meta.service[96099]: DEBUG oslo_concurrency.lockutils [None req-cded1290-c94d-4b36-84bb-16ef65c90d5d None None] Acquiring lock "66ed233b-b9e9-4d0c-a4fb-151ab8820a48" by "nova.context.set_target_cell..get_or_set_cached_cell_and_set_connections" {{(pid=96099) inner /opt/stack/data/venv/lib/python3.12/site-packages/oslo_concurrency/lockutils.py:512}}
Aug 18 13:43:55.019727 np0000007658 devstack@n-api-meta.service[96099]: DEBUG oslo_concurrency.lockutils [None req-cded1290-c94d-4b36-84bb-16ef65c90d5d None None] Lock "66ed233b-b9e9-4d0c-a4fb-151ab8820a48" acquired by "nova.context.set_target_cell..get_or_set_cached_cell_and_set_connections" :: waited 0.000s {{(pid=96099) inner /opt/stack/data/venv/lib/python3.12/site-packages/oslo_concurrency/lockutils.py:525}}
Aug 18 13:43:55.023444 np0000007658 devstack@n-api-meta.service[96099]: INFO dbcounter [None req-cded1290-c94d-4b36-84bb-16ef65c90d5d None None] Registered counter for database nova_cell0
Aug 18 13:43:55.023655 np0000007658 devstack@n-api-meta.service[96099]: DEBUG oslo_concurrency.lockutils [None req-cded1290-c94d-4b36-84bb-16ef65c90d5d None None] Lock "66ed233b-b9e9-4d0c-a4fb-151ab8820a48" "released" by "nova.context.set_target_cell..get_or_set_cached_cell_and_set_connections" :: held 0.002s {{(pid=96099) inner /opt/stack/data/venv/lib/python3.12/site-packages/oslo_concurrency/lockutils.py:544}}
Aug 18 13:43:55.025754 np0000007658 devstack@n-api-meta.service[96099]: INFO dbcounter [None req-cded1290-c94d-4b36-84bb-16ef65c90d5d None None] Registered counter for database nova_cell1
Aug 18 13:43:55.048486 np0000007658 devstack@n-api-meta.service[96100]: DEBUG oslo_db.sqlalchemy.engines [None req-183a567f-256b-4318-80c2-06e2b1278d17 None None] MySQL server mode set to STRICT_TRANS_TABLES,STRICT_ALL_TABLES,NO_ZERO_IN_DATE,NO_ZERO_DATE,ERROR_FOR_DIVISION_BY_ZERO,TRADITIONAL,NO_ENGINE_SUBSTITUTION {{(pid=96100) _check_effective_sql_mode /opt/stack/data/venv/lib/python3.12/site-packages/oslo_db/sqlalchemy/engines.py:325}}
Aug 18 13:43:55.051897 np0000007658 devstack@n-api-meta.service[96100]: DEBUG oslo_db.sqlalchemy.engines [None req-183a567f-256b-4318-80c2-06e2b1278d17 None None] MySQL server mode set to STRICT_TRANS_TABLES,STRICT_ALL_TABLES,NO_ZERO_IN_DATE,NO_ZERO_DATE,ERROR_FOR_DIVISION_BY_ZERO,TRADITIONAL,NO_ENGINE_SUBSTITUTION {{(pid=96100) _check_effective_sql_mode /opt/stack/data/venv/lib/python3.12/site-packages/oslo_db/sqlalchemy/engines.py:325}}
Aug 18 13:43:55.063337 np0000007658 devstack@n-api-meta.service[96101]: DEBUG dbcounter [-] [96101] Writer thread running {{(pid=96101) stat_writer /opt/stack/data/venv/lib/python3.12/site-packages/dbcounter.py:102}}
Aug 18 13:43:55.069595 np0000007658 devstack@n-api-meta.service[96101]: DEBUG dbcounter [-] [96101] Writer thread running {{(pid=96101) stat_writer /opt/stack/data/venv/lib/python3.12/site-packages/dbcounter.py:102}}
Aug 18 13:43:55.073178 np0000007658 devstack@n-api-meta.service[96101]: INFO dbcounter [None req-d28d936b-6710-4448-b5fc-7fddbe0c2a9c None None] Registered counter for database nova_cell0
Aug 18 13:43:55.082148 np0000007658 devstack@n-api-meta.service[96099]: DEBUG oslo_db.sqlalchemy.engines [None req-cded1290-c94d-4b36-84bb-16ef65c90d5d None None] MySQL server mode set to STRICT_TRANS_TABLES,STRICT_ALL_TABLES,NO_ZERO_IN_DATE,NO_ZERO_DATE,ERROR_FOR_DIVISION_BY_ZERO,TRADITIONAL,NO_ENGINE_SUBSTITUTION {{(pid=96099) _check_effective_sql_mode /opt/stack/data/venv/lib/python3.12/site-packages/oslo_db/sqlalchemy/engines.py:325}}
Aug 18 13:43:55.083035 np0000007658 devstack@n-api-meta.service[96098]: DEBUG oslo_db.sqlalchemy.engines [None req-e65bf60e-a970-4586-8aae-7eea7eeeca9f None None] MySQL server mode set to STRICT_TRANS_TABLES,STRICT_ALL_TABLES,NO_ZERO_IN_DATE,NO_ZERO_DATE,ERROR_FOR_DIVISION_BY_ZERO,TRADITIONAL,NO_ENGINE_SUBSTITUTION {{(pid=96098) _check_effective_sql_mode /opt/stack/data/venv/lib/python3.12/site-packages/oslo_db/sqlalchemy/engines.py:325}}
Aug 18 13:43:55.085965 np0000007658 devstack@n-api-meta.service[96099]: DEBUG oslo_db.sqlalchemy.engines [None req-cded1290-c94d-4b36-84bb-16ef65c90d5d None None] MySQL server mode set to STRICT_TRANS_TABLES,STRICT_ALL_TABLES,NO_ZERO_IN_DATE,NO_ZERO_DATE,ERROR_FOR_DIVISION_BY_ZERO,TRADITIONAL,NO_ENGINE_SUBSTITUTION {{(pid=96099) _check_effective_sql_mode /opt/stack/data/venv/lib/python3.12/site-packages/oslo_db/sqlalchemy/engines.py:325}}
Aug 18 13:43:55.107955 np0000007658 devstack@n-api-meta.service[96098]: DEBUG dbcounter [-] [96098] Writer thread running {{(pid=96098) stat_writer /opt/stack/data/venv/lib/python3.12/site-packages/dbcounter.py:102}}
Aug 18 13:43:55.108058 np0000007658 devstack@n-api-meta.service[96101]: DEBUG oslo_db.sqlalchemy.engines [None req-d28d936b-6710-4448-b5fc-7fddbe0c2a9c None None] MySQL server mode set to STRICT_TRANS_TABLES,STRICT_ALL_TABLES,NO_ZERO_IN_DATE,NO_ZERO_DATE,ERROR_FOR_DIVISION_BY_ZERO,TRADITIONAL,NO_ENGINE_SUBSTITUTION {{(pid=96101) _check_effective_sql_mode /opt/stack/data/venv/lib/python3.12/site-packages/oslo_db/sqlalchemy/engines.py:325}}
Aug 18 13:43:55.113281 np0000007658 devstack@n-api-meta.service[96098]: DEBUG dbcounter [-] [96098] Writer thread running {{(pid=96098) stat_writer /opt/stack/data/venv/lib/python3.12/site-packages/dbcounter.py:102}}
Aug 18 13:43:55.114816 np0000007658 devstack@n-api-meta.service[96101]: DEBUG dbcounter [-] [96101] Writer thread running {{(pid=96101) stat_writer /opt/stack/data/venv/lib/python3.12/site-packages/dbcounter.py:102}}
Aug 18 13:43:55.116329 np0000007658 devstack@n-api-meta.service[96098]: INFO dbcounter [None req-e65bf60e-a970-4586-8aae-7eea7eeeca9f None None] Registered counter for database nova_cell0
Aug 18 13:43:55.141467 np0000007658 devstack@n-api-meta.service[96100]: DEBUG dbcounter [-] [96100] Writer thread running {{(pid=96100) stat_writer /opt/stack/data/venv/lib/python3.12/site-packages/dbcounter.py:102}}
Aug 18 13:43:55.144389 np0000007658 devstack@n-api-meta.service[96100]: DEBUG dbcounter [-] [96100] Writer thread running {{(pid=96100) stat_writer /opt/stack/data/venv/lib/python3.12/site-packages/dbcounter.py:102}}
Aug 18 13:43:55.150552 np0000007658 devstack@n-api-meta.service[96100]: INFO dbcounter [None req-183a567f-256b-4318-80c2-06e2b1278d17 None None] Registered counter for database nova_cell0
Aug 18 13:43:55.151751 np0000007658 devstack@n-api-meta.service[96098]: DEBUG oslo_db.sqlalchemy.engines [None req-e65bf60e-a970-4586-8aae-7eea7eeeca9f None None] MySQL server mode set to STRICT_TRANS_TABLES,STRICT_ALL_TABLES,NO_ZERO_IN_DATE,NO_ZERO_DATE,ERROR_FOR_DIVISION_BY_ZERO,TRADITIONAL,NO_ENGINE_SUBSTITUTION {{(pid=96098) _check_effective_sql_mode /opt/stack/data/venv/lib/python3.12/site-packages/oslo_db/sqlalchemy/engines.py:325}}
Aug 18 13:43:55.153062 np0000007658 devstack@n-api-meta.service[96101]: WARNING nova.api.metadata.handler [None req-d28d936b-6710-4448-b5fc-7fddbe0c2a9c None None] metadata_proxy_shared_secret is not configured, the metadata information returned by the proxy cannot be trusted
Aug 18 13:43:55.155233 np0000007658 devstack@n-api-meta.service[96101]: DEBUG nova.api.openstack.wsgi_app [None req-d28d936b-6710-4448-b5fc-7fddbe0c2a9c None None] ******************************************************************************** {{(pid=96101) log_opt_values /opt/stack/data/venv/lib/python3.12/site-packages/oslo_config/cfg.py:3533}}
Aug 18 13:43:55.155361 np0000007658 devstack@n-api-meta.service[96101]: DEBUG nova.api.openstack.wsgi_app [None req-d28d936b-6710-4448-b5fc-7fddbe0c2a9c None None] Configuration options gathered from: {{(pid=96101) log_opt_values /opt/stack/data/venv/lib/python3.12/site-packages/oslo_config/cfg.py:3534}}
Aug 18 13:43:55.156432 np0000007658 devstack@n-api-meta.service[96101]: DEBUG nova.api.openstack.wsgi_app [None req-d28d936b-6710-4448-b5fc-7fddbe0c2a9c None None] command line args: [] {{(pid=96101) log_opt_values /opt/stack/data/venv/lib/python3.12/site-packages/oslo_config/cfg.py:3535}}
Aug 18 13:43:55.156432 np0000007658 devstack@n-api-meta.service[96101]: DEBUG nova.api.openstack.wsgi_app [None req-d28d936b-6710-4448-b5fc-7fddbe0c2a9c None None] config files: ['/etc/nova/api-paste.ini', '/etc/nova/nova.conf'] {{(pid=96101) log_opt_values /opt/stack/data/venv/lib/python3.12/site-packages/oslo_config/cfg.py:3536}}
Aug 18 13:43:55.156432 np0000007658 devstack@n-api-meta.service[96101]: DEBUG nova.api.openstack.wsgi_app [None req-d28d936b-6710-4448-b5fc-7fddbe0c2a9c None None] ================================================================================ {{(pid=96101) log_opt_values /opt/stack/data/venv/lib/python3.12/site-packages/oslo_config/cfg.py:3541}}
Aug 18 13:43:55.156432 np0000007658 devstack@n-api-meta.service[96101]: DEBUG nova.api.openstack.wsgi_app [None req-d28d936b-6710-4448-b5fc-7fddbe0c2a9c None None] allow_resize_to_same_host = True {{(pid=96101) log_opt_values /opt/stack/data/venv/lib/python3.12/site-packages/oslo_config/cfg.py:3549}}
Aug 18 13:43:55.156432 np0000007658 devstack@n-api-meta.service[96101]: DEBUG nova.api.openstack.wsgi_app [None req-d28d936b-6710-4448-b5fc-7fddbe0c2a9c None None] arq_binding_timeout = 300 {{(pid=96101) log_opt_values /opt/stack/data/venv/lib/python3.12/site-packages/oslo_config/cfg.py:3549}}
Aug 18 13:43:55.156432 np0000007658 devstack@n-api-meta.service[96101]: DEBUG nova.api.openstack.wsgi_app [None req-d28d936b-6710-4448-b5fc-7fddbe0c2a9c None None] block_device_allocate_retries = 60 {{(pid=96101) log_opt_values /opt/stack/data/venv/lib/python3.12/site-packages/oslo_config/cfg.py:3549}}
Aug 18 13:43:55.156432 np0000007658 devstack@n-api-meta.service[96101]: DEBUG nova.api.openstack.wsgi_app [None req-d28d936b-6710-4448-b5fc-7fddbe0c2a9c None None] block_device_allocate_retries_interval = 3 {{(pid=96101) log_opt_values /opt/stack/data/venv/lib/python3.12/site-packages/oslo_config/cfg.py:3549}}
Aug 18 13:43:55.156805 np0000007658 devstack@n-api-meta.service[96101]: DEBUG nova.api.openstack.wsgi_app [None req-d28d936b-6710-4448-b5fc-7fddbe0c2a9c None None] cell_worker_thread_pool_size = 5 {{(pid=96101) log_opt_values /opt/stack/data/venv/lib/python3.12/site-packages/oslo_config/cfg.py:3549}}
Aug 18 13:43:55.156805 np0000007658 devstack@n-api-meta.service[96101]: DEBUG nova.api.openstack.wsgi_app [None req-d28d936b-6710-4448-b5fc-7fddbe0c2a9c None None] cert = self.pem {{(pid=96101) log_opt_values /opt/stack/data/venv/lib/python3.12/site-packages/oslo_config/cfg.py:3549}}
Aug 18 13:43:55.156805 np0000007658 devstack@n-api-meta.service[96101]: DEBUG nova.api.openstack.wsgi_app [None req-d28d936b-6710-4448-b5fc-7fddbe0c2a9c None None] compute_driver = libvirt.LibvirtDriver {{(pid=96101) log_opt_values /opt/stack/data/venv/lib/python3.12/site-packages/oslo_config/cfg.py:3549}}
Aug 18 13:43:55.156983 np0000007658 devstack@n-api-meta.service[96101]: DEBUG nova.api.openstack.wsgi_app [None req-d28d936b-6710-4448-b5fc-7fddbe0c2a9c None None] compute_monitors = [] {{(pid=96101) log_opt_values /opt/stack/data/venv/lib/python3.12/site-packages/oslo_config/cfg.py:3549}}
Aug 18 13:43:55.157153 np0000007658 devstack@n-api-meta.service[96101]: DEBUG nova.api.openstack.wsgi_app [None req-d28d936b-6710-4448-b5fc-7fddbe0c2a9c None None] concurrency_backend = auto {{(pid=96101) log_opt_values /opt/stack/data/venv/lib/python3.12/site-packages/oslo_config/cfg.py:3549}}
Aug 18 13:43:55.157313 np0000007658 devstack@n-api-meta.service[96101]: DEBUG nova.api.openstack.wsgi_app [None req-d28d936b-6710-4448-b5fc-7fddbe0c2a9c None None] config_dir = [] {{(pid=96101) log_opt_values /opt/stack/data/venv/lib/python3.12/site-packages/oslo_config/cfg.py:3549}}
Aug 18 13:43:55.157469 np0000007658 devstack@n-api-meta.service[96101]: DEBUG nova.api.openstack.wsgi_app [None req-d28d936b-6710-4448-b5fc-7fddbe0c2a9c None None] config_drive_format = iso9660 {{(pid=96101) log_opt_values /opt/stack/data/venv/lib/python3.12/site-packages/oslo_config/cfg.py:3549}}
Aug 18 13:43:55.157610 np0000007658 devstack@n-api-meta.service[96101]: DEBUG nova.api.openstack.wsgi_app [None req-d28d936b-6710-4448-b5fc-7fddbe0c2a9c None None] config_file = ['/etc/nova/api-paste.ini', '/etc/nova/nova.conf'] {{(pid=96101) log_opt_values /opt/stack/data/venv/lib/python3.12/site-packages/oslo_config/cfg.py:3549}}
Aug 18 13:43:55.157736 np0000007658 devstack@n-api-meta.service[96101]: DEBUG nova.api.openstack.wsgi_app [None req-d28d936b-6710-4448-b5fc-7fddbe0c2a9c None None] config_source = [] {{(pid=96101) log_opt_values /opt/stack/data/venv/lib/python3.12/site-packages/oslo_config/cfg.py:3549}}
Aug 18 13:43:55.157911 np0000007658 devstack@n-api-meta.service[96101]: DEBUG nova.api.openstack.wsgi_app [None req-d28d936b-6710-4448-b5fc-7fddbe0c2a9c None None] console_host = np0000007658 {{(pid=96101) log_opt_values /opt/stack/data/venv/lib/python3.12/site-packages/oslo_config/cfg.py:3549}}
Aug 18 13:43:55.158042 np0000007658 devstack@n-api-meta.service[96101]: DEBUG nova.api.openstack.wsgi_app [None req-d28d936b-6710-4448-b5fc-7fddbe0c2a9c None None] control_exchange = nova {{(pid=96101) log_opt_values /opt/stack/data/venv/lib/python3.12/site-packages/oslo_config/cfg.py:3549}}
Aug 18 13:43:55.158216 np0000007658 devstack@n-api-meta.service[96101]: DEBUG nova.api.openstack.wsgi_app [None req-d28d936b-6710-4448-b5fc-7fddbe0c2a9c None None] cpu_allocation_ratio = None {{(pid=96101) log_opt_values /opt/stack/data/venv/lib/python3.12/site-packages/oslo_config/cfg.py:3549}}
Aug 18 13:43:55.158401 np0000007658 devstack@n-api-meta.service[96101]: DEBUG nova.api.openstack.wsgi_app [None req-d28d936b-6710-4448-b5fc-7fddbe0c2a9c None None] daemon = False {{(pid=96101) log_opt_values /opt/stack/data/venv/lib/python3.12/site-packages/oslo_config/cfg.py:3549}}
Aug 18 13:43:55.158582 np0000007658 devstack@n-api-meta.service[96101]: DEBUG nova.api.openstack.wsgi_app [None req-d28d936b-6710-4448-b5fc-7fddbe0c2a9c None None] debug = True {{(pid=96101) log_opt_values /opt/stack/data/venv/lib/python3.12/site-packages/oslo_config/cfg.py:3549}}
Aug 18 13:43:55.158740 np0000007658 devstack@n-api-meta.service[96101]: DEBUG nova.api.openstack.wsgi_app [None req-d28d936b-6710-4448-b5fc-7fddbe0c2a9c None None] default_access_ip_network_name = None {{(pid=96101) log_opt_values /opt/stack/data/venv/lib/python3.12/site-packages/oslo_config/cfg.py:3549}}
Aug 18 13:43:55.158787 np0000007658 devstack@n-api-meta.service[96098]: DEBUG dbcounter [-] [96098] Writer thread running {{(pid=96098) stat_writer /opt/stack/data/venv/lib/python3.12/site-packages/dbcounter.py:102}}
Aug 18 13:43:55.159874 np0000007658 devstack@n-api-meta.service[96101]: DEBUG nova.api.openstack.wsgi_app [None req-d28d936b-6710-4448-b5fc-7fddbe0c2a9c None None] default_availability_zone = nova {{(pid=96101) log_opt_values /opt/stack/data/venv/lib/python3.12/site-packages/oslo_config/cfg.py:3549}}
Aug 18 13:43:55.159874 np0000007658 devstack@n-api-meta.service[96101]: DEBUG nova.api.openstack.wsgi_app [None req-d28d936b-6710-4448-b5fc-7fddbe0c2a9c None None] default_ephemeral_format = ext4 {{(pid=96101) log_opt_values /opt/stack/data/venv/lib/python3.12/site-packages/oslo_config/cfg.py:3549}}
Aug 18 13:43:55.159874 np0000007658 devstack@n-api-meta.service[96101]: DEBUG nova.api.openstack.wsgi_app [None req-d28d936b-6710-4448-b5fc-7fddbe0c2a9c None None] default_green_pool_size = 1000 {{(pid=96101) log_opt_values /opt/stack/data/venv/lib/python3.12/site-packages/oslo_config/cfg.py:3549}}
Aug 18 13:43:55.159874 np0000007658 devstack@n-api-meta.service[96101]: DEBUG nova.api.openstack.wsgi_app [None req-d28d936b-6710-4448-b5fc-7fddbe0c2a9c None None] default_log_levels = ['amqp=WARN', 'boto=WARN', 'sqlalchemy=WARN', 'suds=INFO', 'oslo.messaging=INFO', 'oslo_messaging=INFO', 'iso8601=WARN', 'requests.packages.urllib3.connectionpool=WARN', 'urllib3.connectionpool=WARN', 'websocket=WARN', 'requests.packages.urllib3.util.retry=WARN', 'urllib3.util.retry=WARN', 'keystonemiddleware=WARN', 'routes.middleware=WARN', 'stevedore=WARN', 'taskflow=WARN', 'keystoneauth=WARN', 'oslo.cache=INFO', 'oslo_policy=INFO', 'dogpile.core.dogpile=INFO', 'glanceclient=WARN', 'oslo.privsep.daemon=INFO'] {{(pid=96101) log_opt_values /opt/stack/data/venv/lib/python3.12/site-packages/oslo_config/cfg.py:3549}}
Aug 18 13:43:55.159874 np0000007658 devstack@n-api-meta.service[96101]: DEBUG nova.api.openstack.wsgi_app [None req-d28d936b-6710-4448-b5fc-7fddbe0c2a9c None None] default_schedule_zone = None {{(pid=96101) log_opt_values /opt/stack/data/venv/lib/python3.12/site-packages/oslo_config/cfg.py:3549}}
Aug 18 13:43:55.160375 np0000007658 devstack@n-api-meta.service[96101]: DEBUG nova.api.openstack.wsgi_app [None req-d28d936b-6710-4448-b5fc-7fddbe0c2a9c None None] default_thread_pool_size = 10 {{(pid=96101) log_opt_values /opt/stack/data/venv/lib/python3.12/site-packages/oslo_config/cfg.py:3549}}
Aug 18 13:43:55.160375 np0000007658 devstack@n-api-meta.service[96101]: DEBUG nova.api.openstack.wsgi_app [None req-d28d936b-6710-4448-b5fc-7fddbe0c2a9c None None] disk_allocation_ratio = None {{(pid=96101) log_opt_values /opt/stack/data/venv/lib/python3.12/site-packages/oslo_config/cfg.py:3549}}
Aug 18 13:43:55.160375 np0000007658 devstack@n-api-meta.service[96101]: DEBUG nova.api.openstack.wsgi_app [None req-d28d936b-6710-4448-b5fc-7fddbe0c2a9c None None] enable_new_services = True {{(pid=96101) log_opt_values /opt/stack/data/venv/lib/python3.12/site-packages/oslo_config/cfg.py:3549}}
Aug 18 13:43:55.160375 np0000007658 devstack@n-api-meta.service[96101]: DEBUG nova.api.openstack.wsgi_app [None req-d28d936b-6710-4448-b5fc-7fddbe0c2a9c None None] flat_injected = False {{(pid=96101) log_opt_values /opt/stack/data/venv/lib/python3.12/site-packages/oslo_config/cfg.py:3549}}
Aug 18 13:43:55.160375 np0000007658 devstack@n-api-meta.service[96101]: DEBUG nova.api.openstack.wsgi_app [None req-d28d936b-6710-4448-b5fc-7fddbe0c2a9c None None] force_config_drive = True {{(pid=96101) log_opt_values /opt/stack/data/venv/lib/python3.12/site-packages/oslo_config/cfg.py:3549}}
Aug 18 13:43:55.160375 np0000007658 devstack@n-api-meta.service[96101]: DEBUG nova.api.openstack.wsgi_app [None req-d28d936b-6710-4448-b5fc-7fddbe0c2a9c None None] force_raw_images = True {{(pid=96101) log_opt_values /opt/stack/data/venv/lib/python3.12/site-packages/oslo_config/cfg.py:3549}}
Aug 18 13:43:55.160375 np0000007658 devstack@n-api-meta.service[96101]: DEBUG nova.api.openstack.wsgi_app [None req-d28d936b-6710-4448-b5fc-7fddbe0c2a9c None None] graceful_shutdown_timeout = 5 {{(pid=96101) log_opt_values /opt/stack/data/venv/lib/python3.12/site-packages/oslo_config/cfg.py:3549}}
Aug 18 13:43:55.160641 np0000007658 devstack@n-api-meta.service[96101]: DEBUG nova.api.openstack.wsgi_app [None req-d28d936b-6710-4448-b5fc-7fddbe0c2a9c None None] heal_instance_info_cache_interval = -1 {{(pid=96101) log_opt_values /opt/stack/data/venv/lib/python3.12/site-packages/oslo_config/cfg.py:3549}}
Aug 18 13:43:55.160641 np0000007658 devstack@n-api-meta.service[96101]: DEBUG nova.api.openstack.wsgi_app [None req-d28d936b-6710-4448-b5fc-7fddbe0c2a9c None None] host = np0000007658 {{(pid=96101) log_opt_values /opt/stack/data/venv/lib/python3.12/site-packages/oslo_config/cfg.py:3549}}
Aug 18 13:43:55.160707 np0000007658 devstack@n-api-meta.service[96101]: DEBUG nova.api.openstack.wsgi_app [None req-d28d936b-6710-4448-b5fc-7fddbe0c2a9c None None] initial_cpu_allocation_ratio = 4.0 {{(pid=96101) log_opt_values /opt/stack/data/venv/lib/python3.12/site-packages/oslo_config/cfg.py:3549}}
Aug 18 13:43:55.160824 np0000007658 devstack@n-api-meta.service[96101]: DEBUG nova.api.openstack.wsgi_app [None req-d28d936b-6710-4448-b5fc-7fddbe0c2a9c None None] initial_disk_allocation_ratio = 1.0 {{(pid=96101) log_opt_values /opt/stack/data/venv/lib/python3.12/site-packages/oslo_config/cfg.py:3549}}
Aug 18 13:43:55.160962 np0000007658 devstack@n-api-meta.service[96101]: DEBUG nova.api.openstack.wsgi_app [None req-d28d936b-6710-4448-b5fc-7fddbe0c2a9c None None] initial_ram_allocation_ratio = 1.0 {{(pid=96101) log_opt_values /opt/stack/data/venv/lib/python3.12/site-packages/oslo_config/cfg.py:3549}}
Aug 18 13:43:55.161121 np0000007658 devstack@n-api-meta.service[96101]: DEBUG nova.api.openstack.wsgi_app [None req-d28d936b-6710-4448-b5fc-7fddbe0c2a9c None None] injected_network_template = /opt/stack/nova/nova/virt/interfaces.template {{(pid=96101) log_opt_values /opt/stack/data/venv/lib/python3.12/site-packages/oslo_config/cfg.py:3549}}
Aug 18 13:43:55.161269 np0000007658 devstack@n-api-meta.service[96101]: DEBUG nova.api.openstack.wsgi_app [None req-d28d936b-6710-4448-b5fc-7fddbe0c2a9c None None] instance_build_timeout = 0 {{(pid=96101) log_opt_values /opt/stack/data/venv/lib/python3.12/site-packages/oslo_config/cfg.py:3549}}
Aug 18 13:43:55.161381 np0000007658 devstack@n-api-meta.service[96101]: DEBUG nova.api.openstack.wsgi_app [None req-d28d936b-6710-4448-b5fc-7fddbe0c2a9c None None] instance_delete_interval = 300 {{(pid=96101) log_opt_values /opt/stack/data/venv/lib/python3.12/site-packages/oslo_config/cfg.py:3549}}
Aug 18 13:43:55.161502 np0000007658 devstack@n-api-meta.service[96101]: DEBUG nova.api.openstack.wsgi_app [None req-d28d936b-6710-4448-b5fc-7fddbe0c2a9c None None] instance_format = [instance: %(uuid)s] {{(pid=96101) log_opt_values /opt/stack/data/venv/lib/python3.12/site-packages/oslo_config/cfg.py:3549}}
Aug 18 13:43:55.161615 np0000007658 devstack@n-api-meta.service[96101]: DEBUG nova.api.openstack.wsgi_app [None req-d28d936b-6710-4448-b5fc-7fddbe0c2a9c None None] instance_name_template = instance-%08x {{(pid=96101) log_opt_values /opt/stack/data/venv/lib/python3.12/site-packages/oslo_config/cfg.py:3549}}
Aug 18 13:43:55.161725 np0000007658 devstack@n-api-meta.service[96101]: DEBUG nova.api.openstack.wsgi_app [None req-d28d936b-6710-4448-b5fc-7fddbe0c2a9c None None] instance_usage_audit = False {{(pid=96101) log_opt_values /opt/stack/data/venv/lib/python3.12/site-packages/oslo_config/cfg.py:3549}}
Aug 18 13:43:55.161846 np0000007658 devstack@n-api-meta.service[96101]: DEBUG nova.api.openstack.wsgi_app [None req-d28d936b-6710-4448-b5fc-7fddbe0c2a9c None None] instance_usage_audit_period = month {{(pid=96101) log_opt_values /opt/stack/data/venv/lib/python3.12/site-packages/oslo_config/cfg.py:3549}}
Aug 18 13:43:55.161998 np0000007658 devstack@n-api-meta.service[96101]: DEBUG nova.api.openstack.wsgi_app [None req-d28d936b-6710-4448-b5fc-7fddbe0c2a9c None None] instance_uuid_format = [instance: %(uuid)s] {{(pid=96101) log_opt_values /opt/stack/data/venv/lib/python3.12/site-packages/oslo_config/cfg.py:3549}}
Aug 18 13:43:55.162114 np0000007658 devstack@n-api-meta.service[96101]: DEBUG nova.api.openstack.wsgi_app [None req-d28d936b-6710-4448-b5fc-7fddbe0c2a9c None None] instances_path = /opt/stack/data/nova/instances {{(pid=96101) log_opt_values /opt/stack/data/venv/lib/python3.12/site-packages/oslo_config/cfg.py:3549}}
Aug 18 13:43:55.162299 np0000007658 devstack@n-api-meta.service[96101]: DEBUG nova.api.openstack.wsgi_app [None req-d28d936b-6710-4448-b5fc-7fddbe0c2a9c None None] internal_service_availability_zone = internal {{(pid=96101) log_opt_values /opt/stack/data/venv/lib/python3.12/site-packages/oslo_config/cfg.py:3549}}
Aug 18 13:43:55.162963 np0000007658 devstack@n-api-meta.service[96101]: DEBUG nova.api.openstack.wsgi_app [None req-d28d936b-6710-4448-b5fc-7fddbe0c2a9c None None] key = None {{(pid=96101) log_opt_values /opt/stack/data/venv/lib/python3.12/site-packages/oslo_config/cfg.py:3549}}
Aug 18 13:43:55.162963 np0000007658 devstack@n-api-meta.service[96101]: DEBUG nova.api.openstack.wsgi_app [None req-d28d936b-6710-4448-b5fc-7fddbe0c2a9c None None] live_migration_retry_count = 30 {{(pid=96101) log_opt_values /opt/stack/data/venv/lib/python3.12/site-packages/oslo_config/cfg.py:3549}}
Aug 18 13:43:55.162963 np0000007658 devstack@n-api-meta.service[96101]: DEBUG nova.api.openstack.wsgi_app [None req-d28d936b-6710-4448-b5fc-7fddbe0c2a9c None None] log_color = False {{(pid=96101) log_opt_values /opt/stack/data/venv/lib/python3.12/site-packages/oslo_config/cfg.py:3549}}
Aug 18 13:43:55.162963 np0000007658 devstack@n-api-meta.service[96101]: DEBUG nova.api.openstack.wsgi_app [None req-d28d936b-6710-4448-b5fc-7fddbe0c2a9c None None] log_config_append = None {{(pid=96101) log_opt_values /opt/stack/data/venv/lib/python3.12/site-packages/oslo_config/cfg.py:3549}}
Aug 18 13:43:55.162963 np0000007658 devstack@n-api-meta.service[96101]: DEBUG nova.api.openstack.wsgi_app [None req-d28d936b-6710-4448-b5fc-7fddbe0c2a9c None None] log_date_format = %Y-%m-%d %H:%M:%S {{(pid=96101) log_opt_values /opt/stack/data/venv/lib/python3.12/site-packages/oslo_config/cfg.py:3549}}
Aug 18 13:43:55.163091 np0000007658 devstack@n-api-meta.service[96101]: DEBUG nova.api.openstack.wsgi_app [None req-d28d936b-6710-4448-b5fc-7fddbe0c2a9c None None] log_dir = None {{(pid=96101) log_opt_values /opt/stack/data/venv/lib/python3.12/site-packages/oslo_config/cfg.py:3549}}
Aug 18 13:43:55.163213 np0000007658 devstack@n-api-meta.service[96101]: DEBUG nova.api.openstack.wsgi_app [None req-d28d936b-6710-4448-b5fc-7fddbe0c2a9c None None] log_file = None {{(pid=96101) log_opt_values /opt/stack/data/venv/lib/python3.12/site-packages/oslo_config/cfg.py:3549}}
Aug 18 13:43:55.163276 np0000007658 devstack@n-api-meta.service[96101]: DEBUG nova.api.openstack.wsgi_app [None req-d28d936b-6710-4448-b5fc-7fddbe0c2a9c None None] log_options = True {{(pid=96101) log_opt_values /opt/stack/data/venv/lib/python3.12/site-packages/oslo_config/cfg.py:3549}}
Aug 18 13:43:55.163355 np0000007658 devstack@n-api-meta.service[96101]: DEBUG nova.api.openstack.wsgi_app [None req-d28d936b-6710-4448-b5fc-7fddbe0c2a9c None None] log_rotate_interval = 1 {{(pid=96101) log_opt_values /opt/stack/data/venv/lib/python3.12/site-packages/oslo_config/cfg.py:3549}}
Aug 18 13:43:55.163476 np0000007658 devstack@n-api-meta.service[96101]: DEBUG nova.api.openstack.wsgi_app [None req-d28d936b-6710-4448-b5fc-7fddbe0c2a9c None None] log_rotate_interval_type = days {{(pid=96101) log_opt_values /opt/stack/data/venv/lib/python3.12/site-packages/oslo_config/cfg.py:3549}}
Aug 18 13:43:55.163596 np0000007658 devstack@n-api-meta.service[96101]: DEBUG nova.api.openstack.wsgi_app [None req-d28d936b-6710-4448-b5fc-7fddbe0c2a9c None None] log_rotation_type = none {{(pid=96101) log_opt_values /opt/stack/data/venv/lib/python3.12/site-packages/oslo_config/cfg.py:3549}}
Aug 18 13:43:55.163691 np0000007658 devstack@n-api-meta.service[96101]: DEBUG nova.api.openstack.wsgi_app [None req-d28d936b-6710-4448-b5fc-7fddbe0c2a9c None None] logging_context_format_string = %(color)s%(levelname)s %(name)s [%(global_request_id)s %(request_id)s %(project_name)s %(user_name)s%(color)s] %(instance)s%(color)s%(message)s {{(pid=96101) log_opt_values /opt/stack/data/venv/lib/python3.12/site-packages/oslo_config/cfg.py:3549}}
Aug 18 13:43:55.163783 np0000007658 devstack@n-api-meta.service[96101]: DEBUG nova.api.openstack.wsgi_app [None req-d28d936b-6710-4448-b5fc-7fddbe0c2a9c None None] logging_debug_format_suffix = {{(pid=%(process)d) %(funcName)s %(pathname)s:%(lineno)d}} {{(pid=96101) log_opt_values /opt/stack/data/venv/lib/python3.12/site-packages/oslo_config/cfg.py:3549}}
Aug 18 13:43:55.163960 np0000007658 devstack@n-api-meta.service[96101]: DEBUG nova.api.openstack.wsgi_app [None req-d28d936b-6710-4448-b5fc-7fddbe0c2a9c None None] logging_default_format_string = %(color)s%(levelname)s %(name)s [-%(color)s] %(instance)s%(color)s%(message)s {{(pid=96101) log_opt_values /opt/stack/data/venv/lib/python3.12/site-packages/oslo_config/cfg.py:3549}}
Aug 18 13:43:55.164152 np0000007658 devstack@n-api-meta.service[96101]: DEBUG nova.api.openstack.wsgi_app [None req-d28d936b-6710-4448-b5fc-7fddbe0c2a9c None None] logging_exception_prefix = ERROR %(name)s %(instance)s {{(pid=96101) log_opt_values /opt/stack/data/venv/lib/python3.12/site-packages/oslo_config/cfg.py:3549}}
Aug 18 13:43:55.164295 np0000007658 devstack@n-api-meta.service[96101]: DEBUG nova.api.openstack.wsgi_app [None req-d28d936b-6710-4448-b5fc-7fddbe0c2a9c None None] logging_user_identity_format = %(user)s %(project)s %(domain)s %(system_scope)s %(user_domain)s %(project_domain)s {{(pid=96101) log_opt_values /opt/stack/data/venv/lib/python3.12/site-packages/oslo_config/cfg.py:3549}}
Aug 18 13:43:55.164471 np0000007658 devstack@n-api-meta.service[96101]: DEBUG nova.api.openstack.wsgi_app [None req-d28d936b-6710-4448-b5fc-7fddbe0c2a9c None None] long_rpc_timeout = 1800 {{(pid=96101) log_opt_values /opt/stack/data/venv/lib/python3.12/site-packages/oslo_config/cfg.py:3549}}
Aug 18 13:43:55.164617 np0000007658 devstack@n-api-meta.service[96101]: DEBUG nova.api.openstack.wsgi_app [None req-d28d936b-6710-4448-b5fc-7fddbe0c2a9c None None] manager_shutdown_timeout = 160 {{(pid=96101) log_opt_values /opt/stack/data/venv/lib/python3.12/site-packages/oslo_config/cfg.py:3549}}
