Jul 07 18:29:54.002802 np0000004751 devstack@g-api.service[99420]: DEBUG glance_store.capabilities [-] Store glance_store._drivers.filesystem.Store doesn't support updating dynamic storage capabilities. Please overwrite 'update_capabilities' method of the store to implement updating logics if needed. {{(pid=99420) update_capabilities /opt/stack/data/venv/lib/python3.12/site-packages/glance_store/capabilities.py:91}}
Jul 07 18:29:54.002869 np0000004751 devstack@g-api.service[99420]: DEBUG glance_store.backend [-] Registering store file with schemes ('file', 'filesystem') {{(pid=99420) create_stores /opt/stack/data/venv/lib/python3.12/site-packages/glance_store/backend.py:261}}
Jul 07 18:29:54.002927 np0000004751 devstack@g-api.service[99420]: DEBUG glance_store.driver [-] Late loading location class glance_store._drivers.filesystem.StoreLocation {{(pid=99420) get_store_location_class /opt/stack/data/venv/lib/python3.12/site-packages/glance_store/driver.py:134}}
Jul 07 18:29:54.002987 np0000004751 devstack@g-api.service[99420]: DEBUG glance_store.location [-] Registering scheme file with {'store': , 'location_class': , 'store_entry': 'file'} {{(pid=99420) register_scheme_map /opt/stack/data/venv/lib/python3.12/site-packages/glance_store/location.py:146}}
Jul 07 18:29:54.003079 np0000004751 devstack@g-api.service[99420]: DEBUG glance_store.location [-] Registering scheme filesystem with {'store': , 'location_class': , 'store_entry': 'file'} {{(pid=99420) register_scheme_map /opt/stack/data/venv/lib/python3.12/site-packages/glance_store/location.py:146}}
Jul 07 18:29:54.003146 np0000004751 devstack@g-api.service[99420]: DEBUG glance_store.backend [-] Attempting to import store http {{(pid=99420) _load_store /opt/stack/data/venv/lib/python3.12/site-packages/glance_store/backend.py:215}}
Jul 07 18:29:54.003340 np0000004751 devstack@g-api.service[99420]: DEBUG glance_store.capabilities [-] Store glance_store._drivers.http.Store doesn't support updating dynamic storage capabilities. Please overwrite 'update_capabilities' method of the store to implement updating logics if needed. {{(pid=99420) update_capabilities /opt/stack/data/venv/lib/python3.12/site-packages/glance_store/capabilities.py:91}}
Jul 07 18:29:54.003397 np0000004751 devstack@g-api.service[99420]: DEBUG glance_store.backend [-] Registering store http with schemes ('http', 'https') {{(pid=99420) create_stores /opt/stack/data/venv/lib/python3.12/site-packages/glance_store/backend.py:261}}
Jul 07 18:29:54.003452 np0000004751 devstack@g-api.service[99420]: DEBUG glance_store.driver [-] Late loading location class glance_store._drivers.http.StoreLocation {{(pid=99420) get_store_location_class /opt/stack/data/venv/lib/python3.12/site-packages/glance_store/driver.py:134}}
Jul 07 18:29:54.003515 np0000004751 devstack@g-api.service[99420]: DEBUG glance_store.location [-] Registering scheme http with {'store': , 'location_class': , 'store_entry': 'http'} {{(pid=99420) register_scheme_map /opt/stack/data/venv/lib/python3.12/site-packages/glance_store/location.py:146}}
Jul 07 18:29:54.003566 np0000004751 devstack@g-api.service[99420]: DEBUG glance_store.location [-] Registering scheme https with {'store': , 'location_class': , 'store_entry': 'http'} {{(pid=99420) register_scheme_map /opt/stack/data/venv/lib/python3.12/site-packages/glance_store/location.py:146}}
Jul 07 18:29:54.003670 np0000004751 devstack@g-api.service[99420]: DEBUG glance_store.backend [-] Attempting to import store swift {{(pid=99420) _load_store /opt/stack/data/venv/lib/python3.12/site-packages/glance_store/backend.py:215}}
Jul 07 18:29:54.004765 np0000004751 devstack@g-api.service[99420]: DEBUG glance_store.capabilities [-] Store glance_store._drivers.swift.store.SingleTenantStore doesn't support updating dynamic storage capabilities. Please overwrite 'update_capabilities' method of the store to implement updating logics if needed. {{(pid=99420) update_capabilities /opt/stack/data/venv/lib/python3.12/site-packages/glance_store/capabilities.py:91}}
Jul 07 18:29:54.004818 np0000004751 devstack@g-api.service[99420]: DEBUG glance_store.driver [-] Late loading location class glance_store._drivers.swift.store.StoreLocation {{(pid=99420) get_store_location_class /opt/stack/data/venv/lib/python3.12/site-packages/glance_store/driver.py:134}}
Jul 07 18:29:54.004930 np0000004751 devstack@g-api.service[99420]: DEBUG glance_store.location [-] Registering scheme swift+https with {'store': , 'location_class': , 'store_entry': 'swift'} {{(pid=99420) register_scheme_map /opt/stack/data/venv/lib/python3.12/site-packages/glance_store/location.py:146}}
Jul 07 18:29:54.005007 np0000004751 devstack@g-api.service[99420]: DEBUG glance_store.location [-] Registering scheme swift+https with {'store': , 'location_class': , 'store_entry': 'swift'} {{(pid=99420) register_scheme_map /opt/stack/data/venv/lib/python3.12/site-packages/glance_store/location.py:146}}
Jul 07 18:29:54.005052 np0000004751 devstack@g-api.service[99420]: DEBUG glance_store.location [-] Registering scheme swift with {'store': , 'location_class': , 'store_entry': 'swift'} {{(pid=99420) register_scheme_map /opt/stack/data/venv/lib/python3.12/site-packages/glance_store/location.py:146}}
Jul 07 18:29:54.005103 np0000004751 devstack@g-api.service[99420]: DEBUG glance_store.location [-] Registering scheme swift+https with {'store': , 'location_class': , 'store_entry': 'swift'} {{(pid=99420) register_scheme_map /opt/stack/data/venv/lib/python3.12/site-packages/glance_store/location.py:146}}
Jul 07 18:29:54.005156 np0000004751 devstack@g-api.service[99420]: DEBUG glance_store.location [-] Registering scheme swift with {'store': , 'location_class': , 'store_entry': 'swift'} {{(pid=99420) register_scheme_map /opt/stack/data/venv/lib/python3.12/site-packages/glance_store/location.py:146}}
Jul 07 18:29:54.005208 np0000004751 devstack@g-api.service[99420]: DEBUG glance_store.location [-] Registering scheme swift+http with {'store': , 'location_class': , 'store_entry': 'swift'} {{(pid=99420) register_scheme_map /opt/stack/data/venv/lib/python3.12/site-packages/glance_store/location.py:146}}
Jul 07 18:29:54.005247 np0000004751 devstack@g-api.service[99420]: DEBUG glance_store.location [-] Registering scheme swift+https with {'store': , 'location_class': , 'store_entry': 'swift'} {{(pid=99420) register_scheme_map /opt/stack/data/venv/lib/python3.12/site-packages/glance_store/location.py:146}}
Jul 07 18:29:54.005320 np0000004751 devstack@g-api.service[99420]: DEBUG glance_store.location [-] Registering scheme swift with {'store': , 'location_class': , 'store_entry': 'swift'} {{(pid=99420) register_scheme_map /opt/stack/data/venv/lib/python3.12/site-packages/glance_store/location.py:146}}
Jul 07 18:29:54.005393 np0000004751 devstack@g-api.service[99420]: DEBUG glance_store.location [-] Registering scheme swift+http with {'store': , 'location_class': , 'store_entry': 'swift'} {{(pid=99420) register_scheme_map /opt/stack/data/venv/lib/python3.12/site-packages/glance_store/location.py:146}}
Jul 07 18:29:54.005443 np0000004751 devstack@g-api.service[99420]: DEBUG glance_store.location [-] Registering scheme swift+config with {'store': , 'location_class': , 'store_entry': 'swift'} {{(pid=99420) register_scheme_map /opt/stack/data/venv/lib/python3.12/site-packages/glance_store/location.py:146}}
Jul 07 18:29:54.005716 np0000004751 devstack@g-api.service[99420]: DEBUG glance.sqlite_migration [-] SQLite caching database not located, skipping migration {{(pid=99420) get_db_path /opt/stack/glance/glance/sqlite_migration.py:68}}
Jul 07 18:29:54.005934 np0000004751 devstack@g-api.service[99420]: WARNING glance.common.wsgi_app [-] Import methods are enabled but staging directory /tmp/staging/ does not exist; Imports will fail!
Jul 07 18:29:54.127397 np0000004751 devstack@g-api.service[99422]: DEBUG glance.common.config [None req-931aab08-3619-4f40-87a4-5b3e786811be None None] Loading glance-api-keystone+cachemanagement from /etc/glance/glance-api-paste.ini {{(pid=99422) load_paste_app /opt/stack/glance/glance/common/config.py:765}}
Jul 07 18:29:54.136872 np0000004751 devstack@g-api.service[99421]: DEBUG glance.common.config [None req-845cb064-d917-46bf-aebe-a0ee026ee1e5 None None] Loading glance-api-keystone+cachemanagement from /etc/glance/glance-api-paste.ini {{(pid=99421) load_paste_app /opt/stack/glance/glance/common/config.py:765}}
Jul 07 18:29:54.147148 np0000004751 devstack@g-api.service[99420]: DEBUG glance.common.config [None req-cb6a661a-659d-44d5-9fa3-4fc22a5f517b None None] Loading glance-api-keystone+cachemanagement from /etc/glance/glance-api-paste.ini {{(pid=99420) load_paste_app /opt/stack/glance/glance/common/config.py:765}}
Jul 07 18:29:54.730421 np0000004751 devstack@g-api.service[99420]: INFO glance.image_cache [None req-cb6a661a-659d-44d5-9fa3-4fc22a5f517b None None] Image cache loaded driver 'centralized_db'.
Jul 07 18:29:54.735412 np0000004751 devstack@g-api.service[99421]: INFO glance.image_cache [None req-845cb064-d917-46bf-aebe-a0ee026ee1e5 None None] Image cache loaded driver 'centralized_db'.
Jul 07 18:29:54.735779 np0000004751 devstack@g-api.service[99422]: INFO glance.image_cache [None req-931aab08-3619-4f40-87a4-5b3e786811be None None] Image cache loaded driver 'centralized_db'.
Jul 07 18:29:54.773460 np0000004751 devstack@g-api.service[99420]: INFO dbcounter [None req-cb6a661a-659d-44d5-9fa3-4fc22a5f517b None None] Registered counter for database glance
Jul 07 18:29:54.779623 np0000004751 devstack@g-api.service[99421]: INFO dbcounter [None req-845cb064-d917-46bf-aebe-a0ee026ee1e5 None None] Registered counter for database glance
Jul 07 18:29:54.780973 np0000004751 devstack@g-api.service[99422]: INFO dbcounter [None req-931aab08-3619-4f40-87a4-5b3e786811be None None] Registered counter for database glance
Jul 07 18:29:54.812461 np0000004751 devstack@g-api.service[99420]: DEBUG oslo_db.sqlalchemy.engines [None req-cb6a661a-659d-44d5-9fa3-4fc22a5f517b None None] MySQL server mode set to STRICT_TRANS_TABLES,STRICT_ALL_TABLES,NO_ZERO_IN_DATE,NO_ZERO_DATE,ERROR_FOR_DIVISION_BY_ZERO,TRADITIONAL,NO_ENGINE_SUBSTITUTION {{(pid=99420) _check_effective_sql_mode /opt/stack/data/venv/lib/python3.12/site-packages/oslo_db/sqlalchemy/engines.py:325}}
Jul 07 18:29:54.823132 np0000004751 devstack@g-api.service[99422]: DEBUG oslo_db.sqlalchemy.engines [None req-931aab08-3619-4f40-87a4-5b3e786811be None None] MySQL server mode set to STRICT_TRANS_TABLES,STRICT_ALL_TABLES,NO_ZERO_IN_DATE,NO_ZERO_DATE,ERROR_FOR_DIVISION_BY_ZERO,TRADITIONAL,NO_ENGINE_SUBSTITUTION {{(pid=99422) _check_effective_sql_mode /opt/stack/data/venv/lib/python3.12/site-packages/oslo_db/sqlalchemy/engines.py:325}}
Jul 07 18:29:54.827598 np0000004751 devstack@g-api.service[99421]: DEBUG oslo_db.sqlalchemy.engines [None req-845cb064-d917-46bf-aebe-a0ee026ee1e5 None None] MySQL server mode set to STRICT_TRANS_TABLES,STRICT_ALL_TABLES,NO_ZERO_IN_DATE,NO_ZERO_DATE,ERROR_FOR_DIVISION_BY_ZERO,TRADITIONAL,NO_ENGINE_SUBSTITUTION {{(pid=99421) _check_effective_sql_mode /opt/stack/data/venv/lib/python3.12/site-packages/oslo_db/sqlalchemy/engines.py:325}}
Jul 07 18:29:54.834072 np0000004751 devstack@g-api.service[99420]: DEBUG dbcounter [-] [99420] Writer thread running {{(pid=99420) stat_writer /opt/stack/data/venv/lib/python3.12/site-packages/dbcounter.py:102}}
Jul 07 18:29:54.843562 np0000004751 devstack@g-api.service[99420]: INFO glance.image_cache [None req-cb6a661a-659d-44d5-9fa3-4fc22a5f517b None None] Image cache loaded driver 'centralized_db'.
Jul 07 18:29:54.844271 np0000004751 devstack@g-api.service[99422]: DEBUG dbcounter [-] [99422] Writer thread running {{(pid=99422) stat_writer /opt/stack/data/venv/lib/python3.12/site-packages/dbcounter.py:102}}
Jul 07 18:29:54.848385 np0000004751 devstack@g-api.service[99422]: DEBUG glance.image_cache.drivers.centralized_db [None req-931aab08-3619-4f40-87a4-5b3e786811be None None] Node reference is already recorded, ignoring it {{(pid=99422) configure /opt/stack/glance/glance/image_cache/drivers/centralized_db.py:71}}
Jul 07 18:29:54.850531 np0000004751 devstack@g-api.service[99421]: DEBUG dbcounter [-] [99421] Writer thread running {{(pid=99421) stat_writer /opt/stack/data/venv/lib/python3.12/site-packages/dbcounter.py:102}}
Jul 07 18:29:54.851185 np0000004751 devstack@g-api.service[99420]: DEBUG glance.image_cache.drivers.centralized_db [None req-cb6a661a-659d-44d5-9fa3-4fc22a5f517b None None] Node reference is already recorded, ignoring it {{(pid=99420) configure /opt/stack/glance/glance/image_cache/drivers/centralized_db.py:71}}
Jul 07 18:29:54.853391 np0000004751 devstack@g-api.service[99421]: DEBUG glance.image_cache.drivers.centralized_db [None req-845cb064-d917-46bf-aebe-a0ee026ee1e5 None None] Node reference is already recorded, ignoring it {{(pid=99421) configure /opt/stack/glance/glance/image_cache/drivers/centralized_db.py:71}}
Jul 07 18:29:54.854882 np0000004751 devstack@g-api.service[99422]: INFO glance.image_cache [None req-931aab08-3619-4f40-87a4-5b3e786811be None None] Image cache loaded driver 'centralized_db'.
Jul 07 18:29:54.859243 np0000004751 devstack@g-api.service[99421]: INFO glance.image_cache [None req-845cb064-d917-46bf-aebe-a0ee026ee1e5 None None] Image cache loaded driver 'centralized_db'.
Jul 07 18:29:54.941043 np0000004751 devstack@g-api.service[99420]: DEBUG glance.api.v2.cached_images [None req-cb6a661a-659d-44d5-9fa3-4fc22a5f517b None None] Started cache worker thread {{(pid=99420) __init__ /opt/stack/glance/glance/api/v2/cached_images.py:71}}
Jul 07 18:29:54.941043 np0000004751 devstack@g-api.service[99420]: INFO glance.image_cache [None req-cb6a661a-659d-44d5-9fa3-4fc22a5f517b None None] Image cache loaded driver 'centralized_db'.
Jul 07 18:29:54.947314 np0000004751 devstack@g-api.service[99420]: DEBUG glance.image_cache.drivers.centralized_db [None req-cb6a661a-659d-44d5-9fa3-4fc22a5f517b None None] Node reference is already recorded, ignoring it {{(pid=99420) configure /opt/stack/glance/glance/image_cache/drivers/centralized_db.py:71}}
Jul 07 18:29:54.952754 np0000004751 devstack@g-api.service[99420]: INFO glance.api.middleware.cache_manage [None req-cb6a661a-659d-44d5-9fa3-4fc22a5f517b None None] Initialized image cache management middleware
Jul 07 18:29:54.953800 np0000004751 devstack@g-api.service[99422]: DEBUG glance.image_cache.drivers.centralized_db [None req-931aab08-3619-4f40-87a4-5b3e786811be None None] Node reference is already recorded, ignoring it {{(pid=99422) configure /opt/stack/glance/glance/image_cache/drivers/centralized_db.py:71}}
Jul 07 18:29:54.955328 np0000004751 devstack@g-api.service[99420]: INFO glance.image_cache [None req-cb6a661a-659d-44d5-9fa3-4fc22a5f517b None None] Image cache loaded driver 'centralized_db'.
Jul 07 18:29:54.956001 np0000004751 devstack@g-api.service[99422]: DEBUG glance.api.v2.cached_images [None req-931aab08-3619-4f40-87a4-5b3e786811be None None] Started cache worker thread {{(pid=99422) __init__ /opt/stack/glance/glance/api/v2/cached_images.py:71}}
Jul 07 18:29:54.956205 np0000004751 devstack@g-api.service[99422]: INFO glance.image_cache [None req-931aab08-3619-4f40-87a4-5b3e786811be None None] Image cache loaded driver 'centralized_db'.
Jul 07 18:29:54.956755 np0000004751 devstack@g-api.service[99421]: DEBUG glance.image_cache.drivers.centralized_db [None req-845cb064-d917-46bf-aebe-a0ee026ee1e5 None None] Node reference is already recorded, ignoring it {{(pid=99421) configure /opt/stack/glance/glance/image_cache/drivers/centralized_db.py:71}}
Jul 07 18:29:54.956796 np0000004751 devstack@g-api.service[99420]: DEBUG glance.image_cache.drivers.centralized_db [None req-cb6a661a-659d-44d5-9fa3-4fc22a5f517b None None] Node reference is already recorded, ignoring it {{(pid=99420) configure /opt/stack/glance/glance/image_cache/drivers/centralized_db.py:71}}
Jul 07 18:29:54.960130 np0000004751 devstack@g-api.service[99420]: INFO glance.api.middleware.cache [None req-cb6a661a-659d-44d5-9fa3-4fc22a5f517b None None] Initialized image cache middleware
Jul 07 18:29:54.961442 np0000004751 devstack@g-api.service[99421]: DEBUG glance.api.v2.cached_images [None req-845cb064-d917-46bf-aebe-a0ee026ee1e5 None None] Started cache worker thread {{(pid=99421) __init__ /opt/stack/glance/glance/api/v2/cached_images.py:71}}
Jul 07 18:29:54.962089 np0000004751 devstack@g-api.service[99422]: DEBUG glance.image_cache.drivers.centralized_db [None req-931aab08-3619-4f40-87a4-5b3e786811be None None] Node reference is already recorded, ignoring it {{(pid=99422) configure /opt/stack/glance/glance/image_cache/drivers/centralized_db.py:71}}
Jul 07 18:29:54.962166 np0000004751 devstack@g-api.service[99421]: INFO glance.image_cache [None req-845cb064-d917-46bf-aebe-a0ee026ee1e5 None None] Image cache loaded driver 'centralized_db'.
Jul 07 18:29:54.966159 np0000004751 devstack@g-api.service[99422]: INFO glance.api.middleware.cache_manage [None req-931aab08-3619-4f40-87a4-5b3e786811be None None] Initialized image cache management middleware
Jul 07 18:29:54.966296 np0000004751 devstack@g-api.service[99422]: INFO glance.image_cache [None req-931aab08-3619-4f40-87a4-5b3e786811be None None] Image cache loaded driver 'centralized_db'.
Jul 07 18:29:54.968343 np0000004751 devstack@g-api.service[99421]: DEBUG glance.image_cache.drivers.centralized_db [None req-845cb064-d917-46bf-aebe-a0ee026ee1e5 None None] Node reference is already recorded, ignoring it {{(pid=99421) configure /opt/stack/glance/glance/image_cache/drivers/centralized_db.py:71}}
Jul 07 18:29:54.971086 np0000004751 devstack@g-api.service[99420]: DEBUG glance.common.config [None req-cb6a661a-659d-44d5-9fa3-4fc22a5f517b None None] ******************************************************************************** {{(pid=99420) log_opt_values /opt/stack/data/venv/lib/python3.12/site-packages/oslo_config/cfg.py:3226}}
Jul 07 18:29:54.971159 np0000004751 devstack@g-api.service[99420]: DEBUG glance.common.config [None req-cb6a661a-659d-44d5-9fa3-4fc22a5f517b None None] Configuration options gathered from: {{(pid=99420) log_opt_values /opt/stack/data/venv/lib/python3.12/site-packages/oslo_config/cfg.py:3227}}
Jul 07 18:29:54.971418 np0000004751 devstack@g-api.service[99420]: DEBUG glance.common.config [None req-cb6a661a-659d-44d5-9fa3-4fc22a5f517b None None] command line args: [] {{(pid=99420) log_opt_values /opt/stack/data/venv/lib/python3.12/site-packages/oslo_config/cfg.py:3228}}
Jul 07 18:29:54.971535 np0000004751 devstack@g-api.service[99420]: DEBUG glance.common.config [None req-cb6a661a-659d-44d5-9fa3-4fc22a5f517b None None] config files: ['/etc/glance/glance-image-import.conf', '/etc/glance/glance-api.conf'] {{(pid=99420) log_opt_values /opt/stack/data/venv/lib/python3.12/site-packages/oslo_config/cfg.py:3229}}
Jul 07 18:29:54.971606 np0000004751 devstack@g-api.service[99420]: DEBUG glance.common.config [None req-cb6a661a-659d-44d5-9fa3-4fc22a5f517b None None] ================================================================================ {{(pid=99420) log_opt_values /opt/stack/data/venv/lib/python3.12/site-packages/oslo_config/cfg.py:3234}}
Jul 07 18:29:54.971737 np0000004751 devstack@g-api.service[99420]: DEBUG glance.common.config [None req-cb6a661a-659d-44d5-9fa3-4fc22a5f517b None None] allow_anonymous_access = False {{(pid=99420) log_opt_values /opt/stack/data/venv/lib/python3.12/site-packages/oslo_config/cfg.py:3242}}
Jul 07 18:29:54.971852 np0000004751 devstack@g-api.service[99420]: DEBUG glance.common.config [None req-cb6a661a-659d-44d5-9fa3-4fc22a5f517b None None] api_limit_max = 1000 {{(pid=99420) log_opt_values /opt/stack/data/venv/lib/python3.12/site-packages/oslo_config/cfg.py:3242}}
Jul 07 18:29:54.971947 np0000004751 devstack@g-api.service[99420]: DEBUG glance.common.config [None req-cb6a661a-659d-44d5-9fa3-4fc22a5f517b None None] config_dir = [] {{(pid=99420) log_opt_values /opt/stack/data/venv/lib/python3.12/site-packages/oslo_config/cfg.py:3242}}
Jul 07 18:29:54.972027 np0000004751 devstack@g-api.service[99420]: DEBUG glance.common.config [None req-cb6a661a-659d-44d5-9fa3-4fc22a5f517b None None] config_file = ['/etc/glance/glance-image-import.conf', '/etc/glance/glance-api.conf'] {{(pid=99420) log_opt_values /opt/stack/data/venv/lib/python3.12/site-packages/oslo_config/cfg.py:3242}}
Jul 07 18:29:54.972069 np0000004751 devstack@g-api.service[99422]: DEBUG glance.image_cache.drivers.centralized_db [None req-931aab08-3619-4f40-87a4-5b3e786811be None None] Node reference is already recorded, ignoring it {{(pid=99422) configure /opt/stack/glance/glance/image_cache/drivers/centralized_db.py:71}}
Jul 07 18:29:54.972119 np0000004751 devstack@g-api.service[99420]: DEBUG glance.common.config [None req-cb6a661a-659d-44d5-9fa3-4fc22a5f517b None None] config_source = [] {{(pid=99420) log_opt_values /opt/stack/data/venv/lib/python3.12/site-packages/oslo_config/cfg.py:3242}}
Jul 07 18:29:54.972215 np0000004751 devstack@g-api.service[99420]: DEBUG glance.common.config [None req-cb6a661a-659d-44d5-9fa3-4fc22a5f517b None None] control_exchange = glance {{(pid=99420) log_opt_values /opt/stack/data/venv/lib/python3.12/site-packages/oslo_config/cfg.py:3242}}
Jul 07 18:29:54.972281 np0000004751 devstack@g-api.service[99420]: DEBUG glance.common.config [None req-cb6a661a-659d-44d5-9fa3-4fc22a5f517b None None] debug = True {{(pid=99420) log_opt_values /opt/stack/data/venv/lib/python3.12/site-packages/oslo_config/cfg.py:3242}}
Jul 07 18:29:54.972439 np0000004751 devstack@g-api.service[99420]: DEBUG glance.common.config [None req-cb6a661a-659d-44d5-9fa3-4fc22a5f517b None None] default_log_levels = ['amqp=WARN', 'boto=WARN', 'sqlalchemy=WARN', 'suds=INFO', 'oslo.messaging=INFO', 'oslo_messaging=INFO', 'iso8601=WARN', 'requests.packages.urllib3.connectionpool=WARN', 'urllib3.connectionpool=WARN', 'websocket=WARN', 'requests.packages.urllib3.util.retry=WARN', 'urllib3.util.retry=WARN', 'keystonemiddleware=WARN', 'routes.middleware=WARN', 'stevedore=WARN', 'taskflow=WARN', 'keystoneauth=WARN', 'oslo.cache=INFO', 'oslo_policy=INFO', 'dogpile.core.dogpile=INFO'] {{(pid=99420) log_opt_values /opt/stack/data/venv/lib/python3.12/site-packages/oslo_config/cfg.py:3242}}
Jul 07 18:29:54.972532 np0000004751 devstack@g-api.service[99420]: DEBUG glance.common.config [None req-cb6a661a-659d-44d5-9fa3-4fc22a5f517b None None] default_publisher_id = image.localhost {{(pid=99420) log_opt_values /opt/stack/data/venv/lib/python3.12/site-packages/oslo_config/cfg.py:3242}}
Jul 07 18:29:54.972621 np0000004751 devstack@g-api.service[99420]: DEBUG glance.common.config [None req-cb6a661a-659d-44d5-9fa3-4fc22a5f517b None None] delayed_delete = False {{(pid=99420) log_opt_values /opt/stack/data/venv/lib/python3.12/site-packages/oslo_config/cfg.py:3242}}
Jul 07 18:29:54.972715 np0000004751 devstack@g-api.service[99420]: DEBUG glance.common.config [None req-cb6a661a-659d-44d5-9fa3-4fc22a5f517b None None] digest_algorithm = sha256 {{(pid=99420) log_opt_values /opt/stack/data/venv/lib/python3.12/site-packages/oslo_config/cfg.py:3242}}
Jul 07 18:29:54.972798 np0000004751 devstack@g-api.service[99421]: INFO glance.api.middleware.cache_manage [None req-845cb064-d917-46bf-aebe-a0ee026ee1e5 None None] Initialized image cache management middleware
Jul 07 18:29:54.972828 np0000004751 devstack@g-api.service[99420]: DEBUG glance.common.config [None req-cb6a661a-659d-44d5-9fa3-4fc22a5f517b None None] disabled_notifications = [] {{(pid=99420) log_opt_values /opt/stack/data/venv/lib/python3.12/site-packages/oslo_config/cfg.py:3242}}
Jul 07 18:29:54.972910 np0000004751 devstack@g-api.service[99420]: DEBUG glance.common.config [None req-cb6a661a-659d-44d5-9fa3-4fc22a5f517b None None] do_secure_hash = True {{(pid=99420) log_opt_values /opt/stack/data/venv/lib/python3.12/site-packages/oslo_config/cfg.py:3242}}
Jul 07 18:29:54.972945 np0000004751 devstack@g-api.service[99421]: INFO glance.image_cache [None req-845cb064-d917-46bf-aebe-a0ee026ee1e5 None None] Image cache loaded driver 'centralized_db'.
Jul 07 18:29:54.973010 np0000004751 devstack@g-api.service[99420]: DEBUG glance.common.config [None req-cb6a661a-659d-44d5-9fa3-4fc22a5f517b None None] enabled_backends = None {{(pid=99420) log_opt_values /opt/stack/data/venv/lib/python3.12/site-packages/oslo_config/cfg.py:3242}}
Jul 07 18:29:54.973120 np0000004751 devstack@g-api.service[99420]: DEBUG glance.common.config [None req-cb6a661a-659d-44d5-9fa3-4fc22a5f517b None None] enabled_import_methods = ['glance-direct', 'web-download', 'copy-image'] {{(pid=99420) log_opt_values /opt/stack/data/venv/lib/python3.12/site-packages/oslo_config/cfg.py:3242}}
Jul 07 18:29:54.973212 np0000004751 devstack@g-api.service[99420]: DEBUG glance.common.config [None req-cb6a661a-659d-44d5-9fa3-4fc22a5f517b None None] fatal_deprecations = False {{(pid=99420) log_opt_values /opt/stack/data/venv/lib/python3.12/site-packages/oslo_config/cfg.py:3242}}
Jul 07 18:29:54.973305 np0000004751 devstack@g-api.service[99420]: DEBUG glance.common.config [None req-cb6a661a-659d-44d5-9fa3-4fc22a5f517b None None] hashing_algorithm = sha512 {{(pid=99420) log_opt_values /opt/stack/data/venv/lib/python3.12/site-packages/oslo_config/cfg.py:3242}}
Jul 07 18:29:54.973393 np0000004751 devstack@g-api.service[99420]: DEBUG glance.common.config [None req-cb6a661a-659d-44d5-9fa3-4fc22a5f517b None None] http_retries = 3 {{(pid=99420) log_opt_values /opt/stack/data/venv/lib/python3.12/site-packages/oslo_config/cfg.py:3242}}
Jul 07 18:29:54.973486 np0000004751 devstack@g-api.service[99420]: DEBUG glance.common.config [None req-cb6a661a-659d-44d5-9fa3-4fc22a5f517b None None] image_cache_dir = /opt/stack/data/glance/cache/ {{(pid=99420) log_opt_values /opt/stack/data/venv/lib/python3.12/site-packages/oslo_config/cfg.py:3242}}
Jul 07 18:29:54.973577 np0000004751 devstack@g-api.service[99420]: DEBUG glance.common.config [None req-cb6a661a-659d-44d5-9fa3-4fc22a5f517b None None] image_cache_driver = centralized_db {{(pid=99420) log_opt_values /opt/stack/data/venv/lib/python3.12/site-packages/oslo_config/cfg.py:3242}}
Jul 07 18:29:54.973664 np0000004751 devstack@g-api.service[99420]: DEBUG glance.common.config [None req-cb6a661a-659d-44d5-9fa3-4fc22a5f517b None None] image_cache_max_size = 10737418240 {{(pid=99420) log_opt_values /opt/stack/data/venv/lib/python3.12/site-packages/oslo_config/cfg.py:3242}}
Jul 07 18:29:54.973755 np0000004751 devstack@g-api.service[99420]: DEBUG glance.common.config [None req-cb6a661a-659d-44d5-9fa3-4fc22a5f517b None None] image_cache_sqlite_db = cache.db {{(pid=99420) log_opt_values /opt/stack/data/venv/lib/python3.12/site-packages/oslo_config/cfg.py:3242}}
Jul 07 18:29:54.973863 np0000004751 devstack@g-api.service[99420]: DEBUG glance.common.config [None req-cb6a661a-659d-44d5-9fa3-4fc22a5f517b None None] image_cache_stall_time = 86400 {{(pid=99420) log_opt_values /opt/stack/data/venv/lib/python3.12/site-packages/oslo_config/cfg.py:3242}}
Jul 07 18:29:54.973961 np0000004751 devstack@g-api.service[99420]: DEBUG glance.common.config [None req-cb6a661a-659d-44d5-9fa3-4fc22a5f517b None None] image_location_quota = 10 {{(pid=99420) log_opt_values /opt/stack/data/venv/lib/python3.12/site-packages/oslo_config/cfg.py:3242}}
Jul 07 18:29:54.974056 np0000004751 devstack@g-api.service[99420]: DEBUG glance.common.config [None req-cb6a661a-659d-44d5-9fa3-4fc22a5f517b None None] image_member_quota = 128 {{(pid=99420) log_opt_values /opt/stack/data/venv/lib/python3.12/site-packages/oslo_config/cfg.py:3242}}
Jul 07 18:29:54.974143 np0000004751 devstack@g-api.service[99420]: DEBUG glance.common.config [None req-cb6a661a-659d-44d5-9fa3-4fc22a5f517b None None] image_property_quota = 128 {{(pid=99420) log_opt_values /opt/stack/data/venv/lib/python3.12/site-packages/oslo_config/cfg.py:3242}}
Jul 07 18:29:54.974232 np0000004751 devstack@g-api.service[99420]: DEBUG glance.common.config [None req-cb6a661a-659d-44d5-9fa3-4fc22a5f517b None None] image_size_cap = 1099511627776 {{(pid=99420) log_opt_values /opt/stack/data/venv/lib/python3.12/site-packages/oslo_config/cfg.py:3242}}
Jul 07 18:29:54.974317 np0000004751 devstack@g-api.service[99420]: DEBUG glance.common.config [None req-cb6a661a-659d-44d5-9fa3-4fc22a5f517b None None] image_tag_quota = 128 {{(pid=99420) log_opt_values /opt/stack/data/venv/lib/python3.12/site-packages/oslo_config/cfg.py:3242}}
Jul 07 18:29:54.974408 np0000004751 devstack@g-api.service[99420]: DEBUG glance.common.config [None req-cb6a661a-659d-44d5-9fa3-4fc22a5f517b None None] instance_format = [instance: %(uuid)s] {{(pid=99420) log_opt_values /opt/stack/data/venv/lib/python3.12/site-packages/oslo_config/cfg.py:3242}}
Jul 07 18:29:54.974498 np0000004751 devstack@g-api.service[99420]: DEBUG glance.common.config [None req-cb6a661a-659d-44d5-9fa3-4fc22a5f517b None None] instance_uuid_format = [instance: %(uuid)s] {{(pid=99420) log_opt_values /opt/stack/data/venv/lib/python3.12/site-packages/oslo_config/cfg.py:3242}}
Jul 07 18:29:54.974586 np0000004751 devstack@g-api.service[99420]: DEBUG glance.common.config [None req-cb6a661a-659d-44d5-9fa3-4fc22a5f517b None None] limit_param_default = 25 {{(pid=99420) log_opt_values /opt/stack/data/venv/lib/python3.12/site-packages/oslo_config/cfg.py:3242}}
Jul 07 18:29:54.974681 np0000004751 devstack@g-api.service[99420]: DEBUG glance.common.config [None req-cb6a661a-659d-44d5-9fa3-4fc22a5f517b None None] log_color = False {{(pid=99420) log_opt_values /opt/stack/data/venv/lib/python3.12/site-packages/oslo_config/cfg.py:3242}}
Jul 07 18:29:54.974775 np0000004751 devstack@g-api.service[99420]: DEBUG glance.common.config [None req-cb6a661a-659d-44d5-9fa3-4fc22a5f517b None None] log_config_append = None {{(pid=99420) log_opt_values /opt/stack/data/venv/lib/python3.12/site-packages/oslo_config/cfg.py:3242}}
Jul 07 18:29:54.974879 np0000004751 devstack@g-api.service[99420]: DEBUG glance.common.config [None req-cb6a661a-659d-44d5-9fa3-4fc22a5f517b None None] log_date_format = %Y-%m-%d %H:%M:%S {{(pid=99420) log_opt_values /opt/stack/data/venv/lib/python3.12/site-packages/oslo_config/cfg.py:3242}}
Jul 07 18:29:54.974972 np0000004751 devstack@g-api.service[99420]: DEBUG glance.common.config [None req-cb6a661a-659d-44d5-9fa3-4fc22a5f517b None None] log_dir = None {{(pid=99420) log_opt_values /opt/stack/data/venv/lib/python3.12/site-packages/oslo_config/cfg.py:3242}}
Jul 07 18:29:54.975072 np0000004751 devstack@g-api.service[99420]: DEBUG glance.common.config [None req-cb6a661a-659d-44d5-9fa3-4fc22a5f517b None None] log_file = None {{(pid=99420) log_opt_values /opt/stack/data/venv/lib/python3.12/site-packages/oslo_config/cfg.py:3242}}
Jul 07 18:29:54.975156 np0000004751 devstack@g-api.service[99420]: DEBUG glance.common.config [None req-cb6a661a-659d-44d5-9fa3-4fc22a5f517b None None] log_rotate_interval = 1 {{(pid=99420) log_opt_values /opt/stack/data/venv/lib/python3.12/site-packages/oslo_config/cfg.py:3242}}
Jul 07 18:29:54.975264 np0000004751 devstack@g-api.service[99420]: DEBUG glance.common.config [None req-cb6a661a-659d-44d5-9fa3-4fc22a5f517b None None] log_rotate_interval_type = days {{(pid=99420) log_opt_values /opt/stack/data/venv/lib/python3.12/site-packages/oslo_config/cfg.py:3242}}
Jul 07 18:29:54.975334 np0000004751 devstack@g-api.service[99422]: INFO glance.api.middleware.cache [None req-931aab08-3619-4f40-87a4-5b3e786811be None None] Initialized image cache middleware
Jul 07 18:29:54.975414 np0000004751 devstack@g-api.service[99420]: DEBUG glance.common.config [None req-cb6a661a-659d-44d5-9fa3-4fc22a5f517b None None] log_rotation_type = none {{(pid=99420) log_opt_values /opt/stack/data/venv/lib/python3.12/site-packages/oslo_config/cfg.py:3242}}
Jul 07 18:29:54.975524 np0000004751 devstack@g-api.service[99420]: DEBUG glance.common.config [None req-cb6a661a-659d-44d5-9fa3-4fc22a5f517b None None] logging_context_format_string = %(color)s%(levelname)s %(name)s [%(global_request_id)s %(request_id)s %(project_name)s %(user_name)s%(color)s] %(instance)s%(color)s%(message)s {{(pid=99420) log_opt_values /opt/stack/data/venv/lib/python3.12/site-packages/oslo_config/cfg.py:3242}}
Jul 07 18:29:54.975634 np0000004751 devstack@g-api.service[99420]: DEBUG glance.common.config [None req-cb6a661a-659d-44d5-9fa3-4fc22a5f517b None None] logging_debug_format_suffix = {{(pid=%(process)d) %(funcName)s %(pathname)s:%(lineno)d}} {{(pid=99420) log_opt_values /opt/stack/data/venv/lib/python3.12/site-packages/oslo_config/cfg.py:3242}}
Jul 07 18:29:54.975770 np0000004751 devstack@g-api.service[99420]: DEBUG glance.common.config [None req-cb6a661a-659d-44d5-9fa3-4fc22a5f517b None None] logging_default_format_string = %(color)s%(levelname)s %(name)s [-%(color)s] %(instance)s%(color)s%(message)s {{(pid=99420) log_opt_values /opt/stack/data/venv/lib/python3.12/site-packages/oslo_config/cfg.py:3242}}
Jul 07 18:29:54.975917 np0000004751 devstack@g-api.service[99420]: DEBUG glance.common.config [None req-cb6a661a-659d-44d5-9fa3-4fc22a5f517b None None] logging_exception_prefix = ERROR %(name)s %(instance)s {{(pid=99420) log_opt_values /opt/stack/data/venv/lib/python3.12/site-packages/oslo_config/cfg.py:3242}}
Jul 07 18:29:54.976038 np0000004751 devstack@g-api.service[99420]: DEBUG glance.common.config [None req-cb6a661a-659d-44d5-9fa3-4fc22a5f517b None None] logging_user_identity_format = %(user)s %(project)s %(domain)s %(system_scope)s %(user_domain)s %(project_domain)s {{(pid=99420) log_opt_values /opt/stack/data/venv/lib/python3.12/site-packages/oslo_config/cfg.py:3242}}
Jul 07 18:29:54.976193 np0000004751 devstack@g-api.service[99420]: DEBUG glance.common.config [None req-cb6a661a-659d-44d5-9fa3-4fc22a5f517b None None] max_logfile_count = 30 {{(pid=99420) log_opt_values /opt/stack/data/venv/lib/python3.12/site-packages/oslo_config/cfg.py:3242}}
Jul 07 18:29:54.976296 np0000004751 devstack@g-api.service[99420]: DEBUG glance.common.config [None req-cb6a661a-659d-44d5-9fa3-4fc22a5f517b None None] max_logfile_size_mb = 200 {{(pid=99420) log_opt_values /opt/stack/data/venv/lib/python3.12/site-packages/oslo_config/cfg.py:3242}}
Jul 07 18:29:54.976386 np0000004751 devstack@g-api.service[99420]: DEBUG glance.common.config [None req-cb6a661a-659d-44d5-9fa3-4fc22a5f517b None None] max_request_id_length = 64 {{(pid=99420) log_opt_values /opt/stack/data/venv/lib/python3.12/site-packages/oslo_config/cfg.py:3242}}
Jul 07 18:29:54.976474 np0000004751 devstack@g-api.service[99420]: DEBUG glance.common.config [None req-cb6a661a-659d-44d5-9fa3-4fc22a5f517b None None] metadata_encryption_key = **** {{(pid=99420) log_opt_values /opt/stack/data/venv/lib/python3.12/site-packages/oslo_config/cfg.py:3242}}
Jul 07 18:29:54.976569 np0000004751 devstack@g-api.service[99420]: DEBUG glance.common.config [None req-cb6a661a-659d-44d5-9fa3-4fc22a5f517b None None] node_staging_uri = file:///tmp/staging/ {{(pid=99420) log_opt_values /opt/stack/data/venv/lib/python3.12/site-packages/oslo_config/cfg.py:3242}}
Jul 07 18:29:54.976654 np0000004751 devstack@g-api.service[99420]: DEBUG glance.common.config [None req-cb6a661a-659d-44d5-9fa3-4fc22a5f517b None None] property_protection_file = None {{(pid=99420) log_opt_values /opt/stack/data/venv/lib/python3.12/site-packages/oslo_config/cfg.py:3242}}
Jul 07 18:29:54.976746 np0000004751 devstack@g-api.service[99420]: DEBUG glance.common.config [None req-cb6a661a-659d-44d5-9fa3-4fc22a5f517b None None] property_protection_rule_format = roles {{(pid=99420) log_opt_values /opt/stack/data/venv/lib/python3.12/site-packages/oslo_config/cfg.py:3242}}
Jul 07 18:29:54.976848 np0000004751 devstack@g-api.service[99420]: DEBUG glance.common.config [None req-cb6a661a-659d-44d5-9fa3-4fc22a5f517b None None] public_endpoint = https://10.4.3.23/image {{(pid=99420) log_opt_values /opt/stack/data/venv/lib/python3.12/site-packages/oslo_config/cfg.py:3242}}
Jul 07 18:29:54.976960 np0000004751 devstack@g-api.service[99420]: DEBUG glance.common.config [None req-cb6a661a-659d-44d5-9fa3-4fc22a5f517b None None] publish_errors = False {{(pid=99420) log_opt_values /opt/stack/data/venv/lib/python3.12/site-packages/oslo_config/cfg.py:3242}}
Jul 07 18:29:54.977084 np0000004751 devstack@g-api.service[99420]: DEBUG glance.common.config [None req-cb6a661a-659d-44d5-9fa3-4fc22a5f517b None None] pydev_worker_debug_host = None {{(pid=99420) log_opt_values /opt/stack/data/venv/lib/python3.12/site-packages/oslo_config/cfg.py:3242}}
Jul 07 18:29:54.977203 np0000004751 devstack@g-api.service[99420]: DEBUG glance.common.config [None req-cb6a661a-659d-44d5-9fa3-4fc22a5f517b None None] pydev_worker_debug_port = 5678 {{(pid=99420) log_opt_values /opt/stack/data/venv/lib/python3.12/site-packages/oslo_config/cfg.py:3242}}
Jul 07 18:29:54.977293 np0000004751 devstack@g-api.service[99420]: DEBUG glance.common.config [None req-cb6a661a-659d-44d5-9fa3-4fc22a5f517b None None] rate_limit_burst = 0 {{(pid=99420) log_opt_values /opt/stack/data/venv/lib/python3.12/site-packages/oslo_config/cfg.py:3242}}
Jul 07 18:29:54.977389 np0000004751 devstack@g-api.service[99420]: DEBUG glance.common.config [None req-cb6a661a-659d-44d5-9fa3-4fc22a5f517b None None] rate_limit_except_level = CRITICAL {{(pid=99420) log_opt_values /opt/stack/data/venv/lib/python3.12/site-packages/oslo_config/cfg.py:3242}}
Jul 07 18:29:54.977473 np0000004751 devstack@g-api.service[99420]: DEBUG glance.common.config [None req-cb6a661a-659d-44d5-9fa3-4fc22a5f517b None None] rate_limit_interval = 0 {{(pid=99420) log_opt_values /opt/stack/data/venv/lib/python3.12/site-packages/oslo_config/cfg.py:3242}}
Jul 07 18:29:54.977556 np0000004751 devstack@g-api.service[99420]: DEBUG glance.common.config [None req-cb6a661a-659d-44d5-9fa3-4fc22a5f517b None None] scrub_pool_size = 1 {{(pid=99420) log_opt_values /opt/stack/data/venv/lib/python3.12/site-packages/oslo_config/cfg.py:3242}}
Jul 07 18:29:54.977643 np0000004751 devstack@g-api.service[99420]: DEBUG glance.common.config [None req-cb6a661a-659d-44d5-9fa3-4fc22a5f517b None None] scrub_time = 0 {{(pid=99420) log_opt_values /opt/stack/data/venv/lib/python3.12/site-packages/oslo_config/cfg.py:3242}}
Jul 07 18:29:54.977726 np0000004751 devstack@g-api.service[99420]: DEBUG glance.common.config [None req-cb6a661a-659d-44d5-9fa3-4fc22a5f517b None None] shell_completion = None {{(pid=99420) log_opt_values /opt/stack/data/venv/lib/python3.12/site-packages/oslo_config/cfg.py:3242}}
Jul 07 18:29:54.977819 np0000004751 devstack@g-api.service[99420]: DEBUG glance.common.config [None req-cb6a661a-659d-44d5-9fa3-4fc22a5f517b None None] show_image_direct_url = False {{(pid=99420) log_opt_values /opt/stack/data/venv/lib/python3.12/site-packages/oslo_config/cfg.py:3242}}
Jul 07 18:29:54.978072 np0000004751 devstack@g-api.service[99420]: WARNING oslo_config.cfg [None req-cb6a661a-659d-44d5-9fa3-4fc22a5f517b None None] Deprecated: Option "show_multiple_locations" from group "DEFAULT" is deprecated for removal (Use of this option, deprecated since Newton, is a security risk and will be removed once we figure out a way to satisfy those use cases that currently require it. An earlier announcement that the same functionality can be achieved with greater granularity by using policies is incorrect. You cannot work around this option via policy configuration at the present time, though that is the direction we believe the fix will take. Please keep an eye on the Glance release notes to stay up to date on progress in addressing this issue.). Its value may be silently ignored in the future.
Jul 07 18:29:54.978194 np0000004751 devstack@g-api.service[99420]: DEBUG glance.common.config [None req-cb6a661a-659d-44d5-9fa3-4fc22a5f517b None None] show_multiple_locations = False {{(pid=99420) log_opt_values /opt/stack/data/venv/lib/python3.12/site-packages/oslo_config/cfg.py:3242}}
Jul 07 18:29:54.978292 np0000004751 devstack@g-api.service[99420]: DEBUG glance.common.config [None req-cb6a661a-659d-44d5-9fa3-4fc22a5f517b None None] syslog_log_facility = LOG_USER {{(pid=99420) log_opt_values /opt/stack/data/venv/lib/python3.12/site-packages/oslo_config/cfg.py:3242}}
Jul 07 18:29:54.978386 np0000004751 devstack@g-api.service[99420]: DEBUG glance.common.config [None req-cb6a661a-659d-44d5-9fa3-4fc22a5f517b None None] transport_url = **** {{(pid=99420) log_opt_values /opt/stack/data/venv/lib/python3.12/site-packages/oslo_config/cfg.py:3242}}
Jul 07 18:29:54.978474 np0000004751 devstack@g-api.service[99420]: DEBUG glance.common.config [None req-cb6a661a-659d-44d5-9fa3-4fc22a5f517b None None] use_journal = False {{(pid=99420) log_opt_values /opt/stack/data/venv/lib/python3.12/site-packages/oslo_config/cfg.py:3242}}
Jul 07 18:29:54.978573 np0000004751 devstack@g-api.service[99420]: DEBUG glance.common.config [None req-cb6a661a-659d-44d5-9fa3-4fc22a5f517b None None] use_json = False {{(pid=99420) log_opt_values /opt/stack/data/venv/lib/python3.12/site-packages/oslo_config/cfg.py:3242}}
Jul 07 18:29:54.978670 np0000004751 devstack@g-api.service[99420]: DEBUG glance.common.config [None req-cb6a661a-659d-44d5-9fa3-4fc22a5f517b None None] use_keystone_limits = True {{(pid=99420) log_opt_values /opt/stack/data/venv/lib/python3.12/site-packages/oslo_config/cfg.py:3242}}
Jul 07 18:29:54.978752 np0000004751 devstack@g-api.service[99420]: DEBUG glance.common.config [None req-cb6a661a-659d-44d5-9fa3-4fc22a5f517b None None] use_stderr = False {{(pid=99420) log_opt_values /opt/stack/data/venv/lib/python3.12/site-packages/oslo_config/cfg.py:3242}}
Jul 07 18:29:54.978846 np0000004751 devstack@g-api.service[99420]: DEBUG glance.common.config [None req-cb6a661a-659d-44d5-9fa3-4fc22a5f517b None None] use_syslog = False {{(pid=99420) log_opt_values /opt/stack/data/venv/lib/python3.12/site-packages/oslo_config/cfg.py:3242}}
Jul 07 18:29:54.978875 np0000004751 devstack@g-api.service[99421]: DEBUG glance.image_cache.drivers.centralized_db [None req-845cb064-d917-46bf-aebe-a0ee026ee1e5 None None] Node reference is already recorded, ignoring it {{(pid=99421) configure /opt/stack/glance/glance/image_cache/drivers/centralized_db.py:71}}
Jul 07 18:29:54.978953 np0000004751 devstack@g-api.service[99420]: DEBUG glance.common.config [None req-cb6a661a-659d-44d5-9fa3-4fc22a5f517b None None] user_storage_quota = 0 {{(pid=99420) log_opt_values /opt/stack/data/venv/lib/python3.12/site-packages/oslo_config/cfg.py:3242}}
Jul 07 18:29:54.979085 np0000004751 devstack@g-api.service[99420]: DEBUG glance.common.config [None req-cb6a661a-659d-44d5-9fa3-4fc22a5f517b None None] worker_self_reference_url = http://127.0.0.1:60999 {{(pid=99420) log_opt_values /opt/stack/data/venv/lib/python3.12/site-packages/oslo_config/cfg.py:3242}}
Jul 07 18:29:54.979209 np0000004751 devstack@g-api.service[99420]: DEBUG glance.common.config [None req-cb6a661a-659d-44d5-9fa3-4fc22a5f517b None None] oslo_concurrency.disable_process_locking = False {{(pid=99420) log_opt_values /opt/stack/data/venv/lib/python3.12/site-packages/oslo_config/cfg.py:3253}}
Jul 07 18:29:54.979309 np0000004751 devstack@g-api.service[99420]: DEBUG glance.common.config [None req-cb6a661a-659d-44d5-9fa3-4fc22a5f517b None None] oslo_concurrency.lock_path = /opt/stack/data/glance/locks {{(pid=99420) log_opt_values /opt/stack/data/venv/lib/python3.12/site-packages/oslo_config/cfg.py:3253}}
Jul 07 18:29:54.979405 np0000004751 devstack@g-api.service[99420]: DEBUG glance.common.config [None req-cb6a661a-659d-44d5-9fa3-4fc22a5f517b None None] oslo_middleware.enable_proxy_headers_parsing = False {{(pid=99420) log_opt_values /opt/stack/data/venv/lib/python3.12/site-packages/oslo_config/cfg.py:3253}}
Jul 07 18:29:54.979496 np0000004751 devstack@g-api.service[99420]: DEBUG glance.common.config [None req-cb6a661a-659d-44d5-9fa3-4fc22a5f517b None None] oslo_middleware.http_basic_auth_user_file = /etc/htpasswd {{(pid=99420) log_opt_values /opt/stack/data/venv/lib/python3.12/site-packages/oslo_config/cfg.py:3253}}
Jul 07 18:29:54.979584 np0000004751 devstack@g-api.service[99420]: DEBUG glance.common.config [None req-cb6a661a-659d-44d5-9fa3-4fc22a5f517b None None] paste_deploy.config_file = None {{(pid=99420) log_opt_values /opt/stack/data/venv/lib/python3.12/site-packages/oslo_config/cfg.py:3253}}
Jul 07 18:29:54.979675 np0000004751 devstack@g-api.service[99420]: DEBUG glance.common.config [None req-cb6a661a-659d-44d5-9fa3-4fc22a5f517b None None] paste_deploy.flavor = keystone+cachemanagement {{(pid=99420) log_opt_values /opt/stack/data/venv/lib/python3.12/site-packages/oslo_config/cfg.py:3253}}
Jul 07 18:29:54.979810 np0000004751 devstack@g-api.service[99420]: DEBUG glance.common.config [None req-cb6a661a-659d-44d5-9fa3-4fc22a5f517b None None] image_format.container_formats = ['ami', 'ari', 'aki', 'bare', 'ovf', 'ova', 'docker', 'compressed'] {{(pid=99420) log_opt_values /opt/stack/data/venv/lib/python3.12/site-packages/oslo_config/cfg.py:3253}}
Jul 07 18:29:54.979956 np0000004751 devstack@g-api.service[99420]: DEBUG glance.common.config [None req-cb6a661a-659d-44d5-9fa3-4fc22a5f517b None None] image_format.disk_formats = ['ami', 'ari', 'aki', 'vhd', 'vhdx', 'vmdk', 'raw', 'qcow2', 'vdi', 'iso', 'ploop'] {{(pid=99420) log_opt_values /opt/stack/data/venv/lib/python3.12/site-packages/oslo_config/cfg.py:3253}}
Jul 07 18:29:54.980092 np0000004751 devstack@g-api.service[99420]: DEBUG glance.common.config [None req-cb6a661a-659d-44d5-9fa3-4fc22a5f517b None None] image_format.gpt_safety_checks_nonfatal = [] {{(pid=99420) log_opt_values /opt/stack/data/venv/lib/python3.12/site-packages/oslo_config/cfg.py:3253}}
Jul 07 18:29:54.980210 np0000004751 devstack@g-api.service[99420]: DEBUG glance.common.config [None req-cb6a661a-659d-44d5-9fa3-4fc22a5f517b None None] image_format.require_image_format_match = True {{(pid=99420) log_opt_values /opt/stack/data/venv/lib/python3.12/site-packages/oslo_config/cfg.py:3253}}
Jul 07 18:29:54.980315 np0000004751 devstack@g-api.service[99420]: DEBUG glance.common.config [None req-cb6a661a-659d-44d5-9fa3-4fc22a5f517b None None] image_format.vmdk_allowed_types = ['streamOptimized', 'monolithicSparse'] {{(pid=99420) log_opt_values /opt/stack/data/venv/lib/python3.12/site-packages/oslo_config/cfg.py:3253}}
Jul 07 18:29:54.980416 np0000004751 devstack@g-api.service[99420]: DEBUG glance.common.config [None req-cb6a661a-659d-44d5-9fa3-4fc22a5f517b None None] task.task_executor = taskflow {{(pid=99420) log_opt_values /opt/stack/data/venv/lib/python3.12/site-packages/oslo_config/cfg.py:3253}}
Jul 07 18:29:54.980512 np0000004751 devstack@g-api.service[99420]: DEBUG glance.common.config [None req-cb6a661a-659d-44d5-9fa3-4fc22a5f517b None None] task.task_time_to_live = 48 {{(pid=99420) log_opt_values /opt/stack/data/venv/lib/python3.12/site-packages/oslo_config/cfg.py:3253}}
Jul 07 18:29:54.980598 np0000004751 devstack@g-api.service[99420]: DEBUG glance.common.config [None req-cb6a661a-659d-44d5-9fa3-4fc22a5f517b None None] task.work_dir = None {{(pid=99420) log_opt_values /opt/stack/data/venv/lib/python3.12/site-packages/oslo_config/cfg.py:3253}}
Jul 07 18:29:54.980697 np0000004751 devstack@g-api.service[99420]: DEBUG glance.common.config [None req-cb6a661a-659d-44d5-9fa3-4fc22a5f517b None None] wsgi.python_interpreter = /opt/stack/data/venv/bin/python3 {{(pid=99420) log_opt_values /opt/stack/data/venv/lib/python3.12/site-packages/oslo_config/cfg.py:3253}}
Jul 07 18:29:54.980782 np0000004751 devstack@g-api.service[99420]: DEBUG glance.common.config [None req-cb6a661a-659d-44d5-9fa3-4fc22a5f517b None None] wsgi.task_pool_threads = 16 {{(pid=99420) log_opt_values /opt/stack/data/venv/lib/python3.12/site-packages/oslo_config/cfg.py:3253}}
Jul 07 18:29:54.980897 np0000004751 devstack@g-api.service[99420]: DEBUG glance.common.config [None req-cb6a661a-659d-44d5-9fa3-4fc22a5f517b None None] import_filtering_opts.allowed_hosts = [] {{(pid=99420) log_opt_values /opt/stack/data/venv/lib/python3.12/site-packages/oslo_config/cfg.py:3253}}
Jul 07 18:29:54.981001 np0000004751 devstack@g-api.service[99420]: DEBUG glance.common.config [None req-cb6a661a-659d-44d5-9fa3-4fc22a5f517b None None] import_filtering_opts.allowed_ports = [80, 443] {{(pid=99420) log_opt_values /opt/stack/data/venv/lib/python3.12/site-packages/oslo_config/cfg.py:3253}}
Jul 07 18:29:54.981148 np0000004751 devstack@g-api.service[99420]: DEBUG glance.common.config [None req-cb6a661a-659d-44d5-9fa3-4fc22a5f517b None None] import_filtering_opts.allowed_schemes = ['http', 'https'] {{(pid=99420) log_opt_values /opt/stack/data/venv/lib/python3.12/site-packages/oslo_config/cfg.py:3253}}
Jul 07 18:29:54.981244 np0000004751 devstack@g-api.service[99420]: DEBUG glance.common.config [None req-cb6a661a-659d-44d5-9fa3-4fc22a5f517b None None] import_filtering_opts.disallowed_hosts = [] {{(pid=99420) log_opt_values /opt/stack/data/venv/lib/python3.12/site-packages/oslo_config/cfg.py:3253}}
Jul 07 18:29:54.981379 np0000004751 devstack@g-api.service[99420]: DEBUG glance.common.config [None req-cb6a661a-659d-44d5-9fa3-4fc22a5f517b None None] import_filtering_opts.disallowed_ports = [] {{(pid=99420) log_opt_values /opt/stack/data/venv/lib/python3.12/site-packages/oslo_config/cfg.py:3253}}
Jul 07 18:29:54.981504 np0000004751 devstack@g-api.service[99420]: DEBUG glance.common.config [None req-cb6a661a-659d-44d5-9fa3-4fc22a5f517b None None] import_filtering_opts.disallowed_schemes = [] {{(pid=99420) log_opt_values /opt/stack/data/venv/lib/python3.12/site-packages/oslo_config/cfg.py:3253}}
Jul 07 18:29:54.981608 np0000004751 devstack@g-api.service[99420]: DEBUG glance.common.config [None req-cb6a661a-659d-44d5-9fa3-4fc22a5f517b None None] oslo_messaging_metrics.metrics_buffer_size = 1000 {{(pid=99420) log_opt_values /opt/stack/data/venv/lib/python3.12/site-packages/oslo_config/cfg.py:3253}}
