Jul 07 18:32:03.594210 np0000004751 devstack@g-api.service[99421]: DEBUG glance.api.middleware.version_negotiation [None req-2db0b97f-cb44-48c2-895e-d8e83d3c7246 tempest-TaggedBootDevicesTest-1434041726 tempest-TaggedBootDevicesTest-1434041726-project-member] new path /v2/schemas/image {{(pid=99421) process_request /opt/stack/glance/glance/api/middleware/version_negotiation.py:70}}
Jul 07 18:32:03.596787 np0000004751 devstack@g-api.service[99421]: [pid: 99421|app: 0|req: 19/53] 127.0.0.1 () {44 vars in 1051 bytes} [Tue Jul 7 18:32:03 2026] GET /v2/schemas/image => generated 6083 bytes in 3 msecs (HTTP/1.1 200) 4 headers in 158 bytes (1 switches on core 0)
Jul 07 18:32:03.662152 np0000004751 devstack@g-api.service[99420]: [pid: 99420|app: 0|req: 27/54] 127.0.0.1 () {44 vars in 1121 bytes} [Tue Jul 7 18:32:03 2026] GET /v2/images/cbbbbaa4-31d9-4d9b-af34-588d395c3956/file => generated 21692416 bytes in 79 msecs (HTTP/1.1 200) 5 headers in 217 bytes (338 switches on core 0)
Jul 07 18:32:03.771264 np0000004751 devstack@g-api.service[99421]: DEBUG glance.api.middleware.version_negotiation [None req-2db0b97f-cb44-48c2-895e-d8e83d3c7246 tempest-TaggedBootDevicesTest-1434041726 tempest-TaggedBootDevicesTest-1434041726-project-member] Determining version of request: GET /v2/images/cbbbbaa4-31d9-4d9b-af34-588d395c3956 Accept: */* {{(pid=99421) process_request /opt/stack/glance/glance/api/middleware/version_negotiation.py:44}}
Jul 07 18:32:03.771435 np0000004751 devstack@g-api.service[99421]: DEBUG glance.api.middleware.version_negotiation [None req-2db0b97f-cb44-48c2-895e-d8e83d3c7246 tempest-TaggedBootDevicesTest-1434041726 tempest-TaggedBootDevicesTest-1434041726-project-member] Using url versioning {{(pid=99421) process_request /opt/stack/glance/glance/api/middleware/version_negotiation.py:57}}
Jul 07 18:32:03.771583 np0000004751 devstack@g-api.service[99421]: DEBUG glance.api.middleware.version_negotiation [None req-2db0b97f-cb44-48c2-895e-d8e83d3c7246 tempest-TaggedBootDevicesTest-1434041726 tempest-TaggedBootDevicesTest-1434041726-project-member] Matched version: v2 {{(pid=99421) process_request /opt/stack/glance/glance/api/middleware/version_negotiation.py:69}}
Jul 07 18:32:03.771713 np0000004751 devstack@g-api.service[99421]: DEBUG glance.api.middleware.version_negotiation [None req-2db0b97f-cb44-48c2-895e-d8e83d3c7246 tempest-TaggedBootDevicesTest-1434041726 tempest-TaggedBootDevicesTest-1434041726-project-member] new path /v2/images/cbbbbaa4-31d9-4d9b-af34-588d395c3956 {{(pid=99421) process_request /opt/stack/glance/glance/api/middleware/version_negotiation.py:70}}
Jul 07 18:32:03.793810 np0000004751 devstack@g-api.service[99421]: [pid: 99421|app: 0|req: 20/55] 127.0.0.1 () {44 vars in 1111 bytes} [Tue Jul 7 18:32:03 2026] GET /v2/images/cbbbbaa4-31d9-4d9b-af34-588d395c3956 => generated 1044 bytes in 23 msecs (HTTP/1.1 200) 4 headers in 158 bytes (1 switches on core 0)
Jul 07 18:32:03.803455 np0000004751 devstack@g-api.service[99420]: DEBUG glance.api.middleware.version_negotiation [None req-39e05f86-41c7-420d-a000-9befd0ca153e tempest-TaggedBootDevicesTest_v242-1420850194 tempest-TaggedBootDevicesTest_v242-1420850194-project-member] Determining version of request: GET /v2/schemas/image Accept: */* {{(pid=99420) process_request /opt/stack/glance/glance/api/middleware/version_negotiation.py:44}}
Jul 07 18:32:03.803760 np0000004751 devstack@g-api.service[99420]: DEBUG glance.api.middleware.version_negotiation [None req-39e05f86-41c7-420d-a000-9befd0ca153e tempest-TaggedBootDevicesTest_v242-1420850194 tempest-TaggedBootDevicesTest_v242-1420850194-project-member] Using url versioning {{(pid=99420) process_request /opt/stack/glance/glance/api/middleware/version_negotiation.py:57}}
Jul 07 18:32:03.803760 np0000004751 devstack@g-api.service[99420]: DEBUG glance.api.middleware.version_negotiation [None req-39e05f86-41c7-420d-a000-9befd0ca153e tempest-TaggedBootDevicesTest_v242-1420850194 tempest-TaggedBootDevicesTest_v242-1420850194-project-member] Matched version: v2 {{(pid=99420) process_request /opt/stack/glance/glance/api/middleware/version_negotiation.py:69}}
Jul 07 18:32:03.803989 np0000004751 devstack@g-api.service[99420]: DEBUG glance.api.middleware.version_negotiation [None req-39e05f86-41c7-420d-a000-9befd0ca153e tempest-TaggedBootDevicesTest_v242-1420850194 tempest-TaggedBootDevicesTest_v242-1420850194-project-member] new path /v2/schemas/image {{(pid=99420) process_request /opt/stack/glance/glance/api/middleware/version_negotiation.py:70}}
Jul 07 18:32:03.806313 np0000004751 devstack@g-api.service[99420]: [pid: 99420|app: 0|req: 28/56] 127.0.0.1 () {44 vars in 1051 bytes} [Tue Jul 7 18:32:03 2026] GET /v2/schemas/image => generated 6083 bytes in 3 msecs (HTTP/1.1 200) 4 headers in 158 bytes (1 switches on core 0)
Jul 07 18:32:03.829770 np0000004751 devstack@g-api.service[99421]: DEBUG glance.api.middleware.version_negotiation [None req-39e05f86-41c7-420d-a000-9befd0ca153e tempest-TaggedBootDevicesTest_v242-1420850194 tempest-TaggedBootDevicesTest_v242-1420850194-project-member] Determining version of request: GET / Accept: application/json {{(pid=99421) process_request /opt/stack/glance/glance/api/middleware/version_negotiation.py:44}}
Jul 07 18:32:03.829877 np0000004751 devstack@g-api.service[99421]: DEBUG glance.api.middleware.version_negotiation [None req-39e05f86-41c7-420d-a000-9befd0ca153e tempest-TaggedBootDevicesTest_v242-1420850194 tempest-TaggedBootDevicesTest_v242-1420850194-project-member] Using url versioning {{(pid=99421) process_request /opt/stack/glance/glance/api/middleware/version_negotiation.py:57}}
Jul 07 18:32:03.830026 np0000004751 devstack@g-api.service[99421]: DEBUG glance.api.middleware.version_negotiation [None req-39e05f86-41c7-420d-a000-9befd0ca153e tempest-TaggedBootDevicesTest_v242-1420850194 tempest-TaggedBootDevicesTest_v242-1420850194-project-member] Unknown version. Returning version choices. {{(pid=99421) process_request /opt/stack/glance/glance/api/middleware/version_negotiation.py:64}}
Jul 07 18:32:03.830781 np0000004751 devstack@g-api.service[99421]: [pid: 99421|app: 0|req: 21/57] 127.0.0.1 () {36 vars in 555 bytes} [Tue Jul 7 18:32:03 2026] GET / => generated 1501 bytes in 1 msecs (HTTP/1.1 300) 3 headers in 106 bytes (1 switches on core 0)
Jul 07 18:32:04.293861 np0000004751 devstack@g-api.service[99420]: DEBUG glance.api.middleware.version_negotiation [None req-39e05f86-41c7-420d-a000-9befd0ca153e tempest-TaggedBootDevicesTest_v242-1420850194 tempest-TaggedBootDevicesTest_v242-1420850194-project-member] Determining version of request: GET /v2/images/cbbbbaa4-31d9-4d9b-af34-588d395c3956 Accept: */* {{(pid=99420) process_request /opt/stack/glance/glance/api/middleware/version_negotiation.py:44}}
Jul 07 18:32:04.293861 np0000004751 devstack@g-api.service[99420]: DEBUG glance.api.middleware.version_negotiation [None req-39e05f86-41c7-420d-a000-9befd0ca153e tempest-TaggedBootDevicesTest_v242-1420850194 tempest-TaggedBootDevicesTest_v242-1420850194-project-member] Using url versioning {{(pid=99420) process_request /opt/stack/glance/glance/api/middleware/version_negotiation.py:57}}
Jul 07 18:32:04.294523 np0000004751 devstack@g-api.service[99420]: DEBUG glance.api.middleware.version_negotiation [None req-39e05f86-41c7-420d-a000-9befd0ca153e tempest-TaggedBootDevicesTest_v242-1420850194 tempest-TaggedBootDevicesTest_v242-1420850194-project-member] Matched version: v2 {{(pid=99420) process_request /opt/stack/glance/glance/api/middleware/version_negotiation.py:69}}
Jul 07 18:32:04.294523 np0000004751 devstack@g-api.service[99420]: DEBUG glance.api.middleware.version_negotiation [None req-39e05f86-41c7-420d-a000-9befd0ca153e tempest-TaggedBootDevicesTest_v242-1420850194 tempest-TaggedBootDevicesTest_v242-1420850194-project-member] new path /v2/images/cbbbbaa4-31d9-4d9b-af34-588d395c3956 {{(pid=99420) process_request /opt/stack/glance/glance/api/middleware/version_negotiation.py:70}}
Jul 07 18:32:04.301706 np0000004751 devstack@g-api.service[99422]: INFO glance.api.v2.image_data [None req-06931037-0254-48ad-980c-930921f9034a tempest-AttachSCSIVolumeTestJSON-495014619 tempest-AttachSCSIVolumeTestJSON-495014619-project-admin] Unable to create trust: no such option collect_timing in group [keystone_authtoken] Use the existing user token.
Jul 07 18:32:04.542483 np0000004751 devstack@g-api.service[99420]: [pid: 99420|app: 0|req: 29/58] 127.0.0.1 () {44 vars in 1111 bytes} [Tue Jul 7 18:32:04 2026] GET /v2/images/cbbbbaa4-31d9-4d9b-af34-588d395c3956 => generated 1044 bytes in 249 msecs (HTTP/1.1 200) 4 headers in 158 bytes (1 switches on core 0)
Jul 07 18:32:04.584067 np0000004751 devstack@g-api.service[99421]: DEBUG glance.api.middleware.version_negotiation [None req-39e05f86-41c7-420d-a000-9befd0ca153e tempest-TaggedBootDevicesTest_v242-1420850194 tempest-TaggedBootDevicesTest_v242-1420850194-project-member] Determining version of request: GET /v2/schemas/image Accept: */* {{(pid=99421) process_request /opt/stack/glance/glance/api/middleware/version_negotiation.py:44}}
Jul 07 18:32:04.584489 np0000004751 devstack@g-api.service[99421]: DEBUG glance.api.middleware.version_negotiation [None req-39e05f86-41c7-420d-a000-9befd0ca153e tempest-TaggedBootDevicesTest_v242-1420850194 tempest-TaggedBootDevicesTest_v242-1420850194-project-member] Using url versioning {{(pid=99421) process_request /opt/stack/glance/glance/api/middleware/version_negotiation.py:57}}
Jul 07 18:32:04.584904 np0000004751 devstack@g-api.service[99421]: DEBUG glance.api.middleware.version_negotiation [None req-39e05f86-41c7-420d-a000-9befd0ca153e tempest-TaggedBootDevicesTest_v242-1420850194 tempest-TaggedBootDevicesTest_v242-1420850194-project-member] Matched version: v2 {{(pid=99421) process_request /opt/stack/glance/glance/api/middleware/version_negotiation.py:69}}
Jul 07 18:32:04.585056 np0000004751 devstack@g-api.service[99421]: DEBUG glance.api.middleware.version_negotiation [None req-39e05f86-41c7-420d-a000-9befd0ca153e tempest-TaggedBootDevicesTest_v242-1420850194 tempest-TaggedBootDevicesTest_v242-1420850194-project-member] new path /v2/schemas/image {{(pid=99421) process_request /opt/stack/glance/glance/api/middleware/version_negotiation.py:70}}
Jul 07 18:32:04.589075 np0000004751 devstack@g-api.service[99421]: [pid: 99421|app: 0|req: 22/59] 127.0.0.1 () {44 vars in 1051 bytes} [Tue Jul 7 18:32:04 2026] GET /v2/schemas/image => generated 6083 bytes in 5 msecs (HTTP/1.1 200) 4 headers in 158 bytes (1 switches on core 0)
Jul 07 18:32:05.087562 np0000004751 devstack@g-api.service[99420]: DEBUG glance.api.middleware.version_negotiation [None req-b9832ecf-0a15-40d0-804f-d2084c717054 tempest-ServerActionsTestOtherB-139633481 tempest-ServerActionsTestOtherB-139633481-project-member] Determining version of request: GET /v2/images/cbbbbaa4-31d9-4d9b-af34-588d395c3956 Accept: */* {{(pid=99420) process_request /opt/stack/glance/glance/api/middleware/version_negotiation.py:44}}
Jul 07 18:32:05.087815 np0000004751 devstack@g-api.service[99420]: DEBUG glance.api.middleware.version_negotiation [None req-b9832ecf-0a15-40d0-804f-d2084c717054 tempest-ServerActionsTestOtherB-139633481 tempest-ServerActionsTestOtherB-139633481-project-member] Using url versioning {{(pid=99420) process_request /opt/stack/glance/glance/api/middleware/version_negotiation.py:57}}
Jul 07 18:32:05.087923 np0000004751 devstack@g-api.service[99420]: DEBUG glance.api.middleware.version_negotiation [None req-b9832ecf-0a15-40d0-804f-d2084c717054 tempest-ServerActionsTestOtherB-139633481 tempest-ServerActionsTestOtherB-139633481-project-member] Matched version: v2 {{(pid=99420) process_request /opt/stack/glance/glance/api/middleware/version_negotiation.py:69}}
Jul 07 18:32:05.088118 np0000004751 devstack@g-api.service[99420]: DEBUG glance.api.middleware.version_negotiation [None req-b9832ecf-0a15-40d0-804f-d2084c717054 tempest-ServerActionsTestOtherB-139633481 tempest-ServerActionsTestOtherB-139633481-project-member] new path /v2/images/cbbbbaa4-31d9-4d9b-af34-588d395c3956 {{(pid=99420) process_request /opt/stack/glance/glance/api/middleware/version_negotiation.py:70}}
Jul 07 18:32:05.102847 np0000004751 devstack@g-api.service[99420]: [pid: 99420|app: 0|req: 30/60] 127.0.0.1 () {44 vars in 1111 bytes} [Tue Jul 7 18:32:05 2026] GET /v2/images/cbbbbaa4-31d9-4d9b-af34-588d395c3956 => generated 1044 bytes in 15 msecs (HTTP/1.1 200) 4 headers in 158 bytes (1 switches on core 0)
Jul 07 18:32:05.110760 np0000004751 devstack@g-api.service[99421]: DEBUG glance.api.middleware.version_negotiation [None req-b9832ecf-0a15-40d0-804f-d2084c717054 tempest-ServerActionsTestOtherB-139633481 tempest-ServerActionsTestOtherB-139633481-project-member] Determining version of request: GET /v2/schemas/image Accept: */* {{(pid=99421) process_request /opt/stack/glance/glance/api/middleware/version_negotiation.py:44}}
Jul 07 18:32:05.111140 np0000004751 devstack@g-api.service[99421]: DEBUG glance.api.middleware.version_negotiation [None req-b9832ecf-0a15-40d0-804f-d2084c717054 tempest-ServerActionsTestOtherB-139633481 tempest-ServerActionsTestOtherB-139633481-project-member] Using url versioning {{(pid=99421) process_request /opt/stack/glance/glance/api/middleware/version_negotiation.py:57}}
Jul 07 18:32:05.111140 np0000004751 devstack@g-api.service[99421]: DEBUG glance.api.middleware.version_negotiation [None req-b9832ecf-0a15-40d0-804f-d2084c717054 tempest-ServerActionsTestOtherB-139633481 tempest-ServerActionsTestOtherB-139633481-project-member] Matched version: v2 {{(pid=99421) process_request /opt/stack/glance/glance/api/middleware/version_negotiation.py:69}}
Jul 07 18:32:05.111318 np0000004751 devstack@g-api.service[99421]: DEBUG glance.api.middleware.version_negotiation [None req-b9832ecf-0a15-40d0-804f-d2084c717054 tempest-ServerActionsTestOtherB-139633481 tempest-ServerActionsTestOtherB-139633481-project-member] new path /v2/schemas/image {{(pid=99421) process_request /opt/stack/glance/glance/api/middleware/version_negotiation.py:70}}
Jul 07 18:32:05.116225 np0000004751 devstack@g-api.service[99421]: [pid: 99421|app: 0|req: 23/61] 127.0.0.1 () {44 vars in 1051 bytes} [Tue Jul 7 18:32:05 2026] GET /v2/schemas/image => generated 6083 bytes in 5 msecs (HTTP/1.1 200) 4 headers in 158 bytes (1 switches on core 0)
Jul 07 18:32:05.135857 np0000004751 devstack@g-api.service[99422]: DEBUG glance.location [None req-06931037-0254-48ad-980c-930921f9034a tempest-AttachSCSIVolumeTestJSON-495014619 tempest-AttachSCSIVolumeTestJSON-495014619-project-admin] Enabling in-flight format inspection for qcow2 {{(pid=99422) set_data /opt/stack/glance/glance/location.py:596}}
Jul 07 18:32:05.136258 np0000004751 devstack@g-api.service[99422]: DEBUG glance_store.backend [None req-06931037-0254-48ad-980c-930921f9034a tempest-AttachSCSIVolumeTestJSON-495014619 tempest-AttachSCSIVolumeTestJSON-495014619-project-admin] Attempting to import store swift {{(pid=99422) _load_store /opt/stack/data/venv/lib/python3.12/site-packages/glance_store/backend.py:215}}
Jul 07 18:32:05.137612 np0000004751 devstack@g-api.service[99422]: DEBUG glance_store.capabilities [None req-06931037-0254-48ad-980c-930921f9034a tempest-AttachSCSIVolumeTestJSON-495014619 tempest-AttachSCSIVolumeTestJSON-495014619-project-admin] Store glance_store._drivers.swift.store.SingleTenantStore doesn't support updating dynamic storage capabilities. Please overwrite 'update_capabilities' method of the store to implement updating logics if needed. {{(pid=99422) update_capabilities /opt/stack/data/venv/lib/python3.12/site-packages/glance_store/capabilities.py:91}}
Jul 07 18:32:05.137739 np0000004751 devstack@g-api.service[99422]: DEBUG glance_store.driver [None req-06931037-0254-48ad-980c-930921f9034a tempest-AttachSCSIVolumeTestJSON-495014619 tempest-AttachSCSIVolumeTestJSON-495014619-project-admin] Late loading location class glance_store._drivers.swift.store.StoreLocation {{(pid=99422) get_store_location_class /opt/stack/data/venv/lib/python3.12/site-packages/glance_store/driver.py:134}}
Jul 07 18:32:05.137904 np0000004751 devstack@g-api.service[99422]: DEBUG glance_store.location [None req-06931037-0254-48ad-980c-930921f9034a tempest-AttachSCSIVolumeTestJSON-495014619 tempest-AttachSCSIVolumeTestJSON-495014619-project-admin] Registering scheme swift+https with {'store': , 'location_class': , 'store_entry': 'swift'} {{(pid=99422) register_scheme_map /opt/stack/data/venv/lib/python3.12/site-packages/glance_store/location.py:146}}
Jul 07 18:32:05.138002 np0000004751 devstack@g-api.service[99422]: DEBUG glance_store.location [None req-06931037-0254-48ad-980c-930921f9034a tempest-AttachSCSIVolumeTestJSON-495014619 tempest-AttachSCSIVolumeTestJSON-495014619-project-admin] Registering scheme swift+https with {'store': , 'location_class': , 'store_entry': 'swift'} {{(pid=99422) register_scheme_map /opt/stack/data/venv/lib/python3.12/site-packages/glance_store/location.py:146}}
Jul 07 18:32:05.138101 np0000004751 devstack@g-api.service[99422]: DEBUG glance_store.location [None req-06931037-0254-48ad-980c-930921f9034a tempest-AttachSCSIVolumeTestJSON-495014619 tempest-AttachSCSIVolumeTestJSON-495014619-project-admin] Registering scheme swift with {'store': , 'location_class': , 'store_entry': 'swift'} {{(pid=99422) register_scheme_map /opt/stack/data/venv/lib/python3.12/site-packages/glance_store/location.py:146}}
Jul 07 18:32:05.138203 np0000004751 devstack@g-api.service[99422]: DEBUG glance_store.location [None req-06931037-0254-48ad-980c-930921f9034a tempest-AttachSCSIVolumeTestJSON-495014619 tempest-AttachSCSIVolumeTestJSON-495014619-project-admin] Registering scheme swift+https with {'store': , 'location_class': , 'store_entry': 'swift'} {{(pid=99422) register_scheme_map /opt/stack/data/venv/lib/python3.12/site-packages/glance_store/location.py:146}}
Jul 07 18:32:05.138430 np0000004751 devstack@g-api.service[99422]: DEBUG glance_store.location [None req-06931037-0254-48ad-980c-930921f9034a tempest-AttachSCSIVolumeTestJSON-495014619 tempest-AttachSCSIVolumeTestJSON-495014619-project-admin] Registering scheme swift with {'store': , 'location_class': , 'store_entry': 'swift'} {{(pid=99422) register_scheme_map /opt/stack/data/venv/lib/python3.12/site-packages/glance_store/location.py:146}}
Jul 07 18:32:05.138513 np0000004751 devstack@g-api.service[99422]: DEBUG glance_store.location [None req-06931037-0254-48ad-980c-930921f9034a tempest-AttachSCSIVolumeTestJSON-495014619 tempest-AttachSCSIVolumeTestJSON-495014619-project-admin] Registering scheme swift+http with {'store': , 'location_class': , 'store_entry': 'swift'} {{(pid=99422) register_scheme_map /opt/stack/data/venv/lib/python3.12/site-packages/glance_store/location.py:146}}
Jul 07 18:32:05.138590 np0000004751 devstack@g-api.service[99422]: DEBUG glance_store.location [None req-06931037-0254-48ad-980c-930921f9034a tempest-AttachSCSIVolumeTestJSON-495014619 tempest-AttachSCSIVolumeTestJSON-495014619-project-admin] Registering scheme swift+https with {'store': , 'location_class': , 'store_entry': 'swift'} {{(pid=99422) register_scheme_map /opt/stack/data/venv/lib/python3.12/site-packages/glance_store/location.py:146}}
Jul 07 18:32:05.138662 np0000004751 devstack@g-api.service[99422]: DEBUG glance_store.location [None req-06931037-0254-48ad-980c-930921f9034a tempest-AttachSCSIVolumeTestJSON-495014619 tempest-AttachSCSIVolumeTestJSON-495014619-project-admin] Registering scheme swift with {'store': , 'location_class': , 'store_entry': 'swift'} {{(pid=99422) register_scheme_map /opt/stack/data/venv/lib/python3.12/site-packages/glance_store/location.py:146}}
Jul 07 18:32:05.138752 np0000004751 devstack@g-api.service[99422]: DEBUG glance_store.location [None req-06931037-0254-48ad-980c-930921f9034a tempest-AttachSCSIVolumeTestJSON-495014619 tempest-AttachSCSIVolumeTestJSON-495014619-project-admin] Registering scheme swift+http with {'store': , 'location_class': , 'store_entry': 'swift'} {{(pid=99422) register_scheme_map /opt/stack/data/venv/lib/python3.12/site-packages/glance_store/location.py:146}}
Jul 07 18:32:05.138884 np0000004751 devstack@g-api.service[99422]: DEBUG glance_store.location [None req-06931037-0254-48ad-980c-930921f9034a tempest-AttachSCSIVolumeTestJSON-495014619 tempest-AttachSCSIVolumeTestJSON-495014619-project-admin] Registering scheme swift+config with {'store': , 'location_class': , 'store_entry': 'swift'} {{(pid=99422) register_scheme_map /opt/stack/data/venv/lib/python3.12/site-packages/glance_store/location.py:146}}
Jul 07 18:32:05.536523 np0000004751 devstack@g-api.service[99422]: DEBUG swiftclient [None req-06931037-0254-48ad-980c-930921f9034a tempest-AttachSCSIVolumeTestJSON-495014619 tempest-AttachSCSIVolumeTestJSON-495014619-project-admin] REQ: curl -i https://10.4.3.23:8080/v1/AUTH_81ce292d408040fe8f75071dae02a736/glance -I -H "X-Auth-Token: gAAAAABqTUYlioIY..." {{(pid=99422) http_log /opt/stack/data/venv/lib/python3.12/site-packages/swiftclient/client.py:160}}
Jul 07 18:32:05.537851 np0000004751 devstack@g-api.service[99422]: DEBUG swiftclient [None req-06931037-0254-48ad-980c-930921f9034a tempest-AttachSCSIVolumeTestJSON-495014619 tempest-AttachSCSIVolumeTestJSON-495014619-project-admin] RESP STATUS: 204 No Content {{(pid=99422) http_log /opt/stack/data/venv/lib/python3.12/site-packages/swiftclient/client.py:161}}
Jul 07 18:32:05.537851 np0000004751 devstack@g-api.service[99422]: DEBUG swiftclient [None req-06931037-0254-48ad-980c-930921f9034a tempest-AttachSCSIVolumeTestJSON-495014619 tempest-AttachSCSIVolumeTestJSON-495014619-project-admin] RESP HEADERS: {'Date': 'Tue, 07 Jul 2026 18:32:05 GMT', 'Server': 'Apache/2.4.58 (Ubuntu)', 'Content-Type': 'text/plain; charset=utf-8', 'X-Container-Object-Count': '3', 'X-Container-Bytes-Used': '64356352', 'X-Timestamp': '1783449001.31407', 'Last-Modified': 'Tue, 07 Jul 2026 18:30:02 GMT', 'Accept-Ranges': 'bytes', 'X-Storage-Policy': 'Policy-0', 'X-Container-Sharding': 'False', 'Vary': 'Accept', 'X-Trans-Id': 'tx7014d25b82f64173b7260-006a4d4625', 'X-Openstack-Request-Id': 'tx7014d25b82f64173b7260-006a4d4625', 'Connection': 'close'} {{(pid=99422) http_log /opt/stack/data/venv/lib/python3.12/site-packages/swiftclient/client.py:162}}
Jul 07 18:32:05.537851 np0000004751 devstack@g-api.service[99422]: DEBUG glance_store._drivers.swift.store [None req-06931037-0254-48ad-980c-930921f9034a tempest-AttachSCSIVolumeTestJSON-495014619 tempest-AttachSCSIVolumeTestJSON-495014619-project-admin] Adding image object '0f36042f-a90a-4342-b336-159672dde908' to Swift {{(pid=99422) add /opt/stack/data/venv/lib/python3.12/site-packages/glance_store/_drivers/swift/store.py:970}}
Jul 07 18:32:05.538035 np0000004751 devstack@g-api.service[99422]: DEBUG glance_store._drivers.swift.store [None req-06931037-0254-48ad-980c-930921f9034a tempest-AttachSCSIVolumeTestJSON-495014619 tempest-AttachSCSIVolumeTestJSON-495014619-project-admin] Cannot determine image size because it is either not provided in the request or chunked-transfer encoding is used. Adding image as a segmented object to Swift. {{(pid=99422) add /opt/stack/data/venv/lib/python3.12/site-packages/glance_store/_drivers/swift/store.py:994}}
Jul 07 18:32:05.546299 np0000004751 devstack@g-api.service[99422]: DEBUG oslo_utils.imageutils.format_inspector [None req-06931037-0254-48ad-980c-930921f9034a tempest-AttachSCSIVolumeTestJSON-495014619 tempest-AttachSCSIVolumeTestJSON-495014619-project-admin] Format inspector for vmdk does not match, excluding from consideration (Signature KDMV not found: b'QFI\xfb') {{(pid=99422) _process_chunk /opt/stack/data/venv/lib/python3.12/site-packages/oslo_utils/imageutils/format_inspector.py:1758}}
Jul 07 18:32:05.550944 np0000004751 devstack@g-api.service[99422]: DEBUG oslo_utils.imageutils.format_inspector [None req-06931037-0254-48ad-980c-930921f9034a tempest-AttachSCSIVolumeTestJSON-495014619 tempest-AttachSCSIVolumeTestJSON-495014619-project-admin] Format inspector for vhdx does not match, excluding from consideration (Region signature not found at 30000) {{(pid=99422) _process_chunk /opt/stack/data/venv/lib/python3.12/site-packages/oslo_utils/imageutils/format_inspector.py:1758}}
Jul 07 18:32:06.601365 np0000004751 devstack@g-api.service[99420]: DEBUG glance.api.middleware.version_negotiation [None req-39e05f86-41c7-420d-a000-9befd0ca153e tempest-TaggedBootDevicesTest_v242-1420850194 tempest-TaggedBootDevicesTest_v242-1420850194-project-member] Determining version of request: GET /v2/images/cbbbbaa4-31d9-4d9b-af34-588d395c3956 Accept: */* {{(pid=99420) process_request /opt/stack/glance/glance/api/middleware/version_negotiation.py:44}}
Jul 07 18:32:06.601784 np0000004751 devstack@g-api.service[99420]: DEBUG glance.api.middleware.version_negotiation [None req-39e05f86-41c7-420d-a000-9befd0ca153e tempest-TaggedBootDevicesTest_v242-1420850194 tempest-TaggedBootDevicesTest_v242-1420850194-project-member] Using url versioning {{(pid=99420) process_request /opt/stack/glance/glance/api/middleware/version_negotiation.py:57}}
Jul 07 18:32:06.601784 np0000004751 devstack@g-api.service[99420]: DEBUG glance.api.middleware.version_negotiation [None req-39e05f86-41c7-420d-a000-9befd0ca153e tempest-TaggedBootDevicesTest_v242-1420850194 tempest-TaggedBootDevicesTest_v242-1420850194-project-member] Matched version: v2 {{(pid=99420) process_request /opt/stack/glance/glance/api/middleware/version_negotiation.py:69}}
Jul 07 18:32:06.601950 np0000004751 devstack@g-api.service[99420]: DEBUG glance.api.middleware.version_negotiation [None req-39e05f86-41c7-420d-a000-9befd0ca153e tempest-TaggedBootDevicesTest_v242-1420850194 tempest-TaggedBootDevicesTest_v242-1420850194-project-member] new path /v2/images/cbbbbaa4-31d9-4d9b-af34-588d395c3956 {{(pid=99420) process_request /opt/stack/glance/glance/api/middleware/version_negotiation.py:70}}
Jul 07 18:32:06.615777 np0000004751 devstack@g-api.service[99420]: [pid: 99420|app: 0|req: 31/62] 127.0.0.1 () {44 vars in 1111 bytes} [Tue Jul 7 18:32:06 2026] GET /v2/images/cbbbbaa4-31d9-4d9b-af34-588d395c3956 => generated 1044 bytes in 15 msecs (HTTP/1.1 200) 4 headers in 158 bytes (1 switches on core 0)
Jul 07 18:32:06.626090 np0000004751 devstack@g-api.service[99421]: DEBUG glance.api.middleware.version_negotiation [None req-39e05f86-41c7-420d-a000-9befd0ca153e tempest-TaggedBootDevicesTest_v242-1420850194 tempest-TaggedBootDevicesTest_v242-1420850194-project-member] Determining version of request: GET /v2/schemas/image Accept: */* {{(pid=99421) process_request /opt/stack/glance/glance/api/middleware/version_negotiation.py:44}}
Jul 07 18:32:06.626383 np0000004751 devstack@g-api.service[99421]: DEBUG glance.api.middleware.version_negotiation [None req-39e05f86-41c7-420d-a000-9befd0ca153e tempest-TaggedBootDevicesTest_v242-1420850194 tempest-TaggedBootDevicesTest_v242-1420850194-project-member] Using url versioning {{(pid=99421) process_request /opt/stack/glance/glance/api/middleware/version_negotiation.py:57}}
Jul 07 18:32:06.626648 np0000004751 devstack@g-api.service[99421]: DEBUG glance.api.middleware.version_negotiation [None req-39e05f86-41c7-420d-a000-9befd0ca153e tempest-TaggedBootDevicesTest_v242-1420850194 tempest-TaggedBootDevicesTest_v242-1420850194-project-member] Matched version: v2 {{(pid=99421) process_request /opt/stack/glance/glance/api/middleware/version_negotiation.py:69}}
Jul 07 18:32:06.627238 np0000004751 devstack@g-api.service[99421]: DEBUG glance.api.middleware.version_negotiation [None req-39e05f86-41c7-420d-a000-9befd0ca153e tempest-TaggedBootDevicesTest_v242-1420850194 tempest-TaggedBootDevicesTest_v242-1420850194-project-member] new path /v2/schemas/image {{(pid=99421) process_request /opt/stack/glance/glance/api/middleware/version_negotiation.py:70}}
Jul 07 18:32:06.629937 np0000004751 devstack@g-api.service[99421]: [pid: 99421|app: 0|req: 24/63] 127.0.0.1 () {44 vars in 1051 bytes} [Tue Jul 7 18:32:06 2026] GET /v2/schemas/image => generated 6083 bytes in 4 msecs (HTTP/1.1 200) 4 headers in 158 bytes (1 switches on core 0)
Jul 07 18:32:06.983656 np0000004751 devstack@g-api.service[99422]: DEBUG swiftclient [None req-06931037-0254-48ad-980c-930921f9034a tempest-AttachSCSIVolumeTestJSON-495014619 tempest-AttachSCSIVolumeTestJSON-495014619-project-admin] REQ: curl -i https://10.4.3.23:8080/v1/AUTH_81ce292d408040fe8f75071dae02a736/glance/0f36042f-a90a-4342-b336-159672dde908-00001 -X PUT -H "X-Auth-Token: gAAAAABqTUYlioIY..." {{(pid=99422) http_log /opt/stack/data/venv/lib/python3.12/site-packages/swiftclient/client.py:160}}
Jul 07 18:32:06.983972 np0000004751 devstack@g-api.service[99422]: DEBUG swiftclient [None req-06931037-0254-48ad-980c-930921f9034a tempest-AttachSCSIVolumeTestJSON-495014619 tempest-AttachSCSIVolumeTestJSON-495014619-project-admin] RESP STATUS: 201 Created {{(pid=99422) http_log /opt/stack/data/venv/lib/python3.12/site-packages/swiftclient/client.py:161}}
Jul 07 18:32:06.983972 np0000004751 devstack@g-api.service[99422]: DEBUG swiftclient [None req-06931037-0254-48ad-980c-930921f9034a tempest-AttachSCSIVolumeTestJSON-495014619 tempest-AttachSCSIVolumeTestJSON-495014619-project-admin] RESP HEADERS: {'Date': 'Tue, 07 Jul 2026 18:32:06 GMT', 'Server': 'Apache/2.4.58 (Ubuntu)', 'Content-Type': 'text/html; charset=UTF-8', 'Content-Length': '0', 'Etag': '87617e24a5e30cb3b87fda8c0764838f', 'Last-Modified': 'Tue, 07 Jul 2026 18:32:06 GMT', 'X-Trans-Id': 'tx4b355211b6954557aeaa9-006a4d4625', 'X-Openstack-Request-Id': 'tx4b355211b6954557aeaa9-006a4d4625', 'Connection': 'close'} {{(pid=99422) http_log /opt/stack/data/venv/lib/python3.12/site-packages/swiftclient/client.py:162}}
Jul 07 18:32:06.984136 np0000004751 devstack@g-api.service[99422]: DEBUG glance_store._drivers.swift.store [None req-06931037-0254-48ad-980c-930921f9034a tempest-AttachSCSIVolumeTestJSON-495014619 tempest-AttachSCSIVolumeTestJSON-495014619-project-admin] Wrote chunk 0f36042f-a90a-4342-b336-159672dde908-00001 (1/?) of length 21692416 to Swift returning MD5 of content: 87617e24a5e30cb3b87fda8c0764838f {{(pid=99422) add /opt/stack/data/venv/lib/python3.12/site-packages/glance_store/_drivers/swift/store.py:1059}}
Jul 07 18:32:06.984337 np0000004751 devstack@g-api.service[99422]: DEBUG glance_store._drivers.swift.store [None req-06931037-0254-48ad-980c-930921f9034a tempest-AttachSCSIVolumeTestJSON-495014619 tempest-AttachSCSIVolumeTestJSON-495014619-project-admin] Not writing zero-length chunk. {{(pid=99422) add /opt/stack/data/venv/lib/python3.12/site-packages/glance_store/_drivers/swift/store.py:1028}}
Jul 07 18:32:07.005638 np0000004751 devstack@g-api.service[99422]: DEBUG swiftclient [None req-06931037-0254-48ad-980c-930921f9034a tempest-AttachSCSIVolumeTestJSON-495014619 tempest-AttachSCSIVolumeTestJSON-495014619-project-admin] REQ: curl -i https://10.4.3.23:8080/v1/AUTH_81ce292d408040fe8f75071dae02a736/glance/0f36042f-a90a-4342-b336-159672dde908 -X PUT -H "X-Object-Manifest: glance/0f36042f-a90a-4342-b336-159672dde908-" -H "X-Auth-Token: gAAAAABqTUYlioIY..." -H "Content-Length: 0" {{(pid=99422) http_log /opt/stack/data/venv/lib/python3.12/site-packages/swiftclient/client.py:160}}
Jul 07 18:32:07.005750 np0000004751 devstack@g-api.service[99422]: DEBUG swiftclient [None req-06931037-0254-48ad-980c-930921f9034a tempest-AttachSCSIVolumeTestJSON-495014619 tempest-AttachSCSIVolumeTestJSON-495014619-project-admin] RESP STATUS: 201 Created {{(pid=99422) http_log /opt/stack/data/venv/lib/python3.12/site-packages/swiftclient/client.py:161}}
Jul 07 18:32:07.005913 np0000004751 devstack@g-api.service[99422]: DEBUG swiftclient [None req-06931037-0254-48ad-980c-930921f9034a tempest-AttachSCSIVolumeTestJSON-495014619 tempest-AttachSCSIVolumeTestJSON-495014619-project-admin] RESP HEADERS: {'Date': 'Tue, 07 Jul 2026 18:32:07 GMT', 'Server': 'Apache/2.4.58 (Ubuntu)', 'Content-Type': 'text/html; charset=UTF-8', 'Content-Length': '0', 'Etag': 'd41d8cd98f00b204e9800998ecf8427e', 'Last-Modified': 'Tue, 07 Jul 2026 18:32:07 GMT', 'X-Trans-Id': 'txf74488286c8946d1b4ddd-006a4d4626', 'X-Openstack-Request-Id': 'txf74488286c8946d1b4ddd-006a4d4626', 'Connection': 'close'} {{(pid=99422) http_log /opt/stack/data/venv/lib/python3.12/site-packages/swiftclient/client.py:162}}
Jul 07 18:32:07.006360 np0000004751 devstack@g-api.service[99422]: INFO glance.location [None req-06931037-0254-48ad-980c-930921f9034a tempest-AttachSCSIVolumeTestJSON-495014619 tempest-AttachSCSIVolumeTestJSON-495014619-project-admin] Image format matched and virtual size computed: 117440512
Jul 07 18:32:07.032179 np0000004751 devstack@g-api.service[99422]: DEBUG glance_store.backend [None req-06931037-0254-48ad-980c-930921f9034a tempest-AttachSCSIVolumeTestJSON-495014619 tempest-AttachSCSIVolumeTestJSON-495014619-project-admin] Attempting to import store swift {{(pid=99422) _load_store /opt/stack/data/venv/lib/python3.12/site-packages/glance_store/backend.py:215}}
Jul 07 18:32:07.033358 np0000004751 devstack@g-api.service[99422]: DEBUG glance_store.capabilities [None req-06931037-0254-48ad-980c-930921f9034a tempest-AttachSCSIVolumeTestJSON-495014619 tempest-AttachSCSIVolumeTestJSON-495014619-project-admin] Store glance_store._drivers.swift.store.SingleTenantStore doesn't support updating dynamic storage capabilities. Please overwrite 'update_capabilities' method of the store to implement updating logics if needed. {{(pid=99422) update_capabilities /opt/stack/data/venv/lib/python3.12/site-packages/glance_store/capabilities.py:91}}
Jul 07 18:32:07.033458 np0000004751 devstack@g-api.service[99422]: DEBUG glance_store.driver [None req-06931037-0254-48ad-980c-930921f9034a tempest-AttachSCSIVolumeTestJSON-495014619 tempest-AttachSCSIVolumeTestJSON-495014619-project-admin] Late loading location class glance_store._drivers.swift.store.StoreLocation {{(pid=99422) get_store_location_class /opt/stack/data/venv/lib/python3.12/site-packages/glance_store/driver.py:134}}
Jul 07 18:32:07.033551 np0000004751 devstack@g-api.service[99422]: DEBUG glance_store.location [None req-06931037-0254-48ad-980c-930921f9034a tempest-AttachSCSIVolumeTestJSON-495014619 tempest-AttachSCSIVolumeTestJSON-495014619-project-admin] Registering scheme swift+https with {'store': , 'location_class': , 'store_entry': 'swift'} {{(pid=99422) register_scheme_map /opt/stack/data/venv/lib/python3.12/site-packages/glance_store/location.py:146}}
Jul 07 18:32:07.033632 np0000004751 devstack@g-api.service[99422]: DEBUG glance_store.location [None req-06931037-0254-48ad-980c-930921f9034a tempest-AttachSCSIVolumeTestJSON-495014619 tempest-AttachSCSIVolumeTestJSON-495014619-project-admin] Registering scheme swift+https with {'store': , 'location_class': , 'store_entry': 'swift'} {{(pid=99422) register_scheme_map /opt/stack/data/venv/lib/python3.12/site-packages/glance_store/location.py:146}}
Jul 07 18:32:07.033715 np0000004751 devstack@g-api.service[99422]: DEBUG glance_store.location [None req-06931037-0254-48ad-980c-930921f9034a tempest-AttachSCSIVolumeTestJSON-495014619 tempest-AttachSCSIVolumeTestJSON-495014619-project-admin] Registering scheme swift with {'store': , 'location_class': , 'store_entry': 'swift'} {{(pid=99422) register_scheme_map /opt/stack/data/venv/lib/python3.12/site-packages/glance_store/location.py:146}}
Jul 07 18:32:07.033803 np0000004751 devstack@g-api.service[99422]: DEBUG glance_store.location [None req-06931037-0254-48ad-980c-930921f9034a tempest-AttachSCSIVolumeTestJSON-495014619 tempest-AttachSCSIVolumeTestJSON-495014619-project-admin] Registering scheme swift+https with {'store': , 'location_class': , 'store_entry': 'swift'} {{(pid=99422) register_scheme_map /opt/stack/data/venv/lib/python3.12/site-packages/glance_store/location.py:146}}
Jul 07 18:32:07.033913 np0000004751 devstack@g-api.service[99422]: DEBUG glance_store.location [None req-06931037-0254-48ad-980c-930921f9034a tempest-AttachSCSIVolumeTestJSON-495014619 tempest-AttachSCSIVolumeTestJSON-495014619-project-admin] Registering scheme swift with {'store': , 'location_class': , 'store_entry': 'swift'} {{(pid=99422) register_scheme_map /opt/stack/data/venv/lib/python3.12/site-packages/glance_store/location.py:146}}
Jul 07 18:32:07.033991 np0000004751 devstack@g-api.service[99422]: DEBUG glance_store.location [None req-06931037-0254-48ad-980c-930921f9034a tempest-AttachSCSIVolumeTestJSON-495014619 tempest-AttachSCSIVolumeTestJSON-495014619-project-admin] Registering scheme swift+http with {'store': , 'location_class': , 'store_entry': 'swift'} {{(pid=99422) register_scheme_map /opt/stack/data/venv/lib/python3.12/site-packages/glance_store/location.py:146}}
Jul 07 18:32:07.034101 np0000004751 devstack@g-api.service[99422]: DEBUG glance_store.location [None req-06931037-0254-48ad-980c-930921f9034a tempest-AttachSCSIVolumeTestJSON-495014619 tempest-AttachSCSIVolumeTestJSON-495014619-project-admin] Registering scheme swift+https with {'store': , 'location_class': , 'store_entry': 'swift'} {{(pid=99422) register_scheme_map /opt/stack/data/venv/lib/python3.12/site-packages/glance_store/location.py:146}}
Jul 07 18:32:07.034201 np0000004751 devstack@g-api.service[99422]: DEBUG glance_store.location [None req-06931037-0254-48ad-980c-930921f9034a tempest-AttachSCSIVolumeTestJSON-495014619 tempest-AttachSCSIVolumeTestJSON-495014619-project-admin] Registering scheme swift with {'store': , 'location_class': , 'store_entry': 'swift'} {{(pid=99422) register_scheme_map /opt/stack/data/venv/lib/python3.12/site-packages/glance_store/location.py:146}}
Jul 07 18:32:07.034272 np0000004751 devstack@g-api.service[99422]: DEBUG glance_store.location [None req-06931037-0254-48ad-980c-930921f9034a tempest-AttachSCSIVolumeTestJSON-495014619 tempest-AttachSCSIVolumeTestJSON-495014619-project-admin] Registering scheme swift+http with {'store': , 'location_class': , 'store_entry': 'swift'} {{(pid=99422) register_scheme_map /opt/stack/data/venv/lib/python3.12/site-packages/glance_store/location.py:146}}
Jul 07 18:32:07.034328 np0000004751 devstack@g-api.service[99422]: DEBUG glance_store.location [None req-06931037-0254-48ad-980c-930921f9034a tempest-AttachSCSIVolumeTestJSON-495014619 tempest-AttachSCSIVolumeTestJSON-495014619-project-admin] Registering scheme swift+config with {'store': , 'location_class': , 'store_entry': 'swift'} {{(pid=99422) register_scheme_map /opt/stack/data/venv/lib/python3.12/site-packages/glance_store/location.py:146}}
Jul 07 18:32:07.034404 np0000004751 devstack@g-api.service[99422]: DEBUG glance_store.backend [None req-06931037-0254-48ad-980c-930921f9034a tempest-AttachSCSIVolumeTestJSON-495014619 tempest-AttachSCSIVolumeTestJSON-495014619-project-admin] Skipping store.set_acls... not implemented. {{(pid=99422) set_acls /opt/stack/data/venv/lib/python3.12/site-packages/glance_store/backend.py:507}}
Jul 07 18:32:07.036935 np0000004751 devstack@g-api.service[99422]: [pid: 99422|app: 0|req: 9/64] 127.0.0.1 () {40 vars in 854 bytes} [Tue Jul 7 18:32:03 2026] PUT /v2/images/0f36042f-a90a-4342-b336-159672dde908/file => generated 0 bytes in 3741 msecs (HTTP/1.1 204) 4 headers in 171 bytes (1 switches on core 0)
Jul 07 18:32:09.377244 np0000004751 devstack@g-api.service[99420]: DEBUG glance.api.middleware.version_negotiation [None req-39e05f86-41c7-420d-a000-9befd0ca153e tempest-TaggedBootDevicesTest_v242-1420850194 tempest-TaggedBootDevicesTest_v242-1420850194-project-member] Determining version of request: GET /v2/images/0f36042f-a90a-4342-b336-159672dde908 Accept: */* {{(pid=99420) process_request /opt/stack/glance/glance/api/middleware/version_negotiation.py:44}}
Jul 07 18:32:09.377660 np0000004751 devstack@g-api.service[99420]: DEBUG glance.api.middleware.version_negotiation [None req-39e05f86-41c7-420d-a000-9befd0ca153e tempest-TaggedBootDevicesTest_v242-1420850194 tempest-TaggedBootDevicesTest_v242-1420850194-project-member] Using url versioning {{(pid=99420) process_request /opt/stack/glance/glance/api/middleware/version_negotiation.py:57}}
Jul 07 18:32:09.377660 np0000004751 devstack@g-api.service[99420]: DEBUG glance.api.middleware.version_negotiation [None req-39e05f86-41c7-420d-a000-9befd0ca153e tempest-TaggedBootDevicesTest_v242-1420850194 tempest-TaggedBootDevicesTest_v242-1420850194-project-member] Matched version: v2 {{(pid=99420) process_request /opt/stack/glance/glance/api/middleware/version_negotiation.py:69}}
Jul 07 18:32:09.377734 np0000004751 devstack@g-api.service[99420]: DEBUG glance.api.middleware.version_negotiation [None req-39e05f86-41c7-420d-a000-9befd0ca153e tempest-TaggedBootDevicesTest_v242-1420850194 tempest-TaggedBootDevicesTest_v242-1420850194-project-member] new path /v2/images/0f36042f-a90a-4342-b336-159672dde908 {{(pid=99420) process_request /opt/stack/glance/glance/api/middleware/version_negotiation.py:70}}
Jul 07 18:32:09.390868 np0000004751 devstack@g-api.service[99420]: [pid: 99420|app: 0|req: 32/65] 127.0.0.1 () {44 vars in 1111 bytes} [Tue Jul 7 18:32:09 2026] GET /v2/images/0f36042f-a90a-4342-b336-159672dde908 => generated 859 bytes in 13 msecs (HTTP/1.1 200) 4 headers in 157 bytes (1 switches on core 0)
Jul 07 18:32:09.422110 np0000004751 devstack@g-api.service[99421]: DEBUG glance.api.middleware.version_negotiation [None req-39e05f86-41c7-420d-a000-9befd0ca153e tempest-TaggedBootDevicesTest_v242-1420850194 tempest-TaggedBootDevicesTest_v242-1420850194-project-member] Determining version of request: GET /v2/schemas/image Accept: */* {{(pid=99421) process_request /opt/stack/glance/glance/api/middleware/version_negotiation.py:44}}
Jul 07 18:32:09.422535 np0000004751 devstack@g-api.service[99421]: DEBUG glance.api.middleware.version_negotiation [None req-39e05f86-41c7-420d-a000-9befd0ca153e tempest-TaggedBootDevicesTest_v242-1420850194 tempest-TaggedBootDevicesTest_v242-1420850194-project-member] Using url versioning {{(pid=99421) process_request /opt/stack/glance/glance/api/middleware/version_negotiation.py:57}}
Jul 07 18:32:09.422535 np0000004751 devstack@g-api.service[99421]: DEBUG glance.api.middleware.version_negotiation [None req-39e05f86-41c7-420d-a000-9befd0ca153e tempest-TaggedBootDevicesTest_v242-1420850194 tempest-TaggedBootDevicesTest_v242-1420850194-project-member] Matched version: v2 {{(pid=99421) process_request /opt/stack/glance/glance/api/middleware/version_negotiation.py:69}}
Jul 07 18:32:09.422535 np0000004751 devstack@g-api.service[99421]: DEBUG glance.api.middleware.version_negotiation [None req-39e05f86-41c7-420d-a000-9befd0ca153e tempest-TaggedBootDevicesTest_v242-1420850194 tempest-TaggedBootDevicesTest_v242-1420850194-project-member] new path /v2/schemas/image {{(pid=99421) process_request /opt/stack/glance/glance/api/middleware/version_negotiation.py:70}}
Jul 07 18:32:09.424794 np0000004751 devstack@g-api.service[99421]: [pid: 99421|app: 0|req: 25/66] 127.0.0.1 () {44 vars in 1051 bytes} [Tue Jul 7 18:32:09 2026] GET /v2/schemas/image => generated 6083 bytes in 3 msecs (HTTP/1.1 200) 4 headers in 158 bytes (1 switches on core 0)
Jul 07 18:32:11.809708 np0000004751 devstack@g-api.service[99422]: DEBUG glance.api.middleware.version_negotiation [None req-06931037-0254-48ad-980c-930921f9034a tempest-AttachSCSIVolumeTestJSON-495014619 tempest-AttachSCSIVolumeTestJSON-495014619-project-admin] Determining version of request: GET /v2/images/cbbbbaa4-31d9-4d9b-af34-588d395c3956 Accept: */* {{(pid=99422) process_request /opt/stack/glance/glance/api/middleware/version_negotiation.py:44}}
Jul 07 18:32:11.810122 np0000004751 devstack@g-api.service[99422]: DEBUG glance.api.middleware.version_negotiation [None req-06931037-0254-48ad-980c-930921f9034a tempest-AttachSCSIVolumeTestJSON-495014619 tempest-AttachSCSIVolumeTestJSON-495014619-project-admin] Using url versioning {{(pid=99422) process_request /opt/stack/glance/glance/api/middleware/version_negotiation.py:57}}
Jul 07 18:32:11.810122 np0000004751 devstack@g-api.service[99422]: DEBUG glance.api.middleware.version_negotiation [None req-06931037-0254-48ad-980c-930921f9034a tempest-AttachSCSIVolumeTestJSON-495014619 tempest-AttachSCSIVolumeTestJSON-495014619-project-admin] Matched version: v2 {{(pid=99422) process_request /opt/stack/glance/glance/api/middleware/version_negotiation.py:69}}
Jul 07 18:32:11.810122 np0000004751 devstack@g-api.service[99422]: DEBUG glance.api.middleware.version_negotiation [None req-06931037-0254-48ad-980c-930921f9034a tempest-AttachSCSIVolumeTestJSON-495014619 tempest-AttachSCSIVolumeTestJSON-495014619-project-admin] new path /v2/images/cbbbbaa4-31d9-4d9b-af34-588d395c3956 {{(pid=99422) process_request /opt/stack/glance/glance/api/middleware/version_negotiation.py:70}}
Jul 07 18:32:11.823848 np0000004751 devstack@g-api.service[99422]: [pid: 99422|app: 0|req: 10/67] 127.0.0.1 () {44 vars in 1111 bytes} [Tue Jul 7 18:32:11 2026] GET /v2/images/cbbbbaa4-31d9-4d9b-af34-588d395c3956 => generated 1044 bytes in 14 msecs (HTTP/1.1 200) 4 headers in 158 bytes (1 switches on core 0)
Jul 07 18:32:11.852289 np0000004751 devstack@g-api.service[99420]: DEBUG glance.api.middleware.version_negotiation [None req-9011ee6d-61c4-4ddb-b4fe-f5132712b08a tempest-AttachSCSIVolumeTestJSON-1047802096 tempest-AttachSCSIVolumeTestJSON-1047802096-project-member] Determining version of request: GET /v2/schemas/image Accept: */* {{(pid=99420) process_request /opt/stack/glance/glance/api/middleware/version_negotiation.py:44}}
Jul 07 18:32:11.852697 np0000004751 devstack@g-api.service[99420]: DEBUG glance.api.middleware.version_negotiation [None req-9011ee6d-61c4-4ddb-b4fe-f5132712b08a tempest-AttachSCSIVolumeTestJSON-1047802096 tempest-AttachSCSIVolumeTestJSON-1047802096-project-member] Using url versioning {{(pid=99420) process_request /opt/stack/glance/glance/api/middleware/version_negotiation.py:57}}
Jul 07 18:32:11.852697 np0000004751 devstack@g-api.service[99420]: DEBUG glance.api.middleware.version_negotiation [None req-9011ee6d-61c4-4ddb-b4fe-f5132712b08a tempest-AttachSCSIVolumeTestJSON-1047802096 tempest-AttachSCSIVolumeTestJSON-1047802096-project-member] Matched version: v2 {{(pid=99420) process_request /opt/stack/glance/glance/api/middleware/version_negotiation.py:69}}
Jul 07 18:32:11.852697 np0000004751 devstack@g-api.service[99420]: DEBUG glance.api.middleware.version_negotiation [None req-9011ee6d-61c4-4ddb-b4fe-f5132712b08a tempest-AttachSCSIVolumeTestJSON-1047802096 tempest-AttachSCSIVolumeTestJSON-1047802096-project-member] new path /v2/schemas/image {{(pid=99420) process_request /opt/stack/glance/glance/api/middleware/version_negotiation.py:70}}
Jul 07 18:32:11.855249 np0000004751 devstack@g-api.service[99420]: [pid: 99420|app: 0|req: 33/68] 127.0.0.1 () {44 vars in 1051 bytes} [Tue Jul 7 18:32:11 2026] GET /v2/schemas/image => generated 6083 bytes in 3 msecs (HTTP/1.1 200) 4 headers in 158 bytes (1 switches on core 0)
Jul 07 18:32:11.900728 np0000004751 devstack@g-api.service[99421]: DEBUG glance.api.middleware.version_negotiation [None req-9011ee6d-61c4-4ddb-b4fe-f5132712b08a tempest-AttachSCSIVolumeTestJSON-1047802096 tempest-AttachSCSIVolumeTestJSON-1047802096-project-member] Determining version of request: GET /v2/images/cbbbbaa4-31d9-4d9b-af34-588d395c3956 Accept: */* {{(pid=99421) process_request /opt/stack/glance/glance/api/middleware/version_negotiation.py:44}}
Jul 07 18:32:11.901209 np0000004751 devstack@g-api.service[99421]: DEBUG glance.api.middleware.version_negotiation [None req-9011ee6d-61c4-4ddb-b4fe-f5132712b08a tempest-AttachSCSIVolumeTestJSON-1047802096 tempest-AttachSCSIVolumeTestJSON-1047802096-project-member] Using url versioning {{(pid=99421) process_request /opt/stack/glance/glance/api/middleware/version_negotiation.py:57}}
Jul 07 18:32:11.901209 np0000004751 devstack@g-api.service[99421]: DEBUG glance.api.middleware.version_negotiation [None req-9011ee6d-61c4-4ddb-b4fe-f5132712b08a tempest-AttachSCSIVolumeTestJSON-1047802096 tempest-AttachSCSIVolumeTestJSON-1047802096-project-member] Matched version: v2 {{(pid=99421) process_request /opt/stack/glance/glance/api/middleware/version_negotiation.py:69}}
Jul 07 18:32:11.901209 np0000004751 devstack@g-api.service[99421]: DEBUG glance.api.middleware.version_negotiation [None req-9011ee6d-61c4-4ddb-b4fe-f5132712b08a tempest-AttachSCSIVolumeTestJSON-1047802096 tempest-AttachSCSIVolumeTestJSON-1047802096-project-member] new path /v2/images/cbbbbaa4-31d9-4d9b-af34-588d395c3956 {{(pid=99421) process_request /opt/stack/glance/glance/api/middleware/version_negotiation.py:70}}
Jul 07 18:32:11.911340 np0000004751 devstack@g-api.service[99421]: [pid: 99421|app: 0|req: 26/69] 127.0.0.1 () {44 vars in 1111 bytes} [Tue Jul 7 18:32:11 2026] GET /v2/images/cbbbbaa4-31d9-4d9b-af34-588d395c3956 => generated 1044 bytes in 11 msecs (HTTP/1.1 200) 4 headers in 158 bytes (1 switches on core 0)
Jul 07 18:32:11.941354 np0000004751 devstack@g-api.service[99422]: DEBUG glance.api.middleware.version_negotiation [None req-fe17ada4-a46a-4d63-b420-f5bb1cd63adc tempest-VolumesAssistedSnapshotsTest-1897257184 tempest-VolumesAssistedSnapshotsTest-1897257184-project-member] Determining version of request: GET /v2/images/cbbbbaa4-31d9-4d9b-af34-588d395c3956/file Accept: */* {{(pid=99422) process_request /opt/stack/glance/glance/api/middleware/version_negotiation.py:44}}
Jul 07 18:32:11.941508 np0000004751 devstack@g-api.service[99422]: DEBUG glance.api.middleware.version_negotiation [None req-fe17ada4-a46a-4d63-b420-f5bb1cd63adc tempest-VolumesAssistedSnapshotsTest-1897257184 tempest-VolumesAssistedSnapshotsTest-1897257184-project-member] Using url versioning {{(pid=99422) process_request /opt/stack/glance/glance/api/middleware/version_negotiation.py:57}}
