Jul 07 18:29:33.109806 np0000004751 nova-scheduler[93228]: DEBUG cotyledon.oslo_config_glue [-] oslo_messaging_notifications.topics = ['notifications'] {{(pid=93228) log_opt_values /opt/stack/data/venv/lib/python3.12/site-packages/oslo_config/cfg.py:3253}}
Jul 07 18:29:33.109806 np0000004751 nova-scheduler[93228]: DEBUG cotyledon.oslo_config_glue [-] oslo_messaging_notifications.transport_url = **** {{(pid=93228) log_opt_values /opt/stack/data/venv/lib/python3.12/site-packages/oslo_config/cfg.py:3253}}
Jul 07 18:29:33.109806 np0000004751 nova-scheduler[93228]: DEBUG cotyledon.oslo_config_glue [-] oslo_limit.auth_section = None {{(pid=93228) log_opt_values /opt/stack/data/venv/lib/python3.12/site-packages/oslo_config/cfg.py:3253}}
Jul 07 18:29:33.109806 np0000004751 nova-scheduler[93228]: DEBUG cotyledon.oslo_config_glue [-] oslo_limit.auth_type = None {{(pid=93228) log_opt_values /opt/stack/data/venv/lib/python3.12/site-packages/oslo_config/cfg.py:3253}}
Jul 07 18:29:33.109806 np0000004751 nova-scheduler[93228]: DEBUG cotyledon.oslo_config_glue [-] oslo_limit.cafile = None {{(pid=93228) log_opt_values /opt/stack/data/venv/lib/python3.12/site-packages/oslo_config/cfg.py:3253}}
Jul 07 18:29:33.110002 np0000004751 nova-scheduler[93228]: DEBUG cotyledon.oslo_config_glue [-] oslo_limit.certfile = None {{(pid=93228) log_opt_values /opt/stack/data/venv/lib/python3.12/site-packages/oslo_config/cfg.py:3253}}
Jul 07 18:29:33.110002 np0000004751 nova-scheduler[93228]: DEBUG cotyledon.oslo_config_glue [-] oslo_limit.collect_timing = False {{(pid=93228) log_opt_values /opt/stack/data/venv/lib/python3.12/site-packages/oslo_config/cfg.py:3253}}
Jul 07 18:29:33.110002 np0000004751 nova-scheduler[93228]: DEBUG cotyledon.oslo_config_glue [-] oslo_limit.connect_retries = None {{(pid=93228) log_opt_values /opt/stack/data/venv/lib/python3.12/site-packages/oslo_config/cfg.py:3253}}
Jul 07 18:29:33.110002 np0000004751 nova-scheduler[93228]: DEBUG cotyledon.oslo_config_glue [-] oslo_limit.connect_retry_delay = None {{(pid=93228) log_opt_values /opt/stack/data/venv/lib/python3.12/site-packages/oslo_config/cfg.py:3253}}
Jul 07 18:29:33.110002 np0000004751 nova-scheduler[93228]: DEBUG cotyledon.oslo_config_glue [-] oslo_limit.endpoint_id = None {{(pid=93228) log_opt_values /opt/stack/data/venv/lib/python3.12/site-packages/oslo_config/cfg.py:3253}}
Jul 07 18:29:33.110002 np0000004751 nova-scheduler[93228]: DEBUG cotyledon.oslo_config_glue [-] oslo_limit.endpoint_interface = public {{(pid=93228) log_opt_values /opt/stack/data/venv/lib/python3.12/site-packages/oslo_config/cfg.py:3253}}
Jul 07 18:29:33.110002 np0000004751 nova-scheduler[93228]: DEBUG cotyledon.oslo_config_glue [-] oslo_limit.endpoint_override = None {{(pid=93228) log_opt_values /opt/stack/data/venv/lib/python3.12/site-packages/oslo_config/cfg.py:3253}}
Jul 07 18:29:33.110002 np0000004751 nova-scheduler[93228]: DEBUG cotyledon.oslo_config_glue [-] oslo_limit.endpoint_region_name = None {{(pid=93228) log_opt_values /opt/stack/data/venv/lib/python3.12/site-packages/oslo_config/cfg.py:3253}}
Jul 07 18:29:33.110002 np0000004751 nova-scheduler[93228]: DEBUG cotyledon.oslo_config_glue [-] oslo_limit.endpoint_service_name = None {{(pid=93228) log_opt_values /opt/stack/data/venv/lib/python3.12/site-packages/oslo_config/cfg.py:3253}}
Jul 07 18:29:33.110179 np0000004751 nova-scheduler[93228]: DEBUG cotyledon.oslo_config_glue [-] oslo_limit.endpoint_service_type = None {{(pid=93228) log_opt_values /opt/stack/data/venv/lib/python3.12/site-packages/oslo_config/cfg.py:3253}}
Jul 07 18:29:33.110179 np0000004751 nova-scheduler[93228]: DEBUG cotyledon.oslo_config_glue [-] oslo_limit.insecure = False {{(pid=93228) log_opt_values /opt/stack/data/venv/lib/python3.12/site-packages/oslo_config/cfg.py:3253}}
Jul 07 18:29:33.110179 np0000004751 nova-scheduler[93228]: DEBUG cotyledon.oslo_config_glue [-] oslo_limit.keyfile = None {{(pid=93228) log_opt_values /opt/stack/data/venv/lib/python3.12/site-packages/oslo_config/cfg.py:3253}}
Jul 07 18:29:33.110179 np0000004751 nova-scheduler[93228]: DEBUG cotyledon.oslo_config_glue [-] oslo_limit.max_version = None {{(pid=93228) log_opt_values /opt/stack/data/venv/lib/python3.12/site-packages/oslo_config/cfg.py:3253}}
Jul 07 18:29:33.110179 np0000004751 nova-scheduler[93228]: DEBUG cotyledon.oslo_config_glue [-] oslo_limit.min_version = None {{(pid=93228) log_opt_values /opt/stack/data/venv/lib/python3.12/site-packages/oslo_config/cfg.py:3253}}
Jul 07 18:29:33.110179 np0000004751 nova-scheduler[93228]: DEBUG cotyledon.oslo_config_glue [-] oslo_limit.region_name = None {{(pid=93228) log_opt_values /opt/stack/data/venv/lib/python3.12/site-packages/oslo_config/cfg.py:3253}}
Jul 07 18:29:33.110179 np0000004751 nova-scheduler[93228]: DEBUG cotyledon.oslo_config_glue [-] oslo_limit.retriable_status_codes = None {{(pid=93228) log_opt_values /opt/stack/data/venv/lib/python3.12/site-packages/oslo_config/cfg.py:3253}}
Jul 07 18:29:33.110179 np0000004751 nova-scheduler[93228]: DEBUG cotyledon.oslo_config_glue [-] oslo_limit.service_name = None {{(pid=93228) log_opt_values /opt/stack/data/venv/lib/python3.12/site-packages/oslo_config/cfg.py:3253}}
Jul 07 18:29:33.110179 np0000004751 nova-scheduler[93228]: DEBUG cotyledon.oslo_config_glue [-] oslo_limit.service_type = None {{(pid=93228) log_opt_values /opt/stack/data/venv/lib/python3.12/site-packages/oslo_config/cfg.py:3253}}
Jul 07 18:29:33.110398 np0000004751 nova-scheduler[93228]: DEBUG cotyledon.oslo_config_glue [-] oslo_limit.split_loggers = False {{(pid=93228) log_opt_values /opt/stack/data/venv/lib/python3.12/site-packages/oslo_config/cfg.py:3253}}
Jul 07 18:29:33.110398 np0000004751 nova-scheduler[93228]: DEBUG cotyledon.oslo_config_glue [-] oslo_limit.status_code_retries = None {{(pid=93228) log_opt_values /opt/stack/data/venv/lib/python3.12/site-packages/oslo_config/cfg.py:3253}}
Jul 07 18:29:33.110398 np0000004751 nova-scheduler[93228]: DEBUG cotyledon.oslo_config_glue [-] oslo_limit.status_code_retry_delay = None {{(pid=93228) log_opt_values /opt/stack/data/venv/lib/python3.12/site-packages/oslo_config/cfg.py:3253}}
Jul 07 18:29:33.110398 np0000004751 nova-scheduler[93228]: DEBUG cotyledon.oslo_config_glue [-] oslo_limit.timeout = None {{(pid=93228) log_opt_values /opt/stack/data/venv/lib/python3.12/site-packages/oslo_config/cfg.py:3253}}
Jul 07 18:29:33.110398 np0000004751 nova-scheduler[93228]: DEBUG cotyledon.oslo_config_glue [-] oslo_limit.valid_interfaces = None {{(pid=93228) log_opt_values /opt/stack/data/venv/lib/python3.12/site-packages/oslo_config/cfg.py:3253}}
Jul 07 18:29:33.110398 np0000004751 nova-scheduler[93228]: DEBUG cotyledon.oslo_config_glue [-] oslo_limit.version = None {{(pid=93228) log_opt_values /opt/stack/data/venv/lib/python3.12/site-packages/oslo_config/cfg.py:3253}}
Jul 07 18:29:33.110398 np0000004751 nova-scheduler[93228]: DEBUG cotyledon.oslo_config_glue [-] oslo_reports.file_event_handler = None {{(pid=93228) log_opt_values /opt/stack/data/venv/lib/python3.12/site-packages/oslo_config/cfg.py:3253}}
Jul 07 18:29:33.110398 np0000004751 nova-scheduler[93228]: DEBUG cotyledon.oslo_config_glue [-] oslo_reports.file_event_handler_interval = 1 {{(pid=93228) log_opt_values /opt/stack/data/venv/lib/python3.12/site-packages/oslo_config/cfg.py:3253}}
Jul 07 18:29:33.110398 np0000004751 nova-scheduler[93228]: DEBUG cotyledon.oslo_config_glue [-] oslo_reports.log_dir = None {{(pid=93228) log_opt_values /opt/stack/data/venv/lib/python3.12/site-packages/oslo_config/cfg.py:3253}}
Jul 07 18:29:33.110565 np0000004751 nova-scheduler[93228]: DEBUG cotyledon.oslo_config_glue [-] ******************************************************************************** {{(pid=93228) log_opt_values /opt/stack/data/venv/lib/python3.12/site-packages/oslo_config/cfg.py:3260}}
Jul 07 18:29:33.110565 np0000004751 nova-scheduler[93228]: DEBUG cotyledon._service_worker [-] Run service ServiceWrapper(2) [93228] {{(pid=93228) wait_forever /opt/stack/data/venv/lib/python3.12/site-packages/cotyledon/_service_worker.py:218}}
Jul 07 18:29:33.110565 np0000004751 nova-scheduler[93228]: INFO nova.service [-] Starting scheduler node (version 33.1.0)
Jul 07 18:29:33.110652 np0000004751 nova-scheduler[93226]: INFO dbcounter [None req-7f239192-aeea-44fd-9a4f-574e871d1055 None None] Registered counter for database nova_cell0
Jul 07 18:29:33.110686 np0000004751 nova-scheduler[93228]: INFO dbcounter [None req-2fd85142-9eac-4897-9fb4-1f040ccc6f9c None None] Registered counter for database nova_cell0
Jul 07 18:29:33.133690 np0000004751 nova-scheduler[93224]: DEBUG oslo_db.sqlalchemy.engines [None req-efa78992-5648-4fce-bab3-1edd39b8ee01 None None] MySQL server mode set to STRICT_TRANS_TABLES,STRICT_ALL_TABLES,NO_ZERO_IN_DATE,NO_ZERO_DATE,ERROR_FOR_DIVISION_BY_ZERO,TRADITIONAL,NO_ENGINE_SUBSTITUTION {{(pid=93224) _check_effective_sql_mode /opt/stack/data/venv/lib/python3.12/site-packages/oslo_db/sqlalchemy/engines.py:325}}
Jul 07 18:29:33.137427 np0000004751 nova-scheduler[93226]: DEBUG oslo_db.sqlalchemy.engines [None req-7f239192-aeea-44fd-9a4f-574e871d1055 None None] MySQL server mode set to STRICT_TRANS_TABLES,STRICT_ALL_TABLES,NO_ZERO_IN_DATE,NO_ZERO_DATE,ERROR_FOR_DIVISION_BY_ZERO,TRADITIONAL,NO_ENGINE_SUBSTITUTION {{(pid=93226) _check_effective_sql_mode /opt/stack/data/venv/lib/python3.12/site-packages/oslo_db/sqlalchemy/engines.py:325}}
Jul 07 18:29:33.143248 np0000004751 nova-scheduler[93224]: DEBUG dbcounter [-] [93224] Writer thread running {{(pid=93224) stat_writer /opt/stack/data/venv/lib/python3.12/site-packages/dbcounter.py:102}}
Jul 07 18:29:33.143790 np0000004751 nova-scheduler[93228]: DEBUG oslo_db.sqlalchemy.engines [None req-2fd85142-9eac-4897-9fb4-1f040ccc6f9c None None] MySQL server mode set to STRICT_TRANS_TABLES,STRICT_ALL_TABLES,NO_ZERO_IN_DATE,NO_ZERO_DATE,ERROR_FOR_DIVISION_BY_ZERO,TRADITIONAL,NO_ENGINE_SUBSTITUTION {{(pid=93228) _check_effective_sql_mode /opt/stack/data/venv/lib/python3.12/site-packages/oslo_db/sqlalchemy/engines.py:325}}
Jul 07 18:29:33.146690 np0000004751 nova-scheduler[93226]: DEBUG dbcounter [-] [93226] Writer thread running {{(pid=93226) stat_writer /opt/stack/data/venv/lib/python3.12/site-packages/dbcounter.py:102}}
Jul 07 18:29:33.154358 np0000004751 nova-scheduler[93228]: DEBUG dbcounter [-] [93228] Writer thread running {{(pid=93228) stat_writer /opt/stack/data/venv/lib/python3.12/site-packages/dbcounter.py:102}}
Jul 07 18:29:33.156682 np0000004751 nova-scheduler[93224]: DEBUG nova.service [None req-efa78992-5648-4fce-bab3-1edd39b8ee01 None None] Creating RPC server for service: nova-scheduler on topic: scheduler {{(pid=93224) start /opt/stack/nova/nova/service.py:196}}
Jul 07 18:29:33.160597 np0000004751 nova-scheduler[93226]: DEBUG nova.service [None req-7f239192-aeea-44fd-9a4f-574e871d1055 None None] Creating RPC server for service: nova-scheduler on topic: scheduler {{(pid=93226) start /opt/stack/nova/nova/service.py:196}}
Jul 07 18:29:33.171171 np0000004751 nova-scheduler[93228]: DEBUG nova.service [None req-2fd85142-9eac-4897-9fb4-1f040ccc6f9c None None] Creating RPC server for service: nova-scheduler on topic: scheduler {{(pid=93228) start /opt/stack/nova/nova/service.py:196}}
Jul 07 18:29:33.180559 np0000004751 nova-scheduler[93226]: DEBUG nova.service [None req-7f239192-aeea-44fd-9a4f-574e871d1055 None None] Join ServiceGroup membership for this service scheduler {{(pid=93226) start /opt/stack/nova/nova/service.py:222}}
Jul 07 18:29:33.180703 np0000004751 nova-scheduler[93226]: DEBUG nova.servicegroup.drivers.db [None req-7f239192-aeea-44fd-9a4f-574e871d1055 None None] DB_Driver: join new ServiceGroup member np0000004751 to the scheduler group, service = {{(pid=93226) join /opt/stack/nova/nova/servicegroup/drivers/db.py:44}}
Jul 07 18:29:33.182963 np0000004751 nova-scheduler[93224]: DEBUG nova.service [None req-efa78992-5648-4fce-bab3-1edd39b8ee01 None None] Join ServiceGroup membership for this service scheduler {{(pid=93224) start /opt/stack/nova/nova/service.py:222}}
Jul 07 18:29:33.183148 np0000004751 nova-scheduler[93224]: DEBUG nova.servicegroup.drivers.db [None req-efa78992-5648-4fce-bab3-1edd39b8ee01 None None] DB_Driver: join new ServiceGroup member np0000004751 to the scheduler group, service = {{(pid=93224) join /opt/stack/nova/nova/servicegroup/drivers/db.py:44}}
Jul 07 18:29:33.198701 np0000004751 nova-scheduler[93228]: DEBUG nova.service [None req-2fd85142-9eac-4897-9fb4-1f040ccc6f9c None None] Join ServiceGroup membership for this service scheduler {{(pid=93228) start /opt/stack/nova/nova/service.py:222}}
Jul 07 18:29:33.198831 np0000004751 nova-scheduler[93228]: DEBUG nova.servicegroup.drivers.db [None req-2fd85142-9eac-4897-9fb4-1f040ccc6f9c None None] DB_Driver: join new ServiceGroup member np0000004751 to the scheduler group, service = {{(pid=93228) join /opt/stack/nova/nova/servicegroup/drivers/db.py:44}}
Jul 07 18:29:38.198595 np0000004751 nova-scheduler[93226]: DEBUG oslo.service.backend._threading.loopingcall [-] Fixed interval looping call 'nova.servicegroup.drivers.db.DbDriver._report_state' sleeping for 119.98 seconds {{(pid=93226) _run_loop /opt/stack/data/venv/lib/python3.12/site-packages/oslo_service/backend/_threading/loopingcall.py:125}}
Jul 07 18:29:38.205813 np0000004751 nova-scheduler[93228]: DEBUG oslo.service.backend._threading.loopingcall [-] Fixed interval looping call 'nova.servicegroup.drivers.db.DbDriver._report_state' sleeping for 119.99 seconds {{(pid=93228) _run_loop /opt/stack/data/venv/lib/python3.12/site-packages/oslo_service/backend/_threading/loopingcall.py:125}}
Jul 07 18:29:38.208901 np0000004751 nova-scheduler[93224]: DEBUG oslo.service.backend._threading.loopingcall [-] Fixed interval looping call 'nova.servicegroup.drivers.db.DbDriver._report_state' sleeping for 119.98 seconds {{(pid=93224) _run_loop /opt/stack/data/venv/lib/python3.12/site-packages/oslo_service/backend/_threading/loopingcall.py:125}}
Jul 07 18:29:41.700667 np0000004751 nova-scheduler[91942]: DEBUG dbcounter [-] [91942] Writing DB stats nova_api:SELECT=3 {{(pid=91942) stat_writer /opt/stack/data/venv/lib/python3.12/site-packages/dbcounter.py:115}}
Jul 07 18:29:41.841157 np0000004751 nova-scheduler[91942]: DEBUG dbcounter [-] [91942] Writing DB stats nova_cell1:SELECT=1 {{(pid=91942) stat_writer /opt/stack/data/venv/lib/python3.12/site-packages/dbcounter.py:115}}
Jul 07 18:29:41.845199 np0000004751 nova-scheduler[91942]: DEBUG dbcounter [-] [91942] Writing DB stats nova_cell0:SELECT=1 {{(pid=91942) stat_writer /opt/stack/data/venv/lib/python3.12/site-packages/dbcounter.py:115}}
Jul 07 18:29:46.201126 np0000004751 nova-scheduler[93228]: DEBUG oslo.service.backend._threading.loopingcall [None req-a1cd6c3f-e03f-4a9d-89a4-429cb93b884f None None] Dynamic interval looping call 'nova.service.Service.periodic_tasks' sleeping for 60.00 seconds {{(pid=93228) _run_loop /opt/stack/data/venv/lib/python3.12/site-packages/oslo_service/backend/_threading/loopingcall.py:125}}
Jul 07 18:29:48.192100 np0000004751 nova-scheduler[93226]: DEBUG dbcounter [-] [93226] Writing DB stats nova_cell0:SELECT=5,nova_cell0:INSERT=1,nova_cell0:UPDATE=1 {{(pid=93226) stat_writer /opt/stack/data/venv/lib/python3.12/site-packages/dbcounter.py:115}}
Jul 07 18:29:48.203290 np0000004751 nova-scheduler[93228]: DEBUG dbcounter [-] [93228] Writing DB stats nova_cell0:SELECT=4,nova_cell0:INSERT=1 {{(pid=93228) stat_writer /opt/stack/data/venv/lib/python3.12/site-packages/dbcounter.py:115}}
Jul 07 18:29:48.204700 np0000004751 nova-scheduler[93224]: DEBUG dbcounter [-] [93224] Writing DB stats nova_cell0:SELECT=4,nova_cell0:INSERT=1,nova_cell0:UPDATE=1 {{(pid=93224) stat_writer /opt/stack/data/venv/lib/python3.12/site-packages/dbcounter.py:115}}
Jul 07 18:29:55.183107 np0000004751 nova-scheduler[93226]: DEBUG oslo.service.backend._threading.loopingcall [None req-c3cd40a7-79de-4551-bb52-7dc447214292 None None] Dynamic interval looping call 'nova.service.Service.periodic_tasks' sleeping for 60.00 seconds {{(pid=93226) _run_loop /opt/stack/data/venv/lib/python3.12/site-packages/oslo_service/backend/_threading/loopingcall.py:125}}
Jul 07 18:30:30.185900 np0000004751 nova-scheduler[93224]: DEBUG oslo.service.backend._threading.loopingcall [None req-dc2de464-18d4-45b2-9194-0555222e7f9c None None] Dynamic interval looping call 'nova.service.Service.periodic_tasks' sleeping for 60.00 seconds {{(pid=93224) _run_loop /opt/stack/data/venv/lib/python3.12/site-packages/oslo_service/backend/_threading/loopingcall.py:125}}
Jul 07 18:30:46.201594 np0000004751 nova-scheduler[93228]: DEBUG oslo.service.backend._threading.loopingcall [None req-a1cd6c3f-e03f-4a9d-89a4-429cb93b884f None None] Dynamic interval looping call 'nova.service.Service.periodic_tasks' sleeping for 60.00 seconds {{(pid=93228) _run_loop /opt/stack/data/venv/lib/python3.12/site-packages/oslo_service/backend/_threading/loopingcall.py:125}}
Jul 07 18:30:55.183491 np0000004751 nova-scheduler[93226]: DEBUG oslo.service.backend._threading.loopingcall [None req-c3cd40a7-79de-4551-bb52-7dc447214292 None None] Dynamic interval looping call 'nova.service.Service.periodic_tasks' sleeping for 60.00 seconds {{(pid=93226) _run_loop /opt/stack/data/venv/lib/python3.12/site-packages/oslo_service/backend/_threading/loopingcall.py:125}}
Jul 07 18:31:30.185696 np0000004751 nova-scheduler[93224]: DEBUG oslo.service.backend._threading.loopingcall [None req-dc2de464-18d4-45b2-9194-0555222e7f9c None None] Dynamic interval looping call 'nova.service.Service.periodic_tasks' sleeping for 60.00 seconds {{(pid=93224) _run_loop /opt/stack/data/venv/lib/python3.12/site-packages/oslo_service/backend/_threading/loopingcall.py:125}}
Jul 07 18:31:38.190518 np0000004751 nova-scheduler[93226]: DEBUG oslo.service.backend._threading.loopingcall [-] Fixed interval looping call 'nova.servicegroup.drivers.db.DbDriver._report_state' sleeping for 119.99 seconds {{(pid=93226) _run_loop /opt/stack/data/venv/lib/python3.12/site-packages/oslo_service/backend/_threading/loopingcall.py:125}}
Jul 07 18:31:38.195763 np0000004751 nova-scheduler[93224]: DEBUG oslo.service.backend._threading.loopingcall [-] Fixed interval looping call 'nova.servicegroup.drivers.db.DbDriver._report_state' sleeping for 119.99 seconds {{(pid=93224) _run_loop /opt/stack/data/venv/lib/python3.12/site-packages/oslo_service/backend/_threading/loopingcall.py:125}}
Jul 07 18:31:38.199170 np0000004751 nova-scheduler[93228]: DEBUG oslo.service.backend._threading.loopingcall [-] Fixed interval looping call 'nova.servicegroup.drivers.db.DbDriver._report_state' sleeping for 120.00 seconds {{(pid=93228) _run_loop /opt/stack/data/venv/lib/python3.12/site-packages/oslo_service/backend/_threading/loopingcall.py:125}}
Jul 07 18:31:46.202092 np0000004751 nova-scheduler[93228]: DEBUG oslo.service.backend._threading.loopingcall [None req-a1cd6c3f-e03f-4a9d-89a4-429cb93b884f None None] Dynamic interval looping call 'nova.service.Service.periodic_tasks' sleeping for 60.00 seconds {{(pid=93228) _run_loop /opt/stack/data/venv/lib/python3.12/site-packages/oslo_service/backend/_threading/loopingcall.py:125}}
Jul 07 18:31:48.182868 np0000004751 nova-scheduler[93226]: DEBUG dbcounter [-] [93226] Writing DB stats nova_cell0:SELECT=1,nova_cell0:UPDATE=1 {{(pid=93226) stat_writer /opt/stack/data/venv/lib/python3.12/site-packages/dbcounter.py:115}}
Jul 07 18:31:48.191311 np0000004751 nova-scheduler[93224]: DEBUG dbcounter [-] [93224] Writing DB stats nova_cell0:SELECT=1 {{(pid=93224) stat_writer /opt/stack/data/venv/lib/python3.12/site-packages/dbcounter.py:115}}
Jul 07 18:31:48.197577 np0000004751 nova-scheduler[93228]: DEBUG dbcounter [-] [93228] Writing DB stats nova_cell0:SELECT=1 {{(pid=93228) stat_writer /opt/stack/data/venv/lib/python3.12/site-packages/dbcounter.py:115}}
Jul 07 18:31:55.183973 np0000004751 nova-scheduler[93226]: DEBUG oslo.service.backend._threading.loopingcall [None req-c3cd40a7-79de-4551-bb52-7dc447214292 None None] Dynamic interval looping call 'nova.service.Service.periodic_tasks' sleeping for 60.00 seconds {{(pid=93226) _run_loop /opt/stack/data/venv/lib/python3.12/site-packages/oslo_service/backend/_threading/loopingcall.py:125}}
Jul 07 18:32:04.349718 np0000004751 nova-scheduler[93226]: DEBUG nova.scheduler.manager [None req-4dcdea36-38e3-4d7d-86a0-5671d0e361f4 tempest-ServerActionsTestOtherA-569398583 tempest-ServerActionsTestOtherA-569398583-project-member] Starting to schedule for instances: ['256b1d92-5376-4e89-9863-e5035c90d3c4'] {{(pid=93226) select_destinations /opt/stack/nova/nova/scheduler/manager.py:209}}
Jul 07 18:32:04.350965 np0000004751 nova-scheduler[93226]: DEBUG nova.scheduler.request_filter [None req-4dcdea36-38e3-4d7d-86a0-5671d0e361f4 tempest-ServerActionsTestOtherA-569398583 tempest-ServerActionsTestOtherA-569398583-project-member] compute_status_filter request filter added forbidden trait COMPUTE_STATUS_DISABLED {{(pid=93226) compute_status_filter /opt/stack/nova/nova/scheduler/request_filter.py:253}}
Jul 07 18:32:04.350965 np0000004751 nova-scheduler[93226]: DEBUG nova.scheduler.request_filter [None req-4dcdea36-38e3-4d7d-86a0-5671d0e361f4 tempest-ServerActionsTestOtherA-569398583 tempest-ServerActionsTestOtherA-569398583-project-member] Request filter 'compute_status_filter' took 0.0 seconds {{(pid=93226) wrapper /opt/stack/nova/nova/scheduler/request_filter.py:46}}
Jul 07 18:32:04.351104 np0000004751 nova-scheduler[93226]: DEBUG nova.scheduler.request_filter [None req-4dcdea36-38e3-4d7d-86a0-5671d0e361f4 tempest-ServerActionsTestOtherA-569398583 tempest-ServerActionsTestOtherA-569398583-project-member] Request filter 'accelerators_filter' took 0.0 seconds {{(pid=93226) wrapper /opt/stack/nova/nova/scheduler/request_filter.py:46}}
Jul 07 18:32:04.351371 np0000004751 nova-scheduler[93226]: DEBUG nova.scheduler.request_filter [None req-4dcdea36-38e3-4d7d-86a0-5671d0e361f4 tempest-ServerActionsTestOtherA-569398583 tempest-ServerActionsTestOtherA-569398583-project-member] Request filter 'packed_virtqueue_filter' took 0.0 seconds {{(pid=93226) wrapper /opt/stack/nova/nova/scheduler/request_filter.py:46}}
Jul 07 18:32:04.351506 np0000004751 nova-scheduler[93226]: DEBUG nova.scheduler.request_filter [None req-4dcdea36-38e3-4d7d-86a0-5671d0e361f4 tempest-ServerActionsTestOtherA-569398583 tempest-ServerActionsTestOtherA-569398583-project-member] Request filter 'remote_managed_ports_filter' took 0.0 seconds {{(pid=93226) wrapper /opt/stack/nova/nova/scheduler/request_filter.py:46}}
Jul 07 18:32:04.351617 np0000004751 nova-scheduler[93226]: DEBUG nova.scheduler.request_filter [None req-4dcdea36-38e3-4d7d-86a0-5671d0e361f4 tempest-ServerActionsTestOtherA-569398583 tempest-ServerActionsTestOtherA-569398583-project-member] ephemeral_encryption_filter skipped {{(pid=93226) ephemeral_encryption_filter /opt/stack/nova/nova/scheduler/request_filter.py:426}}
Jul 07 18:32:04.351882 np0000004751 nova-scheduler[93226]: DEBUG nova.scheduler.request_filter [None req-4dcdea36-38e3-4d7d-86a0-5671d0e361f4 tempest-ServerActionsTestOtherA-569398583 tempest-ServerActionsTestOtherA-569398583-project-member] virtio_sound_filter skipped {{(pid=93226) virtio_sound_filter /opt/stack/nova/nova/scheduler/request_filter.py:460}}
Jul 07 18:32:04.351882 np0000004751 nova-scheduler[93226]: DEBUG nova.scheduler.request_filter [None req-4dcdea36-38e3-4d7d-86a0-5671d0e361f4 tempest-ServerActionsTestOtherA-569398583 tempest-ServerActionsTestOtherA-569398583-project-member] tpm_secret_security_filter skipped {{(pid=93226) tpm_secret_security_filter /opt/stack/nova/nova/scheduler/request_filter.py:477}}
Jul 07 18:32:05.160572 np0000004751 nova-scheduler[93226]: INFO nova.utils [None req-4dcdea36-38e3-4d7d-86a0-5671d0e361f4 tempest-ServerActionsTestOtherA-569398583 tempest-ServerActionsTestOtherA-569398583-project-member] The cell worker thread pool ForkProcess-2.cell_worker is initialized
Jul 07 18:32:05.160954 np0000004751 nova-scheduler[93226]: DEBUG oslo_concurrency.lockutils [None req-4dcdea36-38e3-4d7d-86a0-5671d0e361f4 tempest-ServerActionsTestOtherA-569398583 tempest-ServerActionsTestOtherA-569398583-project-member] Acquiring lock "b105de60-08c0-4d71-86d9-1fd0135a65f4" by "nova.context.set_target_cell..get_or_set_cached_cell_and_set_connections" {{(pid=93226) inner /opt/stack/data/venv/lib/python3.12/site-packages/oslo_concurrency/lockutils.py:511}}
Jul 07 18:32:05.161145 np0000004751 nova-scheduler[93226]: DEBUG oslo_concurrency.lockutils [None req-4dcdea36-38e3-4d7d-86a0-5671d0e361f4 tempest-ServerActionsTestOtherA-569398583 tempest-ServerActionsTestOtherA-569398583-project-member] Lock "b105de60-08c0-4d71-86d9-1fd0135a65f4" acquired by "nova.context.set_target_cell..get_or_set_cached_cell_and_set_connections" :: waited 0.000s {{(pid=93226) inner /opt/stack/data/venv/lib/python3.12/site-packages/oslo_concurrency/lockutils.py:524}}
Jul 07 18:32:05.165004 np0000004751 nova-scheduler[93226]: DEBUG oslo_concurrency.lockutils [None req-4dcdea36-38e3-4d7d-86a0-5671d0e361f4 tempest-ServerActionsTestOtherA-569398583 tempest-ServerActionsTestOtherA-569398583-project-member] Lock "b105de60-08c0-4d71-86d9-1fd0135a65f4" "released" by "nova.context.set_target_cell..get_or_set_cached_cell_and_set_connections" :: held 0.001s {{(pid=93226) inner /opt/stack/data/venv/lib/python3.12/site-packages/oslo_concurrency/lockutils.py:543}}
Jul 07 18:32:05.165004 np0000004751 nova-scheduler[93226]: INFO dbcounter [None req-4dcdea36-38e3-4d7d-86a0-5671d0e361f4 tempest-ServerActionsTestOtherA-569398583 tempest-ServerActionsTestOtherA-569398583-project-member] Registered counter for database nova_cell1
Jul 07 18:32:05.207548 np0000004751 nova-scheduler[93226]: DEBUG oslo_db.sqlalchemy.engines [None req-4dcdea36-38e3-4d7d-86a0-5671d0e361f4 tempest-ServerActionsTestOtherA-569398583 tempest-ServerActionsTestOtherA-569398583-project-member] MySQL server mode set to STRICT_TRANS_TABLES,STRICT_ALL_TABLES,NO_ZERO_IN_DATE,NO_ZERO_DATE,ERROR_FOR_DIVISION_BY_ZERO,TRADITIONAL,NO_ENGINE_SUBSTITUTION {{(pid=93226) _check_effective_sql_mode /opt/stack/data/venv/lib/python3.12/site-packages/oslo_db/sqlalchemy/engines.py:325}}
Jul 07 18:32:05.211821 np0000004751 nova-scheduler[93226]: DEBUG dbcounter [-] [93226] Writer thread running {{(pid=93226) stat_writer /opt/stack/data/venv/lib/python3.12/site-packages/dbcounter.py:102}}
Jul 07 18:32:05.222511 np0000004751 nova-scheduler[93226]: DEBUG oslo_db.sqlalchemy.engines [None req-4dcdea36-38e3-4d7d-86a0-5671d0e361f4 tempest-ServerActionsTestOtherA-569398583 tempest-ServerActionsTestOtherA-569398583-project-member] Parent process 91942 forked (93226) with an open database connection, which is being discarded and recreated. {{(pid=93226) checkout /opt/stack/data/venv/lib/python3.12/site-packages/oslo_db/sqlalchemy/engines.py:402}}
Jul 07 18:32:05.257159 np0000004751 nova-scheduler[93226]: DEBUG dbcounter [-] [93226] Writer thread running {{(pid=93226) stat_writer /opt/stack/data/venv/lib/python3.12/site-packages/dbcounter.py:102}}
Jul 07 18:32:05.259473 np0000004751 nova-scheduler[93226]: DEBUG oslo_concurrency.lockutils [None req-4dcdea36-38e3-4d7d-86a0-5671d0e361f4 tempest-ServerActionsTestOtherA-569398583 tempest-ServerActionsTestOtherA-569398583-project-member] Acquiring lock "b105de60-08c0-4d71-86d9-1fd0135a65f4" by "nova.context.set_target_cell..get_or_set_cached_cell_and_set_connections" {{(pid=93226) inner /opt/stack/data/venv/lib/python3.12/site-packages/oslo_concurrency/lockutils.py:511}}
Jul 07 18:32:05.259634 np0000004751 nova-scheduler[93226]: DEBUG oslo_concurrency.lockutils [None req-4dcdea36-38e3-4d7d-86a0-5671d0e361f4 tempest-ServerActionsTestOtherA-569398583 tempest-ServerActionsTestOtherA-569398583-project-member] Lock "b105de60-08c0-4d71-86d9-1fd0135a65f4" acquired by "nova.context.set_target_cell..get_or_set_cached_cell_and_set_connections" :: waited 0.000s {{(pid=93226) inner /opt/stack/data/venv/lib/python3.12/site-packages/oslo_concurrency/lockutils.py:524}}
Jul 07 18:32:05.259769 np0000004751 nova-scheduler[93226]: DEBUG oslo_concurrency.lockutils [None req-4dcdea36-38e3-4d7d-86a0-5671d0e361f4 tempest-ServerActionsTestOtherA-569398583 tempest-ServerActionsTestOtherA-569398583-project-member] Lock "b105de60-08c0-4d71-86d9-1fd0135a65f4" "released" by "nova.context.set_target_cell..get_or_set_cached_cell_and_set_connections" :: held 0.000s {{(pid=93226) inner /opt/stack/data/venv/lib/python3.12/site-packages/oslo_concurrency/lockutils.py:543}}
Jul 07 18:32:05.262318 np0000004751 nova-scheduler[93226]: DEBUG oslo_concurrency.lockutils [None req-4dcdea36-38e3-4d7d-86a0-5671d0e361f4 tempest-ServerActionsTestOtherA-569398583 tempest-ServerActionsTestOtherA-569398583-project-member] Acquiring lock "np0000004751-np0000004751" by "nova.scheduler.host_manager.HostState.update.._locked_update" {{(pid=93226) inner /opt/stack/data/venv/lib/python3.12/site-packages/oslo_concurrency/lockutils.py:511}}
Jul 07 18:32:05.262466 np0000004751 nova-scheduler[93226]: DEBUG oslo_concurrency.lockutils [None req-4dcdea36-38e3-4d7d-86a0-5671d0e361f4 tempest-ServerActionsTestOtherA-569398583 tempest-ServerActionsTestOtherA-569398583-project-member] Lock "np0000004751-np0000004751" acquired by "nova.scheduler.host_manager.HostState.update.._locked_update" :: waited 0.000s {{(pid=93226) inner /opt/stack/data/venv/lib/python3.12/site-packages/oslo_concurrency/lockutils.py:524}}
Jul 07 18:32:05.263309 np0000004751 nova-scheduler[93226]: DEBUG nova.scheduler.host_manager [None req-4dcdea36-38e3-4d7d-86a0-5671d0e361f4 tempest-ServerActionsTestOtherA-569398583 tempest-ServerActionsTestOtherA-569398583-project-member] Update host state from compute node: ComputeNode(cpu_allocation_ratio=4.0,cpu_info='{"arch": "x86_64", "model": "EPYC-Milan", "vendor": "AMD", "topology": {"cells": 1, "sockets": 16, "cores": 1, "threads": 1}, "maxphysaddr": {"mode": "emulate", "bits": 40}, "features": ["skip-l1dfl-vmentry", "pni", "svme-addr-chk", "3dnowprefetch", "vmcb-clean", "f16c", "stibp-always-on", "sse", "erms", "rdrand", "cmov", "fsrm", "amd-psfd", "fsgsbase", "pku", "lm", "mca", "amd-stibp", "aes", "pschange-mc-no", "mds-no", "smep", "xsaveerptr", "bmi2", "rdtscp", "npt", "xgetbv1", "xsavec", "perfctr_core", "pfthreshold", "xsave", "pae", "cx8", "vme", "pcid", "wbnoinvd", "lbrv", "x2apic", "adx", "osvw", "v-vmsave-vmload", "spec-ctrl", "arat", "pse", "misalignsse", "fxsr", "pge", "mmxext", "cx16", "vaes", "sep", "clflushopt", "invpcid", "no-nested-data-bp", "virt-ssbd", "mmx", "movbe", "mtrr", "nrip-save", "ibrs", "clwb", "de", "avx2", "arch-capabilities", "lfence-always-serializing", "stibp", "fma", "syscall", "pclmuldq", "sse4.1", "clflush", "tsc", "clzero", "amd-ssbd", "topoext", "rdpid", "tsc_adjust", "fpu", "rdctl-no", "hypervisor", "sse2", "tsc-deadline", "cmp_legacy", "xsaves", "flushbyasid", "rdseed", "ssbd", "ibpb", "sse4.2", "umip", "smap", "pause-filter", "apic", "popcnt", "nx", "abm", "lahf_lm", "pat", "sha-ni", "tsc-scale", "pse36", "xsaveopt", "svm", "fxsr_opt", "ssse3", "cr8legacy", "msr", "bmi1", "gds-no", "null-sel-clr-base", "avx", "vgif", "vpclmulqdq", "sse4a", "pdpe1gb", "mce"]}',created_at=2026-07-07T18:29:59Z,current_workload=0,deleted=False,deleted_at=None,disk_allocation_ratio=1.0,disk_available_least=73,free_disk_gb=95,free_ram_mb=62765,host='np0000004751',host_ip=10.4.3.23,hypervisor_hostname='np0000004751',hypervisor_type='QEMU',hypervisor_version=8002002,id=1,local_gb=95,local_gb_used=0,mapped=1,memory_mb=63277,memory_mb_used=512,metrics='[]',numa_topology='{"nova_object.name": "NUMATopology", "nova_object.namespace": "nova", "nova_object.version": "1.2", "nova_object.data": {"cells": [{"nova_object.name": "NUMACell", "nova_object.namespace": "nova", "nova_object.version": "1.5", "nova_object.data": {"id": 0, "cpuset": [0, 1, 2, 3, 4, 5, 6, 7, 8, 9, 10, 11, 12, 13, 14, 15], "pcpuset": [0, 1, 2, 3, 4, 5, 6, 7, 8, 9, 10, 11, 12, 13, 14, 15], "memory": 63277, "cpu_usage": 0, "memory_usage": 0, "pinned_cpus": [], "siblings": [[6], [12], [2], [15], [5], [11], [8], [14], [4], [1], [7], [10], [0], [13], [3], [9]], "mempages": [{"nova_object.name": "NUMAPagesTopology", "nova_object.namespace": "nova", "nova_object.version": "1.1", "nova_object.data": {"size_kb": 4, "total": 16177927, "used": 0, "reserved": 0}, "nova_object.changes": ["reserved", "size_kb", "used", "total"]}, {"nova_object.name": "NUMAPagesTopology", "nova_object.namespace": "nova", "nova_object.version": "1.1", "nova_object.data": {"size_kb": 2048, "total": 41, "used": 0, "reserved": 0}, "nova_object.changes": ["reserved", "size_kb", "used", "total"]}, {"nova_object.name": "NUMAPagesTopology", "nova_object.namespace": "nova", "nova_object.version": "1.1", "nova_object.data": {"size_kb": 1048576, "total": 0, "used": 0, "reserved": 0}, "nova_object.changes": ["reserved", "size_kb", "used", "total"]}], "network_metadata": {"nova_object.name": "NetworkMetadata", "nova_object.namespace": "nova", "nova_object.version": "1.0", "nova_object.data": {"physnets": [], "tunneled": false}, "nova_object.changes": ["physnets", "tunneled"]}, "socket": null}, "nova_object.changes": ["siblings", "cpuset", "pinned_cpus", "pcpuset", "network_metadata", "memory_usage", "memory", "cpu_usage", "socket", "mempages", "id"]}]}, "nova_object.changes": ["cells"]}',pci_device_pools=PciDevicePoolList,ram_allocation_ratio=1.0,running_vms=0,service_id=3,stats={failed_builds='0',uptime=' 18:31:43 up 13 min, 2 users, load average: 2.18, 1.67, 0.91
Jul 07 18:32:05.263309 np0000004751 nova-scheduler[93226]: '},supported_hv_specs=[HVSpec,HVSpec,HVSpec,HVSpec,HVSpec,HVSpec,HVSpec,HVSpec,HVSpec,HVSpec,HVSpec,HVSpec,HVSpec,HVSpec,HVSpec,HVSpec,HVSpec,HVSpec,HVSpec,HVSpec,HVSpec,HVSpec,HVSpec,HVSpec,HVSpec],updated_at=2026-07-07T18:31:45Z,uuid=ed25ce11-dc24-4118-af2d-de958497727d,vcpus=16,vcpus_used=0) {{(pid=93226) _locked_update /opt/stack/nova/nova/scheduler/host_manager.py:168}}
Jul 07 18:32:05.264096 np0000004751 nova-scheduler[93226]: DEBUG nova.scheduler.host_manager [None req-4dcdea36-38e3-4d7d-86a0-5671d0e361f4 tempest-ServerActionsTestOtherA-569398583 tempest-ServerActionsTestOtherA-569398583-project-member] Update host state with aggregates: [] {{(pid=93226) _locked_update /opt/stack/nova/nova/scheduler/host_manager.py:171}}
Jul 07 18:32:05.264238 np0000004751 nova-scheduler[93226]: DEBUG nova.scheduler.host_manager [None req-4dcdea36-38e3-4d7d-86a0-5671d0e361f4 tempest-ServerActionsTestOtherA-569398583 tempest-ServerActionsTestOtherA-569398583-project-member] Update host state with service dict: {'id': 3, 'uuid': '89e68cb0-4062-4204-bb41-32b4db6bede7', 'host': 'np0000004751', 'binary': 'nova-compute', 'topic': 'compute', 'report_count': 1, 'disabled': False, 'disabled_reason': None, 'last_seen_up': datetime.datetime(2026, 7, 7, 18, 30, 7, tzinfo=datetime.timezone.utc), 'forced_down': False, 'version': 72, 'created_at': datetime.datetime(2026, 7, 7, 18, 29, 57, tzinfo=datetime.timezone.utc), 'updated_at': datetime.datetime(2026, 7, 7, 18, 30, 7, tzinfo=datetime.timezone.utc), 'deleted_at': None, 'deleted': False} {{(pid=93226) _locked_update /opt/stack/nova/nova/scheduler/host_manager.py:174}}
Jul 07 18:32:05.264368 np0000004751 nova-scheduler[93226]: DEBUG nova.scheduler.host_manager [None req-4dcdea36-38e3-4d7d-86a0-5671d0e361f4 tempest-ServerActionsTestOtherA-569398583 tempest-ServerActionsTestOtherA-569398583-project-member] Update host state with instances: [] {{(pid=93226) _locked_update /opt/stack/nova/nova/scheduler/host_manager.py:177}}
Jul 07 18:32:05.264498 np0000004751 nova-scheduler[93226]: DEBUG oslo_concurrency.lockutils [None req-4dcdea36-38e3-4d7d-86a0-5671d0e361f4 tempest-ServerActionsTestOtherA-569398583 tempest-ServerActionsTestOtherA-569398583-project-member] Lock "np0000004751-np0000004751" "released" by "nova.scheduler.host_manager.HostState.update.._locked_update" :: held 0.002s {{(pid=93226) inner /opt/stack/data/venv/lib/python3.12/site-packages/oslo_concurrency/lockutils.py:543}}
Jul 07 18:32:05.264936 np0000004751 nova-scheduler[93226]: DEBUG nova.filters [None req-4dcdea36-38e3-4d7d-86a0-5671d0e361f4 tempest-ServerActionsTestOtherA-569398583 tempest-ServerActionsTestOtherA-569398583-project-member] Starting with 1 host(s) {{(pid=93226) get_filtered_objects /opt/stack/nova/nova/filters.py:70}}
Jul 07 18:32:05.265181 np0000004751 nova-scheduler[93226]: DEBUG nova.filters [None req-4dcdea36-38e3-4d7d-86a0-5671d0e361f4 tempest-ServerActionsTestOtherA-569398583 tempest-ServerActionsTestOtherA-569398583-project-member] Filter ComputeFilter returned 1 host(s) {{(pid=93226) get_filtered_objects /opt/stack/nova/nova/filters.py:102}}
Jul 07 18:32:05.265336 np0000004751 nova-scheduler[93226]: DEBUG nova.filters [None req-4dcdea36-38e3-4d7d-86a0-5671d0e361f4 tempest-ServerActionsTestOtherA-569398583 tempest-ServerActionsTestOtherA-569398583-project-member] Filter ComputeCapabilitiesFilter returned 1 host(s) {{(pid=93226) get_filtered_objects /opt/stack/nova/nova/filters.py:102}}
Jul 07 18:32:05.265536 np0000004751 nova-scheduler[93226]: DEBUG nova.filters [None req-4dcdea36-38e3-4d7d-86a0-5671d0e361f4 tempest-ServerActionsTestOtherA-569398583 tempest-ServerActionsTestOtherA-569398583-project-member] Filter ImagePropertiesFilter returned 1 host(s) {{(pid=93226) get_filtered_objects /opt/stack/nova/nova/filters.py:102}}
Jul 07 18:32:05.265673 np0000004751 nova-scheduler[93226]: DEBUG nova.filters [None req-4dcdea36-38e3-4d7d-86a0-5671d0e361f4 tempest-ServerActionsTestOtherA-569398583 tempest-ServerActionsTestOtherA-569398583-project-member] Filter ServerGroupAntiAffinityFilter returned 1 host(s) {{(pid=93226) get_filtered_objects /opt/stack/nova/nova/filters.py:102}}
Jul 07 18:32:05.265816 np0000004751 nova-scheduler[93226]: DEBUG nova.filters [None req-4dcdea36-38e3-4d7d-86a0-5671d0e361f4 tempest-ServerActionsTestOtherA-569398583 tempest-ServerActionsTestOtherA-569398583-project-member] Filter ServerGroupAffinityFilter returned 1 host(s) {{(pid=93226) get_filtered_objects /opt/stack/nova/nova/filters.py:102}}
Jul 07 18:32:05.265981 np0000004751 nova-scheduler[93226]: DEBUG nova.filters [None req-4dcdea36-38e3-4d7d-86a0-5671d0e361f4 tempest-ServerActionsTestOtherA-569398583 tempest-ServerActionsTestOtherA-569398583-project-member] Filter SameHostFilter returned 1 host(s) {{(pid=93226) get_filtered_objects /opt/stack/nova/nova/filters.py:102}}
Jul 07 18:32:05.266140 np0000004751 nova-scheduler[93226]: DEBUG nova.filters [None req-4dcdea36-38e3-4d7d-86a0-5671d0e361f4 tempest-ServerActionsTestOtherA-569398583 tempest-ServerActionsTestOtherA-569398583-project-member] Filter DifferentHostFilter returned 1 host(s) {{(pid=93226) get_filtered_objects /opt/stack/nova/nova/filters.py:102}}
Jul 07 18:32:05.266289 np0000004751 nova-scheduler[93226]: DEBUG nova.scheduler.manager [None req-4dcdea36-38e3-4d7d-86a0-5671d0e361f4 tempest-ServerActionsTestOtherA-569398583 tempest-ServerActionsTestOtherA-569398583-project-member] Filtered [(np0000004751, np0000004751) ram: 62765MB disk: 74752MB io_ops: 0 instances: 0, allocation_candidates: 1] {{(pid=93226) _get_sorted_hosts /opt/stack/nova/nova/scheduler/manager.py:742}}
Jul 07 18:32:05.266476 np0000004751 nova-scheduler[93226]: DEBUG nova.scheduler.manager [None req-4dcdea36-38e3-4d7d-86a0-5671d0e361f4 tempest-ServerActionsTestOtherA-569398583 tempest-ServerActionsTestOtherA-569398583-project-member] Weighed [WeighedHost [host: (np0000004751, np0000004751) ram: 62765MB disk: 74752MB io_ops: 0 instances: 0, allocation_candidates: 1, weight: 0.0]] {{(pid=93226) _get_sorted_hosts /opt/stack/nova/nova/scheduler/manager.py:764}}
Jul 07 18:32:05.266666 np0000004751 nova-scheduler[93226]: DEBUG nova.scheduler.utils [None req-4dcdea36-38e3-4d7d-86a0-5671d0e361f4 tempest-ServerActionsTestOtherA-569398583 tempest-ServerActionsTestOtherA-569398583-project-member] Attempting to claim resources in the placement API for instance 256b1d92-5376-4e89-9863-e5035c90d3c4 {{(pid=93226) claim_resources /opt/stack/nova/nova/scheduler/utils.py:1345}}
Jul 07 18:32:05.449451 np0000004751 nova-scheduler[93226]: DEBUG nova.scheduler.manager [None req-4dcdea36-38e3-4d7d-86a0-5671d0e361f4 tempest-ServerActionsTestOtherA-569398583 tempest-ServerActionsTestOtherA-569398583-project-member] [instance: 256b1d92-5376-4e89-9863-e5035c90d3c4] Selected host: (np0000004751, np0000004751) ram: 62765MB disk: 74752MB io_ops: 0 instances: 0, allocation_candidates: 1 {{(pid=93226) _consume_selected_host /opt/stack/nova/nova/scheduler/manager.py:624}}
Jul 07 18:32:05.449880 np0000004751 nova-scheduler[93226]: DEBUG oslo_concurrency.lockutils [None req-4dcdea36-38e3-4d7d-86a0-5671d0e361f4 tempest-ServerActionsTestOtherA-569398583 tempest-ServerActionsTestOtherA-569398583-project-member] Acquiring lock "np0000004751-np0000004751" by "nova.scheduler.host_manager.HostState.consume_from_request.._locked" {{(pid=93226) inner /opt/stack/data/venv/lib/python3.12/site-packages/oslo_concurrency/lockutils.py:511}}
Jul 07 18:32:05.449880 np0000004751 nova-scheduler[93226]: DEBUG oslo_concurrency.lockutils [None req-4dcdea36-38e3-4d7d-86a0-5671d0e361f4 tempest-ServerActionsTestOtherA-569398583 tempest-ServerActionsTestOtherA-569398583-project-member] Lock "np0000004751-np0000004751" acquired by "nova.scheduler.host_manager.HostState.consume_from_request.._locked" :: waited 0.000s {{(pid=93226) inner /opt/stack/data/venv/lib/python3.12/site-packages/oslo_concurrency/lockutils.py:524}}
Jul 07 18:32:05.450176 np0000004751 nova-scheduler[93226]: DEBUG oslo_concurrency.lockutils [None req-4dcdea36-38e3-4d7d-86a0-5671d0e361f4 tempest-ServerActionsTestOtherA-569398583 tempest-ServerActionsTestOtherA-569398583-project-member] Lock "np0000004751-np0000004751" "released" by "nova.scheduler.host_manager.HostState.consume_from_request.._locked" :: held 0.000s {{(pid=93226) inner /opt/stack/data/venv/lib/python3.12/site-packages/oslo_concurrency/lockutils.py:543}}
Jul 07 18:32:05.849444 np0000004751 nova-scheduler[93224]: DEBUG nova.scheduler.manager [None req-b9832ecf-0a15-40d0-804f-d2084c717054 tempest-ServerActionsTestOtherB-139633481 tempest-ServerActionsTestOtherB-139633481-project-member] Starting to schedule for instances: ['990d37fa-0443-401a-8734-cfbf84ff013e'] {{(pid=93224) select_destinations /opt/stack/nova/nova/scheduler/manager.py:209}}
Jul 07 18:32:05.849866 np0000004751 nova-scheduler[93224]: DEBUG nova.scheduler.request_filter [None req-b9832ecf-0a15-40d0-804f-d2084c717054 tempest-ServerActionsTestOtherB-139633481 tempest-ServerActionsTestOtherB-139633481-project-member] compute_status_filter request filter added forbidden trait COMPUTE_STATUS_DISABLED {{(pid=93224) compute_status_filter /opt/stack/nova/nova/scheduler/request_filter.py:253}}
Jul 07 18:32:05.849974 np0000004751 nova-scheduler[93224]: DEBUG nova.scheduler.request_filter [None req-b9832ecf-0a15-40d0-804f-d2084c717054 tempest-ServerActionsTestOtherB-139633481 tempest-ServerActionsTestOtherB-139633481-project-member] Request filter 'compute_status_filter' took 0.0 seconds {{(pid=93224) wrapper /opt/stack/nova/nova/scheduler/request_filter.py:46}}
Jul 07 18:32:05.850219 np0000004751 nova-scheduler[93224]: DEBUG nova.scheduler.request_filter [None req-b9832ecf-0a15-40d0-804f-d2084c717054 tempest-ServerActionsTestOtherB-139633481 tempest-ServerActionsTestOtherB-139633481-project-member] Request filter 'accelerators_filter' took 0.0 seconds {{(pid=93224) wrapper /opt/stack/nova/nova/scheduler/request_filter.py:46}}
Jul 07 18:32:05.850596 np0000004751 nova-scheduler[93224]: DEBUG nova.scheduler.request_filter [None req-b9832ecf-0a15-40d0-804f-d2084c717054 tempest-ServerActionsTestOtherB-139633481 tempest-ServerActionsTestOtherB-139633481-project-member] Request filter 'packed_virtqueue_filter' took 0.0 seconds {{(pid=93224) wrapper /opt/stack/nova/nova/scheduler/request_filter.py:46}}
Jul 07 18:32:05.850955 np0000004751 nova-scheduler[93224]: DEBUG nova.scheduler.request_filter [None req-b9832ecf-0a15-40d0-804f-d2084c717054 tempest-ServerActionsTestOtherB-139633481 tempest-ServerActionsTestOtherB-139633481-project-member] Request filter 'remote_managed_ports_filter' took 0.0 seconds {{(pid=93224) wrapper /opt/stack/nova/nova/scheduler/request_filter.py:46}}
Jul 07 18:32:05.851276 np0000004751 nova-scheduler[93224]: DEBUG nova.scheduler.request_filter [None req-b9832ecf-0a15-40d0-804f-d2084c717054 tempest-ServerActionsTestOtherB-139633481 tempest-ServerActionsTestOtherB-139633481-project-member] ephemeral_encryption_filter skipped {{(pid=93224) ephemeral_encryption_filter /opt/stack/nova/nova/scheduler/request_filter.py:426}}
Jul 07 18:32:05.851421 np0000004751 nova-scheduler[93224]: DEBUG nova.scheduler.request_filter [None req-b9832ecf-0a15-40d0-804f-d2084c717054 tempest-ServerActionsTestOtherB-139633481 tempest-ServerActionsTestOtherB-139633481-project-member] virtio_sound_filter skipped {{(pid=93224) virtio_sound_filter /opt/stack/nova/nova/scheduler/request_filter.py:460}}
Jul 07 18:32:05.851539 np0000004751 nova-scheduler[93224]: DEBUG nova.scheduler.request_filter [None req-b9832ecf-0a15-40d0-804f-d2084c717054 tempest-ServerActionsTestOtherB-139633481 tempest-ServerActionsTestOtherB-139633481-project-member] tpm_secret_security_filter skipped {{(pid=93224) tpm_secret_security_filter /opt/stack/nova/nova/scheduler/request_filter.py:477}}
Jul 07 18:32:05.949404 np0000004751 nova-scheduler[93224]: INFO nova.utils [None req-b9832ecf-0a15-40d0-804f-d2084c717054 tempest-ServerActionsTestOtherB-139633481 tempest-ServerActionsTestOtherB-139633481-project-member] The cell worker thread pool ForkProcess-1.cell_worker is initialized
Jul 07 18:32:05.949713 np0000004751 nova-scheduler[93224]: DEBUG oslo_concurrency.lockutils [None req-b9832ecf-0a15-40d0-804f-d2084c717054 tempest-ServerActionsTestOtherB-139633481 tempest-ServerActionsTestOtherB-139633481-project-member] Acquiring lock "b105de60-08c0-4d71-86d9-1fd0135a65f4" by "nova.context.set_target_cell..get_or_set_cached_cell_and_set_connections" {{(pid=93224) inner /opt/stack/data/venv/lib/python3.12/site-packages/oslo_concurrency/lockutils.py:511}}
Jul 07 18:32:05.949888 np0000004751 nova-scheduler[93224]: DEBUG oslo_concurrency.lockutils [None req-b9832ecf-0a15-40d0-804f-d2084c717054 tempest-ServerActionsTestOtherB-139633481 tempest-ServerActionsTestOtherB-139633481-project-member] Lock "b105de60-08c0-4d71-86d9-1fd0135a65f4" acquired by "nova.context.set_target_cell..get_or_set_cached_cell_and_set_connections" :: waited 0.000s {{(pid=93224) inner /opt/stack/data/venv/lib/python3.12/site-packages/oslo_concurrency/lockutils.py:524}}
Jul 07 18:32:05.951154 np0000004751 nova-scheduler[93224]: DEBUG oslo_concurrency.lockutils [None req-b9832ecf-0a15-40d0-804f-d2084c717054 tempest-ServerActionsTestOtherB-139633481 tempest-ServerActionsTestOtherB-139633481-project-member] Lock "b105de60-08c0-4d71-86d9-1fd0135a65f4" "released" by "nova.context.set_target_cell..get_or_set_cached_cell_and_set_connections" :: held 0.001s {{(pid=93224) inner /opt/stack/data/venv/lib/python3.12/site-packages/oslo_concurrency/lockutils.py:543}}
Jul 07 18:32:05.953052 np0000004751 nova-scheduler[93224]: INFO dbcounter [None req-b9832ecf-0a15-40d0-804f-d2084c717054 tempest-ServerActionsTestOtherB-139633481 tempest-ServerActionsTestOtherB-139633481-project-member] Registered counter for database nova_cell1
Jul 07 18:32:05.983444 np0000004751 nova-scheduler[93224]: DEBUG oslo_db.sqlalchemy.engines [None req-b9832ecf-0a15-40d0-804f-d2084c717054 tempest-ServerActionsTestOtherB-139633481 tempest-ServerActionsTestOtherB-139633481-project-member] MySQL server mode set to STRICT_TRANS_TABLES,STRICT_ALL_TABLES,NO_ZERO_IN_DATE,NO_ZERO_DATE,ERROR_FOR_DIVISION_BY_ZERO,TRADITIONAL,NO_ENGINE_SUBSTITUTION {{(pid=93224) _check_effective_sql_mode /opt/stack/data/venv/lib/python3.12/site-packages/oslo_db/sqlalchemy/engines.py:325}}
Jul 07 18:32:05.988667 np0000004751 nova-scheduler[93224]: DEBUG dbcounter [-] [93224] Writer thread running {{(pid=93224) stat_writer /opt/stack/data/venv/lib/python3.12/site-packages/dbcounter.py:102}}
Jul 07 18:32:06.042054 np0000004751 nova-scheduler[93224]: DEBUG dbcounter [-] [93224] Writer thread running {{(pid=93224) stat_writer /opt/stack/data/venv/lib/python3.12/site-packages/dbcounter.py:102}}
Jul 07 18:32:06.049587 np0000004751 nova-scheduler[93224]: DEBUG oslo_concurrency.lockutils [None req-b9832ecf-0a15-40d0-804f-d2084c717054 tempest-ServerActionsTestOtherB-139633481 tempest-ServerActionsTestOtherB-139633481-project-member] Acquiring lock "b105de60-08c0-4d71-86d9-1fd0135a65f4" by "nova.context.set_target_cell..get_or_set_cached_cell_and_set_connections" {{(pid=93224) inner /opt/stack/data/venv/lib/python3.12/site-packages/oslo_concurrency/lockutils.py:511}}
Jul 07 18:32:06.049710 np0000004751 nova-scheduler[93224]: DEBUG oslo_concurrency.lockutils [None req-b9832ecf-0a15-40d0-804f-d2084c717054 tempest-ServerActionsTestOtherB-139633481 tempest-ServerActionsTestOtherB-139633481-project-member] Lock "b105de60-08c0-4d71-86d9-1fd0135a65f4" acquired by "nova.context.set_target_cell..get_or_set_cached_cell_and_set_connections" :: waited 0.000s {{(pid=93224) inner /opt/stack/data/venv/lib/python3.12/site-packages/oslo_concurrency/lockutils.py:524}}
Jul 07 18:32:06.049815 np0000004751 nova-scheduler[93224]: DEBUG oslo_concurrency.lockutils [None req-b9832ecf-0a15-40d0-804f-d2084c717054 tempest-ServerActionsTestOtherB-139633481 tempest-ServerActionsTestOtherB-139633481-project-member] Lock "b105de60-08c0-4d71-86d9-1fd0135a65f4" "released" by "nova.context.set_target_cell..get_or_set_cached_cell_and_set_connections" :: held 0.000s {{(pid=93224) inner /opt/stack/data/venv/lib/python3.12/site-packages/oslo_concurrency/lockutils.py:543}}
