Jul 07 18:42:50.194762 np0000004751 devstack@placement-api.service[89717]: INFO placement.requestlog [req-fc3a97ce-b1b3-47b9-aedf-570522211b40 req-85670e04-2b97-4f01-bb07-b2755ae14636 service nova] 10.4.3.23 "GET /placement/allocations/53b7f70b-699c-4c61-ae64-137eb7b4fe17" status: 200 len: 244 microversion: 1.28
Jul 07 18:42:50.194994 np0000004751 devstack@placement-api.service[89717]: [pid: 89717|app: 0|req: 440/1321] 10.4.3.23 () {68 vars in 1492 bytes} [Tue Jul 7 18:42:50 2026] GET /placement/allocations/53b7f70b-699c-4c61-ae64-137eb7b4fe17 => generated 244 bytes in 8 msecs (HTTP/1.1 200) 8 headers in 296 bytes (1 switches on core 0)
Jul 07 18:42:50.222439 np0000004751 devstack@placement-api.service[89715]: DEBUG placement.requestlog [req-fc3a97ce-b1b3-47b9-aedf-570522211b40 req-e24e1c5f-324d-4821-8d59-7e162acc354c None None] Starting request: 10.4.3.23 "GET /placement/allocations/763afad0-bd34-4f71-ba3b-8fb31cda5e0d" {{(pid=89715) __call__ /opt/stack/placement/placement/requestlog.py:55}}
Jul 07 18:42:50.232826 np0000004751 devstack@placement-api.service[89715]: INFO placement.requestlog [req-fc3a97ce-b1b3-47b9-aedf-570522211b40 req-e24e1c5f-324d-4821-8d59-7e162acc354c service nova] 10.4.3.23 "GET /placement/allocations/763afad0-bd34-4f71-ba3b-8fb31cda5e0d" status: 200 len: 258 microversion: 1.28
Jul 07 18:42:50.233144 np0000004751 devstack@placement-api.service[89715]: [pid: 89715|app: 0|req: 444/1322] 10.4.3.23 () {68 vars in 1492 bytes} [Tue Jul 7 18:42:50 2026] GET /placement/allocations/763afad0-bd34-4f71-ba3b-8fb31cda5e0d => generated 258 bytes in 11 msecs (HTTP/1.1 200) 8 headers in 296 bytes (1 switches on core 0)
Jul 07 18:42:51.280820 np0000004751 devstack@placement-api.service[89716]: DEBUG placement.requestlog [req-fc3a97ce-b1b3-47b9-aedf-570522211b40 req-d7a30a2c-ebb9-4f6d-9f03-7e3f488ea1c8 None None] Starting request: 10.4.3.23 "DELETE /placement/allocations/53b7f70b-699c-4c61-ae64-137eb7b4fe17" {{(pid=89716) __call__ /opt/stack/placement/placement/requestlog.py:55}}
Jul 07 18:42:51.300741 np0000004751 devstack@placement-api.service[89716]: DEBUG placement.handlers.allocation [req-fc3a97ce-b1b3-47b9-aedf-570522211b40 req-d7a30a2c-ebb9-4f6d-9f03-7e3f488ea1c8 service nova] Successfully deleted allocations [, ] {{(pid=89716) delete_allocations /opt/stack/placement/placement/handlers/allocation.py:627}}
Jul 07 18:42:51.301057 np0000004751 devstack@placement-api.service[89716]: INFO placement.requestlog [req-fc3a97ce-b1b3-47b9-aedf-570522211b40 req-d7a30a2c-ebb9-4f6d-9f03-7e3f488ea1c8 service nova] 10.4.3.23 "DELETE /placement/allocations/53b7f70b-699c-4c61-ae64-137eb7b4fe17" status: 204 len: 0 microversion: 1.0
Jul 07 18:42:51.301374 np0000004751 devstack@placement-api.service[89716]: [pid: 89716|app: 0|req: 439/1323] 10.4.3.23 () {68 vars in 1470 bytes} [Tue Jul 7 18:42:51 2026] DELETE /placement/allocations/53b7f70b-699c-4c61-ae64-137eb7b4fe17 => generated 0 bytes in 20 msecs (HTTP/1.1 204) 5 headers in 198 bytes (1 switches on core 0)
Jul 07 18:42:54.531143 np0000004751 devstack@placement-api.service[89717]: DEBUG placement.requestlog [req-4d8222f2-cec2-4f02-b930-78ae19cd961b req-fe67dd57-78c5-44bc-85b8-2013a54df1ef None None] Starting request: 10.4.3.23 "GET /placement/resource_providers/ed25ce11-dc24-4118-af2d-de958497727d/allocations" {{(pid=89717) __call__ /opt/stack/placement/placement/requestlog.py:55}}
Jul 07 18:42:54.543228 np0000004751 devstack@placement-api.service[89717]: INFO placement.requestlog [req-4d8222f2-cec2-4f02-b930-78ae19cd961b req-fe67dd57-78c5-44bc-85b8-2013a54df1ef service nova] 10.4.3.23 "GET /placement/resource_providers/ed25ce11-dc24-4118-af2d-de958497727d/allocations" status: 200 len: 153 microversion: 1.0
Jul 07 18:42:54.543228 np0000004751 devstack@placement-api.service[89717]: [pid: 89717|app: 0|req: 441/1324] 10.4.3.23 () {66 vars in 1505 bytes} [Tue Jul 7 18:42:54 2026] GET /placement/resource_providers/ed25ce11-dc24-4118-af2d-de958497727d/allocations => generated 153 bytes in 12 msecs (HTTP/1.1 200) 6 headers in 224 bytes (1 switches on core 0)
Jul 07 18:42:54.577521 np0000004751 devstack@placement-api.service[89715]: DEBUG placement.requestlog [req-4d8222f2-cec2-4f02-b930-78ae19cd961b req-328171f5-7698-4f68-8af1-97dc68c0acb7 None None] Starting request: 10.4.3.23 "GET /placement/allocations/763afad0-bd34-4f71-ba3b-8fb31cda5e0d" {{(pid=89715) __call__ /opt/stack/placement/placement/requestlog.py:55}}
Jul 07 18:42:54.585453 np0000004751 devstack@placement-api.service[89715]: INFO placement.requestlog [req-4d8222f2-cec2-4f02-b930-78ae19cd961b req-328171f5-7698-4f68-8af1-97dc68c0acb7 service nova] 10.4.3.23 "GET /placement/allocations/763afad0-bd34-4f71-ba3b-8fb31cda5e0d" status: 200 len: 258 microversion: 1.28
Jul 07 18:42:54.585747 np0000004751 devstack@placement-api.service[89715]: [pid: 89715|app: 0|req: 445/1325] 10.4.3.23 () {68 vars in 1492 bytes} [Tue Jul 7 18:42:54 2026] GET /placement/allocations/763afad0-bd34-4f71-ba3b-8fb31cda5e0d => generated 258 bytes in 8 msecs (HTTP/1.1 200) 8 headers in 296 bytes (1 switches on core 0)
Jul 07 18:42:55.653256 np0000004751 devstack@placement-api.service[89716]: DEBUG placement.requestlog [req-4d8222f2-cec2-4f02-b930-78ae19cd961b req-25618f51-2d20-411a-8d23-2d6bab9094c4 None None] Starting request: 10.4.3.23 "DELETE /placement/allocations/763afad0-bd34-4f71-ba3b-8fb31cda5e0d" {{(pid=89716) __call__ /opt/stack/placement/placement/requestlog.py:55}}
Jul 07 18:42:55.685378 np0000004751 devstack@placement-api.service[89716]: DEBUG placement.handlers.allocation [req-4d8222f2-cec2-4f02-b930-78ae19cd961b req-25618f51-2d20-411a-8d23-2d6bab9094c4 service nova] Successfully deleted allocations [, , ] {{(pid=89716) delete_allocations /opt/stack/placement/placement/handlers/allocation.py:627}}
Jul 07 18:42:55.685575 np0000004751 devstack@placement-api.service[89716]: INFO placement.requestlog [req-4d8222f2-cec2-4f02-b930-78ae19cd961b req-25618f51-2d20-411a-8d23-2d6bab9094c4 service nova] 10.4.3.23 "DELETE /placement/allocations/763afad0-bd34-4f71-ba3b-8fb31cda5e0d" status: 204 len: 0 microversion: 1.0
Jul 07 18:42:55.685926 np0000004751 devstack@placement-api.service[89716]: [pid: 89716|app: 0|req: 440/1326] 10.4.3.23 () {68 vars in 1470 bytes} [Tue Jul 7 18:42:55 2026] DELETE /placement/allocations/763afad0-bd34-4f71-ba3b-8fb31cda5e0d => generated 0 bytes in 33 msecs (HTTP/1.1 204) 5 headers in 198 bytes (1 switches on core 0)
Jul 07 18:42:57.255227 np0000004751 devstack@placement-api.service[89717]: DEBUG placement.requestlog [req-c272ec89-f3f6-42f4-bd48-49d40da72606 req-825a29bf-4d4d-41b7-aef7-af35856fe358 None None] Starting request: 10.4.3.23 "GET /placement/resource_providers/ed25ce11-dc24-4118-af2d-de958497727d/allocations" {{(pid=89717) __call__ /opt/stack/placement/placement/requestlog.py:55}}
Jul 07 18:42:57.271420 np0000004751 devstack@placement-api.service[89717]: INFO placement.requestlog [req-c272ec89-f3f6-42f4-bd48-49d40da72606 req-825a29bf-4d4d-41b7-aef7-af35856fe358 service nova] 10.4.3.23 "GET /placement/resource_providers/ed25ce11-dc24-4118-af2d-de958497727d/allocations" status: 200 len: 55 microversion: 1.0
Jul 07 18:42:57.271867 np0000004751 devstack@placement-api.service[89717]: [pid: 89717|app: 0|req: 442/1327] 10.4.3.23 () {66 vars in 1505 bytes} [Tue Jul 7 18:42:57 2026] GET /placement/resource_providers/ed25ce11-dc24-4118-af2d-de958497727d/allocations => generated 55 bytes in 17 msecs (HTTP/1.1 200) 6 headers in 223 bytes (1 switches on core 0)
Jul 07 18:42:57.317897 np0000004751 devstack@placement-api.service[89715]: DEBUG placement.requestlog [req-c272ec89-f3f6-42f4-bd48-49d40da72606 req-1b005a33-a4f1-4724-b02f-ff3e5c9dd810 None None] Starting request: 10.4.3.23 "GET /placement/resource_providers/ed25ce11-dc24-4118-af2d-de958497727d/allocations" {{(pid=89715) __call__ /opt/stack/placement/placement/requestlog.py:55}}
Jul 07 18:42:57.328582 np0000004751 devstack@placement-api.service[89716]: DEBUG placement.requestlog [None req-4cf7c86a-e86a-4ea2-8252-9e4e2e316d7b None None] Starting request: 10.4.3.23 "GET /placement/resource_providers/d3d38f53-6101-4e36-8e65-ebd9ea82621a/aggregates" {{(pid=89716) __call__ /opt/stack/placement/placement/requestlog.py:55}}
Jul 07 18:42:57.332401 np0000004751 devstack@placement-api.service[89715]: INFO placement.requestlog [req-c272ec89-f3f6-42f4-bd48-49d40da72606 req-1b005a33-a4f1-4724-b02f-ff3e5c9dd810 service nova] 10.4.3.23 "GET /placement/resource_providers/ed25ce11-dc24-4118-af2d-de958497727d/allocations" status: 200 len: 55 microversion: 1.0
Jul 07 18:42:57.332401 np0000004751 devstack@placement-api.service[89715]: [pid: 89715|app: 0|req: 446/1328] 10.4.3.23 () {66 vars in 1505 bytes} [Tue Jul 7 18:42:57 2026] GET /placement/resource_providers/ed25ce11-dc24-4118-af2d-de958497727d/allocations => generated 55 bytes in 15 msecs (HTTP/1.1 200) 6 headers in 223 bytes (1 switches on core 0)
Jul 07 18:42:57.348606 np0000004751 devstack@placement-api.service[89716]: INFO placement.requestlog [None req-4cf7c86a-e86a-4ea2-8252-9e4e2e316d7b service placement] 10.4.3.23 "GET /placement/resource_providers/d3d38f53-6101-4e36-8e65-ebd9ea82621a/aggregates" status: 404 len: 235 microversion: 1.1
Jul 07 18:42:57.348606 np0000004751 devstack@placement-api.service[89716]: [pid: 89716|app: 0|req: 441/1329] 10.4.3.23 () {66 vars in 1467 bytes} [Tue Jul 7 18:42:57 2026] GET /placement/resource_providers/d3d38f53-6101-4e36-8e65-ebd9ea82621a/aggregates => generated 235 bytes in 21 msecs (HTTP/1.1 404) 5 headers in 202 bytes (1 switches on core 0)
Jul 07 18:42:57.402766 np0000004751 devstack@placement-api.service[89717]: DEBUG placement.requestlog [None req-267dcaad-c624-45ac-a806-e3ba79d461d2 None None] Starting request: 10.4.3.23 "DELETE /placement/resource_providers/d3d38f53-6101-4e36-8e65-ebd9ea82621a" {{(pid=89717) __call__ /opt/stack/placement/placement/requestlog.py:55}}
Jul 07 18:42:57.409544 np0000004751 devstack@placement-api.service[89717]: DEBUG placement.wsgi_wrapper [None req-267dcaad-c624-45ac-a806-e3ba79d461d2 service placement] Placement API returning an error response: No resource provider with uuid d3d38f53-6101-4e36-8e65-ebd9ea82621a found for delete {{(pid=89717) call_func /opt/stack/placement/placement/wsgi_wrapper.py:31}}
Jul 07 18:42:57.409544 np0000004751 devstack@placement-api.service[89717]: INFO placement.requestlog [None req-267dcaad-c624-45ac-a806-e3ba79d461d2 service placement] 10.4.3.23 "DELETE /placement/resource_providers/d3d38f53-6101-4e36-8e65-ebd9ea82621a" status: 404 len: 246 microversion: 1.1
Jul 07 18:42:57.409544 np0000004751 devstack@placement-api.service[89717]: [pid: 89717|app: 0|req: 443/1330] 10.4.3.23 () {68 vars in 1456 bytes} [Tue Jul 7 18:42:57 2026] DELETE /placement/resource_providers/d3d38f53-6101-4e36-8e65-ebd9ea82621a => generated 246 bytes in 7 msecs (HTTP/1.1 404) 6 headers in 231 bytes (1 switches on core 0)
Jul 07 18:42:59.612325 np0000004751 devstack@placement-api.service[89715]: DEBUG placement.requestlog [None req-3863cc62-05aa-48ad-8a5b-1459443aabe4 None None] Starting request: 10.4.3.23 "GET /placement/resource_providers/15c4b6ed-62fb-47d9-8f35-8ac15977986f/aggregates" {{(pid=89715) __call__ /opt/stack/placement/placement/requestlog.py:55}}
Jul 07 18:42:59.619869 np0000004751 devstack@placement-api.service[89715]: INFO placement.requestlog [None req-3863cc62-05aa-48ad-8a5b-1459443aabe4 service placement] 10.4.3.23 "GET /placement/resource_providers/15c4b6ed-62fb-47d9-8f35-8ac15977986f/aggregates" status: 404 len: 235 microversion: 1.1
Jul 07 18:42:59.620063 np0000004751 devstack@placement-api.service[89715]: [pid: 89715|app: 0|req: 447/1331] 10.4.3.23 () {66 vars in 1467 bytes} [Tue Jul 7 18:42:59 2026] GET /placement/resource_providers/15c4b6ed-62fb-47d9-8f35-8ac15977986f/aggregates => generated 235 bytes in 8 msecs (HTTP/1.1 404) 5 headers in 202 bytes (1 switches on core 0)
Jul 07 18:42:59.660390 np0000004751 devstack@placement-api.service[89716]: DEBUG placement.requestlog [None req-59b53361-8422-4e86-aeef-584f78adb445 None None] Starting request: 10.4.3.23 "DELETE /placement/resource_providers/15c4b6ed-62fb-47d9-8f35-8ac15977986f" {{(pid=89716) __call__ /opt/stack/placement/placement/requestlog.py:55}}
Jul 07 18:42:59.666551 np0000004751 devstack@placement-api.service[89716]: DEBUG placement.wsgi_wrapper [None req-59b53361-8422-4e86-aeef-584f78adb445 service placement] Placement API returning an error response: No resource provider with uuid 15c4b6ed-62fb-47d9-8f35-8ac15977986f found for delete {{(pid=89716) call_func /opt/stack/placement/placement/wsgi_wrapper.py:31}}
Jul 07 18:42:59.667089 np0000004751 devstack@placement-api.service[89716]: INFO placement.requestlog [None req-59b53361-8422-4e86-aeef-584f78adb445 service placement] 10.4.3.23 "DELETE /placement/resource_providers/15c4b6ed-62fb-47d9-8f35-8ac15977986f" status: 404 len: 246 microversion: 1.1
Jul 07 18:42:59.667433 np0000004751 devstack@placement-api.service[89716]: [pid: 89716|app: 0|req: 442/1332] 10.4.3.23 () {68 vars in 1456 bytes} [Tue Jul 7 18:42:59 2026] DELETE /placement/resource_providers/15c4b6ed-62fb-47d9-8f35-8ac15977986f => generated 246 bytes in 7 msecs (HTTP/1.1 404) 6 headers in 231 bytes (1 switches on core 0)
Jul 07 18:43:01.107958 np0000004751 devstack@placement-api.service[89717]: DEBUG placement.requestlog [req-763c6b69-ee90-4b2f-8dd7-2dd7fcd5569d req-eae7cc21-337b-49f1-8ec6-a36af6849730 None None] Starting request: 10.4.3.23 "GET /placement/allocation_candidates?limit=1000&resources=DISK_GB%3A1%2CMEMORY_MB%3A192%2CVCPU%3A1&root_required=%21COMPUTE_STATUS_DISABLED" {{(pid=89717) __call__ /opt/stack/placement/placement/requestlog.py:55}}
Jul 07 18:43:01.330737 np0000004751 devstack@placement-api.service[89717]: DEBUG placement.objects.research_context [req-763c6b69-ee90-4b2f-8dd7-2dd7fcd5569d req-eae7cc21-337b-49f1-8ec6-a36af6849730 service nova] getting providers with 1 DISK_GB {{(pid=89717) __init__ /opt/stack/placement/placement/objects/research_context.py:137}}
Jul 07 18:43:01.334584 np0000004751 devstack@placement-api.service[89717]: DEBUG placement.objects.research_context [req-763c6b69-ee90-4b2f-8dd7-2dd7fcd5569d req-eae7cc21-337b-49f1-8ec6-a36af6849730 service nova] getting providers with 192 MEMORY_MB {{(pid=89717) __init__ /opt/stack/placement/placement/objects/research_context.py:137}}
Jul 07 18:43:01.337461 np0000004751 devstack@placement-api.service[89717]: DEBUG placement.objects.research_context [req-763c6b69-ee90-4b2f-8dd7-2dd7fcd5569d req-eae7cc21-337b-49f1-8ec6-a36af6849730 service nova] getting providers with 1 VCPU {{(pid=89717) __init__ /opt/stack/placement/placement/objects/research_context.py:137}}
Jul 07 18:43:01.341168 np0000004751 devstack@placement-api.service[89717]: DEBUG placement.objects.research_context [req-763c6b69-ee90-4b2f-8dd7-2dd7fcd5569d req-eae7cc21-337b-49f1-8ec6-a36af6849730 service nova] found 1 providers with available 1 DISK_GB {{(pid=89717) get_provider_ids_matching /opt/stack/placement/placement/objects/research_context.py:563}}
Jul 07 18:43:01.341338 np0000004751 devstack@placement-api.service[89717]: DEBUG placement.objects.research_context [req-763c6b69-ee90-4b2f-8dd7-2dd7fcd5569d req-eae7cc21-337b-49f1-8ec6-a36af6849730 service nova] found 1 providers with available 192 MEMORY_MB {{(pid=89717) get_provider_ids_matching /opt/stack/placement/placement/objects/research_context.py:563}}
Jul 07 18:43:01.341338 np0000004751 devstack@placement-api.service[89717]: DEBUG placement.objects.research_context [req-763c6b69-ee90-4b2f-8dd7-2dd7fcd5569d req-eae7cc21-337b-49f1-8ec6-a36af6849730 service nova] found 1 providers after filtering by previous result {{(pid=89717) get_provider_ids_matching /opt/stack/placement/placement/objects/research_context.py:594}}
Jul 07 18:43:01.341478 np0000004751 devstack@placement-api.service[89717]: DEBUG placement.objects.research_context [req-763c6b69-ee90-4b2f-8dd7-2dd7fcd5569d req-eae7cc21-337b-49f1-8ec6-a36af6849730 service nova] found 1 providers with available 1 VCPU {{(pid=89717) get_provider_ids_matching /opt/stack/placement/placement/objects/research_context.py:563}}
Jul 07 18:43:01.341524 np0000004751 devstack@placement-api.service[89717]: DEBUG placement.objects.research_context [req-763c6b69-ee90-4b2f-8dd7-2dd7fcd5569d req-eae7cc21-337b-49f1-8ec6-a36af6849730 service nova] found 1 providers after filtering by previous result {{(pid=89717) get_provider_ids_matching /opt/stack/placement/placement/objects/research_context.py:594}}
Jul 07 18:43:01.347807 np0000004751 devstack@placement-api.service[89717]: DEBUG placement.objects.allocation_candidate [req-763c6b69-ee90-4b2f-8dd7-2dd7fcd5569d req-eae7cc21-337b-49f1-8ec6-a36af6849730 service nova] RequestGroup(use_same_provider=False, resources={DISK_GB:1, MEMORY_MB:192, VCPU:1}, traits=(), aggregates=[]) (suffix '') returned 1 matches {{(pid=89717) _get_by_requests /opt/stack/placement/placement/objects/allocation_candidate.py:158}}
Jul 07 18:43:01.347997 np0000004751 devstack@placement-api.service[89717]: DEBUG placement.objects.allocation_candidate [req-763c6b69-ee90-4b2f-8dd7-2dd7fcd5569d req-eae7cc21-337b-49f1-8ec6-a36af6849730 service nova] Merging candidates yields 1 allocation requests and 1 provider summaries {{(pid=89717) _merge_candidates /opt/stack/placement/placement/objects/allocation_candidate.py:908}}
Jul 07 18:43:01.349035 np0000004751 devstack@placement-api.service[89717]: INFO placement.requestlog [req-763c6b69-ee90-4b2f-8dd7-2dd7fcd5569d req-eae7cc21-337b-49f1-8ec6-a36af6849730 service nova] 10.4.3.23 "GET /placement/allocation_candidates?limit=1000&resources=DISK_GB%3A1%2CMEMORY_MB%3A192%2CVCPU%3A1&root_required=%21COMPUTE_STATUS_DISABLED" status: 200 len: 2490 microversion: 1.36
Jul 07 18:43:01.349363 np0000004751 devstack@placement-api.service[89717]: [pid: 89717|app: 0|req: 444/1333] 10.4.3.23 () {68 vars in 1618 bytes} [Tue Jul 7 18:43:01 2026] GET /placement/allocation_candidates?limit=1000&resources=DISK_GB%3A1%2CMEMORY_MB%3A192%2CVCPU%3A1&root_required=%21COMPUTE_STATUS_DISABLED => generated 2490 bytes in 241 msecs (HTTP/1.1 200) 8 headers in 297 bytes (1 switches on core 0)
Jul 07 18:43:01.403958 np0000004751 devstack@placement-api.service[89715]: DEBUG placement.requestlog [req-763c6b69-ee90-4b2f-8dd7-2dd7fcd5569d req-af28cd99-ca2d-4a95-a021-d459d3702e49 None None] Starting request: 10.4.3.23 "GET /placement/allocations/9de95de6-e938-448e-a415-e53f62062dbb" {{(pid=89715) __call__ /opt/stack/placement/placement/requestlog.py:55}}
Jul 07 18:43:01.411016 np0000004751 devstack@placement-api.service[89715]: INFO placement.requestlog [req-763c6b69-ee90-4b2f-8dd7-2dd7fcd5569d req-af28cd99-ca2d-4a95-a021-d459d3702e49 service nova] 10.4.3.23 "GET /placement/allocations/9de95de6-e938-448e-a415-e53f62062dbb" status: 200 len: 19 microversion: 1.28
Jul 07 18:43:01.411780 np0000004751 devstack@placement-api.service[89715]: [pid: 89715|app: 0|req: 448/1334] 10.4.3.23 () {68 vars in 1494 bytes} [Tue Jul 7 18:43:01 2026] GET /placement/allocations/9de95de6-e938-448e-a415-e53f62062dbb => generated 19 bytes in 8 msecs (HTTP/1.1 200) 8 headers in 295 bytes (1 switches on core 0)
Jul 07 18:43:01.454007 np0000004751 devstack@placement-api.service[89716]: DEBUG placement.requestlog [req-763c6b69-ee90-4b2f-8dd7-2dd7fcd5569d req-75d4be63-bdb5-4406-9d3b-431fb57590e1 None None] Starting request: 10.4.3.23 "PUT /placement/allocations/9de95de6-e938-448e-a415-e53f62062dbb" {{(pid=89716) __call__ /opt/stack/placement/placement/requestlog.py:55}}
Jul 07 18:43:01.493782 np0000004751 devstack@placement-api.service[89716]: DEBUG placement.handlers.allocation [req-763c6b69-ee90-4b2f-8dd7-2dd7fcd5569d req-75d4be63-bdb5-4406-9d3b-431fb57590e1 service nova] Successfully wrote allocations [, , ] {{(pid=89716) _update_consumers_and_create_allocations /opt/stack/placement/placement/handlers/allocation.py:462}}
Jul 07 18:43:01.498703 np0000004751 devstack@placement-api.service[89716]: INFO placement.requestlog [req-763c6b69-ee90-4b2f-8dd7-2dd7fcd5569d req-75d4be63-bdb5-4406-9d3b-431fb57590e1 service nova] 10.4.3.23 "PUT /placement/allocations/9de95de6-e938-448e-a415-e53f62062dbb" status: 204 len: 0 microversion: 1.36
Jul 07 18:43:01.499195 np0000004751 devstack@placement-api.service[89716]: [pid: 89716|app: 0|req: 443/1335] 10.4.3.23 () {72 vars in 1547 bytes} [Tue Jul 7 18:43:01 2026] PUT /placement/allocations/9de95de6-e938-448e-a415-e53f62062dbb => generated 0 bytes in 45 msecs (HTTP/1.1 204) 5 headers in 199 bytes (1 switches on core 0)
Jul 07 18:43:02.724260 np0000004751 devstack@placement-api.service[89717]: DEBUG placement.requestlog [req-763c6b69-ee90-4b2f-8dd7-2dd7fcd5569d req-b29cfb4e-6329-4208-be1e-e39f3b1e7d4b None None] Starting request: 10.4.3.23 "GET /placement/allocations/9de95de6-e938-448e-a415-e53f62062dbb" {{(pid=89717) __call__ /opt/stack/placement/placement/requestlog.py:55}}
Jul 07 18:43:02.733559 np0000004751 devstack@placement-api.service[89717]: INFO placement.requestlog [req-763c6b69-ee90-4b2f-8dd7-2dd7fcd5569d req-b29cfb4e-6329-4208-be1e-e39f3b1e7d4b service nova] 10.4.3.23 "GET /placement/allocations/9de95de6-e938-448e-a415-e53f62062dbb" status: 200 len: 258 microversion: 1.28
Jul 07 18:43:02.733559 np0000004751 devstack@placement-api.service[89717]: [pid: 89717|app: 0|req: 445/1336] 10.4.3.23 () {68 vars in 1492 bytes} [Tue Jul 7 18:43:02 2026] GET /placement/allocations/9de95de6-e938-448e-a415-e53f62062dbb => generated 258 bytes in 9 msecs (HTTP/1.1 200) 8 headers in 296 bytes (1 switches on core 0)
Jul 07 18:43:03.787632 np0000004751 devstack@placement-api.service[89715]: DEBUG placement.requestlog [req-763c6b69-ee90-4b2f-8dd7-2dd7fcd5569d req-559c7a90-ffaf-4b44-99f2-6e5a661bf21b None None] Starting request: 10.4.3.23 "GET /placement/resource_providers/ed25ce11-dc24-4118-af2d-de958497727d/allocations" {{(pid=89715) __call__ /opt/stack/placement/placement/requestlog.py:55}}
Jul 07 18:43:03.805098 np0000004751 devstack@placement-api.service[89715]: INFO placement.requestlog [req-763c6b69-ee90-4b2f-8dd7-2dd7fcd5569d req-559c7a90-ffaf-4b44-99f2-6e5a661bf21b service nova] 10.4.3.23 "GET /placement/resource_providers/ed25ce11-dc24-4118-af2d-de958497727d/allocations" status: 200 len: 153 microversion: 1.0
Jul 07 18:43:03.805098 np0000004751 devstack@placement-api.service[89715]: [pid: 89715|app: 0|req: 449/1337] 10.4.3.23 () {66 vars in 1505 bytes} [Tue Jul 7 18:43:03 2026] GET /placement/resource_providers/ed25ce11-dc24-4118-af2d-de958497727d/allocations => generated 153 bytes in 17 msecs (HTTP/1.1 200) 6 headers in 224 bytes (1 switches on core 0)
Jul 07 18:43:03.843393 np0000004751 devstack@placement-api.service[89716]: DEBUG placement.requestlog [req-763c6b69-ee90-4b2f-8dd7-2dd7fcd5569d req-378d540d-cc17-41fb-903b-82cc856d1428 None None] Starting request: 10.4.3.23 "GET /placement/allocations/9de95de6-e938-448e-a415-e53f62062dbb" {{(pid=89716) __call__ /opt/stack/placement/placement/requestlog.py:55}}
Jul 07 18:43:03.852509 np0000004751 devstack@placement-api.service[89716]: INFO placement.requestlog [req-763c6b69-ee90-4b2f-8dd7-2dd7fcd5569d req-378d540d-cc17-41fb-903b-82cc856d1428 service nova] 10.4.3.23 "GET /placement/allocations/9de95de6-e938-448e-a415-e53f62062dbb" status: 200 len: 258 microversion: 1.28
Jul 07 18:43:03.852509 np0000004751 devstack@placement-api.service[89716]: [pid: 89716|app: 0|req: 444/1338] 10.4.3.23 () {68 vars in 1492 bytes} [Tue Jul 7 18:43:03 2026] GET /placement/allocations/9de95de6-e938-448e-a415-e53f62062dbb => generated 258 bytes in 9 msecs (HTTP/1.1 200) 8 headers in 296 bytes (1 switches on core 0)
Jul 07 18:43:09.316249 np0000004751 devstack@placement-api.service[89717]: DEBUG placement.requestlog [None req-35be6534-5534-42f0-8640-a0c7e10ff402 None None] Starting request: 10.4.3.23 "GET /placement/resource_providers/0323afba-5073-49ea-b026-dd10d9d9fc42/aggregates" {{(pid=89717) __call__ /opt/stack/placement/placement/requestlog.py:55}}
Jul 07 18:43:09.323694 np0000004751 devstack@placement-api.service[89717]: INFO placement.requestlog [None req-35be6534-5534-42f0-8640-a0c7e10ff402 service placement] 10.4.3.23 "GET /placement/resource_providers/0323afba-5073-49ea-b026-dd10d9d9fc42/aggregates" status: 404 len: 235 microversion: 1.1
Jul 07 18:43:09.324210 np0000004751 devstack@placement-api.service[89717]: [pid: 89717|app: 0|req: 446/1339] 10.4.3.23 () {66 vars in 1467 bytes} [Tue Jul 7 18:43:09 2026] GET /placement/resource_providers/0323afba-5073-49ea-b026-dd10d9d9fc42/aggregates => generated 235 bytes in 8 msecs (HTTP/1.1 404) 5 headers in 202 bytes (1 switches on core 0)
Jul 07 18:43:09.376463 np0000004751 devstack@placement-api.service[89715]: DEBUG placement.requestlog [None req-bd69a278-f42a-4eef-b8e0-198a76af7314 None None] Starting request: 10.4.3.23 "DELETE /placement/resource_providers/0323afba-5073-49ea-b026-dd10d9d9fc42" {{(pid=89715) __call__ /opt/stack/placement/placement/requestlog.py:55}}
Jul 07 18:43:09.384553 np0000004751 devstack@placement-api.service[89715]: DEBUG placement.wsgi_wrapper [None req-bd69a278-f42a-4eef-b8e0-198a76af7314 service placement] Placement API returning an error response: No resource provider with uuid 0323afba-5073-49ea-b026-dd10d9d9fc42 found for delete {{(pid=89715) call_func /opt/stack/placement/placement/wsgi_wrapper.py:31}}
Jul 07 18:43:09.384553 np0000004751 devstack@placement-api.service[89715]: INFO placement.requestlog [None req-bd69a278-f42a-4eef-b8e0-198a76af7314 service placement] 10.4.3.23 "DELETE /placement/resource_providers/0323afba-5073-49ea-b026-dd10d9d9fc42" status: 404 len: 246 microversion: 1.1
Jul 07 18:43:09.384553 np0000004751 devstack@placement-api.service[89715]: [pid: 89715|app: 0|req: 450/1340] 10.4.3.23 () {68 vars in 1456 bytes} [Tue Jul 7 18:43:09 2026] DELETE /placement/resource_providers/0323afba-5073-49ea-b026-dd10d9d9fc42 => generated 246 bytes in 8 msecs (HTTP/1.1 404) 6 headers in 231 bytes (1 switches on core 0)
Jul 07 18:43:10.166352 np0000004751 devstack@placement-api.service[89716]: DEBUG placement.requestlog [req-d2262aa9-92e9-4a78-a78f-2bcbee08ba5e req-0508bae1-2822-4e53-8676-a41d8190b987 None None] Starting request: 10.4.3.23 "GET /placement/allocation_candidates?limit=1000&resources=DISK_GB%3A1%2CMEMORY_MB%3A192%2CVCPU%3A1&root_required=%21COMPUTE_STATUS_DISABLED" {{(pid=89716) __call__ /opt/stack/placement/placement/requestlog.py:55}}
Jul 07 18:43:10.198539 np0000004751 devstack@placement-api.service[89716]: DEBUG placement.objects.research_context [req-d2262aa9-92e9-4a78-a78f-2bcbee08ba5e req-0508bae1-2822-4e53-8676-a41d8190b987 service nova] getting providers with 1 DISK_GB {{(pid=89716) __init__ /opt/stack/placement/placement/objects/research_context.py:137}}
Jul 07 18:43:10.202348 np0000004751 devstack@placement-api.service[89716]: DEBUG placement.objects.research_context [req-d2262aa9-92e9-4a78-a78f-2bcbee08ba5e req-0508bae1-2822-4e53-8676-a41d8190b987 service nova] getting providers with 192 MEMORY_MB {{(pid=89716) __init__ /opt/stack/placement/placement/objects/research_context.py:137}}
Jul 07 18:43:10.207655 np0000004751 devstack@placement-api.service[89716]: DEBUG placement.objects.research_context [req-d2262aa9-92e9-4a78-a78f-2bcbee08ba5e req-0508bae1-2822-4e53-8676-a41d8190b987 service nova] getting providers with 1 VCPU {{(pid=89716) __init__ /opt/stack/placement/placement/objects/research_context.py:137}}
Jul 07 18:43:10.211812 np0000004751 devstack@placement-api.service[89716]: DEBUG placement.objects.research_context [req-d2262aa9-92e9-4a78-a78f-2bcbee08ba5e req-0508bae1-2822-4e53-8676-a41d8190b987 service nova] found 1 providers with available 1 DISK_GB {{(pid=89716) get_provider_ids_matching /opt/stack/placement/placement/objects/research_context.py:563}}
Jul 07 18:43:10.212378 np0000004751 devstack@placement-api.service[89716]: DEBUG placement.objects.research_context [req-d2262aa9-92e9-4a78-a78f-2bcbee08ba5e req-0508bae1-2822-4e53-8676-a41d8190b987 service nova] found 1 providers with available 192 MEMORY_MB {{(pid=89716) get_provider_ids_matching /opt/stack/placement/placement/objects/research_context.py:563}}
Jul 07 18:43:10.212378 np0000004751 devstack@placement-api.service[89716]: DEBUG placement.objects.research_context [req-d2262aa9-92e9-4a78-a78f-2bcbee08ba5e req-0508bae1-2822-4e53-8676-a41d8190b987 service nova] found 1 providers after filtering by previous result {{(pid=89716) get_provider_ids_matching /opt/stack/placement/placement/objects/research_context.py:594}}
Jul 07 18:43:10.212378 np0000004751 devstack@placement-api.service[89716]: DEBUG placement.objects.research_context [req-d2262aa9-92e9-4a78-a78f-2bcbee08ba5e req-0508bae1-2822-4e53-8676-a41d8190b987 service nova] found 1 providers with available 1 VCPU {{(pid=89716) get_provider_ids_matching /opt/stack/placement/placement/objects/research_context.py:563}}
Jul 07 18:43:10.212378 np0000004751 devstack@placement-api.service[89716]: DEBUG placement.objects.research_context [req-d2262aa9-92e9-4a78-a78f-2bcbee08ba5e req-0508bae1-2822-4e53-8676-a41d8190b987 service nova] found 1 providers after filtering by previous result {{(pid=89716) get_provider_ids_matching /opt/stack/placement/placement/objects/research_context.py:594}}
Jul 07 18:43:10.222785 np0000004751 devstack@placement-api.service[89716]: DEBUG placement.objects.allocation_candidate [req-d2262aa9-92e9-4a78-a78f-2bcbee08ba5e req-0508bae1-2822-4e53-8676-a41d8190b987 service nova] RequestGroup(use_same_provider=False, resources={DISK_GB:1, MEMORY_MB:192, VCPU:1}, traits=(), aggregates=[]) (suffix '') returned 1 matches {{(pid=89716) _get_by_requests /opt/stack/placement/placement/objects/allocation_candidate.py:158}}
Jul 07 18:43:10.223056 np0000004751 devstack@placement-api.service[89716]: DEBUG placement.objects.allocation_candidate [req-d2262aa9-92e9-4a78-a78f-2bcbee08ba5e req-0508bae1-2822-4e53-8676-a41d8190b987 service nova] Merging candidates yields 1 allocation requests and 1 provider summaries {{(pid=89716) _merge_candidates /opt/stack/placement/placement/objects/allocation_candidate.py:908}}
Jul 07 18:43:10.224712 np0000004751 devstack@placement-api.service[89716]: INFO placement.requestlog [req-d2262aa9-92e9-4a78-a78f-2bcbee08ba5e req-0508bae1-2822-4e53-8676-a41d8190b987 service nova] 10.4.3.23 "GET /placement/allocation_candidates?limit=1000&resources=DISK_GB%3A1%2CMEMORY_MB%3A192%2CVCPU%3A1&root_required=%21COMPUTE_STATUS_DISABLED" status: 200 len: 2492 microversion: 1.36
Jul 07 18:43:10.225060 np0000004751 devstack@placement-api.service[89716]: [pid: 89716|app: 0|req: 445/1341] 10.4.3.23 () {68 vars in 1618 bytes} [Tue Jul 7 18:43:10 2026] GET /placement/allocation_candidates?limit=1000&resources=DISK_GB%3A1%2CMEMORY_MB%3A192%2CVCPU%3A1&root_required=%21COMPUTE_STATUS_DISABLED => generated 2492 bytes in 59 msecs (HTTP/1.1 200) 8 headers in 297 bytes (1 switches on core 0)
Jul 07 18:43:10.288014 np0000004751 devstack@placement-api.service[89717]: DEBUG placement.requestlog [req-d2262aa9-92e9-4a78-a78f-2bcbee08ba5e req-dc1e4b31-86c1-4653-b125-157d42651aab None None] Starting request: 10.4.3.23 "GET /placement/allocations/5d69356c-2601-4cd8-ad9d-2f306cecf5be" {{(pid=89717) __call__ /opt/stack/placement/placement/requestlog.py:55}}
Jul 07 18:43:10.297216 np0000004751 devstack@placement-api.service[89717]: INFO placement.requestlog [req-d2262aa9-92e9-4a78-a78f-2bcbee08ba5e req-dc1e4b31-86c1-4653-b125-157d42651aab service nova] 10.4.3.23 "GET /placement/allocations/5d69356c-2601-4cd8-ad9d-2f306cecf5be" status: 200 len: 19 microversion: 1.28
Jul 07 18:43:10.297465 np0000004751 devstack@placement-api.service[89717]: [pid: 89717|app: 0|req: 447/1342] 10.4.3.23 () {68 vars in 1494 bytes} [Tue Jul 7 18:43:10 2026] GET /placement/allocations/5d69356c-2601-4cd8-ad9d-2f306cecf5be => generated 19 bytes in 10 msecs (HTTP/1.1 200) 8 headers in 295 bytes (1 switches on core 0)
Jul 07 18:43:10.338520 np0000004751 devstack@placement-api.service[89715]: DEBUG placement.requestlog [req-d2262aa9-92e9-4a78-a78f-2bcbee08ba5e req-17536834-79e8-4b6c-a1af-ae0ad7f99002 None None] Starting request: 10.4.3.23 "PUT /placement/allocations/5d69356c-2601-4cd8-ad9d-2f306cecf5be" {{(pid=89715) __call__ /opt/stack/placement/placement/requestlog.py:55}}
Jul 07 18:43:10.382477 np0000004751 devstack@placement-api.service[89715]: DEBUG placement.handlers.allocation [req-d2262aa9-92e9-4a78-a78f-2bcbee08ba5e req-17536834-79e8-4b6c-a1af-ae0ad7f99002 service nova] Successfully wrote allocations [, , ] {{(pid=89715) _update_consumers_and_create_allocations /opt/stack/placement/placement/handlers/allocation.py:462}}
Jul 07 18:43:10.385297 np0000004751 devstack@placement-api.service[89715]: INFO placement.requestlog [req-d2262aa9-92e9-4a78-a78f-2bcbee08ba5e req-17536834-79e8-4b6c-a1af-ae0ad7f99002 service nova] 10.4.3.23 "PUT /placement/allocations/5d69356c-2601-4cd8-ad9d-2f306cecf5be" status: 204 len: 0 microversion: 1.36
Jul 07 18:43:10.385663 np0000004751 devstack@placement-api.service[89715]: [pid: 89715|app: 0|req: 451/1343] 10.4.3.23 () {72 vars in 1547 bytes} [Tue Jul 7 18:43:10 2026] PUT /placement/allocations/5d69356c-2601-4cd8-ad9d-2f306cecf5be => generated 0 bytes in 47 msecs (HTTP/1.1 204) 5 headers in 199 bytes (1 switches on core 0)
Jul 07 18:43:11.782554 np0000004751 devstack@placement-api.service[89716]: DEBUG placement.requestlog [req-d2262aa9-92e9-4a78-a78f-2bcbee08ba5e req-fd1de1e2-d4a2-4fb5-bde4-18c4bc3e088b None None] Starting request: 10.4.3.23 "GET /placement/allocations/5d69356c-2601-4cd8-ad9d-2f306cecf5be" {{(pid=89716) __call__ /opt/stack/placement/placement/requestlog.py:55}}
Jul 07 18:43:11.799258 np0000004751 devstack@placement-api.service[89716]: INFO placement.requestlog [req-d2262aa9-92e9-4a78-a78f-2bcbee08ba5e req-fd1de1e2-d4a2-4fb5-bde4-18c4bc3e088b service nova] 10.4.3.23 "GET /placement/allocations/5d69356c-2601-4cd8-ad9d-2f306cecf5be" status: 200 len: 258 microversion: 1.28
Jul 07 18:43:11.799492 np0000004751 devstack@placement-api.service[89716]: [pid: 89716|app: 0|req: 446/1344] 10.4.3.23 () {68 vars in 1492 bytes} [Tue Jul 7 18:43:11 2026] GET /placement/allocations/5d69356c-2601-4cd8-ad9d-2f306cecf5be => generated 258 bytes in 17 msecs (HTTP/1.1 200) 8 headers in 296 bytes (1 switches on core 0)
Jul 07 18:43:12.869726 np0000004751 devstack@placement-api.service[89717]: DEBUG placement.requestlog [req-d2262aa9-92e9-4a78-a78f-2bcbee08ba5e req-0023a099-6cef-453a-9920-02e9f62d2081 None None] Starting request: 10.4.3.23 "GET /placement/resource_providers/ed25ce11-dc24-4118-af2d-de958497727d/allocations" {{(pid=89717) __call__ /opt/stack/placement/placement/requestlog.py:55}}
Jul 07 18:43:12.884974 np0000004751 devstack@placement-api.service[89717]: INFO placement.requestlog [req-d2262aa9-92e9-4a78-a78f-2bcbee08ba5e req-0023a099-6cef-453a-9920-02e9f62d2081 service nova] 10.4.3.23 "GET /placement/resource_providers/ed25ce11-dc24-4118-af2d-de958497727d/allocations" status: 200 len: 253 microversion: 1.0
Jul 07 18:43:12.885276 np0000004751 devstack@placement-api.service[89717]: [pid: 89717|app: 0|req: 448/1345] 10.4.3.23 () {66 vars in 1505 bytes} [Tue Jul 7 18:43:12 2026] GET /placement/resource_providers/ed25ce11-dc24-4118-af2d-de958497727d/allocations => generated 253 bytes in 16 msecs (HTTP/1.1 200) 6 headers in 224 bytes (1 switches on core 0)
Jul 07 18:43:12.927131 np0000004751 devstack@placement-api.service[89715]: DEBUG placement.requestlog [req-d2262aa9-92e9-4a78-a78f-2bcbee08ba5e req-4ba6bd72-4f7f-4313-b440-bec0616d0370 None None] Starting request: 10.4.3.23 "GET /placement/allocations/5d69356c-2601-4cd8-ad9d-2f306cecf5be" {{(pid=89715) __call__ /opt/stack/placement/placement/requestlog.py:55}}
Jul 07 18:43:12.935342 np0000004751 devstack@placement-api.service[89715]: INFO placement.requestlog [req-d2262aa9-92e9-4a78-a78f-2bcbee08ba5e req-4ba6bd72-4f7f-4313-b440-bec0616d0370 service nova] 10.4.3.23 "GET /placement/allocations/5d69356c-2601-4cd8-ad9d-2f306cecf5be" status: 200 len: 258 microversion: 1.28
Jul 07 18:43:12.935650 np0000004751 devstack@placement-api.service[89715]: [pid: 89715|app: 0|req: 452/1346] 10.4.3.23 () {68 vars in 1492 bytes} [Tue Jul 7 18:43:12 2026] GET /placement/allocations/5d69356c-2601-4cd8-ad9d-2f306cecf5be => generated 258 bytes in 9 msecs (HTTP/1.1 200) 8 headers in 296 bytes (1 switches on core 0)
Jul 07 18:43:12.969158 np0000004751 devstack@placement-api.service[89716]: DEBUG placement.requestlog [req-d2262aa9-92e9-4a78-a78f-2bcbee08ba5e req-ef56feee-1c29-4524-a109-bae616dad24c None None] Starting request: 10.4.3.23 "GET /placement/allocations/9de95de6-e938-448e-a415-e53f62062dbb" {{(pid=89716) __call__ /opt/stack/placement/placement/requestlog.py:55}}
Jul 07 18:43:12.980918 np0000004751 devstack@placement-api.service[89716]: INFO placement.requestlog [req-d2262aa9-92e9-4a78-a78f-2bcbee08ba5e req-ef56feee-1c29-4524-a109-bae616dad24c service nova] 10.4.3.23 "GET /placement/allocations/9de95de6-e938-448e-a415-e53f62062dbb" status: 200 len: 258 microversion: 1.28
Jul 07 18:43:12.981228 np0000004751 devstack@placement-api.service[89716]: [pid: 89716|app: 0|req: 447/1347] 10.4.3.23 () {68 vars in 1492 bytes} [Tue Jul 7 18:43:12 2026] GET /placement/allocations/9de95de6-e938-448e-a415-e53f62062dbb => generated 258 bytes in 12 msecs (HTTP/1.1 200) 8 headers in 296 bytes (1 switches on core 0)
Jul 07 18:43:16.734943 np0000004751 devstack@placement-api.service[89717]: DEBUG placement.requestlog [req-8d8d6fff-fdd8-4692-ae9c-9f675849ed15 req-70076d06-bb9f-4283-9646-e4a08bbbe081 None None] Starting request: 10.4.3.23 "GET /placement/allocation_candidates?limit=1000&resources=MEMORY_MB%3A192%2CVCPU%3A1&root_required=%21COMPUTE_STATUS_DISABLED" {{(pid=89717) __call__ /opt/stack/placement/placement/requestlog.py:55}}
Jul 07 18:43:16.780873 np0000004751 devstack@placement-api.service[89717]: DEBUG placement.objects.research_context [req-8d8d6fff-fdd8-4692-ae9c-9f675849ed15 req-70076d06-bb9f-4283-9646-e4a08bbbe081 service nova] getting providers with 192 MEMORY_MB {{(pid=89717) __init__ /opt/stack/placement/placement/objects/research_context.py:137}}
Jul 07 18:43:16.791429 np0000004751 devstack@placement-api.service[89717]: DEBUG placement.objects.research_context [req-8d8d6fff-fdd8-4692-ae9c-9f675849ed15 req-70076d06-bb9f-4283-9646-e4a08bbbe081 service nova] getting providers with 1 VCPU {{(pid=89717) __init__ /opt/stack/placement/placement/objects/research_context.py:137}}
Jul 07 18:43:16.796518 np0000004751 devstack@placement-api.service[89717]: DEBUG placement.objects.research_context [req-8d8d6fff-fdd8-4692-ae9c-9f675849ed15 req-70076d06-bb9f-4283-9646-e4a08bbbe081 service nova] found 1 providers with available 192 MEMORY_MB {{(pid=89717) get_provider_ids_matching /opt/stack/placement/placement/objects/research_context.py:563}}
Jul 07 18:43:16.796787 np0000004751 devstack@placement-api.service[89717]: DEBUG placement.objects.research_context [req-8d8d6fff-fdd8-4692-ae9c-9f675849ed15 req-70076d06-bb9f-4283-9646-e4a08bbbe081 service nova] found 1 providers with available 1 VCPU {{(pid=89717) get_provider_ids_matching /opt/stack/placement/placement/objects/research_context.py:563}}
Jul 07 18:43:16.797053 np0000004751 devstack@placement-api.service[89717]: DEBUG placement.objects.research_context [req-8d8d6fff-fdd8-4692-ae9c-9f675849ed15 req-70076d06-bb9f-4283-9646-e4a08bbbe081 service nova] found 1 providers after filtering by previous result {{(pid=89717) get_provider_ids_matching /opt/stack/placement/placement/objects/research_context.py:594}}
Jul 07 18:43:16.810477 np0000004751 devstack@placement-api.service[89717]: DEBUG placement.objects.allocation_candidate [req-8d8d6fff-fdd8-4692-ae9c-9f675849ed15 req-70076d06-bb9f-4283-9646-e4a08bbbe081 service nova] RequestGroup(use_same_provider=False, resources={MEMORY_MB:192, VCPU:1}, traits=(), aggregates=[]) (suffix '') returned 1 matches {{(pid=89717) _get_by_requests /opt/stack/placement/placement/objects/allocation_candidate.py:158}}
Jul 07 18:43:16.810759 np0000004751 devstack@placement-api.service[89717]: DEBUG placement.objects.allocation_candidate [req-8d8d6fff-fdd8-4692-ae9c-9f675849ed15 req-70076d06-bb9f-4283-9646-e4a08bbbe081 service nova] Merging candidates yields 1 allocation requests and 1 provider summaries {{(pid=89717) _merge_candidates /opt/stack/placement/placement/objects/allocation_candidate.py:908}}
Jul 07 18:43:16.812240 np0000004751 devstack@placement-api.service[89717]: INFO placement.requestlog [req-8d8d6fff-fdd8-4692-ae9c-9f675849ed15 req-70076d06-bb9f-4283-9646-e4a08bbbe081 service nova] 10.4.3.23 "GET /placement/allocation_candidates?limit=1000&resources=MEMORY_MB%3A192%2CVCPU%3A1&root_required=%21COMPUTE_STATUS_DISABLED" status: 200 len: 2478 microversion: 1.36
Jul 07 18:43:16.812542 np0000004751 devstack@placement-api.service[89717]: [pid: 89717|app: 0|req: 449/1348] 10.4.3.23 () {68 vars in 1590 bytes} [Tue Jul 7 18:43:16 2026] GET /placement/allocation_candidates?limit=1000&resources=MEMORY_MB%3A192%2CVCPU%3A1&root_required=%21COMPUTE_STATUS_DISABLED => generated 2478 bytes in 78 msecs (HTTP/1.1 200) 8 headers in 297 bytes (1 switches on core 0)
Jul 07 18:43:16.891965 np0000004751 devstack@placement-api.service[89715]: DEBUG placement.requestlog [req-8d8d6fff-fdd8-4692-ae9c-9f675849ed15 req-2b31aac2-6356-4803-9519-3eaf9caf1e85 None None] Starting request: 10.4.3.23 "GET /placement/allocations/6c64ea48-67c4-48a2-b477-76aba68b0bbb" {{(pid=89715) __call__ /opt/stack/placement/placement/requestlog.py:55}}
Jul 07 18:43:16.897466 np0000004751 devstack@placement-api.service[89715]: INFO placement.requestlog [req-8d8d6fff-fdd8-4692-ae9c-9f675849ed15 req-2b31aac2-6356-4803-9519-3eaf9caf1e85 service nova] 10.4.3.23 "GET /placement/allocations/6c64ea48-67c4-48a2-b477-76aba68b0bbb" status: 200 len: 19 microversion: 1.28
Jul 07 18:43:16.897691 np0000004751 devstack@placement-api.service[89715]: [pid: 89715|app: 0|req: 453/1349] 10.4.3.23 () {68 vars in 1494 bytes} [Tue Jul 7 18:43:16 2026] GET /placement/allocations/6c64ea48-67c4-48a2-b477-76aba68b0bbb => generated 19 bytes in 8 msecs (HTTP/1.1 200) 8 headers in 295 bytes (1 switches on core 0)
Jul 07 18:43:16.935008 np0000004751 devstack@placement-api.service[89716]: DEBUG placement.requestlog [req-8d8d6fff-fdd8-4692-ae9c-9f675849ed15 req-c539159b-d54c-4ade-942d-fabf625a4c66 None None] Starting request: 10.4.3.23 "PUT /placement/allocations/6c64ea48-67c4-48a2-b477-76aba68b0bbb" {{(pid=89716) __call__ /opt/stack/placement/placement/requestlog.py:55}}
Jul 07 18:43:17.004080 np0000004751 devstack@placement-api.service[89716]: DEBUG placement.handlers.allocation [req-8d8d6fff-fdd8-4692-ae9c-9f675849ed15 req-c539159b-d54c-4ade-942d-fabf625a4c66 service nova] Successfully wrote allocations [, ] {{(pid=89716) _update_consumers_and_create_allocations /opt/stack/placement/placement/handlers/allocation.py:462}}
Jul 07 18:43:17.006954 np0000004751 devstack@placement-api.service[89716]: INFO placement.requestlog [req-8d8d6fff-fdd8-4692-ae9c-9f675849ed15 req-c539159b-d54c-4ade-942d-fabf625a4c66 service nova] 10.4.3.23 "PUT /placement/allocations/6c64ea48-67c4-48a2-b477-76aba68b0bbb" status: 204 len: 0 microversion: 1.36
Jul 07 18:43:17.007224 np0000004751 devstack@placement-api.service[89716]: [pid: 89716|app: 0|req: 448/1350] 10.4.3.23 () {72 vars in 1547 bytes} [Tue Jul 7 18:43:16 2026] PUT /placement/allocations/6c64ea48-67c4-48a2-b477-76aba68b0bbb => generated 0 bytes in 74 msecs (HTTP/1.1 204) 5 headers in 199 bytes (1 switches on core 0)
Jul 07 18:43:18.377566 np0000004751 devstack@placement-api.service[89717]: DEBUG placement.requestlog [req-8d8d6fff-fdd8-4692-ae9c-9f675849ed15 req-efb24cbd-86fa-45ed-bfff-d33a7098dfda None None] Starting request: 10.4.3.23 "GET /placement/allocations/6c64ea48-67c4-48a2-b477-76aba68b0bbb" {{(pid=89717) __call__ /opt/stack/placement/placement/requestlog.py:55}}
Jul 07 18:43:18.406271 np0000004751 devstack@placement-api.service[89717]: INFO placement.requestlog [req-8d8d6fff-fdd8-4692-ae9c-9f675849ed15 req-efb24cbd-86fa-45ed-bfff-d33a7098dfda service nova] 10.4.3.23 "GET /placement/allocations/6c64ea48-67c4-48a2-b477-76aba68b0bbb" status: 200 len: 244 microversion: 1.28
Jul 07 18:43:18.406533 np0000004751 devstack@placement-api.service[89717]: [pid: 89717|app: 0|req: 450/1351] 10.4.3.23 () {68 vars in 1492 bytes} [Tue Jul 7 18:43:18 2026] GET /placement/allocations/6c64ea48-67c4-48a2-b477-76aba68b0bbb => generated 244 bytes in 29 msecs (HTTP/1.1 200) 8 headers in 296 bytes (1 switches on core 0)
Jul 07 18:43:19.467536 np0000004751 devstack@placement-api.service[89715]: DEBUG placement.requestlog [req-8d8d6fff-fdd8-4692-ae9c-9f675849ed15 req-310dfbd7-276e-452c-936a-bc8ea5625339 None None] Starting request: 10.4.3.23 "GET /placement/resource_providers/ed25ce11-dc24-4118-af2d-de958497727d/allocations" {{(pid=89715) __call__ /opt/stack/placement/placement/requestlog.py:55}}
Jul 07 18:43:19.492868 np0000004751 devstack@placement-api.service[89715]: INFO placement.requestlog [req-8d8d6fff-fdd8-4692-ae9c-9f675849ed15 req-310dfbd7-276e-452c-936a-bc8ea5625339 service nova] 10.4.3.23 "GET /placement/resource_providers/ed25ce11-dc24-4118-af2d-de958497727d/allocations" status: 200 len: 339 microversion: 1.0
Jul 07 18:43:19.493136 np0000004751 devstack@placement-api.service[89715]: [pid: 89715|app: 0|req: 454/1352] 10.4.3.23 () {66 vars in 1505 bytes} [Tue Jul 7 18:43:19 2026] GET /placement/resource_providers/ed25ce11-dc24-4118-af2d-de958497727d/allocations => generated 339 bytes in 26 msecs (HTTP/1.1 200) 6 headers in 224 bytes (1 switches on core 0)
Jul 07 18:43:19.527314 np0000004751 devstack@placement-api.service[89716]: DEBUG placement.requestlog [req-8d8d6fff-fdd8-4692-ae9c-9f675849ed15 req-6be0eaa2-5349-4b12-a1d6-943b496fba96 None None] Starting request: 10.4.3.23 "GET /placement/allocations/6c64ea48-67c4-48a2-b477-76aba68b0bbb" {{(pid=89716) __call__ /opt/stack/placement/placement/requestlog.py:55}}
Jul 07 18:43:19.535795 np0000004751 devstack@placement-api.service[89716]: INFO placement.requestlog [req-8d8d6fff-fdd8-4692-ae9c-9f675849ed15 req-6be0eaa2-5349-4b12-a1d6-943b496fba96 service nova] 10.4.3.23 "GET /placement/allocations/6c64ea48-67c4-48a2-b477-76aba68b0bbb" status: 200 len: 244 microversion: 1.28
Jul 07 18:43:19.536062 np0000004751 devstack@placement-api.service[89716]: [pid: 89716|app: 0|req: 449/1353] 10.4.3.23 () {68 vars in 1492 bytes} [Tue Jul 7 18:43:19 2026] GET /placement/allocations/6c64ea48-67c4-48a2-b477-76aba68b0bbb => generated 244 bytes in 9 msecs (HTTP/1.1 200) 8 headers in 296 bytes (1 switches on core 0)
Jul 07 18:43:19.589251 np0000004751 devstack@placement-api.service[89717]: DEBUG placement.requestlog [req-8d8d6fff-fdd8-4692-ae9c-9f675849ed15 req-8b297f18-683e-4abc-b266-d76b73d979b1 None None] Starting request: 10.4.3.23 "GET /placement/allocations/5d69356c-2601-4cd8-ad9d-2f306cecf5be" {{(pid=89717) __call__ /opt/stack/placement/placement/requestlog.py:55}}
Jul 07 18:43:19.600041 np0000004751 devstack@placement-api.service[89717]: INFO placement.requestlog [req-8d8d6fff-fdd8-4692-ae9c-9f675849ed15 req-8b297f18-683e-4abc-b266-d76b73d979b1 service nova] 10.4.3.23 "GET /placement/allocations/5d69356c-2601-4cd8-ad9d-2f306cecf5be" status: 200 len: 258 microversion: 1.28
Jul 07 18:43:19.600233 np0000004751 devstack@placement-api.service[89717]: [pid: 89717|app: 0|req: 451/1354] 10.4.3.23 () {68 vars in 1492 bytes} [Tue Jul 7 18:43:19 2026] GET /placement/allocations/5d69356c-2601-4cd8-ad9d-2f306cecf5be => generated 258 bytes in 11 msecs (HTTP/1.1 200) 8 headers in 296 bytes (1 switches on core 0)
Jul 07 18:43:19.646449 np0000004751 devstack@placement-api.service[89715]: DEBUG placement.requestlog [req-8d8d6fff-fdd8-4692-ae9c-9f675849ed15 req-c2deaa72-8210-4ba7-b600-b5f8d44a90a9 None None] Starting request: 10.4.3.23 "GET /placement/allocations/9de95de6-e938-448e-a415-e53f62062dbb" {{(pid=89715) __call__ /opt/stack/placement/placement/requestlog.py:55}}
Jul 07 18:43:19.658865 np0000004751 devstack@placement-api.service[89715]: INFO placement.requestlog [req-8d8d6fff-fdd8-4692-ae9c-9f675849ed15 req-c2deaa72-8210-4ba7-b600-b5f8d44a90a9 service nova] 10.4.3.23 "GET /placement/allocations/9de95de6-e938-448e-a415-e53f62062dbb" status: 200 len: 258 microversion: 1.28
Jul 07 18:43:19.659103 np0000004751 devstack@placement-api.service[89715]: [pid: 89715|app: 0|req: 455/1355] 10.4.3.23 () {68 vars in 1492 bytes} [Tue Jul 7 18:43:19 2026] GET /placement/allocations/9de95de6-e938-448e-a415-e53f62062dbb => generated 258 bytes in 13 msecs (HTTP/1.1 200) 8 headers in 296 bytes (1 switches on core 0)
Jul 07 18:43:27.274971 np0000004751 devstack@placement-api.service[89716]: DEBUG placement.requestlog [req-8b37465c-0820-43c9-ba16-b2f0cb1af504 req-b43fcc81-ade8-41fb-aab7-3c1fa83ef03f None None] Starting request: 10.4.3.23 "GET /placement/allocation_candidates?limit=1000&resources=DISK_GB%3A1%2CMEMORY_MB%3A192%2CVCPU%3A1&root_required=%21COMPUTE_STATUS_DISABLED" {{(pid=89716) __call__ /opt/stack/placement/placement/requestlog.py:55}}
Jul 07 18:43:27.301639 np0000004751 devstack@placement-api.service[89716]: DEBUG placement.objects.research_context [req-8b37465c-0820-43c9-ba16-b2f0cb1af504 req-b43fcc81-ade8-41fb-aab7-3c1fa83ef03f service nova] getting providers with 1 DISK_GB {{(pid=89716) __init__ /opt/stack/placement/placement/objects/research_context.py:137}}
Jul 07 18:43:27.306496 np0000004751 devstack@placement-api.service[89716]: DEBUG placement.objects.research_context [req-8b37465c-0820-43c9-ba16-b2f0cb1af504 req-b43fcc81-ade8-41fb-aab7-3c1fa83ef03f service nova] getting providers with 192 MEMORY_MB {{(pid=89716) __init__ /opt/stack/placement/placement/objects/research_context.py:137}}
