Jul 23 00:15:28.329354 np0000005678 devstack@g-api.service[103159]: DEBUG glance.common.config [None req-52829b1e-455b-4398-ac8b-815d16ca7508 None None] database.backend = sqlalchemy {{(pid=103159) log_opt_values /opt/stack/data/venv/lib/python3.12/site-packages/oslo_config/cfg.py:3253}}
Jul 23 00:15:28.329390 np0000005678 devstack@g-api.service[103158]: DEBUG glance.common.config [None req-5beb912c-c1c9-46ec-b058-0562ca08dabf None None] database.mysql_wsrep_sync_wait = None {{(pid=103158) log_opt_values /opt/stack/data/venv/lib/python3.12/site-packages/oslo_config/cfg.py:3253}}
Jul 23 00:15:28.329424 np0000005678 devstack@g-api.service[103159]: DEBUG glance.common.config [None req-52829b1e-455b-4398-ac8b-815d16ca7508 None None] database.connection = **** {{(pid=103159) log_opt_values /opt/stack/data/venv/lib/python3.12/site-packages/oslo_config/cfg.py:3253}}
Jul 23 00:15:28.329462 np0000005678 devstack@g-api.service[103158]: DEBUG glance.common.config [None req-5beb912c-c1c9-46ec-b058-0562ca08dabf None None] database.pool_timeout = None {{(pid=103158) log_opt_values /opt/stack/data/venv/lib/python3.12/site-packages/oslo_config/cfg.py:3253}}
Jul 23 00:15:28.329496 np0000005678 devstack@g-api.service[103159]: DEBUG glance.common.config [None req-52829b1e-455b-4398-ac8b-815d16ca7508 None None] database.connection_debug = 0 {{(pid=103159) log_opt_values /opt/stack/data/venv/lib/python3.12/site-packages/oslo_config/cfg.py:3253}}
Jul 23 00:15:28.329533 np0000005678 devstack@g-api.service[103158]: DEBUG glance.common.config [None req-5beb912c-c1c9-46ec-b058-0562ca08dabf None None] database.retry_interval = 10 {{(pid=103158) log_opt_values /opt/stack/data/venv/lib/python3.12/site-packages/oslo_config/cfg.py:3253}}
Jul 23 00:15:28.329563 np0000005678 devstack@g-api.service[103159]: DEBUG glance.common.config [None req-52829b1e-455b-4398-ac8b-815d16ca7508 None None] database.connection_parameters = {{(pid=103159) log_opt_values /opt/stack/data/venv/lib/python3.12/site-packages/oslo_config/cfg.py:3253}}
Jul 23 00:15:28.329584 np0000005678 devstack@g-api.service[103158]: DEBUG glance.common.config [None req-5beb912c-c1c9-46ec-b058-0562ca08dabf None None] database.slave_connection = **** {{(pid=103158) log_opt_values /opt/stack/data/venv/lib/python3.12/site-packages/oslo_config/cfg.py:3253}}
Jul 23 00:15:28.329616 np0000005678 devstack@g-api.service[103159]: DEBUG glance.common.config [None req-52829b1e-455b-4398-ac8b-815d16ca7508 None None] database.connection_recycle_time = 3600 {{(pid=103159) log_opt_values /opt/stack/data/venv/lib/python3.12/site-packages/oslo_config/cfg.py:3253}}
Jul 23 00:15:28.329646 np0000005678 devstack@g-api.service[103158]: DEBUG glance.common.config [None req-5beb912c-c1c9-46ec-b058-0562ca08dabf None None] database.sqlite_synchronous = True {{(pid=103158) log_opt_values /opt/stack/data/venv/lib/python3.12/site-packages/oslo_config/cfg.py:3253}}
Jul 23 00:15:28.329668 np0000005678 devstack@g-api.service[103159]: DEBUG glance.common.config [None req-52829b1e-455b-4398-ac8b-815d16ca7508 None None] database.connection_trace = False {{(pid=103159) log_opt_values /opt/stack/data/venv/lib/python3.12/site-packages/oslo_config/cfg.py:3253}}
Jul 23 00:15:28.329693 np0000005678 devstack@g-api.service[103158]: DEBUG glance.common.config [None req-5beb912c-c1c9-46ec-b058-0562ca08dabf None None] database.synchronous_reader = True {{(pid=103158) log_opt_values /opt/stack/data/venv/lib/python3.12/site-packages/oslo_config/cfg.py:3253}}
Jul 23 00:15:28.329717 np0000005678 devstack@g-api.service[103159]: DEBUG glance.common.config [None req-52829b1e-455b-4398-ac8b-815d16ca7508 None None] database.db_inc_retry_interval = True {{(pid=103159) log_opt_values /opt/stack/data/venv/lib/python3.12/site-packages/oslo_config/cfg.py:3253}}
Jul 23 00:15:28.329740 np0000005678 devstack@g-api.service[103158]: DEBUG glance.common.config [None req-5beb912c-c1c9-46ec-b058-0562ca08dabf None None] database.use_db_reconnect = False {{(pid=103158) log_opt_values /opt/stack/data/venv/lib/python3.12/site-packages/oslo_config/cfg.py:3253}}
Jul 23 00:15:28.329766 np0000005678 devstack@g-api.service[103159]: DEBUG glance.common.config [None req-52829b1e-455b-4398-ac8b-815d16ca7508 None None] database.db_max_retries = 20 {{(pid=103159) log_opt_values /opt/stack/data/venv/lib/python3.12/site-packages/oslo_config/cfg.py:3253}}
Jul 23 00:15:28.329794 np0000005678 devstack@g-api.service[103158]: DEBUG glance.common.config [None req-5beb912c-c1c9-46ec-b058-0562ca08dabf None None] healthcheck.allowed_source_ranges = [] {{(pid=103158) log_opt_values /opt/stack/data/venv/lib/python3.12/site-packages/oslo_config/cfg.py:3253}}
Jul 23 00:15:28.329825 np0000005678 devstack@g-api.service[103159]: DEBUG glance.common.config [None req-52829b1e-455b-4398-ac8b-815d16ca7508 None None] database.db_max_retry_interval = 10 {{(pid=103159) log_opt_values /opt/stack/data/venv/lib/python3.12/site-packages/oslo_config/cfg.py:3253}}
Jul 23 00:15:28.329851 np0000005678 devstack@g-api.service[103158]: DEBUG glance.common.config [None req-5beb912c-c1c9-46ec-b058-0562ca08dabf None None] healthcheck.backends = ['disable_by_file'] {{(pid=103158) log_opt_values /opt/stack/data/venv/lib/python3.12/site-packages/oslo_config/cfg.py:3253}}
Jul 23 00:15:28.329875 np0000005678 devstack@g-api.service[103159]: DEBUG glance.common.config [None req-52829b1e-455b-4398-ac8b-815d16ca7508 None None] database.db_retry_interval = 1 {{(pid=103159) log_opt_values /opt/stack/data/venv/lib/python3.12/site-packages/oslo_config/cfg.py:3253}}
Jul 23 00:15:28.329899 np0000005678 devstack@g-api.service[103158]: DEBUG glance.common.config [None req-5beb912c-c1c9-46ec-b058-0562ca08dabf None None] healthcheck.detailed = False {{(pid=103158) log_opt_values /opt/stack/data/venv/lib/python3.12/site-packages/oslo_config/cfg.py:3253}}
Jul 23 00:15:28.329922 np0000005678 devstack@g-api.service[103159]: DEBUG glance.common.config [None req-52829b1e-455b-4398-ac8b-815d16ca7508 None None] database.max_overflow = 50 {{(pid=103159) log_opt_values /opt/stack/data/venv/lib/python3.12/site-packages/oslo_config/cfg.py:3253}}
Jul 23 00:15:28.329971 np0000005678 devstack@g-api.service[103158]: DEBUG glance.common.config [None req-5beb912c-c1c9-46ec-b058-0562ca08dabf None None] healthcheck.disable_by_file_path = None {{(pid=103158) log_opt_values /opt/stack/data/venv/lib/python3.12/site-packages/oslo_config/cfg.py:3253}}
Jul 23 00:15:28.330001 np0000005678 devstack@g-api.service[103159]: DEBUG glance.common.config [None req-52829b1e-455b-4398-ac8b-815d16ca7508 None None] database.max_pool_size = 5 {{(pid=103159) log_opt_values /opt/stack/data/venv/lib/python3.12/site-packages/oslo_config/cfg.py:3253}}
Jul 23 00:15:28.330026 np0000005678 devstack@g-api.service[103158]: DEBUG glance.common.config [None req-5beb912c-c1c9-46ec-b058-0562ca08dabf None None] healthcheck.ignore_proxied_requests = False {{(pid=103158) log_opt_values /opt/stack/data/venv/lib/python3.12/site-packages/oslo_config/cfg.py:3253}}
Jul 23 00:15:28.330057 np0000005678 devstack@g-api.service[103159]: DEBUG glance.common.config [None req-52829b1e-455b-4398-ac8b-815d16ca7508 None None] database.max_retries = 10 {{(pid=103159) log_opt_values /opt/stack/data/venv/lib/python3.12/site-packages/oslo_config/cfg.py:3253}}
Jul 23 00:15:28.330094 np0000005678 devstack@g-api.service[103158]: DEBUG glance.common.config [None req-5beb912c-c1c9-46ec-b058-0562ca08dabf None None] ******************************************************************************** {{(pid=103158) log_opt_values /opt/stack/data/venv/lib/python3.12/site-packages/oslo_config/cfg.py:3260}}
Jul 23 00:15:28.330120 np0000005678 devstack@g-api.service[103159]: DEBUG glance.common.config [None req-52829b1e-455b-4398-ac8b-815d16ca7508 None None] database.mysql_sql_mode = TRADITIONAL {{(pid=103159) log_opt_values /opt/stack/data/venv/lib/python3.12/site-packages/oslo_config/cfg.py:3253}}
Jul 23 00:15:28.330145 np0000005678 devstack@g-api.service[103158]: WSGI app 0 (mountpoint='') ready in 2 seconds on interpreter 0x7a2b270a4668 pid: 103158 (default app)
Jul 23 00:15:28.330170 np0000005678 devstack@g-api.service[103159]: DEBUG glance.common.config [None req-52829b1e-455b-4398-ac8b-815d16ca7508 None None] database.mysql_wsrep_sync_wait = None {{(pid=103159) log_opt_values /opt/stack/data/venv/lib/python3.12/site-packages/oslo_config/cfg.py:3253}}
Jul 23 00:15:28.330170 np0000005678 devstack@g-api.service[103159]: DEBUG glance.common.config [None req-52829b1e-455b-4398-ac8b-815d16ca7508 None None] database.pool_timeout = None {{(pid=103159) log_opt_values /opt/stack/data/venv/lib/python3.12/site-packages/oslo_config/cfg.py:3253}}
Jul 23 00:15:28.330170 np0000005678 devstack@g-api.service[103159]: DEBUG glance.common.config [None req-52829b1e-455b-4398-ac8b-815d16ca7508 None None] database.retry_interval = 10 {{(pid=103159) log_opt_values /opt/stack/data/venv/lib/python3.12/site-packages/oslo_config/cfg.py:3253}}
Jul 23 00:15:28.330170 np0000005678 devstack@g-api.service[103159]: DEBUG glance.common.config [None req-52829b1e-455b-4398-ac8b-815d16ca7508 None None] database.slave_connection = **** {{(pid=103159) log_opt_values /opt/stack/data/venv/lib/python3.12/site-packages/oslo_config/cfg.py:3253}}
Jul 23 00:15:28.330170 np0000005678 devstack@g-api.service[103159]: DEBUG glance.common.config [None req-52829b1e-455b-4398-ac8b-815d16ca7508 None None] database.sqlite_synchronous = True {{(pid=103159) log_opt_values /opt/stack/data/venv/lib/python3.12/site-packages/oslo_config/cfg.py:3253}}
Jul 23 00:15:28.330170 np0000005678 devstack@g-api.service[103159]: DEBUG glance.common.config [None req-52829b1e-455b-4398-ac8b-815d16ca7508 None None] database.synchronous_reader = True {{(pid=103159) log_opt_values /opt/stack/data/venv/lib/python3.12/site-packages/oslo_config/cfg.py:3253}}
Jul 23 00:15:28.330170 np0000005678 devstack@g-api.service[103159]: DEBUG glance.common.config [None req-52829b1e-455b-4398-ac8b-815d16ca7508 None None] database.use_db_reconnect = False {{(pid=103159) log_opt_values /opt/stack/data/venv/lib/python3.12/site-packages/oslo_config/cfg.py:3253}}
Jul 23 00:15:28.330329 np0000005678 devstack@g-api.service[103159]: DEBUG glance.common.config [None req-52829b1e-455b-4398-ac8b-815d16ca7508 None None] healthcheck.allowed_source_ranges = [] {{(pid=103159) log_opt_values /opt/stack/data/venv/lib/python3.12/site-packages/oslo_config/cfg.py:3253}}
Jul 23 00:15:28.330329 np0000005678 devstack@g-api.service[103159]: DEBUG glance.common.config [None req-52829b1e-455b-4398-ac8b-815d16ca7508 None None] healthcheck.backends = ['disable_by_file'] {{(pid=103159) log_opt_values /opt/stack/data/venv/lib/python3.12/site-packages/oslo_config/cfg.py:3253}}
Jul 23 00:15:28.330329 np0000005678 devstack@g-api.service[103159]: DEBUG glance.common.config [None req-52829b1e-455b-4398-ac8b-815d16ca7508 None None] healthcheck.detailed = False {{(pid=103159) log_opt_values /opt/stack/data/venv/lib/python3.12/site-packages/oslo_config/cfg.py:3253}}
Jul 23 00:15:28.330329 np0000005678 devstack@g-api.service[103159]: DEBUG glance.common.config [None req-52829b1e-455b-4398-ac8b-815d16ca7508 None None] healthcheck.disable_by_file_path = None {{(pid=103159) log_opt_values /opt/stack/data/venv/lib/python3.12/site-packages/oslo_config/cfg.py:3253}}
Jul 23 00:15:28.330329 np0000005678 devstack@g-api.service[103159]: DEBUG glance.common.config [None req-52829b1e-455b-4398-ac8b-815d16ca7508 None None] healthcheck.ignore_proxied_requests = False {{(pid=103159) log_opt_values /opt/stack/data/venv/lib/python3.12/site-packages/oslo_config/cfg.py:3253}}
Jul 23 00:15:28.330329 np0000005678 devstack@g-api.service[103159]: DEBUG glance.common.config [None req-52829b1e-455b-4398-ac8b-815d16ca7508 None None] ******************************************************************************** {{(pid=103159) log_opt_values /opt/stack/data/venv/lib/python3.12/site-packages/oslo_config/cfg.py:3260}}
Jul 23 00:15:28.330329 np0000005678 devstack@g-api.service[103159]: WSGI app 0 (mountpoint='') ready in 2 seconds on interpreter 0x7a2b270a4668 pid: 103159 (default app)
Jul 23 00:15:31.340276 np0000005678 devstack@g-api.service[103157]: DEBUG glance.api.middleware.version_negotiation [None req-8bb81dbe-3a50-4638-a8ed-f44dc732d3e2 None None] Determining version of request: GET / Accept: application/json {{(pid=103157) process_request /opt/stack/glance/glance/api/middleware/version_negotiation.py:44}}
Jul 23 00:15:31.340654 np0000005678 devstack@g-api.service[103157]: DEBUG glance.api.middleware.version_negotiation [None req-8bb81dbe-3a50-4638-a8ed-f44dc732d3e2 None None] Using url versioning {{(pid=103157) process_request /opt/stack/glance/glance/api/middleware/version_negotiation.py:57}}
Jul 23 00:15:31.340654 np0000005678 devstack@g-api.service[103157]: DEBUG glance.api.middleware.version_negotiation [None req-8bb81dbe-3a50-4638-a8ed-f44dc732d3e2 None None] Unknown version. Returning version choices. {{(pid=103157) process_request /opt/stack/glance/glance/api/middleware/version_negotiation.py:64}}
Jul 23 00:15:31.341063 np0000005678 devstack@g-api.service[103157]: [pid: 103157|app: 0|req: 2/2] 127.0.0.1 () {36 vars in 569 bytes} [Thu Jul 23 00:15:31 2026] GET / => generated 1501 bytes in 1 msecs (HTTP/1.1 300) 3 headers in 106 bytes (1 switches on core 0)
Jul 23 00:15:31.352685 np0000005678 devstack@g-api.service[103160]: DEBUG glance.api.middleware.version_negotiation [None req-fe99fd39-615e-4f45-9433-ac4a6e95b0b3 None None] Determining version of request: POST /v2/images Accept: */* {{(pid=103160) process_request /opt/stack/glance/glance/api/middleware/version_negotiation.py:44}}
Jul 23 00:15:31.353126 np0000005678 devstack@g-api.service[103160]: DEBUG glance.api.middleware.version_negotiation [None req-fe99fd39-615e-4f45-9433-ac4a6e95b0b3 None None] Using url versioning {{(pid=103160) process_request /opt/stack/glance/glance/api/middleware/version_negotiation.py:57}}
Jul 23 00:15:31.353250 np0000005678 devstack@g-api.service[103160]: DEBUG glance.api.middleware.version_negotiation [None req-fe99fd39-615e-4f45-9433-ac4a6e95b0b3 None None] Matched version: v2 {{(pid=103160) process_request /opt/stack/glance/glance/api/middleware/version_negotiation.py:69}}
Jul 23 00:15:31.353370 np0000005678 devstack@g-api.service[103160]: DEBUG glance.api.middleware.version_negotiation [None req-fe99fd39-615e-4f45-9433-ac4a6e95b0b3 None None] new path /v2/images {{(pid=103160) process_request /opt/stack/glance/glance/api/middleware/version_negotiation.py:70}}
Jul 23 00:15:32.282632 np0000005678 devstack@g-api.service[103160]: [pid: 103160|app: 0|req: 1/3] 127.0.0.1 () {42 vars in 832 bytes} [Thu Jul 23 00:15:31 2026] POST /v2/images => generated 807 bytes in 930 msecs (HTTP/1.1 201) 6 headers in 315 bytes (1 switches on core 0)
Jul 23 00:15:32.292500 np0000005678 devstack@g-api.service[103158]: DEBUG glance.api.middleware.version_negotiation [None req-5beb912c-c1c9-46ec-b058-0562ca08dabf None None] Determining version of request: PUT /v2/images/739994fd-708c-4a59-8afa-8062903c1c30/stage Accept: {{(pid=103158) process_request /opt/stack/glance/glance/api/middleware/version_negotiation.py:44}}
Jul 23 00:15:32.292837 np0000005678 devstack@g-api.service[103158]: DEBUG glance.api.middleware.version_negotiation [None req-5beb912c-c1c9-46ec-b058-0562ca08dabf None None] Using url versioning {{(pid=103158) process_request /opt/stack/glance/glance/api/middleware/version_negotiation.py:57}}
Jul 23 00:15:32.293189 np0000005678 devstack@g-api.service[103158]: DEBUG glance.api.middleware.version_negotiation [None req-5beb912c-c1c9-46ec-b058-0562ca08dabf None None] Matched version: v2 {{(pid=103158) process_request /opt/stack/glance/glance/api/middleware/version_negotiation.py:69}}
Jul 23 00:15:32.293342 np0000005678 devstack@g-api.service[103158]: DEBUG glance.api.middleware.version_negotiation [None req-5beb912c-c1c9-46ec-b058-0562ca08dabf None None] new path /v2/images/739994fd-708c-4a59-8afa-8062903c1c30/stage {{(pid=103158) process_request /opt/stack/glance/glance/api/middleware/version_negotiation.py:70}}
Jul 23 00:15:32.856350 np0000005678 devstack@g-api.service[103158]: DEBUG glance_store.backend [None req-e0eab2e6-4c60-4e28-b7db-59c988ed7186 admin admin] Attempting to import store cinder {{(pid=103158) _load_store /opt/stack/data/venv/lib/python3.12/site-packages/glance_store/backend.py:215}}
Jul 23 00:15:32.856350 np0000005678 devstack@g-api.service[103158]: DEBUG glance_store.backend [None req-e0eab2e6-4c60-4e28-b7db-59c988ed7186 admin admin] Attempting to import store file {{(pid=103158) _load_store /opt/stack/data/venv/lib/python3.12/site-packages/glance_store/backend.py:215}}
Jul 23 00:15:32.856475 np0000005678 devstack@g-api.service[103158]: DEBUG glance_store.backend [None req-e0eab2e6-4c60-4e28-b7db-59c988ed7186 admin admin] Attempting to import store glance.store.cinder.Store {{(pid=103158) _load_store /opt/stack/data/venv/lib/python3.12/site-packages/glance_store/backend.py:215}}
Jul 23 00:15:32.856611 np0000005678 devstack@g-api.service[103158]: DEBUG glance_store.backend [None req-e0eab2e6-4c60-4e28-b7db-59c988ed7186 admin admin] Attempting to import store glance.store.filesystem.Store {{(pid=103158) _load_store /opt/stack/data/venv/lib/python3.12/site-packages/glance_store/backend.py:215}}
Jul 23 00:15:32.856611 np0000005678 devstack@g-api.service[103158]: DEBUG glance_store.backend [None req-e0eab2e6-4c60-4e28-b7db-59c988ed7186 admin admin] Attempting to import store glance.store.http.Store {{(pid=103158) _load_store /opt/stack/data/venv/lib/python3.12/site-packages/glance_store/backend.py:215}}
Jul 23 00:15:32.856749 np0000005678 devstack@g-api.service[103158]: DEBUG glance_store.backend [None req-e0eab2e6-4c60-4e28-b7db-59c988ed7186 admin admin] Attempting to import store glance.store.rbd.Store {{(pid=103158) _load_store /opt/stack/data/venv/lib/python3.12/site-packages/glance_store/backend.py:215}}
Jul 23 00:15:32.856795 np0000005678 devstack@g-api.service[103158]: DEBUG glance_store.backend [None req-e0eab2e6-4c60-4e28-b7db-59c988ed7186 admin admin] Attempting to import store glance.store.s3.Store {{(pid=103158) _load_store /opt/stack/data/venv/lib/python3.12/site-packages/glance_store/backend.py:215}}
Jul 23 00:15:32.856875 np0000005678 devstack@g-api.service[103158]: DEBUG glance_store.backend [None req-e0eab2e6-4c60-4e28-b7db-59c988ed7186 admin admin] Attempting to import store glance.store.swift.Store {{(pid=103158) _load_store /opt/stack/data/venv/lib/python3.12/site-packages/glance_store/backend.py:215}}
Jul 23 00:15:32.856985 np0000005678 devstack@g-api.service[103158]: DEBUG glance_store.backend [None req-e0eab2e6-4c60-4e28-b7db-59c988ed7186 admin admin] Attempting to import store glance.store.vmware_datastore.Store {{(pid=103158) _load_store /opt/stack/data/venv/lib/python3.12/site-packages/glance_store/backend.py:215}}
Jul 23 00:15:32.857098 np0000005678 devstack@g-api.service[103158]: DEBUG glance_store.backend [None req-e0eab2e6-4c60-4e28-b7db-59c988ed7186 admin admin] Attempting to import store http {{(pid=103158) _load_store /opt/stack/data/venv/lib/python3.12/site-packages/glance_store/backend.py:215}}
Jul 23 00:15:32.857182 np0000005678 devstack@g-api.service[103158]: DEBUG glance_store.backend [None req-e0eab2e6-4c60-4e28-b7db-59c988ed7186 admin admin] Attempting to import store no_conf {{(pid=103158) _load_store /opt/stack/data/venv/lib/python3.12/site-packages/glance_store/backend.py:215}}
Jul 23 00:15:32.857275 np0000005678 devstack@g-api.service[103158]: DEBUG glance_store.backend [None req-e0eab2e6-4c60-4e28-b7db-59c988ed7186 admin admin] Attempting to import store rbd {{(pid=103158) _load_store /opt/stack/data/venv/lib/python3.12/site-packages/glance_store/backend.py:215}}
Jul 23 00:15:32.857468 np0000005678 devstack@g-api.service[103158]: DEBUG glance_store.backend [None req-e0eab2e6-4c60-4e28-b7db-59c988ed7186 admin admin] Attempting to import store s3 {{(pid=103158) _load_store /opt/stack/data/venv/lib/python3.12/site-packages/glance_store/backend.py:215}}
Jul 23 00:15:32.857549 np0000005678 devstack@g-api.service[103158]: DEBUG glance_store.backend [None req-e0eab2e6-4c60-4e28-b7db-59c988ed7186 admin admin] Attempting to import store swift {{(pid=103158) _load_store /opt/stack/data/venv/lib/python3.12/site-packages/glance_store/backend.py:215}}
Jul 23 00:15:32.857634 np0000005678 devstack@g-api.service[103158]: DEBUG glance_store.backend [None req-e0eab2e6-4c60-4e28-b7db-59c988ed7186 admin admin] Attempting to import store vmware {{(pid=103158) _load_store /opt/stack/data/venv/lib/python3.12/site-packages/glance_store/backend.py:215}}
Jul 23 00:15:32.857730 np0000005678 devstack@g-api.service[103158]: DEBUG glance_store.backend [None req-e0eab2e6-4c60-4e28-b7db-59c988ed7186 admin admin] Registering options for group glance_store {{(pid=103158) register_opts /opt/stack/data/venv/lib/python3.12/site-packages/glance_store/backend.py:144}}
Jul 23 00:15:32.857818 np0000005678 devstack@g-api.service[103158]: DEBUG glance_store.backend [None req-e0eab2e6-4c60-4e28-b7db-59c988ed7186 admin admin] Registering options for group glance_store {{(pid=103158) register_opts /opt/stack/data/venv/lib/python3.12/site-packages/glance_store/backend.py:144}}
Jul 23 00:15:32.858148 np0000005678 devstack@g-api.service[103158]: DEBUG glance_store.backend [None req-e0eab2e6-4c60-4e28-b7db-59c988ed7186 admin admin] Attempting to import store file {{(pid=103158) _load_store /opt/stack/data/venv/lib/python3.12/site-packages/glance_store/backend.py:215}}
Jul 23 00:15:32.858528 np0000005678 devstack@g-api.service[103158]: INFO glance_store._drivers.filesystem [None req-e0eab2e6-4c60-4e28-b7db-59c988ed7186 admin admin] Directory to write image files does not exist (/tmp/staging/). Creating.
Jul 23 00:15:32.858720 np0000005678 devstack@g-api.service[103158]: DEBUG glance_store.capabilities [None req-e0eab2e6-4c60-4e28-b7db-59c988ed7186 admin admin] Store glance_store._drivers.filesystem.Store doesn't support updating dynamic storage capabilities. Please overwrite 'update_capabilities' method of the store to implement updating logics if needed. {{(pid=103158) update_capabilities /opt/stack/data/venv/lib/python3.12/site-packages/glance_store/capabilities.py:91}}
Jul 23 00:15:33.417331 np0000005678 devstack@g-api.service[103158]: DEBUG glance_store._drivers.filesystem [None req-e0eab2e6-4c60-4e28-b7db-59c988ed7186 admin admin] Wrote 21430272 bytes to /tmp/staging/739994fd-708c-4a59-8afa-8062903c1c30 with checksum c8fc807773e5354afe61636071771906 and multihash c8fc807773e5354afe61636071771906 {{(pid=103158) add /opt/stack/data/venv/lib/python3.12/site-packages/glance_store/_drivers/filesystem.py:899}}
Jul 23 00:15:33.434191 np0000005678 devstack@g-api.service[103158]: [pid: 103158|app: 0|req: 1/4] 127.0.0.1 () {42 vars in 927 bytes} [Thu Jul 23 00:15:32 2026] PUT /v2/images/739994fd-708c-4a59-8afa-8062903c1c30/stage => generated 0 bytes in 1142 msecs (HTTP/1.1 204) 4 headers in 171 bytes (1 switches on core 0)
Jul 23 00:15:33.442823 np0000005678 devstack@g-api.service[103159]: DEBUG glance.api.middleware.version_negotiation [None req-52829b1e-455b-4398-ac8b-815d16ca7508 None None] Determining version of request: POST /v2/images/739994fd-708c-4a59-8afa-8062903c1c30/import Accept: */* {{(pid=103159) process_request /opt/stack/glance/glance/api/middleware/version_negotiation.py:44}}
Jul 23 00:15:33.443153 np0000005678 devstack@g-api.service[103159]: DEBUG glance.api.middleware.version_negotiation [None req-52829b1e-455b-4398-ac8b-815d16ca7508 None None] Using url versioning {{(pid=103159) process_request /opt/stack/glance/glance/api/middleware/version_negotiation.py:57}}
Jul 23 00:15:33.443462 np0000005678 devstack@g-api.service[103159]: DEBUG glance.api.middleware.version_negotiation [None req-52829b1e-455b-4398-ac8b-815d16ca7508 None None] Matched version: v2 {{(pid=103159) process_request /opt/stack/glance/glance/api/middleware/version_negotiation.py:69}}
Jul 23 00:15:33.443567 np0000005678 devstack@g-api.service[103159]: DEBUG glance.api.middleware.version_negotiation [None req-52829b1e-455b-4398-ac8b-815d16ca7508 None None] new path /v2/images/739994fd-708c-4a59-8afa-8062903c1c30/import {{(pid=103159) process_request /opt/stack/glance/glance/api/middleware/version_negotiation.py:70}}
Jul 23 00:15:34.037473 np0000005678 devstack@g-api.service[103159]: DEBUG glance.domain [None req-8294da9e-40dc-4641-a0a3-32e41d76682f admin admin] Loading taskflow executor {{(pid=103159) new_task_executor /opt/stack/glance/glance/domain/__init__.py:515}}
Jul 23 00:15:34.214809 np0000005678 devstack@g-api.service[103159]: DEBUG oslo_concurrency.lockutils [None req-8294da9e-40dc-4641-a0a3-32e41d76682f admin admin] Acquiring lock "tasks_pool" by "glance.api.common.memoize..memoizer_wrapper..memoizer" {{(pid=103159) inner /opt/stack/data/venv/lib/python3.12/site-packages/oslo_concurrency/lockutils.py:512}}
Jul 23 00:15:34.214953 np0000005678 devstack@g-api.service[103159]: DEBUG oslo_concurrency.lockutils [None req-8294da9e-40dc-4641-a0a3-32e41d76682f admin admin] Lock "tasks_pool" acquired by "glance.api.common.memoize..memoizer_wrapper..memoizer" :: waited 0.000s {{(pid=103159) inner /opt/stack/data/venv/lib/python3.12/site-packages/oslo_concurrency/lockutils.py:525}}
Jul 23 00:15:34.215411 np0000005678 devstack@g-api.service[103159]: DEBUG glance.api.common [None req-8294da9e-40dc-4641-a0a3-32e41d76682f admin admin] Initializing named threadpool 'tasks_pool' {{(pid=103159) _get_thread_pool /opt/stack/glance/glance/api/common.py:242}}
Jul 23 00:15:34.215870 np0000005678 devstack@g-api.service[103159]: DEBUG glance.async_ [None req-8294da9e-40dc-4641-a0a3-32e41d76682f admin admin] Creating threadpool model 'ThreadPoolExecutor' with size 16 {{(pid=103159) __init__ /opt/stack/glance/glance/async_/__init__.py:100}}
Jul 23 00:15:34.216037 np0000005678 devstack@g-api.service[103159]: DEBUG oslo_concurrency.lockutils [None req-8294da9e-40dc-4641-a0a3-32e41d76682f admin admin] Lock "tasks_pool" "released" by "glance.api.common.memoize..memoizer_wrapper..memoizer" :: held 0.001s {{(pid=103159) inner /opt/stack/data/venv/lib/python3.12/site-packages/oslo_concurrency/lockutils.py:544}}
Jul 23 00:15:34.216145 np0000005678 devstack@g-api.service[103159]: DEBUG glance.async_ [None req-8294da9e-40dc-4641-a0a3-32e41d76682f admin admin] Spawning with ThreadPoolExecutor: >((,), {}) {{(pid=103159) spawn /opt/stack/glance/glance/async_/__init__.py:106}}
Jul 23 00:15:34.218007 np0000005678 devstack@g-api.service[103159]: [pid: 103159|app: 0|req: 1/5] 127.0.0.1 () {42 vars in 919 bytes} [Thu Jul 23 00:15:33 2026] POST /v2/images/739994fd-708c-4a59-8afa-8062903c1c30/import => generated 0 bytes in 775 msecs (HTTP/1.1 202) 4 headers in 169 bytes (1 switches on core 0)
Jul 23 00:15:34.221045 np0000005678 devstack@g-api.service[103159]: INFO glance.domain [-] Task [d41e0f6c-591d-42b2-8679-5fe1ec61f358] status changing from pending to processing
Jul 23 00:15:34.226695 np0000005678 devstack@g-api.service[103157]: DEBUG glance.api.middleware.version_negotiation [None req-8bb81dbe-3a50-4638-a8ed-f44dc732d3e2 None None] Determining version of request: GET /v2/images/739994fd-708c-4a59-8afa-8062903c1c30 Accept: */* {{(pid=103157) process_request /opt/stack/glance/glance/api/middleware/version_negotiation.py:44}}
Jul 23 00:15:34.227006 np0000005678 devstack@g-api.service[103157]: DEBUG glance.api.middleware.version_negotiation [None req-8bb81dbe-3a50-4638-a8ed-f44dc732d3e2 None None] Using url versioning {{(pid=103157) process_request /opt/stack/glance/glance/api/middleware/version_negotiation.py:57}}
Jul 23 00:15:34.227167 np0000005678 devstack@g-api.service[103157]: DEBUG glance.api.middleware.version_negotiation [None req-8bb81dbe-3a50-4638-a8ed-f44dc732d3e2 None None] Matched version: v2 {{(pid=103157) process_request /opt/stack/glance/glance/api/middleware/version_negotiation.py:69}}
Jul 23 00:15:34.227278 np0000005678 devstack@g-api.service[103157]: DEBUG glance.api.middleware.version_negotiation [None req-8bb81dbe-3a50-4638-a8ed-f44dc732d3e2 None None] new path /v2/images/739994fd-708c-4a59-8afa-8062903c1c30 {{(pid=103157) process_request /opt/stack/glance/glance/api/middleware/version_negotiation.py:70}}
Jul 23 00:15:34.232691 np0000005678 devstack@g-api.service[103159]: DEBUG glance.async_.taskflow_executor [-] Taskflow executor picked up the execution of task ID d41e0f6c-591d-42b2-8679-5fe1ec61f358 of task type api_image_import {{(pid=103159) _run /opt/stack/glance/glance/async_/taskflow_executor.py:175}}
Jul 23 00:15:34.252960 np0000005678 devstack@g-api.service[103159]: DEBUG glance_store.backend [-] Attempting to import store cinder {{(pid=103159) _load_store /opt/stack/data/venv/lib/python3.12/site-packages/glance_store/backend.py:215}}
Jul 23 00:15:34.253122 np0000005678 devstack@g-api.service[103159]: DEBUG glance_store.backend [-] Attempting to import store file {{(pid=103159) _load_store /opt/stack/data/venv/lib/python3.12/site-packages/glance_store/backend.py:215}}
Jul 23 00:15:34.253260 np0000005678 devstack@g-api.service[103159]: DEBUG glance_store.backend [-] Attempting to import store glance.store.cinder.Store {{(pid=103159) _load_store /opt/stack/data/venv/lib/python3.12/site-packages/glance_store/backend.py:215}}
Jul 23 00:15:34.253350 np0000005678 devstack@g-api.service[103159]: DEBUG glance_store.backend [-] Attempting to import store glance.store.filesystem.Store {{(pid=103159) _load_store /opt/stack/data/venv/lib/python3.12/site-packages/glance_store/backend.py:215}}
Jul 23 00:15:34.253380 np0000005678 devstack@g-api.service[103159]: DEBUG glance_store.backend [-] Attempting to import store glance.store.http.Store {{(pid=103159) _load_store /opt/stack/data/venv/lib/python3.12/site-packages/glance_store/backend.py:215}}
Jul 23 00:15:34.253469 np0000005678 devstack@g-api.service[103159]: DEBUG glance_store.backend [-] Attempting to import store glance.store.rbd.Store {{(pid=103159) _load_store /opt/stack/data/venv/lib/python3.12/site-packages/glance_store/backend.py:215}}
Jul 23 00:15:34.253526 np0000005678 devstack@g-api.service[103159]: DEBUG glance_store.backend [-] Attempting to import store glance.store.s3.Store {{(pid=103159) _load_store /opt/stack/data/venv/lib/python3.12/site-packages/glance_store/backend.py:215}}
Jul 23 00:15:34.253570 np0000005678 devstack@g-api.service[103159]: DEBUG glance_store.backend [-] Attempting to import store glance.store.swift.Store {{(pid=103159) _load_store /opt/stack/data/venv/lib/python3.12/site-packages/glance_store/backend.py:215}}
Jul 23 00:15:34.253649 np0000005678 devstack@g-api.service[103159]: DEBUG glance_store.backend [-] Attempting to import store glance.store.vmware_datastore.Store {{(pid=103159) _load_store /opt/stack/data/venv/lib/python3.12/site-packages/glance_store/backend.py:215}}
Jul 23 00:15:34.253719 np0000005678 devstack@g-api.service[103159]: DEBUG glance_store.backend [-] Attempting to import store http {{(pid=103159) _load_store /opt/stack/data/venv/lib/python3.12/site-packages/glance_store/backend.py:215}}
Jul 23 00:15:34.253789 np0000005678 devstack@g-api.service[103159]: DEBUG glance_store.backend [-] Attempting to import store no_conf {{(pid=103159) _load_store /opt/stack/data/venv/lib/python3.12/site-packages/glance_store/backend.py:215}}
Jul 23 00:15:34.253864 np0000005678 devstack@g-api.service[103159]: DEBUG glance_store.backend [-] Attempting to import store rbd {{(pid=103159) _load_store /opt/stack/data/venv/lib/python3.12/site-packages/glance_store/backend.py:215}}
Jul 23 00:15:34.253932 np0000005678 devstack@g-api.service[103159]: DEBUG glance_store.backend [-] Attempting to import store s3 {{(pid=103159) _load_store /opt/stack/data/venv/lib/python3.12/site-packages/glance_store/backend.py:215}}
Jul 23 00:15:34.254022 np0000005678 devstack@g-api.service[103159]: DEBUG glance_store.backend [-] Attempting to import store swift {{(pid=103159) _load_store /opt/stack/data/venv/lib/python3.12/site-packages/glance_store/backend.py:215}}
Jul 23 00:15:34.254145 np0000005678 devstack@g-api.service[103159]: DEBUG glance_store.backend [-] Attempting to import store vmware {{(pid=103159) _load_store /opt/stack/data/venv/lib/python3.12/site-packages/glance_store/backend.py:215}}
Jul 23 00:15:34.254239 np0000005678 devstack@g-api.service[103159]: DEBUG glance_store.backend [-] Registering options for group glance_store {{(pid=103159) register_opts /opt/stack/data/venv/lib/python3.12/site-packages/glance_store/backend.py:144}}
Jul 23 00:15:34.254329 np0000005678 devstack@g-api.service[103159]: DEBUG glance_store.backend [-] Registering options for group glance_store {{(pid=103159) register_opts /opt/stack/data/venv/lib/python3.12/site-packages/glance_store/backend.py:144}}
Jul 23 00:15:34.254563 np0000005678 devstack@g-api.service[103159]: DEBUG glance_store.backend [-] Attempting to import store file {{(pid=103159) _load_store /opt/stack/data/venv/lib/python3.12/site-packages/glance_store/backend.py:215}}
Jul 23 00:15:34.254881 np0000005678 devstack@g-api.service[103159]: DEBUG glance_store.capabilities [-] Store glance_store._drivers.filesystem.Store doesn't support updating dynamic storage capabilities. Please overwrite 'update_capabilities' method of the store to implement updating logics if needed. {{(pid=103159) update_capabilities /opt/stack/data/venv/lib/python3.12/site-packages/glance_store/capabilities.py:91}}
Jul 23 00:15:34.261555 np0000005678 devstack@g-api.service[103159]: DEBUG glance.async_.flows.api_image_import [-] Image 739994fd-708c-4a59-8afa-8062903c1c30 os_glance_importing_to_stores= {{(pid=103159) merge_store_list /opt/stack/glance/glance/async_/flows/api_image_import.py:297}}
Jul 23 00:15:34.261661 np0000005678 devstack@g-api.service[103159]: DEBUG glance.async_.flows.api_image_import [-] Image 739994fd-708c-4a59-8afa-8062903c1c30 os_glance_failed_import= {{(pid=103159) merge_store_list /opt/stack/glance/glance/async_/flows/api_image_import.py:297}}
Jul 23 00:15:34.264249 np0000005678 devstack@g-api.service[103157]: [pid: 103157|app: 0|req: 3/6] 127.0.0.1 () {38 vars in 852 bytes} [Thu Jul 23 00:15:34 2026] GET /v2/images/739994fd-708c-4a59-8afa-8062903c1c30 => generated 879 bytes in 38 msecs (HTTP/1.1 200) 4 headers in 157 bytes (1 switches on core 0)
Jul 23 00:15:34.266143 np0000005678 devstack@g-api.service[103159]: DEBUG glance.async_.flows.api_image_import [-] Image 739994fd-708c-4a59-8afa-8062903c1c30 status changing from uploading to importing {{(pid=103159) __exit__ /opt/stack/glance/glance/async_/flows/api_image_import.py:184}}
Jul 23 00:15:34.746611 np0000005678 devstack@g-api.service[103159]: DEBUG glance.async_ [-] Creating threadpool model 'ThreadPoolExecutor' with size 10 {{(pid=103159) __init__ /opt/stack/glance/glance/async_/__init__.py:100}}
Jul 23 00:15:34.760157 np0000005678 devstack@g-api.service[103159]: DEBUG glance.async_.taskflow_executor [-] Flow 'api_image_import' (72633e77-4907-4463-a8ca-62733df1dc42) transitioned into state 'RUNNING' from state 'PENDING' {{(pid=103159) _flow_receiver /opt/stack/data/venv/lib/python3.12/site-packages/taskflow/listeners/logging.py:160}}
Jul 23 00:15:34.761994 np0000005678 devstack@g-api.service[103159]: DEBUG glance.async_.taskflow_executor [-] Task 'api_image_import-ImageLock-d41e0f6c-591d-42b2-8679-5fe1ec61f358' (c8e45eee-66fc-4444-a242-7aaccb5af771) transitioned into state 'RUNNING' from state 'PENDING' {{(pid=103159) _task_receiver /opt/stack/data/venv/lib/python3.12/site-packages/taskflow/listeners/logging.py:242}}
Jul 23 00:15:34.768992 np0000005678 devstack@g-api.service[103159]: DEBUG glance.async_.flows.api_image_import [-] Image 739994fd-708c-4a59-8afa-8062903c1c30 import task d41e0f6c-591d-42b2-8679-5fe1ec61f358 lock confirmed {{(pid=103159) execute /opt/stack/glance/glance/async_/flows/api_image_import.py:497}}
Jul 23 00:15:34.769719 np0000005678 devstack@g-api.service[103159]: DEBUG glance.async_.taskflow_executor [-] Task 'api_image_import-ImageLock-d41e0f6c-591d-42b2-8679-5fe1ec61f358' (c8e45eee-66fc-4444-a242-7aaccb5af771) transitioned into state 'SUCCESS' from state 'RUNNING' with result 'None' {{(pid=103159) _task_receiver /opt/stack/data/venv/lib/python3.12/site-packages/taskflow/listeners/logging.py:218}}
Jul 23 00:15:34.770478 np0000005678 devstack@g-api.service[103159]: DEBUG glance.async_.taskflow_executor [-] Task 'api_image_import-ConfigureStaging-d41e0f6c-591d-42b2-8679-5fe1ec61f358' (db8a0bfe-7f34-462b-85ad-8e1ac9dc37b5) transitioned into state 'RUNNING' from state 'PENDING' {{(pid=103159) _task_receiver /opt/stack/data/venv/lib/python3.12/site-packages/taskflow/listeners/logging.py:242}}
Jul 23 00:15:34.771135 np0000005678 devstack@g-api.service[103159]: DEBUG glance.async_.taskflow_executor [-] Task 'api_image_import-ConfigureStaging-d41e0f6c-591d-42b2-8679-5fe1ec61f358' (db8a0bfe-7f34-462b-85ad-8e1ac9dc37b5) transitioned into state 'SUCCESS' from state 'RUNNING' with result 'file:///tmp/staging/739994fd-708c-4a59-8afa-8062903c1c30' {{(pid=103159) _task_receiver /opt/stack/data/venv/lib/python3.12/site-packages/taskflow/listeners/logging.py:218}}
Jul 23 00:15:34.771763 np0000005678 devstack@g-api.service[103159]: DEBUG glance.async_.taskflow_executor [-] Task 'api_image_import--ImportToStore-d41e0f6c-591d-42b2-8679-5fe1ec61f358' (906d5d14-413d-40b8-87ae-cad883feb7a4) transitioned into state 'RUNNING' from state 'PENDING' {{(pid=103159) _task_receiver /opt/stack/data/venv/lib/python3.12/site-packages/taskflow/listeners/logging.py:242}}
Jul 23 00:15:34.777665 np0000005678 devstack@g-api.service[103159]: INFO glance.common.scripts.image_import.main [-] Task d41e0f6c-591d-42b2-8679-5fe1ec61f358: Got image data uri file:///tmp/staging/739994fd-708c-4a59-8afa-8062903c1c30 to be imported
Jul 23 00:15:34.779026 np0000005678 devstack@g-api.service[103159]: DEBUG glance.location [-] Enabling in-flight format inspection for qcow2 {{(pid=103159) set_data /opt/stack/glance/glance/location.py:596}}
Jul 23 00:15:34.779449 np0000005678 devstack@g-api.service[103159]: DEBUG glance_store.backend [-] Attempting to import store swift {{(pid=103159) _load_store /opt/stack/data/venv/lib/python3.12/site-packages/glance_store/backend.py:215}}
Jul 23 00:15:34.780691 np0000005678 devstack@g-api.service[103159]: DEBUG glance_store.capabilities [-] Store glance_store._drivers.swift.store.SingleTenantStore doesn't support updating dynamic storage capabilities. Please overwrite 'update_capabilities' method of the store to implement updating logics if needed. {{(pid=103159) update_capabilities /opt/stack/data/venv/lib/python3.12/site-packages/glance_store/capabilities.py:91}}
Jul 23 00:15:34.780742 np0000005678 devstack@g-api.service[103159]: DEBUG glance_store.driver [-] Late loading location class glance_store._drivers.swift.store.StoreLocation {{(pid=103159) get_store_location_class /opt/stack/data/venv/lib/python3.12/site-packages/glance_store/driver.py:134}}
Jul 23 00:15:34.780881 np0000005678 devstack@g-api.service[103159]: DEBUG glance_store.location [-] Registering scheme swift+https with {'store': , 'location_class': , 'store_entry': 'swift'} {{(pid=103159) register_scheme_map /opt/stack/data/venv/lib/python3.12/site-packages/glance_store/location.py:146}}
Jul 23 00:15:34.780881 np0000005678 devstack@g-api.service[103159]: DEBUG glance_store.location [-] Registering scheme swift+https with {'store': , 'location_class': , 'store_entry': 'swift'} {{(pid=103159) register_scheme_map /opt/stack/data/venv/lib/python3.12/site-packages/glance_store/location.py:146}}
Jul 23 00:15:34.780972 np0000005678 devstack@g-api.service[103159]: DEBUG glance_store.location [-] Registering scheme swift with {'store': , 'location_class': , 'store_entry': 'swift'} {{(pid=103159) register_scheme_map /opt/stack/data/venv/lib/python3.12/site-packages/glance_store/location.py:146}}
Jul 23 00:15:34.781024 np0000005678 devstack@g-api.service[103159]: DEBUG glance_store.location [-] Registering scheme swift+https with {'store': , 'location_class': , 'store_entry': 'swift'} {{(pid=103159) register_scheme_map /opt/stack/data/venv/lib/python3.12/site-packages/glance_store/location.py:146}}
Jul 23 00:15:34.781080 np0000005678 devstack@g-api.service[103159]: DEBUG glance_store.location [-] Registering scheme swift with {'store': , 'location_class': , 'store_entry': 'swift'} {{(pid=103159) register_scheme_map /opt/stack/data/venv/lib/python3.12/site-packages/glance_store/location.py:146}}
Jul 23 00:15:34.781112 np0000005678 devstack@g-api.service[103159]: DEBUG glance_store.location [-] Registering scheme swift+http with {'store': , 'location_class': , 'store_entry': 'swift'} {{(pid=103159) register_scheme_map /opt/stack/data/venv/lib/python3.12/site-packages/glance_store/location.py:146}}
Jul 23 00:15:34.781178 np0000005678 devstack@g-api.service[103159]: DEBUG glance_store.location [-] Registering scheme swift+https with {'store': , 'location_class': , 'store_entry': 'swift'} {{(pid=103159) register_scheme_map /opt/stack/data/venv/lib/python3.12/site-packages/glance_store/location.py:146}}
Jul 23 00:15:34.781236 np0000005678 devstack@g-api.service[103159]: DEBUG glance_store.location [-] Registering scheme swift with {'store': , 'location_class': , 'store_entry': 'swift'} {{(pid=103159) register_scheme_map /opt/stack/data/venv/lib/python3.12/site-packages/glance_store/location.py:146}}
Jul 23 00:15:34.781301 np0000005678 devstack@g-api.service[103159]: DEBUG glance_store.location [-] Registering scheme swift+http with {'store': , 'location_class': , 'store_entry': 'swift'} {{(pid=103159) register_scheme_map /opt/stack/data/venv/lib/python3.12/site-packages/glance_store/location.py:146}}
Jul 23 00:15:34.781341 np0000005678 devstack@g-api.service[103159]: DEBUG glance_store.location [-] Registering scheme swift+config with {'store': , 'location_class': , 'store_entry': 'swift'} {{(pid=103159) register_scheme_map /opt/stack/data/venv/lib/python3.12/site-packages/glance_store/location.py:146}}
Jul 23 00:15:35.206489 np0000005678 devstack@g-api.service[103159]: INFO swiftclient [-] REQ: curl -i https://10.4.3.89:8080/v1/AUTH_adc510a6b656402fb36dc55fbf18b2a9/glance -I -H "X-Auth-Token: gAAAAABqYV0mR1hp..."
Jul 23 00:15:35.206563 np0000005678 devstack@g-api.service[103159]: INFO swiftclient [-] RESP STATUS: 404 Not Found
Jul 23 00:15:35.206724 np0000005678 devstack@g-api.service[103159]: INFO swiftclient [-] RESP HEADERS: {'Date': 'Thu, 23 Jul 2026 00:15:35 GMT', 'Server': 'Apache/2.4.58 (Ubuntu)', 'Content-Type': 'text/html; charset=UTF-8', 'X-Trans-Id': 'txa51387d1822146a39346c-006a615d26', 'X-Openstack-Request-Id': 'txa51387d1822146a39346c-006a615d26', 'Connection': 'close'}
Jul 23 00:15:35.206957 np0000005678 devstack@g-api.service[103159]: INFO glance_store._drivers.swift.store [-] Creating swift container glance
Jul 23 00:15:35.258146 np0000005678 devstack@g-api.service[103159]: DEBUG swiftclient [-] REQ: curl -i https://10.4.3.89:8080/v1/AUTH_adc510a6b656402fb36dc55fbf18b2a9/glance -X PUT -H "X-Auth-Token: gAAAAABqYV0mR1hp..." -H "Content-Length: 0" {{(pid=103159) http_log /opt/stack/data/venv/lib/python3.12/site-packages/swiftclient/client.py:160}}
Jul 23 00:15:35.258246 np0000005678 devstack@g-api.service[103159]: DEBUG swiftclient [-] RESP STATUS: 201 Created {{(pid=103159) http_log /opt/stack/data/venv/lib/python3.12/site-packages/swiftclient/client.py:161}}
Jul 23 00:15:35.258393 np0000005678 devstack@g-api.service[103159]: DEBUG swiftclient [-] RESP HEADERS: {'Date': 'Thu, 23 Jul 2026 00:15:35 GMT', 'Server': 'Apache/2.4.58 (Ubuntu)', 'Content-Type': 'text/html; charset=UTF-8', 'Content-Length': '0', 'X-Trans-Id': 'tx6c9ad58a796243d0b429c-006a615d27', 'X-Openstack-Request-Id': 'tx6c9ad58a796243d0b429c-006a615d27', 'Connection': 'close'} {{(pid=103159) http_log /opt/stack/data/venv/lib/python3.12/site-packages/swiftclient/client.py:162}}
Jul 23 00:15:35.258498 np0000005678 devstack@g-api.service[103159]: DEBUG glance_store._drivers.swift.store [-] Adding image object '739994fd-708c-4a59-8afa-8062903c1c30' to Swift {{(pid=103159) add /opt/stack/data/venv/lib/python3.12/site-packages/glance_store/_drivers/swift/store.py:970}}
Jul 23 00:15:35.263816 np0000005678 devstack@g-api.service[103159]: DEBUG oslo_utils.imageutils.format_inspector [-] Format inspector for vmdk does not match, excluding from consideration (Signature KDMV not found: b'QFI\xfb') {{(pid=103159) _process_chunk /opt/stack/data/venv/lib/python3.12/site-packages/oslo_utils/imageutils/format_inspector.py:1758}}
Jul 23 00:15:35.267682 np0000005678 devstack@g-api.service[103159]: DEBUG oslo_utils.imageutils.format_inspector [-] Format inspector for vhdx does not match, excluding from consideration (Region signature not found at 30000) {{(pid=103159) _process_chunk /opt/stack/data/venv/lib/python3.12/site-packages/oslo_utils/imageutils/format_inspector.py:1758}}
Jul 23 00:15:35.558947 np0000005678 devstack@g-api.service[103159]: DEBUG swiftclient [-] REQ: curl -i https://10.4.3.89:8080/v1/AUTH_adc510a6b656402fb36dc55fbf18b2a9/glance/739994fd-708c-4a59-8afa-8062903c1c30 -X PUT -H "X-Auth-Token: gAAAAABqYV0mR1hp..." -H "Content-Length: 21430272" {{(pid=103159) http_log /opt/stack/data/venv/lib/python3.12/site-packages/swiftclient/client.py:160}}
Jul 23 00:15:35.559030 np0000005678 devstack@g-api.service[103159]: DEBUG swiftclient [-] RESP STATUS: 201 Created {{(pid=103159) http_log /opt/stack/data/venv/lib/python3.12/site-packages/swiftclient/client.py:161}}
Jul 23 00:15:35.559166 np0000005678 devstack@g-api.service[103159]: DEBUG swiftclient [-] RESP HEADERS: {'Date': 'Thu, 23 Jul 2026 00:15:35 GMT', 'Server': 'Apache/2.4.58 (Ubuntu)', 'Content-Type': 'text/html; charset=UTF-8', 'Content-Length': '0', 'Etag': 'c8fc807773e5354afe61636071771906', 'Last-Modified': 'Thu, 23 Jul 2026 00:15:36 GMT', 'X-Trans-Id': 'tx68fa510593b7489396651-006a615d27', 'X-Openstack-Request-Id': 'tx68fa510593b7489396651-006a615d27', 'Connection': 'close'} {{(pid=103159) http_log /opt/stack/data/venv/lib/python3.12/site-packages/swiftclient/client.py:162}}
Jul 23 00:15:35.572013 np0000005678 devstack@g-api.service[103159]: INFO glance.location [-] Image format matched and virtual size computed: 117440512
Jul 23 00:15:35.578828 np0000005678 devstack@g-api.service[103159]: DEBUG glance.async_.flows.api_image_import [-] Image 739994fd-708c-4a59-8afa-8062903c1c30 status changing from importing to active {{(pid=103159) __exit__ /opt/stack/glance/glance/async_/flows/api_image_import.py:184}}
Jul 23 00:15:35.600827 np0000005678 devstack@g-api.service[103159]: DEBUG glance_store.backend [-] Attempting to import store swift {{(pid=103159) _load_store /opt/stack/data/venv/lib/python3.12/site-packages/glance_store/backend.py:215}}
Jul 23 00:15:35.601989 np0000005678 devstack@g-api.service[103159]: DEBUG glance_store.capabilities [-] Store glance_store._drivers.swift.store.SingleTenantStore doesn't support updating dynamic storage capabilities. Please overwrite 'update_capabilities' method of the store to implement updating logics if needed. {{(pid=103159) update_capabilities /opt/stack/data/venv/lib/python3.12/site-packages/glance_store/capabilities.py:91}}
Jul 23 00:15:35.602067 np0000005678 devstack@g-api.service[103159]: DEBUG glance_store.driver [-] Late loading location class glance_store._drivers.swift.store.StoreLocation {{(pid=103159) get_store_location_class /opt/stack/data/venv/lib/python3.12/site-packages/glance_store/driver.py:134}}
Jul 23 00:15:35.602149 np0000005678 devstack@g-api.service[103159]: DEBUG glance_store.location [-] Registering scheme swift+https with {'store': , 'location_class': , 'store_entry': 'swift'} {{(pid=103159) register_scheme_map /opt/stack/data/venv/lib/python3.12/site-packages/glance_store/location.py:146}}
Jul 23 00:15:35.602215 np0000005678 devstack@g-api.service[103159]: DEBUG glance_store.location [-] Registering scheme swift+https with {'store': , 'location_class': , 'store_entry': 'swift'} {{(pid=103159) register_scheme_map /opt/stack/data/venv/lib/python3.12/site-packages/glance_store/location.py:146}}
Jul 23 00:15:35.602276 np0000005678 devstack@g-api.service[103159]: DEBUG glance_store.location [-] Registering scheme swift with {'store': , 'location_class': , 'store_entry': 'swift'} {{(pid=103159) register_scheme_map /opt/stack/data/venv/lib/python3.12/site-packages/glance_store/location.py:146}}
Jul 23 00:15:35.602381 np0000005678 devstack@g-api.service[103159]: DEBUG glance_store.location [-] Registering scheme swift+https with {'store': , 'location_class': , 'store_entry': 'swift'} {{(pid=103159) register_scheme_map /opt/stack/data/venv/lib/python3.12/site-packages/glance_store/location.py:146}}
Jul 23 00:15:35.602461 np0000005678 devstack@g-api.service[103159]: DEBUG glance_store.location [-] Registering scheme swift with {'store': , 'location_class': , 'store_entry': 'swift'} {{(pid=103159) register_scheme_map /opt/stack/data/venv/lib/python3.12/site-packages/glance_store/location.py:146}}
Jul 23 00:15:35.602528 np0000005678 devstack@g-api.service[103159]: DEBUG glance_store.location [-] Registering scheme swift+http with {'store': , 'location_class': , 'store_entry': 'swift'} {{(pid=103159) register_scheme_map /opt/stack/data/venv/lib/python3.12/site-packages/glance_store/location.py:146}}
Jul 23 00:15:35.602583 np0000005678 devstack@g-api.service[103159]: DEBUG glance_store.location [-] Registering scheme swift+https with {'store': , 'location_class': , 'store_entry': 'swift'} {{(pid=103159) register_scheme_map /opt/stack/data/venv/lib/python3.12/site-packages/glance_store/location.py:146}}
