Jul 23 00:21:39.880443 np0000005678 devstack@g-api.service[103157]: DEBUG glance.api.middleware.version_negotiation [None req-f562fc0f-44e2-4228-9c2d-926a025c713a tempest-VolumesImageMetadata-1770837021 tempest-VolumesImageMetadata-1770837021-project-member] Matched version: v2 {{(pid=103157) process_request /opt/stack/glance/glance/api/middleware/version_negotiation.py:69}}
Jul 23 00:21:39.880529 np0000005678 devstack@g-api.service[103157]: DEBUG glance.api.middleware.version_negotiation [None req-f562fc0f-44e2-4228-9c2d-926a025c713a tempest-VolumesImageMetadata-1770837021 tempest-VolumesImageMetadata-1770837021-project-member] new path /v2/images/a3a20f9c-0b5d-43d7-8691-5a2497ae97c3 {{(pid=103157) process_request /opt/stack/glance/glance/api/middleware/version_negotiation.py:70}}
Jul 23 00:21:39.891122 np0000005678 devstack@g-api.service[103157]: WARNING glance.api.v2.images [None req-ab13163c-ce86-47b8-b064-c624b2aecbd8 tempest-TestInstancesWithCinderVolumes-1766985278 tempest-TestInstancesWithCinderVolumes-1766985278-project-member] After upload to backend, deletion of staged image data has failed because it cannot be found at /tmp/staging//a3a20f9c-0b5d-43d7-8691-5a2497ae97c3
Jul 23 00:21:39.891901 np0000005678 devstack@g-api.service[103157]: DEBUG glance_store.backend [None req-ab13163c-ce86-47b8-b064-c624b2aecbd8 tempest-TestInstancesWithCinderVolumes-1766985278 tempest-TestInstancesWithCinderVolumes-1766985278-project-member] Attempting to import store swift {{(pid=103157) _load_store /opt/stack/data/venv/lib/python3.12/site-packages/glance_store/backend.py:215}}
Jul 23 00:21:39.893986 np0000005678 devstack@g-api.service[103157]: DEBUG glance_store.capabilities [None req-ab13163c-ce86-47b8-b064-c624b2aecbd8 tempest-TestInstancesWithCinderVolumes-1766985278 tempest-TestInstancesWithCinderVolumes-1766985278-project-member] Store glance_store._drivers.swift.store.SingleTenantStore doesn't support updating dynamic storage capabilities. Please overwrite 'update_capabilities' method of the store to implement updating logics if needed. {{(pid=103157) update_capabilities /opt/stack/data/venv/lib/python3.12/site-packages/glance_store/capabilities.py:91}}
Jul 23 00:21:39.894237 np0000005678 devstack@g-api.service[103157]: DEBUG glance_store.driver [None req-ab13163c-ce86-47b8-b064-c624b2aecbd8 tempest-TestInstancesWithCinderVolumes-1766985278 tempest-TestInstancesWithCinderVolumes-1766985278-project-member] Late loading location class glance_store._drivers.swift.store.StoreLocation {{(pid=103157) get_store_location_class /opt/stack/data/venv/lib/python3.12/site-packages/glance_store/driver.py:134}}
Jul 23 00:21:39.894237 np0000005678 devstack@g-api.service[103157]: DEBUG glance_store.location [None req-ab13163c-ce86-47b8-b064-c624b2aecbd8 tempest-TestInstancesWithCinderVolumes-1766985278 tempest-TestInstancesWithCinderVolumes-1766985278-project-member] Registering scheme swift+https with {'store': , 'location_class': , 'store_entry': 'swift'} {{(pid=103157) register_scheme_map /opt/stack/data/venv/lib/python3.12/site-packages/glance_store/location.py:146}}
Jul 23 00:21:39.894441 np0000005678 devstack@g-api.service[103157]: DEBUG glance_store.location [None req-ab13163c-ce86-47b8-b064-c624b2aecbd8 tempest-TestInstancesWithCinderVolumes-1766985278 tempest-TestInstancesWithCinderVolumes-1766985278-project-member] Registering scheme swift+https with {'store': , 'location_class': , 'store_entry': 'swift'} {{(pid=103157) register_scheme_map /opt/stack/data/venv/lib/python3.12/site-packages/glance_store/location.py:146}}
Jul 23 00:21:39.894441 np0000005678 devstack@g-api.service[103157]: DEBUG glance_store.location [None req-ab13163c-ce86-47b8-b064-c624b2aecbd8 tempest-TestInstancesWithCinderVolumes-1766985278 tempest-TestInstancesWithCinderVolumes-1766985278-project-member] Registering scheme swift with {'store': , 'location_class': , 'store_entry': 'swift'} {{(pid=103157) register_scheme_map /opt/stack/data/venv/lib/python3.12/site-packages/glance_store/location.py:146}}
Jul 23 00:21:39.894603 np0000005678 devstack@g-api.service[103157]: DEBUG glance_store.location [None req-ab13163c-ce86-47b8-b064-c624b2aecbd8 tempest-TestInstancesWithCinderVolumes-1766985278 tempest-TestInstancesWithCinderVolumes-1766985278-project-member] Registering scheme swift+https with {'store': , 'location_class': , 'store_entry': 'swift'} {{(pid=103157) register_scheme_map /opt/stack/data/venv/lib/python3.12/site-packages/glance_store/location.py:146}}
Jul 23 00:21:39.894635 np0000005678 devstack@g-api.service[103157]: DEBUG glance_store.location [None req-ab13163c-ce86-47b8-b064-c624b2aecbd8 tempest-TestInstancesWithCinderVolumes-1766985278 tempest-TestInstancesWithCinderVolumes-1766985278-project-member] Registering scheme swift with {'store': , 'location_class': , 'store_entry': 'swift'} {{(pid=103157) register_scheme_map /opt/stack/data/venv/lib/python3.12/site-packages/glance_store/location.py:146}}
Jul 23 00:21:39.894748 np0000005678 devstack@g-api.service[103157]: DEBUG glance_store.location [None req-ab13163c-ce86-47b8-b064-c624b2aecbd8 tempest-TestInstancesWithCinderVolumes-1766985278 tempest-TestInstancesWithCinderVolumes-1766985278-project-member] Registering scheme swift+http with {'store': , 'location_class': , 'store_entry': 'swift'} {{(pid=103157) register_scheme_map /opt/stack/data/venv/lib/python3.12/site-packages/glance_store/location.py:146}}
Jul 23 00:21:39.894850 np0000005678 devstack@g-api.service[103157]: DEBUG glance_store.location [None req-ab13163c-ce86-47b8-b064-c624b2aecbd8 tempest-TestInstancesWithCinderVolumes-1766985278 tempest-TestInstancesWithCinderVolumes-1766985278-project-member] Registering scheme swift+https with {'store': , 'location_class': , 'store_entry': 'swift'} {{(pid=103157) register_scheme_map /opt/stack/data/venv/lib/python3.12/site-packages/glance_store/location.py:146}}
Jul 23 00:21:39.894965 np0000005678 devstack@g-api.service[103157]: DEBUG glance_store.location [None req-ab13163c-ce86-47b8-b064-c624b2aecbd8 tempest-TestInstancesWithCinderVolumes-1766985278 tempest-TestInstancesWithCinderVolumes-1766985278-project-member] Registering scheme swift with {'store': , 'location_class': , 'store_entry': 'swift'} {{(pid=103157) register_scheme_map /opt/stack/data/venv/lib/python3.12/site-packages/glance_store/location.py:146}}
Jul 23 00:21:39.895076 np0000005678 devstack@g-api.service[103157]: DEBUG glance_store.location [None req-ab13163c-ce86-47b8-b064-c624b2aecbd8 tempest-TestInstancesWithCinderVolumes-1766985278 tempest-TestInstancesWithCinderVolumes-1766985278-project-member] Registering scheme swift+http with {'store': , 'location_class': , 'store_entry': 'swift'} {{(pid=103157) register_scheme_map /opt/stack/data/venv/lib/python3.12/site-packages/glance_store/location.py:146}}
Jul 23 00:21:39.895179 np0000005678 devstack@g-api.service[103157]: DEBUG glance_store.location [None req-ab13163c-ce86-47b8-b064-c624b2aecbd8 tempest-TestInstancesWithCinderVolumes-1766985278 tempest-TestInstancesWithCinderVolumes-1766985278-project-member] Registering scheme swift+config with {'store': , 'location_class': , 'store_entry': 'swift'} {{(pid=103157) register_scheme_map /opt/stack/data/venv/lib/python3.12/site-packages/glance_store/location.py:146}}
Jul 23 00:21:39.895949 np0000005678 devstack@g-api.service[103157]: DEBUG keystoneclient.auth.identity.v3.base [None req-ab13163c-ce86-47b8-b064-c624b2aecbd8 tempest-TestInstancesWithCinderVolumes-1766985278 tempest-TestInstancesWithCinderVolumes-1766985278-project-member] Making authentication request to https://10.4.3.89/identity/v3/auth/tokens {{(pid=103157) get_auth_ref /opt/stack/data/venv/lib/python3.12/site-packages/keystoneclient/auth/identity/v3/base.py:185}}
Jul 23 00:21:39.920541 np0000005678 devstack@g-api.service[103160]: [pid: 103160|app: 0|req: 71/285] 127.0.0.1 () {40 vars in 834 bytes} [Thu Jul 23 00:21:39 2026] GET /v2/images/5d5cbb40-a73c-478a-be08-c5688c235927 => generated 1044 bytes in 164 msecs (HTTP/1.1 200) 4 headers in 158 bytes (1 switches on core 0)
Jul 23 00:21:39.940722 np0000005678 devstack@g-api.service[103159]: DEBUG glance.api.middleware.version_negotiation [None req-978c5b33-c757-4c8f-89ee-38e816819c8b tempest-AttachVolumeShelveTestJSON-1188737891 tempest-AttachVolumeShelveTestJSON-1188737891-project-member] Determining version of request: GET /v2/images/5d5cbb40-a73c-478a-be08-c5688c235927 Accept: */* {{(pid=103159) process_request /opt/stack/glance/glance/api/middleware/version_negotiation.py:44}}
Jul 23 00:21:39.941058 np0000005678 devstack@g-api.service[103159]: DEBUG glance.api.middleware.version_negotiation [None req-978c5b33-c757-4c8f-89ee-38e816819c8b tempest-AttachVolumeShelveTestJSON-1188737891 tempest-AttachVolumeShelveTestJSON-1188737891-project-member] Using url versioning {{(pid=103159) process_request /opt/stack/glance/glance/api/middleware/version_negotiation.py:57}}
Jul 23 00:21:39.941058 np0000005678 devstack@g-api.service[103159]: DEBUG glance.api.middleware.version_negotiation [None req-978c5b33-c757-4c8f-89ee-38e816819c8b tempest-AttachVolumeShelveTestJSON-1188737891 tempest-AttachVolumeShelveTestJSON-1188737891-project-member] Matched version: v2 {{(pid=103159) process_request /opt/stack/glance/glance/api/middleware/version_negotiation.py:69}}
Jul 23 00:21:39.941058 np0000005678 devstack@g-api.service[103159]: DEBUG glance.api.middleware.version_negotiation [None req-978c5b33-c757-4c8f-89ee-38e816819c8b tempest-AttachVolumeShelveTestJSON-1188737891 tempest-AttachVolumeShelveTestJSON-1188737891-project-member] new path /v2/images/5d5cbb40-a73c-478a-be08-c5688c235927 {{(pid=103159) process_request /opt/stack/glance/glance/api/middleware/version_negotiation.py:70}}
Jul 23 00:21:39.958110 np0000005678 devstack@g-api.service[103159]: [pid: 103159|app: 0|req: 71/286] 127.0.0.1 () {44 vars in 1111 bytes} [Thu Jul 23 00:21:39 2026] GET /v2/images/5d5cbb40-a73c-478a-be08-c5688c235927 => generated 1044 bytes in 17 msecs (HTTP/1.1 200) 4 headers in 158 bytes (1 switches on core 0)
Jul 23 00:21:39.964834 np0000005678 devstack@g-api.service[103157]: DEBUG keystoneclient.auth.identity.v3.base [None req-ab13163c-ce86-47b8-b064-c624b2aecbd8 tempest-TestInstancesWithCinderVolumes-1766985278 tempest-TestInstancesWithCinderVolumes-1766985278-project-member] {"token": {"methods": ["password"], "user": {"domain": {"id": "default", "name": "Default"}, "id": "b873ac9061f84772a13c9cde4f79edf1", "name": "glance-swift", "password_expires_at": null}, "audit_ids": ["S-6XySWyQHaLVzsj4Rl_0Q"], "expires_at": "2026-07-23T01:21:39.000000Z", "issued_at": "2026-07-23T00:21:39.000000Z", "project": {"domain": {"id": "default", "name": "Default"}, "id": "adc510a6b656402fb36dc55fbf18b2a9", "name": "service"}, "is_domain": false, "roles": [{"id": "9239615f58334fa18f58d0e40b41057d", "name": "ResellerAdmin"}, {"id": "2cd284b966e643f1b76ff19694b3942d", "name": "service"}], "catalog": [{"endpoints": [{"id": "cfe7977eece24b09982f2e99b0748797", "interface": "public", "region_id": "RegionOne", "url": "https://10.4.3.89/networking", "region": "RegionOne"}], "id": "08f5f14b5d494e41a23f2e545be4dc24", "type": "network", "name": "neutron"}, {"endpoints": [{"id": "922a2d1e2f8b4f67a693d589cb359cfa", "interface": "admin", "region_id": "RegionOne", "url": "https://10.4.3.89:8080", "region": "RegionOne"}, {"id": "da5392f37e4a40a197190afed4b87259", "interface": "public", "region_id": "RegionOne", "url": "https://10.4.3.89:8080/v1/AUTH_adc510a6b656402fb36dc55fbf18b2a9", "region": "RegionOne"}], "id": "402b21ee750b49fcbe32f79caca4c6f7", "type": "object-store", "name": "swift"}, {"endpoints": [{"id": "4c3553f3419f41ad98f4313d58c9f1e1", "interface": "public", "region_id": "RegionOne", "url": "https://10.4.3.89/identity", "region": "RegionOne"}], "id": "4ed5f9ab727b4fb0b28f1347bae90fa8", "type": "identity", "name": "keystone"}, {"endpoints": [{"id": "bc6a3922ffc142f38ee286a47f5fb03e", "interface": "public", "region_id": "RegionOne", "url": "https://10.4.3.89/compute/v2.1", "region": "RegionOne"}], "id": "63b67c02da874519ae8036fb758479ae", "type": "compute", "name": "nova"}, {"endpoints": [{"id": "99f678eea8b744b0b84d5715350a729a", "interface": "public", "region_id": "RegionOne", "url": "https://10.4.3.89/volume/v3", "region": "RegionOne"}], "id": "85bc874d258b4516907447b343db96e7", "type": "block-storage", "name": "cinder"}, {"endpoints": [{"id": "78421829eba6461ebad54bab83d49944", "interface": "public", "region_id": "RegionOne", "url": "https://10.4.3.89/image", "region": "RegionOne"}], "id": "b4c6546e0d2244ba81ca47297937de22", "type": "image", "name": "glance"}, {"endpoints": [{"id": "c25b556cad8143d4ab0c6dc8fbe206e3", "interface": "public", "region_id": "RegionOne", "url": "https://10.4.3.89/compute/v2/adc510a6b656402fb36dc55fbf18b2a9", "region": "RegionOne"}], "id": "c201be169ca241cdb39c967ada1f491b", "type": "compute_legacy", "name": "nova_legacy"}, {"endpoints": [{"id": "e7d8af8077d54ecfbdf97b830dfba950", "interface": "public", "region_id": "RegionOne", "url": "https://10.4.3.89/placement", "region": "RegionOne"}], "id": "fe0937e381d940dc800351c7f5cfb6e5", "type": "placement", "name": "placement"}]}} {{(pid=103157) get_auth_ref /opt/stack/data/venv/lib/python3.12/site-packages/keystoneclient/auth/identity/v3/base.py:190}}
Jul 23 00:21:39.965232 np0000005678 devstack@g-api.service[103157]: DEBUG keystoneclient.httpclient [None req-ab13163c-ce86-47b8-b064-c624b2aecbd8 tempest-TestInstancesWithCinderVolumes-1766985278 tempest-TestInstancesWithCinderVolumes-1766985278-project-member] Failed to find endpoint for management url admin endpoint for identity service not found {{(pid=103157) _process_management_url /opt/stack/data/venv/lib/python3.12/site-packages/keystoneclient/httpclient.py:670}}
Jul 23 00:21:39.965564 np0000005678 devstack@g-api.service[103158]: DEBUG glance.api.middleware.version_negotiation [None req-978c5b33-c757-4c8f-89ee-38e816819c8b tempest-AttachVolumeShelveTestJSON-1188737891 tempest-AttachVolumeShelveTestJSON-1188737891-project-member] Determining version of request: GET /v2/schemas/image Accept: */* {{(pid=103158) process_request /opt/stack/glance/glance/api/middleware/version_negotiation.py:44}}
Jul 23 00:21:39.965564 np0000005678 devstack@g-api.service[103158]: DEBUG glance.api.middleware.version_negotiation [None req-978c5b33-c757-4c8f-89ee-38e816819c8b tempest-AttachVolumeShelveTestJSON-1188737891 tempest-AttachVolumeShelveTestJSON-1188737891-project-member] Using url versioning {{(pid=103158) process_request /opt/stack/glance/glance/api/middleware/version_negotiation.py:57}}
Jul 23 00:21:39.965914 np0000005678 devstack@g-api.service[103158]: DEBUG glance.api.middleware.version_negotiation [None req-978c5b33-c757-4c8f-89ee-38e816819c8b tempest-AttachVolumeShelveTestJSON-1188737891 tempest-AttachVolumeShelveTestJSON-1188737891-project-member] Matched version: v2 {{(pid=103158) process_request /opt/stack/glance/glance/api/middleware/version_negotiation.py:69}}
Jul 23 00:21:39.965914 np0000005678 devstack@g-api.service[103158]: DEBUG glance.api.middleware.version_negotiation [None req-978c5b33-c757-4c8f-89ee-38e816819c8b tempest-AttachVolumeShelveTestJSON-1188737891 tempest-AttachVolumeShelveTestJSON-1188737891-project-member] new path /v2/schemas/image {{(pid=103158) process_request /opt/stack/glance/glance/api/middleware/version_negotiation.py:70}}
Jul 23 00:21:39.968812 np0000005678 devstack@g-api.service[103158]: [pid: 103158|app: 0|req: 73/287] 127.0.0.1 () {44 vars in 1051 bytes} [Thu Jul 23 00:21:39 2026] GET /v2/schemas/image => generated 6083 bytes in 3 msecs (HTTP/1.1 200) 4 headers in 158 bytes (1 switches on core 0)
Jul 23 00:21:39.980439 np0000005678 devstack@g-api.service[103160]: DEBUG glance.api.middleware.version_negotiation [None req-c5206007-7f6e-4513-a703-ccd08e6cbfc6 tempest-VolumesExtendTest-1737906542 tempest-VolumesExtendTest-1737906542-project-member] Determining version of request: GET /v2/schemas/image Accept: */* {{(pid=103160) process_request /opt/stack/glance/glance/api/middleware/version_negotiation.py:44}}
Jul 23 00:21:39.980659 np0000005678 devstack@g-api.service[103160]: DEBUG glance.api.middleware.version_negotiation [None req-c5206007-7f6e-4513-a703-ccd08e6cbfc6 tempest-VolumesExtendTest-1737906542 tempest-VolumesExtendTest-1737906542-project-member] Using url versioning {{(pid=103160) process_request /opt/stack/glance/glance/api/middleware/version_negotiation.py:57}}
Jul 23 00:21:39.980826 np0000005678 devstack@g-api.service[103160]: DEBUG glance.api.middleware.version_negotiation [None req-c5206007-7f6e-4513-a703-ccd08e6cbfc6 tempest-VolumesExtendTest-1737906542 tempest-VolumesExtendTest-1737906542-project-member] Matched version: v2 {{(pid=103160) process_request /opt/stack/glance/glance/api/middleware/version_negotiation.py:69}}
Jul 23 00:21:39.980959 np0000005678 devstack@g-api.service[103160]: DEBUG glance.api.middleware.version_negotiation [None req-c5206007-7f6e-4513-a703-ccd08e6cbfc6 tempest-VolumesExtendTest-1737906542 tempest-VolumesExtendTest-1737906542-project-member] new path /v2/schemas/image {{(pid=103160) process_request /opt/stack/glance/glance/api/middleware/version_negotiation.py:70}}
Jul 23 00:21:39.986636 np0000005678 devstack@g-api.service[103160]: [pid: 103160|app: 0|req: 72/288] 127.0.0.1 () {44 vars in 1051 bytes} [Thu Jul 23 00:21:39 2026] GET /v2/schemas/image => generated 6083 bytes in 6 msecs (HTTP/1.1 200) 4 headers in 158 bytes (1 switches on core 0)
Jul 23 00:21:39.993976 np0000005678 devstack@g-api.service[103159]: DEBUG glance.api.middleware.version_negotiation [None req-f388a227-63ed-46e8-935e-2619d05cda1b tempest-VolumesExtendTest-1737906542 tempest-VolumesExtendTest-1737906542-project-member] Determining version of request: GET /v2/images/5d5cbb40-a73c-478a-be08-c5688c235927 Accept: */* {{(pid=103159) process_request /opt/stack/glance/glance/api/middleware/version_negotiation.py:44}}
Jul 23 00:21:39.994243 np0000005678 devstack@g-api.service[103159]: DEBUG glance.api.middleware.version_negotiation [None req-f388a227-63ed-46e8-935e-2619d05cda1b tempest-VolumesExtendTest-1737906542 tempest-VolumesExtendTest-1737906542-project-member] Using url versioning {{(pid=103159) process_request /opt/stack/glance/glance/api/middleware/version_negotiation.py:57}}
Jul 23 00:21:39.994706 np0000005678 devstack@g-api.service[103159]: DEBUG glance.api.middleware.version_negotiation [None req-f388a227-63ed-46e8-935e-2619d05cda1b tempest-VolumesExtendTest-1737906542 tempest-VolumesExtendTest-1737906542-project-member] Matched version: v2 {{(pid=103159) process_request /opt/stack/glance/glance/api/middleware/version_negotiation.py:69}}
Jul 23 00:21:39.994888 np0000005678 devstack@g-api.service[103159]: DEBUG glance.api.middleware.version_negotiation [None req-f388a227-63ed-46e8-935e-2619d05cda1b tempest-VolumesExtendTest-1737906542 tempest-VolumesExtendTest-1737906542-project-member] new path /v2/images/5d5cbb40-a73c-478a-be08-c5688c235927 {{(pid=103159) process_request /opt/stack/glance/glance/api/middleware/version_negotiation.py:70}}
Jul 23 00:21:40.005129 np0000005678 devstack@g-api.service[103159]: [pid: 103159|app: 0|req: 72/289] 127.0.0.1 () {44 vars in 1111 bytes} [Thu Jul 23 00:21:39 2026] GET /v2/images/5d5cbb40-a73c-478a-be08-c5688c235927 => generated 1044 bytes in 11 msecs (HTTP/1.1 200) 4 headers in 158 bytes (1 switches on core 0)
Jul 23 00:21:40.013063 np0000005678 devstack@g-api.service[103158]: DEBUG glance.api.middleware.version_negotiation [None req-f388a227-63ed-46e8-935e-2619d05cda1b tempest-VolumesExtendTest-1737906542 tempest-VolumesExtendTest-1737906542-project-member] Determining version of request: GET /v2/schemas/image Accept: */* {{(pid=103158) process_request /opt/stack/glance/glance/api/middleware/version_negotiation.py:44}}
Jul 23 00:21:40.013265 np0000005678 devstack@g-api.service[103158]: DEBUG glance.api.middleware.version_negotiation [None req-f388a227-63ed-46e8-935e-2619d05cda1b tempest-VolumesExtendTest-1737906542 tempest-VolumesExtendTest-1737906542-project-member] Using url versioning {{(pid=103158) process_request /opt/stack/glance/glance/api/middleware/version_negotiation.py:57}}
Jul 23 00:21:40.013499 np0000005678 devstack@g-api.service[103158]: DEBUG glance.api.middleware.version_negotiation [None req-f388a227-63ed-46e8-935e-2619d05cda1b tempest-VolumesExtendTest-1737906542 tempest-VolumesExtendTest-1737906542-project-member] Matched version: v2 {{(pid=103158) process_request /opt/stack/glance/glance/api/middleware/version_negotiation.py:69}}
Jul 23 00:21:40.013630 np0000005678 devstack@g-api.service[103158]: DEBUG glance.api.middleware.version_negotiation [None req-f388a227-63ed-46e8-935e-2619d05cda1b tempest-VolumesExtendTest-1737906542 tempest-VolumesExtendTest-1737906542-project-member] new path /v2/schemas/image {{(pid=103158) process_request /opt/stack/glance/glance/api/middleware/version_negotiation.py:70}}
Jul 23 00:21:40.015866 np0000005678 devstack@g-api.service[103158]: [pid: 103158|app: 0|req: 74/290] 127.0.0.1 () {44 vars in 1051 bytes} [Thu Jul 23 00:21:40 2026] GET /v2/schemas/image => generated 6083 bytes in 3 msecs (HTTP/1.1 200) 4 headers in 158 bytes (1 switches on core 0)
Jul 23 00:21:40.023627 np0000005678 devstack@g-api.service[103160]: DEBUG glance.api.middleware.version_negotiation [None req-f388a227-63ed-46e8-935e-2619d05cda1b tempest-VolumesExtendTest-1737906542 tempest-VolumesExtendTest-1737906542-project-member] Determining version of request: GET /v2/schemas/image Accept: */* {{(pid=103160) process_request /opt/stack/glance/glance/api/middleware/version_negotiation.py:44}}
Jul 23 00:21:40.023825 np0000005678 devstack@g-api.service[103160]: DEBUG glance.api.middleware.version_negotiation [None req-f388a227-63ed-46e8-935e-2619d05cda1b tempest-VolumesExtendTest-1737906542 tempest-VolumesExtendTest-1737906542-project-member] Using url versioning {{(pid=103160) process_request /opt/stack/glance/glance/api/middleware/version_negotiation.py:57}}
Jul 23 00:21:40.023992 np0000005678 devstack@g-api.service[103160]: DEBUG glance.api.middleware.version_negotiation [None req-f388a227-63ed-46e8-935e-2619d05cda1b tempest-VolumesExtendTest-1737906542 tempest-VolumesExtendTest-1737906542-project-member] Matched version: v2 {{(pid=103160) process_request /opt/stack/glance/glance/api/middleware/version_negotiation.py:69}}
Jul 23 00:21:40.024122 np0000005678 devstack@g-api.service[103160]: DEBUG glance.api.middleware.version_negotiation [None req-f388a227-63ed-46e8-935e-2619d05cda1b tempest-VolumesExtendTest-1737906542 tempest-VolumesExtendTest-1737906542-project-member] new path /v2/schemas/image {{(pid=103160) process_request /opt/stack/glance/glance/api/middleware/version_negotiation.py:70}}
Jul 23 00:21:40.029328 np0000005678 devstack@g-api.service[103160]: [pid: 103160|app: 0|req: 73/291] 127.0.0.1 () {44 vars in 1051 bytes} [Thu Jul 23 00:21:40 2026] GET /v2/schemas/image => generated 6083 bytes in 6 msecs (HTTP/1.1 200) 4 headers in 158 bytes (1 switches on core 0)
Jul 23 00:21:40.051308 np0000005678 devstack@g-api.service[103159]: DEBUG glance.api.middleware.version_negotiation [None req-f388a227-63ed-46e8-935e-2619d05cda1b tempest-VolumesExtendTest-1737906542 tempest-VolumesExtendTest-1737906542-project-member] Determining version of request: GET /v2/images/5d5cbb40-a73c-478a-be08-c5688c235927 Accept: */* {{(pid=103159) process_request /opt/stack/glance/glance/api/middleware/version_negotiation.py:44}}
Jul 23 00:21:40.051589 np0000005678 devstack@g-api.service[103159]: DEBUG glance.api.middleware.version_negotiation [None req-f388a227-63ed-46e8-935e-2619d05cda1b tempest-VolumesExtendTest-1737906542 tempest-VolumesExtendTest-1737906542-project-member] Using url versioning {{(pid=103159) process_request /opt/stack/glance/glance/api/middleware/version_negotiation.py:57}}
Jul 23 00:21:40.051769 np0000005678 devstack@g-api.service[103159]: DEBUG glance.api.middleware.version_negotiation [None req-f388a227-63ed-46e8-935e-2619d05cda1b tempest-VolumesExtendTest-1737906542 tempest-VolumesExtendTest-1737906542-project-member] Matched version: v2 {{(pid=103159) process_request /opt/stack/glance/glance/api/middleware/version_negotiation.py:69}}
Jul 23 00:21:40.051914 np0000005678 devstack@g-api.service[103159]: DEBUG glance.api.middleware.version_negotiation [None req-f388a227-63ed-46e8-935e-2619d05cda1b tempest-VolumesExtendTest-1737906542 tempest-VolumesExtendTest-1737906542-project-member] new path /v2/images/5d5cbb40-a73c-478a-be08-c5688c235927 {{(pid=103159) process_request /opt/stack/glance/glance/api/middleware/version_negotiation.py:70}}
Jul 23 00:21:40.064318 np0000005678 devstack@g-api.service[103159]: [pid: 103159|app: 0|req: 73/292] 127.0.0.1 () {44 vars in 1111 bytes} [Thu Jul 23 00:21:40 2026] GET /v2/images/5d5cbb40-a73c-478a-be08-c5688c235927 => generated 1044 bytes in 13 msecs (HTTP/1.1 200) 4 headers in 158 bytes (1 switches on core 0)
Jul 23 00:21:40.074771 np0000005678 devstack@g-api.service[103158]: DEBUG glance.api.middleware.version_negotiation [None req-f388a227-63ed-46e8-935e-2619d05cda1b tempest-VolumesExtendTest-1737906542 tempest-VolumesExtendTest-1737906542-project-member] Determining version of request: GET /v2/schemas/image Accept: */* {{(pid=103158) process_request /opt/stack/glance/glance/api/middleware/version_negotiation.py:44}}
Jul 23 00:21:40.074969 np0000005678 devstack@g-api.service[103158]: DEBUG glance.api.middleware.version_negotiation [None req-f388a227-63ed-46e8-935e-2619d05cda1b tempest-VolumesExtendTest-1737906542 tempest-VolumesExtendTest-1737906542-project-member] Using url versioning {{(pid=103158) process_request /opt/stack/glance/glance/api/middleware/version_negotiation.py:57}}
Jul 23 00:21:40.075128 np0000005678 devstack@g-api.service[103158]: DEBUG glance.api.middleware.version_negotiation [None req-f388a227-63ed-46e8-935e-2619d05cda1b tempest-VolumesExtendTest-1737906542 tempest-VolumesExtendTest-1737906542-project-member] Matched version: v2 {{(pid=103158) process_request /opt/stack/glance/glance/api/middleware/version_negotiation.py:69}}
Jul 23 00:21:40.075256 np0000005678 devstack@g-api.service[103158]: DEBUG glance.api.middleware.version_negotiation [None req-f388a227-63ed-46e8-935e-2619d05cda1b tempest-VolumesExtendTest-1737906542 tempest-VolumesExtendTest-1737906542-project-member] new path /v2/schemas/image {{(pid=103158) process_request /opt/stack/glance/glance/api/middleware/version_negotiation.py:70}}
Jul 23 00:21:40.077625 np0000005678 devstack@g-api.service[103158]: [pid: 103158|app: 0|req: 75/293] 127.0.0.1 () {44 vars in 1051 bytes} [Thu Jul 23 00:21:40 2026] GET /v2/schemas/image => generated 6083 bytes in 3 msecs (HTTP/1.1 200) 4 headers in 158 bytes (1 switches on core 0)
Jul 23 00:21:40.079485 np0000005678 devstack@g-api.service[103157]: DEBUG swiftclient [None req-ab13163c-ce86-47b8-b064-c624b2aecbd8 tempest-TestInstancesWithCinderVolumes-1766985278 tempest-TestInstancesWithCinderVolumes-1766985278-project-member] REQ: curl -i https://10.4.3.89:8080/v1/AUTH_adc510a6b656402fb36dc55fbf18b2a9/glance/a3a20f9c-0b5d-43d7-8691-5a2497ae97c3 -I -H "X-Auth-Token: gAAAAABqYV6Tedkv..." {{(pid=103157) http_log /opt/stack/data/venv/lib/python3.12/site-packages/swiftclient/client.py:160}}
Jul 23 00:21:40.079611 np0000005678 devstack@g-api.service[103157]: DEBUG swiftclient [None req-ab13163c-ce86-47b8-b064-c624b2aecbd8 tempest-TestInstancesWithCinderVolumes-1766985278 tempest-TestInstancesWithCinderVolumes-1766985278-project-member] RESP STATUS: 200 OK {{(pid=103157) http_log /opt/stack/data/venv/lib/python3.12/site-packages/swiftclient/client.py:161}}
Jul 23 00:21:40.079765 np0000005678 devstack@g-api.service[103157]: DEBUG swiftclient [None req-ab13163c-ce86-47b8-b064-c624b2aecbd8 tempest-TestInstancesWithCinderVolumes-1766985278 tempest-TestInstancesWithCinderVolumes-1766985278-project-member] RESP HEADERS: {'Date': 'Thu, 23 Jul 2026 00:21:40 GMT', 'Server': 'Apache/2.4.58 (Ubuntu)', 'Content-Type': 'application/octet-stream', 'Content-Length': '21692416', 'X-Object-Manifest': 'glance/a3a20f9c-0b5d-43d7-8691-5a2497ae97c3-', 'Last-Modified': 'Thu, 23 Jul 2026 00:19:59 GMT', 'X-Timestamp': '1784765998.77950', 'Accept-Ranges': 'bytes', 'Etag': '"737c2a37dd3f91e374c48cad70137398"', 'X-Trans-Id': 'txe681034f10a04b26adf35-006a615e93', 'X-Openstack-Request-Id': 'txe681034f10a04b26adf35-006a615e93', 'Connection': 'close'} {{(pid=103157) http_log /opt/stack/data/venv/lib/python3.12/site-packages/swiftclient/client.py:162}}
Jul 23 00:21:40.095228 np0000005678 devstack@g-api.service[103157]: DEBUG swiftclient [None req-ab13163c-ce86-47b8-b064-c624b2aecbd8 tempest-TestInstancesWithCinderVolumes-1766985278 tempest-TestInstancesWithCinderVolumes-1766985278-project-member] REQ: curl -i https://10.4.3.89:8080/v1/AUTH_adc510a6b656402fb36dc55fbf18b2a9/glance?format=json&prefix=a3a20f9c-0b5d-43d7-8691-5a2497ae97c3- -X GET -H "X-Auth-Token: gAAAAABqYV6Tedkv..." -H "Accept-Encoding: gzip" {{(pid=103157) http_log /opt/stack/data/venv/lib/python3.12/site-packages/swiftclient/client.py:160}}
Jul 23 00:21:40.095355 np0000005678 devstack@g-api.service[103157]: DEBUG swiftclient [None req-ab13163c-ce86-47b8-b064-c624b2aecbd8 tempest-TestInstancesWithCinderVolumes-1766985278 tempest-TestInstancesWithCinderVolumes-1766985278-project-member] RESP STATUS: 200 OK {{(pid=103157) http_log /opt/stack/data/venv/lib/python3.12/site-packages/swiftclient/client.py:161}}
Jul 23 00:21:40.095525 np0000005678 devstack@g-api.service[103157]: DEBUG swiftclient [None req-ab13163c-ce86-47b8-b064-c624b2aecbd8 tempest-TestInstancesWithCinderVolumes-1766985278 tempest-TestInstancesWithCinderVolumes-1766985278-project-member] RESP HEADERS: {'Date': 'Thu, 23 Jul 2026 00:21:40 GMT', 'Server': 'Apache/2.4.58 (Ubuntu)', 'Content-Type': 'application/json; charset=utf-8', 'Content-Length': '210', 'X-Container-Object-Count': '5', 'X-Container-Bytes-Used': '86048768', 'X-Timestamp': '1784765735.24555', 'Last-Modified': 'Thu, 23 Jul 2026 00:15:36 GMT', 'Accept-Ranges': 'bytes', 'X-Storage-Policy': 'Policy-0', 'X-Container-Sharding': 'False', 'X-Trans-Id': 'tx729431edfd5c45d89064e-006a615e94', 'X-Openstack-Request-Id': 'tx729431edfd5c45d89064e-006a615e94', 'Connection': 'close'} {{(pid=103157) http_log /opt/stack/data/venv/lib/python3.12/site-packages/swiftclient/client.py:162}}
Jul 23 00:21:40.095883 np0000005678 devstack@g-api.service[103157]: DEBUG swiftclient [None req-ab13163c-ce86-47b8-b064-c624b2aecbd8 tempest-TestInstancesWithCinderVolumes-1766985278 tempest-TestInstancesWithCinderVolumes-1766985278-project-member] RESP BODY: b'[{"bytes": 21692416, "hash": "87617e24a5e30cb3b87fda8c0764838f", "name": "a3a20f9c-0b5d-43d7-8691-5a2497ae97c3-00001", "content_type": "application/octet-stream", "last_modified": "2026-07-23T00:19:58.533930"}]' {{(pid=103157) http_log /opt/stack/data/venv/lib/python3.12/site-packages/swiftclient/client.py:166}}
Jul 23 00:21:40.113301 np0000005678 devstack@g-api.service[103157]: DEBUG swiftclient [None req-ab13163c-ce86-47b8-b064-c624b2aecbd8 tempest-TestInstancesWithCinderVolumes-1766985278 tempest-TestInstancesWithCinderVolumes-1766985278-project-member] REQ: curl -i https://10.4.3.89:8080/v1/AUTH_adc510a6b656402fb36dc55fbf18b2a9/glance/a3a20f9c-0b5d-43d7-8691-5a2497ae97c3-00001 DELETE -H "X-Auth-Token: gAAAAABqYV6Tedkv..." {{(pid=103157) http_log /opt/stack/data/venv/lib/python3.12/site-packages/swiftclient/client.py:160}}
Jul 23 00:21:40.113503 np0000005678 devstack@g-api.service[103157]: DEBUG swiftclient [None req-ab13163c-ce86-47b8-b064-c624b2aecbd8 tempest-TestInstancesWithCinderVolumes-1766985278 tempest-TestInstancesWithCinderVolumes-1766985278-project-member] RESP STATUS: 204 No Content {{(pid=103157) http_log /opt/stack/data/venv/lib/python3.12/site-packages/swiftclient/client.py:161}}
Jul 23 00:21:40.113986 np0000005678 devstack@g-api.service[103157]: DEBUG swiftclient [None req-ab13163c-ce86-47b8-b064-c624b2aecbd8 tempest-TestInstancesWithCinderVolumes-1766985278 tempest-TestInstancesWithCinderVolumes-1766985278-project-member] RESP HEADERS: {'Date': 'Thu, 23 Jul 2026 00:21:40 GMT', 'Server': 'Apache/2.4.58 (Ubuntu)', 'Content-Type': 'text/html; charset=UTF-8', 'X-Trans-Id': 'tx111c79f4c22f43ceaf601-006a615e94', 'X-Openstack-Request-Id': 'tx111c79f4c22f43ceaf601-006a615e94', 'Connection': 'close'} {{(pid=103157) http_log /opt/stack/data/venv/lib/python3.12/site-packages/swiftclient/client.py:162}}
Jul 23 00:21:40.139144 np0000005678 devstack@g-api.service[103157]: DEBUG swiftclient [None req-ab13163c-ce86-47b8-b064-c624b2aecbd8 tempest-TestInstancesWithCinderVolumes-1766985278 tempest-TestInstancesWithCinderVolumes-1766985278-project-member] REQ: curl -i https://10.4.3.89:8080/v1/AUTH_adc510a6b656402fb36dc55fbf18b2a9/glance/a3a20f9c-0b5d-43d7-8691-5a2497ae97c3 DELETE -H "X-Auth-Token: gAAAAABqYV6Tedkv..." {{(pid=103157) http_log /opt/stack/data/venv/lib/python3.12/site-packages/swiftclient/client.py:160}}
Jul 23 00:21:40.139269 np0000005678 devstack@g-api.service[103157]: DEBUG swiftclient [None req-ab13163c-ce86-47b8-b064-c624b2aecbd8 tempest-TestInstancesWithCinderVolumes-1766985278 tempest-TestInstancesWithCinderVolumes-1766985278-project-member] RESP STATUS: 204 No Content {{(pid=103157) http_log /opt/stack/data/venv/lib/python3.12/site-packages/swiftclient/client.py:161}}
Jul 23 00:21:40.139427 np0000005678 devstack@g-api.service[103157]: DEBUG swiftclient [None req-ab13163c-ce86-47b8-b064-c624b2aecbd8 tempest-TestInstancesWithCinderVolumes-1766985278 tempest-TestInstancesWithCinderVolumes-1766985278-project-member] RESP HEADERS: {'Date': 'Thu, 23 Jul 2026 00:21:40 GMT', 'Server': 'Apache/2.4.58 (Ubuntu)', 'Content-Type': 'text/html; charset=UTF-8', 'X-Trans-Id': 'tx9c14605f21784ead8dc32-006a615e94', 'X-Openstack-Request-Id': 'tx9c14605f21784ead8dc32-006a615e94', 'Connection': 'close'} {{(pid=103157) http_log /opt/stack/data/venv/lib/python3.12/site-packages/swiftclient/client.py:162}}
Jul 23 00:21:40.175132 np0000005678 devstack@g-api.service[103157]: DEBUG glance.api.middleware.cache [None req-ab13163c-ce86-47b8-b064-c624b2aecbd8 tempest-TestInstancesWithCinderVolumes-1766985278 tempest-TestInstancesWithCinderVolumes-1766985278-project-member] Removing image a3a20f9c-0b5d-43d7-8691-5a2497ae97c3 from cache {{(pid=103157) _process_DELETE_response /opt/stack/glance/glance/api/middleware/cache.py:264}}
Jul 23 00:21:40.175256 np0000005678 devstack@g-api.service[103157]: DEBUG glance.image_cache.drivers.centralized_db [None req-ab13163c-ce86-47b8-b064-c624b2aecbd8 tempest-TestInstancesWithCinderVolumes-1766985278 tempest-TestInstancesWithCinderVolumes-1766985278-project-member] Deleting image cache file '/opt/stack/data/glance/cache/a3a20f9c-0b5d-43d7-8691-5a2497ae97c3' {{(pid=103157) delete_cached_file /opt/stack/glance/glance/image_cache/drivers/centralized_db.py:400}}
Jul 23 00:21:40.185170 np0000005678 devstack@g-api.service[103157]: [pid: 103157|app: 0|req: 73/294] 127.0.0.1 () {40 vars in 837 bytes} [Thu Jul 23 00:21:39 2026] DELETE /v2/images/a3a20f9c-0b5d-43d7-8691-5a2497ae97c3 => generated 0 bytes in 305 msecs (HTTP/1.1 204) 4 headers in 171 bytes (1 switches on core 0)
Jul 23 00:21:40.430036 np0000005678 devstack@g-api.service[103160]: DEBUG glance.api.middleware.version_negotiation [None req-f388a227-63ed-46e8-935e-2619d05cda1b tempest-VolumesExtendTest-1737906542 tempest-VolumesExtendTest-1737906542-project-member] Determining version of request: GET /versions Accept: */* {{(pid=103160) process_request /opt/stack/glance/glance/api/middleware/version_negotiation.py:44}}
Jul 23 00:21:40.430761 np0000005678 devstack@g-api.service[103160]: [pid: 103160|app: 0|req: 74/295] 127.0.0.1 () {44 vars in 1035 bytes} [Thu Jul 23 00:21:40 2026] GET /versions => generated 1501 bytes in 1 msecs (HTTP/1.1 200) 3 headers in 92 bytes (1 switches on core 0)
Jul 23 00:21:40.438720 np0000005678 devstack@g-api.service[103159]: DEBUG glance.api.middleware.version_negotiation [None req-f388a227-63ed-46e8-935e-2619d05cda1b tempest-VolumesExtendTest-1737906542 tempest-VolumesExtendTest-1737906542-project-member] Determining version of request: GET /v2/images/5d5cbb40-a73c-478a-be08-c5688c235927/locations Accept: */* {{(pid=103159) process_request /opt/stack/glance/glance/api/middleware/version_negotiation.py:44}}
Jul 23 00:21:40.438870 np0000005678 devstack@g-api.service[103159]: DEBUG glance.api.middleware.version_negotiation [None req-f388a227-63ed-46e8-935e-2619d05cda1b tempest-VolumesExtendTest-1737906542 tempest-VolumesExtendTest-1737906542-project-member] Using url versioning {{(pid=103159) process_request /opt/stack/glance/glance/api/middleware/version_negotiation.py:57}}
Jul 23 00:21:40.438989 np0000005678 devstack@g-api.service[103159]: DEBUG glance.api.middleware.version_negotiation [None req-f388a227-63ed-46e8-935e-2619d05cda1b tempest-VolumesExtendTest-1737906542 tempest-VolumesExtendTest-1737906542-project-member] Matched version: v2 {{(pid=103159) process_request /opt/stack/glance/glance/api/middleware/version_negotiation.py:69}}
Jul 23 00:21:40.439097 np0000005678 devstack@g-api.service[103159]: DEBUG glance.api.middleware.version_negotiation [None req-f388a227-63ed-46e8-935e-2619d05cda1b tempest-VolumesExtendTest-1737906542 tempest-VolumesExtendTest-1737906542-project-member] new path /v2/images/5d5cbb40-a73c-478a-be08-c5688c235927/locations {{(pid=103159) process_request /opt/stack/glance/glance/api/middleware/version_negotiation.py:70}}
Jul 23 00:21:40.483668 np0000005678 devstack@g-api.service[103159]: [pid: 103159|app: 0|req: 74/296] 127.0.0.1 () {44 vars in 1131 bytes} [Thu Jul 23 00:21:40 2026] GET /v2/images/5d5cbb40-a73c-478a-be08-c5688c235927/locations => generated 92 bytes in 45 msecs (HTTP/1.1 200) 4 headers in 156 bytes (1 switches on core 0)
Jul 23 00:21:40.493121 np0000005678 devstack@g-api.service[103158]: DEBUG glance.api.middleware.version_negotiation [None req-f388a227-63ed-46e8-935e-2619d05cda1b tempest-VolumesExtendTest-1737906542 tempest-VolumesExtendTest-1737906542-project-member] Determining version of request: GET /v2/images/5d5cbb40-a73c-478a-be08-c5688c235927 Accept: */* {{(pid=103158) process_request /opt/stack/glance/glance/api/middleware/version_negotiation.py:44}}
Jul 23 00:21:40.493341 np0000005678 devstack@g-api.service[103158]: DEBUG glance.api.middleware.version_negotiation [None req-f388a227-63ed-46e8-935e-2619d05cda1b tempest-VolumesExtendTest-1737906542 tempest-VolumesExtendTest-1737906542-project-member] Using url versioning {{(pid=103158) process_request /opt/stack/glance/glance/api/middleware/version_negotiation.py:57}}
Jul 23 00:21:40.493529 np0000005678 devstack@g-api.service[103158]: DEBUG glance.api.middleware.version_negotiation [None req-f388a227-63ed-46e8-935e-2619d05cda1b tempest-VolumesExtendTest-1737906542 tempest-VolumesExtendTest-1737906542-project-member] Matched version: v2 {{(pid=103158) process_request /opt/stack/glance/glance/api/middleware/version_negotiation.py:69}}
Jul 23 00:21:40.493684 np0000005678 devstack@g-api.service[103158]: DEBUG glance.api.middleware.version_negotiation [None req-f388a227-63ed-46e8-935e-2619d05cda1b tempest-VolumesExtendTest-1737906542 tempest-VolumesExtendTest-1737906542-project-member] new path /v2/images/5d5cbb40-a73c-478a-be08-c5688c235927 {{(pid=103158) process_request /opt/stack/glance/glance/api/middleware/version_negotiation.py:70}}
Jul 23 00:21:40.505664 np0000005678 devstack@g-api.service[103158]: [pid: 103158|app: 0|req: 76/297] 127.0.0.1 () {44 vars in 1111 bytes} [Thu Jul 23 00:21:40 2026] GET /v2/images/5d5cbb40-a73c-478a-be08-c5688c235927 => generated 1044 bytes in 13 msecs (HTTP/1.1 200) 4 headers in 158 bytes (1 switches on core 0)
Jul 23 00:21:40.515612 np0000005678 devstack@g-api.service[103157]: DEBUG glance.api.middleware.version_negotiation [None req-ab13163c-ce86-47b8-b064-c624b2aecbd8 tempest-TestInstancesWithCinderVolumes-1766985278 tempest-TestInstancesWithCinderVolumes-1766985278-project-member] Determining version of request: GET /v2/schemas/image Accept: */* {{(pid=103157) process_request /opt/stack/glance/glance/api/middleware/version_negotiation.py:44}}
Jul 23 00:21:40.515803 np0000005678 devstack@g-api.service[103157]: DEBUG glance.api.middleware.version_negotiation [None req-ab13163c-ce86-47b8-b064-c624b2aecbd8 tempest-TestInstancesWithCinderVolumes-1766985278 tempest-TestInstancesWithCinderVolumes-1766985278-project-member] Using url versioning {{(pid=103157) process_request /opt/stack/glance/glance/api/middleware/version_negotiation.py:57}}
Jul 23 00:21:40.515927 np0000005678 devstack@g-api.service[103157]: DEBUG glance.api.middleware.version_negotiation [None req-ab13163c-ce86-47b8-b064-c624b2aecbd8 tempest-TestInstancesWithCinderVolumes-1766985278 tempest-TestInstancesWithCinderVolumes-1766985278-project-member] Matched version: v2 {{(pid=103157) process_request /opt/stack/glance/glance/api/middleware/version_negotiation.py:69}}
Jul 23 00:21:40.516024 np0000005678 devstack@g-api.service[103157]: DEBUG glance.api.middleware.version_negotiation [None req-ab13163c-ce86-47b8-b064-c624b2aecbd8 tempest-TestInstancesWithCinderVolumes-1766985278 tempest-TestInstancesWithCinderVolumes-1766985278-project-member] new path /v2/schemas/image {{(pid=103157) process_request /opt/stack/glance/glance/api/middleware/version_negotiation.py:70}}
Jul 23 00:21:40.518520 np0000005678 devstack@g-api.service[103157]: [pid: 103157|app: 0|req: 74/298] 127.0.0.1 () {44 vars in 1051 bytes} [Thu Jul 23 00:21:40 2026] GET /v2/schemas/image => generated 6083 bytes in 3 msecs (HTTP/1.1 200) 4 headers in 158 bytes (1 switches on core 0)
Jul 23 00:21:40.526343 np0000005678 devstack@g-api.service[103160]: DEBUG glance.api.middleware.version_negotiation [None req-f388a227-63ed-46e8-935e-2619d05cda1b tempest-VolumesExtendTest-1737906542 tempest-VolumesExtendTest-1737906542-project-member] Determining version of request: GET /v2/schemas/image Accept: */* {{(pid=103160) process_request /opt/stack/glance/glance/api/middleware/version_negotiation.py:44}}
Jul 23 00:21:40.526532 np0000005678 devstack@g-api.service[103160]: DEBUG glance.api.middleware.version_negotiation [None req-f388a227-63ed-46e8-935e-2619d05cda1b tempest-VolumesExtendTest-1737906542 tempest-VolumesExtendTest-1737906542-project-member] Using url versioning {{(pid=103160) process_request /opt/stack/glance/glance/api/middleware/version_negotiation.py:57}}
Jul 23 00:21:40.526688 np0000005678 devstack@g-api.service[103160]: DEBUG glance.api.middleware.version_negotiation [None req-f388a227-63ed-46e8-935e-2619d05cda1b tempest-VolumesExtendTest-1737906542 tempest-VolumesExtendTest-1737906542-project-member] Matched version: v2 {{(pid=103160) process_request /opt/stack/glance/glance/api/middleware/version_negotiation.py:69}}
Jul 23 00:21:40.526808 np0000005678 devstack@g-api.service[103160]: DEBUG glance.api.middleware.version_negotiation [None req-f388a227-63ed-46e8-935e-2619d05cda1b tempest-VolumesExtendTest-1737906542 tempest-VolumesExtendTest-1737906542-project-member] new path /v2/schemas/image {{(pid=103160) process_request /opt/stack/glance/glance/api/middleware/version_negotiation.py:70}}
Jul 23 00:21:40.529643 np0000005678 devstack@g-api.service[103160]: [pid: 103160|app: 0|req: 75/299] 127.0.0.1 () {44 vars in 1051 bytes} [Thu Jul 23 00:21:40 2026] GET /v2/schemas/image => generated 6083 bytes in 3 msecs (HTTP/1.1 200) 4 headers in 158 bytes (1 switches on core 0)
Jul 23 00:21:49.918467 np0000005678 devstack@g-api.service[103160]: DEBUG dbcounter [-] [103160] Writing DB stats glance:SELECT=6 {{(pid=103160) stat_writer /opt/stack/data/venv/lib/python3.12/site-packages/dbcounter.py:115}}
Jul 23 00:21:50.182728 np0000005678 devstack@g-api.service[103157]: DEBUG dbcounter [-] [103157] Writing DB stats glance:SELECT=11,glance:UPDATE=6,glance:DELETE=1 {{(pid=103157) stat_writer /opt/stack/data/venv/lib/python3.12/site-packages/dbcounter.py:115}}
Jul 23 00:21:50.483389 np0000005678 devstack@g-api.service[103159]: DEBUG dbcounter [-] [103159] Writing DB stats glance:SELECT=14 {{(pid=103159) stat_writer /opt/stack/data/venv/lib/python3.12/site-packages/dbcounter.py:115}}
Jul 23 00:21:50.503724 np0000005678 devstack@g-api.service[103158]: DEBUG dbcounter [-] [103158] Writing DB stats glance:SELECT=6 {{(pid=103158) stat_writer /opt/stack/data/venv/lib/python3.12/site-packages/dbcounter.py:115}}
Jul 23 00:21:52.024436 np0000005678 devstack@g-api.service[103159]: DEBUG glance.api.middleware.version_negotiation [None req-f388a227-63ed-46e8-935e-2619d05cda1b service glance] Determining version of request: GET /v2/images/5d5cbb40-a73c-478a-be08-c5688c235927 Accept: */* {{(pid=103159) process_request /opt/stack/glance/glance/api/middleware/version_negotiation.py:44}}
Jul 23 00:21:52.024715 np0000005678 devstack@g-api.service[103159]: DEBUG glance.api.middleware.version_negotiation [None req-f388a227-63ed-46e8-935e-2619d05cda1b service glance] Using url versioning {{(pid=103159) process_request /opt/stack/glance/glance/api/middleware/version_negotiation.py:57}}
Jul 23 00:21:52.024715 np0000005678 devstack@g-api.service[103159]: DEBUG glance.api.middleware.version_negotiation [None req-f388a227-63ed-46e8-935e-2619d05cda1b service glance] Matched version: v2 {{(pid=103159) process_request /opt/stack/glance/glance/api/middleware/version_negotiation.py:69}}
Jul 23 00:21:52.024766 np0000005678 devstack@g-api.service[103159]: DEBUG glance.api.middleware.version_negotiation [None req-f388a227-63ed-46e8-935e-2619d05cda1b service glance] new path /v2/images/5d5cbb40-a73c-478a-be08-c5688c235927 {{(pid=103159) process_request /opt/stack/glance/glance/api/middleware/version_negotiation.py:70}}
Jul 23 00:21:52.033740 np0000005678 devstack@g-api.service[103159]: [pid: 103159|app: 0|req: 75/300] 127.0.0.1 () {44 vars in 1111 bytes} [Thu Jul 23 00:21:52 2026] GET /v2/images/5d5cbb40-a73c-478a-be08-c5688c235927 => generated 1044 bytes in 9 msecs (HTTP/1.1 200) 4 headers in 158 bytes (1 switches on core 0)
Jul 23 00:21:52.068556 np0000005678 devstack@g-api.service[103158]: DEBUG glance.api.middleware.version_negotiation [None req-f388a227-63ed-46e8-935e-2619d05cda1b tempest-VolumesExtendTest-1737906542 tempest-VolumesExtendTest-1737906542-project-member] Determining version of request: GET /v2/schemas/image Accept: */* {{(pid=103158) process_request /opt/stack/glance/glance/api/middleware/version_negotiation.py:44}}
Jul 23 00:21:52.068967 np0000005678 devstack@g-api.service[103158]: DEBUG glance.api.middleware.version_negotiation [None req-f388a227-63ed-46e8-935e-2619d05cda1b tempest-VolumesExtendTest-1737906542 tempest-VolumesExtendTest-1737906542-project-member] Using url versioning {{(pid=103158) process_request /opt/stack/glance/glance/api/middleware/version_negotiation.py:57}}
Jul 23 00:21:52.068967 np0000005678 devstack@g-api.service[103158]: DEBUG glance.api.middleware.version_negotiation [None req-f388a227-63ed-46e8-935e-2619d05cda1b tempest-VolumesExtendTest-1737906542 tempest-VolumesExtendTest-1737906542-project-member] Matched version: v2 {{(pid=103158) process_request /opt/stack/glance/glance/api/middleware/version_negotiation.py:69}}
Jul 23 00:21:52.069051 np0000005678 devstack@g-api.service[103158]: DEBUG glance.api.middleware.version_negotiation [None req-f388a227-63ed-46e8-935e-2619d05cda1b tempest-VolumesExtendTest-1737906542 tempest-VolumesExtendTest-1737906542-project-member] new path /v2/schemas/image {{(pid=103158) process_request /opt/stack/glance/glance/api/middleware/version_negotiation.py:70}}
Jul 23 00:21:52.072093 np0000005678 devstack@g-api.service[103158]: [pid: 103158|app: 0|req: 77/301] 127.0.0.1 () {44 vars in 1051 bytes} [Thu Jul 23 00:21:52 2026] GET /v2/schemas/image => generated 6083 bytes in 4 msecs (HTTP/1.1 200) 4 headers in 158 bytes (1 switches on core 0)
Jul 23 00:21:57.189582 np0000005678 devstack@g-api.service[103157]: DEBUG glance.api.middleware.version_negotiation [None req-f388a227-63ed-46e8-935e-2619d05cda1b tempest-VolumesExtendTest-1737906542 tempest-VolumesExtendTest-1737906542-project-member] Determining version of request: POST /v2/images Accept: application/json {{(pid=103157) process_request /opt/stack/glance/glance/api/middleware/version_negotiation.py:44}}
Jul 23 00:21:57.189913 np0000005678 devstack@g-api.service[103157]: DEBUG glance.api.middleware.version_negotiation [None req-f388a227-63ed-46e8-935e-2619d05cda1b tempest-VolumesExtendTest-1737906542 tempest-VolumesExtendTest-1737906542-project-member] Using url versioning {{(pid=103157) process_request /opt/stack/glance/glance/api/middleware/version_negotiation.py:57}}
Jul 23 00:21:57.189913 np0000005678 devstack@g-api.service[103157]: DEBUG glance.api.middleware.version_negotiation [None req-f388a227-63ed-46e8-935e-2619d05cda1b tempest-VolumesExtendTest-1737906542 tempest-VolumesExtendTest-1737906542-project-member] Matched version: v2 {{(pid=103157) process_request /opt/stack/glance/glance/api/middleware/version_negotiation.py:69}}
Jul 23 00:21:57.189913 np0000005678 devstack@g-api.service[103157]: DEBUG glance.api.middleware.version_negotiation [None req-f388a227-63ed-46e8-935e-2619d05cda1b tempest-VolumesExtendTest-1737906542 tempest-VolumesExtendTest-1737906542-project-member] new path /v2/images {{(pid=103157) process_request /opt/stack/glance/glance/api/middleware/version_negotiation.py:70}}
Jul 23 00:21:57.851603 np0000005678 devstack@g-api.service[103157]: [pid: 103157|app: 0|req: 75/302] 127.0.0.1 () {42 vars in 782 bytes} [Thu Jul 23 00:21:57 2026] POST /v2/images => generated 642 bytes in 662 msecs (HTTP/1.1 201) 6 headers in 315 bytes (1 switches on core 0)
