Jun 08 18:33:37.022325 np0000002342 nova-scheduler[95650]: DEBUG cotyledon.oslo_config_glue [-] oslo_limit.connect_retry_delay = None {{(pid=95650) log_opt_values /opt/stack/data/venv/lib/python3.12/site-packages/oslo_config/cfg.py:3256}}
Jun 08 18:33:37.022325 np0000002342 nova-scheduler[95650]: DEBUG cotyledon.oslo_config_glue [-] oslo_limit.endpoint_id = None {{(pid=95650) log_opt_values /opt/stack/data/venv/lib/python3.12/site-packages/oslo_config/cfg.py:3256}}
Jun 08 18:33:37.022325 np0000002342 nova-scheduler[95650]: DEBUG cotyledon.oslo_config_glue [-] oslo_limit.endpoint_interface = public {{(pid=95650) log_opt_values /opt/stack/data/venv/lib/python3.12/site-packages/oslo_config/cfg.py:3256}}
Jun 08 18:33:37.022325 np0000002342 nova-scheduler[95650]: DEBUG cotyledon.oslo_config_glue [-] oslo_limit.endpoint_override = None {{(pid=95650) log_opt_values /opt/stack/data/venv/lib/python3.12/site-packages/oslo_config/cfg.py:3256}}
Jun 08 18:33:37.022325 np0000002342 nova-scheduler[95650]: DEBUG cotyledon.oslo_config_glue [-] oslo_limit.endpoint_region_name = None {{(pid=95650) log_opt_values /opt/stack/data/venv/lib/python3.12/site-packages/oslo_config/cfg.py:3256}}
Jun 08 18:33:37.022325 np0000002342 nova-scheduler[95650]: DEBUG cotyledon.oslo_config_glue [-] oslo_limit.endpoint_service_name = None {{(pid=95650) log_opt_values /opt/stack/data/venv/lib/python3.12/site-packages/oslo_config/cfg.py:3256}}
Jun 08 18:33:37.022325 np0000002342 nova-scheduler[95650]: DEBUG cotyledon.oslo_config_glue [-] oslo_limit.endpoint_service_type = None {{(pid=95650) log_opt_values /opt/stack/data/venv/lib/python3.12/site-packages/oslo_config/cfg.py:3256}}
Jun 08 18:33:37.022325 np0000002342 nova-scheduler[95650]: DEBUG cotyledon.oslo_config_glue [-] oslo_limit.insecure = False {{(pid=95650) log_opt_values /opt/stack/data/venv/lib/python3.12/site-packages/oslo_config/cfg.py:3256}}
Jun 08 18:33:37.022522 np0000002342 nova-scheduler[95650]: DEBUG cotyledon.oslo_config_glue [-] oslo_limit.keyfile = None {{(pid=95650) log_opt_values /opt/stack/data/venv/lib/python3.12/site-packages/oslo_config/cfg.py:3256}}
Jun 08 18:33:37.022522 np0000002342 nova-scheduler[95650]: DEBUG cotyledon.oslo_config_glue [-] oslo_limit.max_version = None {{(pid=95650) log_opt_values /opt/stack/data/venv/lib/python3.12/site-packages/oslo_config/cfg.py:3256}}
Jun 08 18:33:37.022522 np0000002342 nova-scheduler[95650]: DEBUG cotyledon.oslo_config_glue [-] oslo_limit.min_version = None {{(pid=95650) log_opt_values /opt/stack/data/venv/lib/python3.12/site-packages/oslo_config/cfg.py:3256}}
Jun 08 18:33:37.022522 np0000002342 nova-scheduler[95650]: DEBUG cotyledon.oslo_config_glue [-] oslo_limit.region_name = None {{(pid=95650) log_opt_values /opt/stack/data/venv/lib/python3.12/site-packages/oslo_config/cfg.py:3256}}
Jun 08 18:33:37.022522 np0000002342 nova-scheduler[95650]: DEBUG cotyledon.oslo_config_glue [-] oslo_limit.retriable_status_codes = None {{(pid=95650) log_opt_values /opt/stack/data/venv/lib/python3.12/site-packages/oslo_config/cfg.py:3256}}
Jun 08 18:33:37.022522 np0000002342 nova-scheduler[95650]: DEBUG cotyledon.oslo_config_glue [-] oslo_limit.service_name = None {{(pid=95650) log_opt_values /opt/stack/data/venv/lib/python3.12/site-packages/oslo_config/cfg.py:3256}}
Jun 08 18:33:37.022522 np0000002342 nova-scheduler[95650]: DEBUG cotyledon.oslo_config_glue [-] oslo_limit.service_type = None {{(pid=95650) log_opt_values /opt/stack/data/venv/lib/python3.12/site-packages/oslo_config/cfg.py:3256}}
Jun 08 18:33:37.022522 np0000002342 nova-scheduler[95650]: DEBUG cotyledon.oslo_config_glue [-] oslo_limit.split_loggers = False {{(pid=95650) log_opt_values /opt/stack/data/venv/lib/python3.12/site-packages/oslo_config/cfg.py:3256}}
Jun 08 18:33:37.022522 np0000002342 nova-scheduler[95650]: DEBUG cotyledon.oslo_config_glue [-] oslo_limit.status_code_retries = None {{(pid=95650) log_opt_values /opt/stack/data/venv/lib/python3.12/site-packages/oslo_config/cfg.py:3256}}
Jun 08 18:33:37.022722 np0000002342 nova-scheduler[95650]: DEBUG cotyledon.oslo_config_glue [-] oslo_limit.status_code_retry_delay = None {{(pid=95650) log_opt_values /opt/stack/data/venv/lib/python3.12/site-packages/oslo_config/cfg.py:3256}}
Jun 08 18:33:37.022722 np0000002342 nova-scheduler[95650]: DEBUG cotyledon.oslo_config_glue [-] oslo_limit.timeout = None {{(pid=95650) log_opt_values /opt/stack/data/venv/lib/python3.12/site-packages/oslo_config/cfg.py:3256}}
Jun 08 18:33:37.022722 np0000002342 nova-scheduler[95650]: DEBUG cotyledon.oslo_config_glue [-] oslo_limit.valid_interfaces = None {{(pid=95650) log_opt_values /opt/stack/data/venv/lib/python3.12/site-packages/oslo_config/cfg.py:3256}}
Jun 08 18:33:37.022722 np0000002342 nova-scheduler[95650]: DEBUG cotyledon.oslo_config_glue [-] oslo_limit.version = None {{(pid=95650) log_opt_values /opt/stack/data/venv/lib/python3.12/site-packages/oslo_config/cfg.py:3256}}
Jun 08 18:33:37.022722 np0000002342 nova-scheduler[95650]: DEBUG cotyledon.oslo_config_glue [-] oslo_reports.file_event_handler = None {{(pid=95650) log_opt_values /opt/stack/data/venv/lib/python3.12/site-packages/oslo_config/cfg.py:3256}}
Jun 08 18:33:37.022722 np0000002342 nova-scheduler[95650]: DEBUG cotyledon.oslo_config_glue [-] oslo_reports.file_event_handler_interval = 1 {{(pid=95650) log_opt_values /opt/stack/data/venv/lib/python3.12/site-packages/oslo_config/cfg.py:3256}}
Jun 08 18:33:37.022722 np0000002342 nova-scheduler[95650]: DEBUG cotyledon.oslo_config_glue [-] oslo_reports.log_dir = None {{(pid=95650) log_opt_values /opt/stack/data/venv/lib/python3.12/site-packages/oslo_config/cfg.py:3256}}
Jun 08 18:33:37.022722 np0000002342 nova-scheduler[95650]: DEBUG cotyledon.oslo_config_glue [-] ******************************************************************************** {{(pid=95650) log_opt_values /opt/stack/data/venv/lib/python3.12/site-packages/oslo_config/cfg.py:3263}}
Jun 08 18:33:37.022722 np0000002342 nova-scheduler[95650]: DEBUG cotyledon._service_worker [-] Run service ServiceWrapper(2) [95650] {{(pid=95650) wait_forever /opt/stack/data/venv/lib/python3.12/site-packages/cotyledon/_service_worker.py:218}}
Jun 08 18:33:37.022928 np0000002342 nova-scheduler[95650]: INFO nova.service [-] Starting scheduler node (version 33.1.0)
Jun 08 18:33:37.022928 np0000002342 nova-scheduler[95650]: INFO dbcounter [None req-01730472-cf66-4ed2-b6b8-9cd8bfacaed0 None None] Registered counter for database nova_cell0
Jun 08 18:33:37.022967 np0000002342 nova-scheduler[95646]: DEBUG oslo_db.sqlalchemy.engines [None req-e85d947d-1c27-46de-8ec6-a4d271dbda19 None None] MySQL server mode set to STRICT_TRANS_TABLES,STRICT_ALL_TABLES,NO_ZERO_IN_DATE,NO_ZERO_DATE,ERROR_FOR_DIVISION_BY_ZERO,TRADITIONAL,NO_ENGINE_SUBSTITUTION {{(pid=95646) _check_effective_sql_mode /opt/stack/data/venv/lib/python3.12/site-packages/oslo_db/sqlalchemy/engines.py:325}}
Jun 08 18:33:37.022967 np0000002342 nova-scheduler[95646]: DEBUG dbcounter [-] [95646] Writer thread running {{(pid=95646) stat_writer /opt/stack/data/venv/lib/python3.12/site-packages/dbcounter.py:102}}
Jun 08 18:33:37.023013 np0000002342 nova-scheduler[95648]: DEBUG oslo_db.sqlalchemy.engines [None req-5a9e6cfc-30f1-453e-a8c1-f8045e713fd9 None None] MySQL server mode set to STRICT_TRANS_TABLES,STRICT_ALL_TABLES,NO_ZERO_IN_DATE,NO_ZERO_DATE,ERROR_FOR_DIVISION_BY_ZERO,TRADITIONAL,NO_ENGINE_SUBSTITUTION {{(pid=95648) _check_effective_sql_mode /opt/stack/data/venv/lib/python3.12/site-packages/oslo_db/sqlalchemy/engines.py:325}}
Jun 08 18:33:37.026711 np0000002342 nova-scheduler[95646]: DEBUG nova.service [None req-e85d947d-1c27-46de-8ec6-a4d271dbda19 None None] Creating RPC server for service: nova-scheduler on topic: scheduler {{(pid=95646) start /opt/stack/nova/nova/service.py:195}}
Jun 08 18:33:37.030798 np0000002342 nova-scheduler[95648]: DEBUG dbcounter [-] [95648] Writer thread running {{(pid=95648) stat_writer /opt/stack/data/venv/lib/python3.12/site-packages/dbcounter.py:102}}
Jun 08 18:33:37.035968 np0000002342 nova-scheduler[95648]: DEBUG nova.service [None req-5a9e6cfc-30f1-453e-a8c1-f8045e713fd9 None None] Creating RPC server for service: nova-scheduler on topic: scheduler {{(pid=95648) start /opt/stack/nova/nova/service.py:195}}
Jun 08 18:33:37.054455 np0000002342 nova-scheduler[95650]: DEBUG oslo_db.sqlalchemy.engines [None req-01730472-cf66-4ed2-b6b8-9cd8bfacaed0 None None] MySQL server mode set to STRICT_TRANS_TABLES,STRICT_ALL_TABLES,NO_ZERO_IN_DATE,NO_ZERO_DATE,ERROR_FOR_DIVISION_BY_ZERO,TRADITIONAL,NO_ENGINE_SUBSTITUTION {{(pid=95650) _check_effective_sql_mode /opt/stack/data/venv/lib/python3.12/site-packages/oslo_db/sqlalchemy/engines.py:325}}
Jun 08 18:33:37.057591 np0000002342 nova-scheduler[95646]: DEBUG nova.service [None req-e85d947d-1c27-46de-8ec6-a4d271dbda19 None None] Join ServiceGroup membership for this service scheduler {{(pid=95646) start /opt/stack/nova/nova/service.py:221}}
Jun 08 18:33:37.057591 np0000002342 nova-scheduler[95646]: DEBUG nova.servicegroup.drivers.db [None req-e85d947d-1c27-46de-8ec6-a4d271dbda19 None None] DB_Driver: join new ServiceGroup member np0000002342 to the scheduler group, service = {{(pid=95646) join /opt/stack/nova/nova/servicegroup/drivers/db.py:44}}
Jun 08 18:33:37.063689 np0000002342 nova-scheduler[95650]: DEBUG dbcounter [-] [95650] Writer thread running {{(pid=95650) stat_writer /opt/stack/data/venv/lib/python3.12/site-packages/dbcounter.py:102}}
Jun 08 18:33:37.066282 np0000002342 nova-scheduler[95650]: DEBUG nova.service [None req-01730472-cf66-4ed2-b6b8-9cd8bfacaed0 None None] Creating RPC server for service: nova-scheduler on topic: scheduler {{(pid=95650) start /opt/stack/nova/nova/service.py:195}}
Jun 08 18:33:37.070971 np0000002342 nova-scheduler[95648]: DEBUG nova.service [None req-5a9e6cfc-30f1-453e-a8c1-f8045e713fd9 None None] Join ServiceGroup membership for this service scheduler {{(pid=95648) start /opt/stack/nova/nova/service.py:221}}
Jun 08 18:33:37.071390 np0000002342 nova-scheduler[95648]: DEBUG nova.servicegroup.drivers.db [None req-5a9e6cfc-30f1-453e-a8c1-f8045e713fd9 None None] DB_Driver: join new ServiceGroup member np0000002342 to the scheduler group, service = {{(pid=95648) join /opt/stack/nova/nova/servicegroup/drivers/db.py:44}}
Jun 08 18:33:37.073109 np0000002342 nova-scheduler[95648]: DEBUG oslo.service.backend._threading.loopingcall [None req-fbfcf567-f5fb-4795-ba50-186c5f5860f7 None None] Dynamic interval looping call 'nova.service.Service.periodic_tasks' sleeping for 60.00 seconds {{(pid=95648) _run_loop /opt/stack/data/venv/lib/python3.12/site-packages/oslo_service/backend/_threading/loopingcall.py:125}}
Jun 08 18:33:37.085645 np0000002342 nova-scheduler[95650]: DEBUG nova.service [None req-01730472-cf66-4ed2-b6b8-9cd8bfacaed0 None None] Join ServiceGroup membership for this service scheduler {{(pid=95650) start /opt/stack/nova/nova/service.py:221}}
Jun 08 18:33:37.085827 np0000002342 nova-scheduler[95650]: DEBUG nova.servicegroup.drivers.db [None req-01730472-cf66-4ed2-b6b8-9cd8bfacaed0 None None] DB_Driver: join new ServiceGroup member np0000002342 to the scheduler group, service = {{(pid=95650) join /opt/stack/nova/nova/servicegroup/drivers/db.py:44}}
Jun 08 18:33:42.070596 np0000002342 nova-scheduler[95646]: DEBUG oslo.service.backend._threading.loopingcall [-] Fixed interval looping call 'nova.servicegroup.drivers.db.DbDriver._report_state' sleeping for 119.99 seconds {{(pid=95646) _run_loop /opt/stack/data/venv/lib/python3.12/site-packages/oslo_service/backend/_threading/loopingcall.py:125}}
Jun 08 18:33:42.082496 np0000002342 nova-scheduler[95648]: DEBUG oslo.service.backend._threading.loopingcall [-] Fixed interval looping call 'nova.servicegroup.drivers.db.DbDriver._report_state' sleeping for 119.99 seconds {{(pid=95648) _run_loop /opt/stack/data/venv/lib/python3.12/site-packages/oslo_service/backend/_threading/loopingcall.py:125}}
Jun 08 18:33:42.104106 np0000002342 nova-scheduler[95650]: DEBUG oslo.service.backend._threading.loopingcall [-] Fixed interval looping call 'nova.servicegroup.drivers.db.DbDriver._report_state' sleeping for 119.99 seconds {{(pid=95650) _run_loop /opt/stack/data/venv/lib/python3.12/site-packages/oslo_service/backend/_threading/loopingcall.py:125}}
Jun 08 18:33:45.581114 np0000002342 nova-scheduler[94441]: DEBUG dbcounter [-] [94441] Writing DB stats nova_api:SELECT=3 {{(pid=94441) stat_writer /opt/stack/data/venv/lib/python3.12/site-packages/dbcounter.py:115}}
Jun 08 18:33:45.746791 np0000002342 nova-scheduler[94441]: DEBUG dbcounter [-] [94441] Writing DB stats nova_cell1:SELECT=1 {{(pid=94441) stat_writer /opt/stack/data/venv/lib/python3.12/site-packages/dbcounter.py:115}}
Jun 08 18:33:45.747031 np0000002342 nova-scheduler[94441]: DEBUG dbcounter [-] [94441] Writing DB stats nova_cell0:SELECT=1 {{(pid=94441) stat_writer /opt/stack/data/venv/lib/python3.12/site-packages/dbcounter.py:115}}
Jun 08 18:33:52.064339 np0000002342 nova-scheduler[95646]: DEBUG dbcounter [-] [95646] Writing DB stats nova_cell0:SELECT=4,nova_cell0:INSERT=1,nova_cell0:UPDATE=1 {{(pid=95646) stat_writer /opt/stack/data/venv/lib/python3.12/site-packages/dbcounter.py:115}}
Jun 08 18:33:52.080537 np0000002342 nova-scheduler[95648]: DEBUG dbcounter [-] [95648] Writing DB stats nova_cell0:SELECT=3 {{(pid=95648) stat_writer /opt/stack/data/venv/lib/python3.12/site-packages/dbcounter.py:115}}
Jun 08 18:33:52.101592 np0000002342 nova-scheduler[95650]: DEBUG dbcounter [-] [95650] Writing DB stats nova_cell0:SELECT=3 {{(pid=95650) stat_writer /opt/stack/data/venv/lib/python3.12/site-packages/dbcounter.py:115}}
Jun 08 18:34:11.057613 np0000002342 nova-scheduler[95646]: DEBUG oslo.service.backend._threading.loopingcall [None req-e2f760ce-7242-4614-aa53-6eaefcf08b3e None None] Dynamic interval looping call 'nova.service.Service.periodic_tasks' sleeping for 60.00 seconds {{(pid=95646) _run_loop /opt/stack/data/venv/lib/python3.12/site-packages/oslo_service/backend/_threading/loopingcall.py:125}}
Jun 08 18:34:27.093725 np0000002342 nova-scheduler[95650]: DEBUG oslo.service.backend._threading.loopingcall [None req-d06f9d46-2efa-4614-8cc9-9667a1d137c1 None None] Dynamic interval looping call 'nova.service.Service.periodic_tasks' sleeping for 60.00 seconds {{(pid=95650) _run_loop /opt/stack/data/venv/lib/python3.12/site-packages/oslo_service/backend/_threading/loopingcall.py:125}}
Jun 08 18:34:37.073681 np0000002342 nova-scheduler[95648]: DEBUG oslo.service.backend._threading.loopingcall [None req-fbfcf567-f5fb-4795-ba50-186c5f5860f7 None None] Dynamic interval looping call 'nova.service.Service.periodic_tasks' sleeping for 60.00 seconds {{(pid=95648) _run_loop /opt/stack/data/venv/lib/python3.12/site-packages/oslo_service/backend/_threading/loopingcall.py:125}}
Jun 08 18:35:11.058235 np0000002342 nova-scheduler[95646]: DEBUG oslo.service.backend._threading.loopingcall [None req-e2f760ce-7242-4614-aa53-6eaefcf08b3e None None] Dynamic interval looping call 'nova.service.Service.periodic_tasks' sleeping for 60.00 seconds {{(pid=95646) _run_loop /opt/stack/data/venv/lib/python3.12/site-packages/oslo_service/backend/_threading/loopingcall.py:125}}
Jun 08 18:35:27.094384 np0000002342 nova-scheduler[95650]: DEBUG oslo.service.backend._threading.loopingcall [None req-d06f9d46-2efa-4614-8cc9-9667a1d137c1 None None] Dynamic interval looping call 'nova.service.Service.periodic_tasks' sleeping for 60.00 seconds {{(pid=95650) _run_loop /opt/stack/data/venv/lib/python3.12/site-packages/oslo_service/backend/_threading/loopingcall.py:125}}
Jun 08 18:35:37.074255 np0000002342 nova-scheduler[95648]: DEBUG oslo.service.backend._threading.loopingcall [None req-fbfcf567-f5fb-4795-ba50-186c5f5860f7 None None] Dynamic interval looping call 'nova.service.Service.periodic_tasks' sleeping for 60.00 seconds {{(pid=95648) _run_loop /opt/stack/data/venv/lib/python3.12/site-packages/oslo_service/backend/_threading/loopingcall.py:125}}
Jun 08 18:35:42.065749 np0000002342 nova-scheduler[95646]: DEBUG oslo.service.backend._threading.loopingcall [-] Fixed interval looping call 'nova.servicegroup.drivers.db.DbDriver._report_state' sleeping for 119.99 seconds {{(pid=95646) _run_loop /opt/stack/data/venv/lib/python3.12/site-packages/oslo_service/backend/_threading/loopingcall.py:125}}
Jun 08 18:35:42.076641 np0000002342 nova-scheduler[95648]: DEBUG oslo.service.backend._threading.loopingcall [-] Fixed interval looping call 'nova.servicegroup.drivers.db.DbDriver._report_state' sleeping for 120.00 seconds {{(pid=95648) _run_loop /opt/stack/data/venv/lib/python3.12/site-packages/oslo_service/backend/_threading/loopingcall.py:125}}
Jun 08 18:35:42.098138 np0000002342 nova-scheduler[95650]: DEBUG oslo.service.backend._threading.loopingcall [-] Fixed interval looping call 'nova.servicegroup.drivers.db.DbDriver._report_state' sleeping for 120.00 seconds {{(pid=95650) _run_loop /opt/stack/data/venv/lib/python3.12/site-packages/oslo_service/backend/_threading/loopingcall.py:125}}
Jun 08 18:35:52.061893 np0000002342 nova-scheduler[95646]: DEBUG dbcounter [-] [95646] Writing DB stats nova_cell0:SELECT=1,nova_cell0:UPDATE=1 {{(pid=95646) stat_writer /opt/stack/data/venv/lib/python3.12/site-packages/dbcounter.py:115}}
Jun 08 18:35:52.074846 np0000002342 nova-scheduler[95648]: DEBUG dbcounter [-] [95648] Writing DB stats nova_cell0:SELECT=1 {{(pid=95648) stat_writer /opt/stack/data/venv/lib/python3.12/site-packages/dbcounter.py:115}}
Jun 08 18:35:52.096161 np0000002342 nova-scheduler[95650]: DEBUG dbcounter [-] [95650] Writing DB stats nova_cell0:SELECT=1 {{(pid=95650) stat_writer /opt/stack/data/venv/lib/python3.12/site-packages/dbcounter.py:115}}
Jun 08 18:36:11.059090 np0000002342 nova-scheduler[95646]: DEBUG oslo.service.backend._threading.loopingcall [None req-e2f760ce-7242-4614-aa53-6eaefcf08b3e None None] Dynamic interval looping call 'nova.service.Service.periodic_tasks' sleeping for 60.00 seconds {{(pid=95646) _run_loop /opt/stack/data/venv/lib/python3.12/site-packages/oslo_service/backend/_threading/loopingcall.py:125}}
Jun 08 18:36:27.094714 np0000002342 nova-scheduler[95650]: DEBUG oslo.service.backend._threading.loopingcall [None req-d06f9d46-2efa-4614-8cc9-9667a1d137c1 None None] Dynamic interval looping call 'nova.service.Service.periodic_tasks' sleeping for 60.00 seconds {{(pid=95650) _run_loop /opt/stack/data/venv/lib/python3.12/site-packages/oslo_service/backend/_threading/loopingcall.py:125}}
Jun 08 18:36:31.040711 np0000002342 nova-scheduler[95646]: DEBUG nova.scheduler.manager [None req-d5ec7f4b-4a4b-4549-b7c2-1ec49bc8b9be tempest-DeleteServersTestJSON-1010135486 tempest-DeleteServersTestJSON-1010135486-project-member] Starting to schedule for instances: ['edf7f66e-c936-4071-af69-c1dcfa396dd8'] {{(pid=95646) select_destinations /opt/stack/nova/nova/scheduler/manager.py:210}}
Jun 08 18:36:31.041343 np0000002342 nova-scheduler[95646]: DEBUG nova.scheduler.request_filter [None req-d5ec7f4b-4a4b-4549-b7c2-1ec49bc8b9be tempest-DeleteServersTestJSON-1010135486 tempest-DeleteServersTestJSON-1010135486-project-member] compute_status_filter request filter added forbidden trait COMPUTE_STATUS_DISABLED {{(pid=95646) compute_status_filter /opt/stack/nova/nova/scheduler/request_filter.py:253}}
Jun 08 18:36:31.041602 np0000002342 nova-scheduler[95646]: DEBUG nova.scheduler.request_filter [None req-d5ec7f4b-4a4b-4549-b7c2-1ec49bc8b9be tempest-DeleteServersTestJSON-1010135486 tempest-DeleteServersTestJSON-1010135486-project-member] Request filter 'compute_status_filter' took 0.0 seconds {{(pid=95646) wrapper /opt/stack/nova/nova/scheduler/request_filter.py:46}}
Jun 08 18:36:31.043077 np0000002342 nova-scheduler[95646]: DEBUG nova.scheduler.request_filter [None req-d5ec7f4b-4a4b-4549-b7c2-1ec49bc8b9be tempest-DeleteServersTestJSON-1010135486 tempest-DeleteServersTestJSON-1010135486-project-member] Request filter 'accelerators_filter' took 0.0 seconds {{(pid=95646) wrapper /opt/stack/nova/nova/scheduler/request_filter.py:46}}
Jun 08 18:36:31.043532 np0000002342 nova-scheduler[95646]: DEBUG nova.scheduler.request_filter [None req-d5ec7f4b-4a4b-4549-b7c2-1ec49bc8b9be tempest-DeleteServersTestJSON-1010135486 tempest-DeleteServersTestJSON-1010135486-project-member] Request filter 'packed_virtqueue_filter' took 0.0 seconds {{(pid=95646) wrapper /opt/stack/nova/nova/scheduler/request_filter.py:46}}
Jun 08 18:36:31.044153 np0000002342 nova-scheduler[95646]: DEBUG nova.scheduler.request_filter [None req-d5ec7f4b-4a4b-4549-b7c2-1ec49bc8b9be tempest-DeleteServersTestJSON-1010135486 tempest-DeleteServersTestJSON-1010135486-project-member] Request filter 'remote_managed_ports_filter' took 0.0 seconds {{(pid=95646) wrapper /opt/stack/nova/nova/scheduler/request_filter.py:46}}
Jun 08 18:36:31.044409 np0000002342 nova-scheduler[95646]: DEBUG nova.scheduler.request_filter [None req-d5ec7f4b-4a4b-4549-b7c2-1ec49bc8b9be tempest-DeleteServersTestJSON-1010135486 tempest-DeleteServersTestJSON-1010135486-project-member] ephemeral_encryption_filter skipped {{(pid=95646) ephemeral_encryption_filter /opt/stack/nova/nova/scheduler/request_filter.py:426}}
Jun 08 18:36:31.044554 np0000002342 nova-scheduler[95646]: DEBUG nova.scheduler.request_filter [None req-d5ec7f4b-4a4b-4549-b7c2-1ec49bc8b9be tempest-DeleteServersTestJSON-1010135486 tempest-DeleteServersTestJSON-1010135486-project-member] virtio_sound_filter skipped {{(pid=95646) virtio_sound_filter /opt/stack/nova/nova/scheduler/request_filter.py:460}}
Jun 08 18:36:31.044809 np0000002342 nova-scheduler[95646]: DEBUG nova.scheduler.request_filter [None req-d5ec7f4b-4a4b-4549-b7c2-1ec49bc8b9be tempest-DeleteServersTestJSON-1010135486 tempest-DeleteServersTestJSON-1010135486-project-member] tpm_secret_security_filter skipped {{(pid=95646) tpm_secret_security_filter /opt/stack/nova/nova/scheduler/request_filter.py:477}}
Jun 08 18:36:31.576175 np0000002342 nova-scheduler[95646]: INFO nova.utils [None req-d5ec7f4b-4a4b-4549-b7c2-1ec49bc8b9be tempest-DeleteServersTestJSON-1010135486 tempest-DeleteServersTestJSON-1010135486-project-member] The cell worker thread pool ForkProcess-1.cell_worker is initialized
Jun 08 18:36:31.576507 np0000002342 nova-scheduler[95646]: DEBUG oslo_concurrency.lockutils [None req-d5ec7f4b-4a4b-4549-b7c2-1ec49bc8b9be tempest-DeleteServersTestJSON-1010135486 tempest-DeleteServersTestJSON-1010135486-project-member] Acquiring lock "27d33944-5da5-4a40-8375-d0f0495cf2ef" by "nova.context.set_target_cell..get_or_set_cached_cell_and_set_connections" {{(pid=95646) inner /opt/stack/data/venv/lib/python3.12/site-packages/oslo_concurrency/lockutils.py:511}}
Jun 08 18:36:31.576700 np0000002342 nova-scheduler[95646]: DEBUG oslo_concurrency.lockutils [None req-d5ec7f4b-4a4b-4549-b7c2-1ec49bc8b9be tempest-DeleteServersTestJSON-1010135486 tempest-DeleteServersTestJSON-1010135486-project-member] Lock "27d33944-5da5-4a40-8375-d0f0495cf2ef" acquired by "nova.context.set_target_cell..get_or_set_cached_cell_and_set_connections" :: waited 0.000s {{(pid=95646) inner /opt/stack/data/venv/lib/python3.12/site-packages/oslo_concurrency/lockutils.py:524}}
Jun 08 18:36:31.577951 np0000002342 nova-scheduler[95646]: DEBUG oslo_concurrency.lockutils [None req-d5ec7f4b-4a4b-4549-b7c2-1ec49bc8b9be tempest-DeleteServersTestJSON-1010135486 tempest-DeleteServersTestJSON-1010135486-project-member] Lock "27d33944-5da5-4a40-8375-d0f0495cf2ef" "released" by "nova.context.set_target_cell..get_or_set_cached_cell_and_set_connections" :: held 0.001s {{(pid=95646) inner /opt/stack/data/venv/lib/python3.12/site-packages/oslo_concurrency/lockutils.py:543}}
Jun 08 18:36:31.580070 np0000002342 nova-scheduler[95646]: INFO dbcounter [None req-d5ec7f4b-4a4b-4549-b7c2-1ec49bc8b9be tempest-DeleteServersTestJSON-1010135486 tempest-DeleteServersTestJSON-1010135486-project-member] Registered counter for database nova_cell1
Jun 08 18:36:31.631832 np0000002342 nova-scheduler[95646]: DEBUG oslo_db.sqlalchemy.engines [None req-d5ec7f4b-4a4b-4549-b7c2-1ec49bc8b9be tempest-DeleteServersTestJSON-1010135486 tempest-DeleteServersTestJSON-1010135486-project-member] MySQL server mode set to STRICT_TRANS_TABLES,STRICT_ALL_TABLES,NO_ZERO_IN_DATE,NO_ZERO_DATE,ERROR_FOR_DIVISION_BY_ZERO,TRADITIONAL,NO_ENGINE_SUBSTITUTION {{(pid=95646) _check_effective_sql_mode /opt/stack/data/venv/lib/python3.12/site-packages/oslo_db/sqlalchemy/engines.py:325}}
Jun 08 18:36:31.638418 np0000002342 nova-scheduler[95646]: DEBUG dbcounter [-] [95646] Writer thread running {{(pid=95646) stat_writer /opt/stack/data/venv/lib/python3.12/site-packages/dbcounter.py:102}}
Jun 08 18:36:31.655501 np0000002342 nova-scheduler[95646]: DEBUG oslo_db.sqlalchemy.engines [None req-d5ec7f4b-4a4b-4549-b7c2-1ec49bc8b9be tempest-DeleteServersTestJSON-1010135486 tempest-DeleteServersTestJSON-1010135486-project-member] Parent process 94441 forked (95646) with an open database connection, which is being discarded and recreated. {{(pid=95646) checkout /opt/stack/data/venv/lib/python3.12/site-packages/oslo_db/sqlalchemy/engines.py:402}}
Jun 08 18:36:31.698444 np0000002342 nova-scheduler[95646]: DEBUG dbcounter [-] [95646] Writer thread running {{(pid=95646) stat_writer /opt/stack/data/venv/lib/python3.12/site-packages/dbcounter.py:102}}
Jun 08 18:36:31.702066 np0000002342 nova-scheduler[95646]: DEBUG oslo_concurrency.lockutils [None req-d5ec7f4b-4a4b-4549-b7c2-1ec49bc8b9be tempest-DeleteServersTestJSON-1010135486 tempest-DeleteServersTestJSON-1010135486-project-member] Acquiring lock "27d33944-5da5-4a40-8375-d0f0495cf2ef" by "nova.context.set_target_cell..get_or_set_cached_cell_and_set_connections" {{(pid=95646) inner /opt/stack/data/venv/lib/python3.12/site-packages/oslo_concurrency/lockutils.py:511}}
Jun 08 18:36:31.702248 np0000002342 nova-scheduler[95646]: DEBUG oslo_concurrency.lockutils [None req-d5ec7f4b-4a4b-4549-b7c2-1ec49bc8b9be tempest-DeleteServersTestJSON-1010135486 tempest-DeleteServersTestJSON-1010135486-project-member] Lock "27d33944-5da5-4a40-8375-d0f0495cf2ef" acquired by "nova.context.set_target_cell..get_or_set_cached_cell_and_set_connections" :: waited 0.000s {{(pid=95646) inner /opt/stack/data/venv/lib/python3.12/site-packages/oslo_concurrency/lockutils.py:524}}
Jun 08 18:36:31.702373 np0000002342 nova-scheduler[95646]: DEBUG oslo_concurrency.lockutils [None req-d5ec7f4b-4a4b-4549-b7c2-1ec49bc8b9be tempest-DeleteServersTestJSON-1010135486 tempest-DeleteServersTestJSON-1010135486-project-member] Lock "27d33944-5da5-4a40-8375-d0f0495cf2ef" "released" by "nova.context.set_target_cell..get_or_set_cached_cell_and_set_connections" :: held 0.000s {{(pid=95646) inner /opt/stack/data/venv/lib/python3.12/site-packages/oslo_concurrency/lockutils.py:543}}
Jun 08 18:36:31.706505 np0000002342 nova-scheduler[95646]: DEBUG oslo_concurrency.lockutils [None req-d5ec7f4b-4a4b-4549-b7c2-1ec49bc8b9be tempest-DeleteServersTestJSON-1010135486 tempest-DeleteServersTestJSON-1010135486-project-member] Acquiring lock "('np0000002342', 'np0000002342')" by "nova.scheduler.host_manager.HostState.update.._locked_update" {{(pid=95646) inner /opt/stack/data/venv/lib/python3.12/site-packages/oslo_concurrency/lockutils.py:511}}
Jun 08 18:36:31.706623 np0000002342 nova-scheduler[95646]: DEBUG oslo_concurrency.lockutils [None req-d5ec7f4b-4a4b-4549-b7c2-1ec49bc8b9be tempest-DeleteServersTestJSON-1010135486 tempest-DeleteServersTestJSON-1010135486-project-member] Lock "('np0000002342', 'np0000002342')" acquired by "nova.scheduler.host_manager.HostState.update.._locked_update" :: waited 0.000s {{(pid=95646) inner /opt/stack/data/venv/lib/python3.12/site-packages/oslo_concurrency/lockutils.py:524}}
Jun 08 18:36:31.707597 np0000002342 nova-scheduler[95646]: DEBUG nova.scheduler.host_manager [None req-d5ec7f4b-4a4b-4549-b7c2-1ec49bc8b9be tempest-DeleteServersTestJSON-1010135486 tempest-DeleteServersTestJSON-1010135486-project-member] Update host state from compute node: ComputeNode(cpu_allocation_ratio=4.0,cpu_info='{"arch": "x86_64", "model": "EPYC-Milan", "vendor": "AMD", "topology": {"cells": 1, "sockets": 12, "cores": 1, "threads": 1}, "maxphysaddr": {"mode": "emulate", "bits": 40}, "features": ["lm", "clwb", "amd-ssbd", "invpcid", "pcid", "apic", "cmp_legacy", "tsc-deadline", "cx8", "pse", "svme-addr-chk", "nx", "rdpid", "pdpe1gb", "erms", "mmxext", "fxsr_opt", "gds-no", "hypervisor", "flushbyasid", "bmi1", "rdrand", "mce", "movbe", "fpu", "sse", "xgetbv1", "clflush", "sep", "xsaves", "rdtscp", "x2apic", "mtrr", "spec-ctrl", "f16c", "ibpb", "adx", "msr", "lahf_lm", "avx", "mca", "clflushopt", "sse2", "umip", "avx2", "ssse3", "cmov", "pni", "tsc", "xsaveerptr", "xsavec", "vmcb-clean", "stibp", "3dnowprefetch", "cr8legacy", "rdseed", "cx16", "aes", "svm", "bmi2", "no-nested-data-bp", "vgif", "v-vmsave-vmload", "sse4.2", "stibp-always-on", "clzero", "sse4.1", "ssbd", "abm", "sse4a", "nrip-save", "vme", "pse36", "fsrm", "osvw", "vaes", "perfctr_core", "lfence-always-serializing", "rdctl-no", "arch-capabilities", "misalignsse", "pclmuldq", "de", "pge", "xsave", "pat", "xsaveopt", "syscall", "popcnt", "fxsr", "arat", "pschange-mc-no", "amd-stibp", "fsgsbase", "mmx", "pae", "pause-filter", "pku", "virt-ssbd", "wbnoinvd", "tsc_adjust", "null-sel-clr-base", "topoext", "ibrs", "tsc-scale", "pfthreshold", "smep", "sha-ni", "smap", "skip-l1dfl-vmentry", "npt", "vpclmulqdq", "mds-no", "amd-psfd", "fma", "lbrv"]}',created_at=2026-06-08T18:34:02Z,current_workload=0,deleted=False,deleted_at=None,disk_allocation_ratio=1.0,disk_available_least=74,free_disk_gb=95,free_ram_mb=23518,host='np0000002342',host_ip=10.4.3.146,hypervisor_hostname='np0000002342',hypervisor_type='QEMU',hypervisor_version=8002002,id=1,local_gb=95,local_gb_used=0,mapped=1,memory_mb=24030,memory_mb_used=512,metrics='[]',numa_topology='{"nova_object.name": "NUMATopology", "nova_object.namespace": "nova", "nova_object.version": "1.2", "nova_object.data": {"cells": [{"nova_object.name": "NUMACell", "nova_object.namespace": "nova", "nova_object.version": "1.5", "nova_object.data": {"id": 0, "cpuset": [0, 1, 2, 3, 4, 5, 6, 7, 8, 9, 10, 11], "pcpuset": [0, 1, 2, 3, 4, 5, 6, 7, 8, 9, 10, 11], "memory": 24030, "cpu_usage": 0, "memory_usage": 0, "pinned_cpus": [], "siblings": [[6], [2], [5], [11], [8], [4], [1], [7], [10], [0], [3], [9]], "mempages": [{"nova_object.name": "NUMAPagesTopology", "nova_object.namespace": "nova", "nova_object.version": "1.1", "nova_object.data": {"size_kb": 4, "total": 6151797, "used": 0, "reserved": 0}, "nova_object.changes": ["size_kb", "reserved", "total", "used"]}, {"nova_object.name": "NUMAPagesTopology", "nova_object.namespace": "nova", "nova_object.version": "1.1", "nova_object.data": {"size_kb": 2048, "total": 0, "used": 0, "reserved": 0}, "nova_object.changes": ["size_kb", "reserved", "total", "used"]}, {"nova_object.name": "NUMAPagesTopology", "nova_object.namespace": "nova", "nova_object.version": "1.1", "nova_object.data": {"size_kb": 1048576, "total": 0, "used": 0, "reserved": 0}, "nova_object.changes": ["size_kb", "reserved", "total", "used"]}], "network_metadata": {"nova_object.name": "NetworkMetadata", "nova_object.namespace": "nova", "nova_object.version": "1.0", "nova_object.data": {"physnets": [], "tunneled": false}, "nova_object.changes": ["tunneled", "physnets"]}, "socket": null}, "nova_object.changes": ["pinned_cpus", "memory_usage", "siblings", "socket", "pcpuset", "mempages", "id", "cpuset", "cpu_usage", "network_metadata", "memory"]}]}, "nova_object.changes": ["cells"]}',pci_device_pools=PciDevicePoolList,ram_allocation_ratio=1.0,running_vms=0,service_id=2,stats={failed_builds='0',uptime=' 18:35:48 up 28 min, 2 users, load average: 1.28, 1.34, 0.79
Jun 08 18:36:31.707597 np0000002342 nova-scheduler[95646]: '},supported_hv_specs=[HVSpec,HVSpec,HVSpec,HVSpec,HVSpec,HVSpec,HVSpec,HVSpec,HVSpec,HVSpec,HVSpec,HVSpec,HVSpec,HVSpec,HVSpec,HVSpec,HVSpec,HVSpec,HVSpec,HVSpec,HVSpec,HVSpec,HVSpec,HVSpec,HVSpec],updated_at=2026-06-08T18:35:50Z,uuid=63cb6092-139c-48cc-8406-a1e9d1a66f83,vcpus=12,vcpus_used=0) {{(pid=95646) _locked_update /opt/stack/nova/nova/scheduler/host_manager.py:168}}
Jun 08 18:36:31.708526 np0000002342 nova-scheduler[95646]: DEBUG nova.scheduler.host_manager [None req-d5ec7f4b-4a4b-4549-b7c2-1ec49bc8b9be tempest-DeleteServersTestJSON-1010135486 tempest-DeleteServersTestJSON-1010135486-project-member] Update host state with aggregates: [] {{(pid=95646) _locked_update /opt/stack/nova/nova/scheduler/host_manager.py:171}}
Jun 08 18:36:31.708739 np0000002342 nova-scheduler[95646]: DEBUG nova.scheduler.host_manager [None req-d5ec7f4b-4a4b-4549-b7c2-1ec49bc8b9be tempest-DeleteServersTestJSON-1010135486 tempest-DeleteServersTestJSON-1010135486-project-member] Update host state with service dict: {'id': 2, 'uuid': '72f83852-2972-46f1-a66f-4d5151b37858', 'host': 'np0000002342', 'binary': 'nova-compute', 'topic': 'compute', 'report_count': 2, 'disabled': False, 'disabled_reason': None, 'last_seen_up': datetime.datetime(2026, 6, 8, 18, 36, 11, tzinfo=datetime.timezone.utc), 'forced_down': False, 'version': 72, 'created_at': datetime.datetime(2026, 6, 8, 18, 34, tzinfo=datetime.timezone.utc), 'updated_at': datetime.datetime(2026, 6, 8, 18, 36, 11, tzinfo=datetime.timezone.utc), 'deleted_at': None, 'deleted': False} {{(pid=95646) _locked_update /opt/stack/nova/nova/scheduler/host_manager.py:174}}
Jun 08 18:36:31.708891 np0000002342 nova-scheduler[95646]: DEBUG nova.scheduler.host_manager [None req-d5ec7f4b-4a4b-4549-b7c2-1ec49bc8b9be tempest-DeleteServersTestJSON-1010135486 tempest-DeleteServersTestJSON-1010135486-project-member] Update host state with instances: [] {{(pid=95646) _locked_update /opt/stack/nova/nova/scheduler/host_manager.py:177}}
Jun 08 18:36:31.709069 np0000002342 nova-scheduler[95646]: DEBUG oslo_concurrency.lockutils [None req-d5ec7f4b-4a4b-4549-b7c2-1ec49bc8b9be tempest-DeleteServersTestJSON-1010135486 tempest-DeleteServersTestJSON-1010135486-project-member] Lock "('np0000002342', 'np0000002342')" "released" by "nova.scheduler.host_manager.HostState.update.._locked_update" :: held 0.002s {{(pid=95646) inner /opt/stack/data/venv/lib/python3.12/site-packages/oslo_concurrency/lockutils.py:543}}
Jun 08 18:36:31.709672 np0000002342 nova-scheduler[95646]: DEBUG nova.filters [None req-d5ec7f4b-4a4b-4549-b7c2-1ec49bc8b9be tempest-DeleteServersTestJSON-1010135486 tempest-DeleteServersTestJSON-1010135486-project-member] Starting with 1 host(s) {{(pid=95646) get_filtered_objects /opt/stack/nova/nova/filters.py:70}}
Jun 08 18:36:31.709901 np0000002342 nova-scheduler[95646]: DEBUG nova.filters [None req-d5ec7f4b-4a4b-4549-b7c2-1ec49bc8b9be tempest-DeleteServersTestJSON-1010135486 tempest-DeleteServersTestJSON-1010135486-project-member] Filter ComputeFilter returned 1 host(s) {{(pid=95646) get_filtered_objects /opt/stack/nova/nova/filters.py:102}}
Jun 08 18:36:31.710090 np0000002342 nova-scheduler[95646]: DEBUG nova.filters [None req-d5ec7f4b-4a4b-4549-b7c2-1ec49bc8b9be tempest-DeleteServersTestJSON-1010135486 tempest-DeleteServersTestJSON-1010135486-project-member] Filter ComputeCapabilitiesFilter returned 1 host(s) {{(pid=95646) get_filtered_objects /opt/stack/nova/nova/filters.py:102}}
Jun 08 18:36:31.710375 np0000002342 nova-scheduler[95646]: DEBUG nova.filters [None req-d5ec7f4b-4a4b-4549-b7c2-1ec49bc8b9be tempest-DeleteServersTestJSON-1010135486 tempest-DeleteServersTestJSON-1010135486-project-member] Filter ImagePropertiesFilter returned 1 host(s) {{(pid=95646) get_filtered_objects /opt/stack/nova/nova/filters.py:102}}
Jun 08 18:36:31.710557 np0000002342 nova-scheduler[95646]: DEBUG nova.filters [None req-d5ec7f4b-4a4b-4549-b7c2-1ec49bc8b9be tempest-DeleteServersTestJSON-1010135486 tempest-DeleteServersTestJSON-1010135486-project-member] Filter ServerGroupAntiAffinityFilter returned 1 host(s) {{(pid=95646) get_filtered_objects /opt/stack/nova/nova/filters.py:102}}
Jun 08 18:36:31.710776 np0000002342 nova-scheduler[95646]: DEBUG nova.filters [None req-d5ec7f4b-4a4b-4549-b7c2-1ec49bc8b9be tempest-DeleteServersTestJSON-1010135486 tempest-DeleteServersTestJSON-1010135486-project-member] Filter ServerGroupAffinityFilter returned 1 host(s) {{(pid=95646) get_filtered_objects /opt/stack/nova/nova/filters.py:102}}
Jun 08 18:36:31.711103 np0000002342 nova-scheduler[95646]: DEBUG nova.filters [None req-d5ec7f4b-4a4b-4549-b7c2-1ec49bc8b9be tempest-DeleteServersTestJSON-1010135486 tempest-DeleteServersTestJSON-1010135486-project-member] Filter SameHostFilter returned 1 host(s) {{(pid=95646) get_filtered_objects /opt/stack/nova/nova/filters.py:102}}
Jun 08 18:36:31.711279 np0000002342 nova-scheduler[95646]: DEBUG nova.filters [None req-d5ec7f4b-4a4b-4549-b7c2-1ec49bc8b9be tempest-DeleteServersTestJSON-1010135486 tempest-DeleteServersTestJSON-1010135486-project-member] Filter DifferentHostFilter returned 1 host(s) {{(pid=95646) get_filtered_objects /opt/stack/nova/nova/filters.py:102}}
Jun 08 18:36:31.711461 np0000002342 nova-scheduler[95646]: DEBUG nova.scheduler.manager [None req-d5ec7f4b-4a4b-4549-b7c2-1ec49bc8b9be tempest-DeleteServersTestJSON-1010135486 tempest-DeleteServersTestJSON-1010135486-project-member] Filtered [(np0000002342, np0000002342) ram: 23518MB disk: 75776MB io_ops: 0 instances: 0, allocation_candidates: 1] {{(pid=95646) _get_sorted_hosts /opt/stack/nova/nova/scheduler/manager.py:743}}
Jun 08 18:36:31.711804 np0000002342 nova-scheduler[95646]: DEBUG nova.scheduler.manager [None req-d5ec7f4b-4a4b-4549-b7c2-1ec49bc8b9be tempest-DeleteServersTestJSON-1010135486 tempest-DeleteServersTestJSON-1010135486-project-member] Weighed [WeighedHost [host: (np0000002342, np0000002342) ram: 23518MB disk: 75776MB io_ops: 0 instances: 0, allocation_candidates: 1, weight: 0.0]] {{(pid=95646) _get_sorted_hosts /opt/stack/nova/nova/scheduler/manager.py:765}}
Jun 08 18:36:31.712071 np0000002342 nova-scheduler[95646]: DEBUG nova.scheduler.utils [None req-d5ec7f4b-4a4b-4549-b7c2-1ec49bc8b9be tempest-DeleteServersTestJSON-1010135486 tempest-DeleteServersTestJSON-1010135486-project-member] Attempting to claim resources in the placement API for instance edf7f66e-c936-4071-af69-c1dcfa396dd8 {{(pid=95646) claim_resources /opt/stack/nova/nova/scheduler/utils.py:1345}}
Jun 08 18:36:31.738224 np0000002342 nova-scheduler[95648]: DEBUG nova.scheduler.manager [None req-7d08c7b9-d7e7-4aa7-a82b-cd799cc18e8c tempest-AttachVolumeNegativeTest-2045752461 tempest-AttachVolumeNegativeTest-2045752461-project-member] Starting to schedule for instances: ['883d0a8d-c123-4107-b343-d7d0c8d5673d'] {{(pid=95648) select_destinations /opt/stack/nova/nova/scheduler/manager.py:210}}
Jun 08 18:36:31.738667 np0000002342 nova-scheduler[95648]: DEBUG nova.scheduler.request_filter [None req-7d08c7b9-d7e7-4aa7-a82b-cd799cc18e8c tempest-AttachVolumeNegativeTest-2045752461 tempest-AttachVolumeNegativeTest-2045752461-project-member] compute_status_filter request filter added forbidden trait COMPUTE_STATUS_DISABLED {{(pid=95648) compute_status_filter /opt/stack/nova/nova/scheduler/request_filter.py:253}}
Jun 08 18:36:31.738667 np0000002342 nova-scheduler[95648]: DEBUG nova.scheduler.request_filter [None req-7d08c7b9-d7e7-4aa7-a82b-cd799cc18e8c tempest-AttachVolumeNegativeTest-2045752461 tempest-AttachVolumeNegativeTest-2045752461-project-member] Request filter 'compute_status_filter' took 0.0 seconds {{(pid=95648) wrapper /opt/stack/nova/nova/scheduler/request_filter.py:46}}
Jun 08 18:36:31.738931 np0000002342 nova-scheduler[95648]: DEBUG nova.scheduler.request_filter [None req-7d08c7b9-d7e7-4aa7-a82b-cd799cc18e8c tempest-AttachVolumeNegativeTest-2045752461 tempest-AttachVolumeNegativeTest-2045752461-project-member] Request filter 'accelerators_filter' took 0.0 seconds {{(pid=95648) wrapper /opt/stack/nova/nova/scheduler/request_filter.py:46}}
Jun 08 18:36:31.739112 np0000002342 nova-scheduler[95648]: DEBUG nova.scheduler.request_filter [None req-7d08c7b9-d7e7-4aa7-a82b-cd799cc18e8c tempest-AttachVolumeNegativeTest-2045752461 tempest-AttachVolumeNegativeTest-2045752461-project-member] Request filter 'packed_virtqueue_filter' took 0.0 seconds {{(pid=95648) wrapper /opt/stack/nova/nova/scheduler/request_filter.py:46}}
Jun 08 18:36:31.739335 np0000002342 nova-scheduler[95648]: DEBUG nova.scheduler.request_filter [None req-7d08c7b9-d7e7-4aa7-a82b-cd799cc18e8c tempest-AttachVolumeNegativeTest-2045752461 tempest-AttachVolumeNegativeTest-2045752461-project-member] Request filter 'remote_managed_ports_filter' took 0.0 seconds {{(pid=95648) wrapper /opt/stack/nova/nova/scheduler/request_filter.py:46}}
Jun 08 18:36:31.739481 np0000002342 nova-scheduler[95648]: DEBUG nova.scheduler.request_filter [None req-7d08c7b9-d7e7-4aa7-a82b-cd799cc18e8c tempest-AttachVolumeNegativeTest-2045752461 tempest-AttachVolumeNegativeTest-2045752461-project-member] ephemeral_encryption_filter skipped {{(pid=95648) ephemeral_encryption_filter /opt/stack/nova/nova/scheduler/request_filter.py:426}}
Jun 08 18:36:31.739885 np0000002342 nova-scheduler[95648]: DEBUG nova.scheduler.request_filter [None req-7d08c7b9-d7e7-4aa7-a82b-cd799cc18e8c tempest-AttachVolumeNegativeTest-2045752461 tempest-AttachVolumeNegativeTest-2045752461-project-member] virtio_sound_filter skipped {{(pid=95648) virtio_sound_filter /opt/stack/nova/nova/scheduler/request_filter.py:460}}
Jun 08 18:36:31.740041 np0000002342 nova-scheduler[95648]: DEBUG nova.scheduler.request_filter [None req-7d08c7b9-d7e7-4aa7-a82b-cd799cc18e8c tempest-AttachVolumeNegativeTest-2045752461 tempest-AttachVolumeNegativeTest-2045752461-project-member] tpm_secret_security_filter skipped {{(pid=95648) tpm_secret_security_filter /opt/stack/nova/nova/scheduler/request_filter.py:477}}
Jun 08 18:36:31.855216 np0000002342 nova-scheduler[95648]: INFO nova.utils [None req-7d08c7b9-d7e7-4aa7-a82b-cd799cc18e8c tempest-AttachVolumeNegativeTest-2045752461 tempest-AttachVolumeNegativeTest-2045752461-project-member] The cell worker thread pool ForkProcess-2.cell_worker is initialized
Jun 08 18:36:31.856425 np0000002342 nova-scheduler[95648]: DEBUG oslo_concurrency.lockutils [None req-7d08c7b9-d7e7-4aa7-a82b-cd799cc18e8c tempest-AttachVolumeNegativeTest-2045752461 tempest-AttachVolumeNegativeTest-2045752461-project-member] Acquiring lock "27d33944-5da5-4a40-8375-d0f0495cf2ef" by "nova.context.set_target_cell..get_or_set_cached_cell_and_set_connections" {{(pid=95648) inner /opt/stack/data/venv/lib/python3.12/site-packages/oslo_concurrency/lockutils.py:511}}
Jun 08 18:36:31.856425 np0000002342 nova-scheduler[95648]: DEBUG oslo_concurrency.lockutils [None req-7d08c7b9-d7e7-4aa7-a82b-cd799cc18e8c tempest-AttachVolumeNegativeTest-2045752461 tempest-AttachVolumeNegativeTest-2045752461-project-member] Lock "27d33944-5da5-4a40-8375-d0f0495cf2ef" acquired by "nova.context.set_target_cell..get_or_set_cached_cell_and_set_connections" :: waited 0.000s {{(pid=95648) inner /opt/stack/data/venv/lib/python3.12/site-packages/oslo_concurrency/lockutils.py:524}}
Jun 08 18:36:31.857366 np0000002342 nova-scheduler[95648]: DEBUG oslo_concurrency.lockutils [None req-7d08c7b9-d7e7-4aa7-a82b-cd799cc18e8c tempest-AttachVolumeNegativeTest-2045752461 tempest-AttachVolumeNegativeTest-2045752461-project-member] Lock "27d33944-5da5-4a40-8375-d0f0495cf2ef" "released" by "nova.context.set_target_cell..get_or_set_cached_cell_and_set_connections" :: held 0.001s {{(pid=95648) inner /opt/stack/data/venv/lib/python3.12/site-packages/oslo_concurrency/lockutils.py:543}}
Jun 08 18:36:31.860872 np0000002342 nova-scheduler[95648]: INFO dbcounter [None req-7d08c7b9-d7e7-4aa7-a82b-cd799cc18e8c tempest-AttachVolumeNegativeTest-2045752461 tempest-AttachVolumeNegativeTest-2045752461-project-member] Registered counter for database nova_cell1
Jun 08 18:36:31.898472 np0000002342 nova-scheduler[95646]: DEBUG nova.scheduler.manager [None req-d5ec7f4b-4a4b-4549-b7c2-1ec49bc8b9be tempest-DeleteServersTestJSON-1010135486 tempest-DeleteServersTestJSON-1010135486-project-member] [instance: edf7f66e-c936-4071-af69-c1dcfa396dd8] Selected host: (np0000002342, np0000002342) ram: 23518MB disk: 75776MB io_ops: 0 instances: 0, allocation_candidates: 1 {{(pid=95646) _consume_selected_host /opt/stack/nova/nova/scheduler/manager.py:625}}
Jun 08 18:36:31.898772 np0000002342 nova-scheduler[95646]: DEBUG oslo_concurrency.lockutils [None req-d5ec7f4b-4a4b-4549-b7c2-1ec49bc8b9be tempest-DeleteServersTestJSON-1010135486 tempest-DeleteServersTestJSON-1010135486-project-member] Acquiring lock "('np0000002342', 'np0000002342')" by "nova.scheduler.host_manager.HostState.consume_from_request.._locked" {{(pid=95646) inner /opt/stack/data/venv/lib/python3.12/site-packages/oslo_concurrency/lockutils.py:511}}
Jun 08 18:36:31.898915 np0000002342 nova-scheduler[95646]: DEBUG oslo_concurrency.lockutils [None req-d5ec7f4b-4a4b-4549-b7c2-1ec49bc8b9be tempest-DeleteServersTestJSON-1010135486 tempest-DeleteServersTestJSON-1010135486-project-member] Lock "('np0000002342', 'np0000002342')" acquired by "nova.scheduler.host_manager.HostState.consume_from_request.._locked" :: waited 0.000s {{(pid=95646) inner /opt/stack/data/venv/lib/python3.12/site-packages/oslo_concurrency/lockutils.py:524}}
Jun 08 18:36:31.899199 np0000002342 nova-scheduler[95646]: DEBUG oslo_concurrency.lockutils [None req-d5ec7f4b-4a4b-4549-b7c2-1ec49bc8b9be tempest-DeleteServersTestJSON-1010135486 tempest-DeleteServersTestJSON-1010135486-project-member] Lock "('np0000002342', 'np0000002342')" "released" by "nova.scheduler.host_manager.HostState.consume_from_request.._locked" :: held 0.000s {{(pid=95646) inner /opt/stack/data/venv/lib/python3.12/site-packages/oslo_concurrency/lockutils.py:543}}
Jun 08 18:36:31.916332 np0000002342 nova-scheduler[95648]: DEBUG oslo_db.sqlalchemy.engines [None req-7d08c7b9-d7e7-4aa7-a82b-cd799cc18e8c tempest-AttachVolumeNegativeTest-2045752461 tempest-AttachVolumeNegativeTest-2045752461-project-member] MySQL server mode set to STRICT_TRANS_TABLES,STRICT_ALL_TABLES,NO_ZERO_IN_DATE,NO_ZERO_DATE,ERROR_FOR_DIVISION_BY_ZERO,TRADITIONAL,NO_ENGINE_SUBSTITUTION {{(pid=95648) _check_effective_sql_mode /opt/stack/data/venv/lib/python3.12/site-packages/oslo_db/sqlalchemy/engines.py:325}}
Jun 08 18:36:31.925888 np0000002342 nova-scheduler[95648]: DEBUG dbcounter [-] [95648] Writer thread running {{(pid=95648) stat_writer /opt/stack/data/venv/lib/python3.12/site-packages/dbcounter.py:102}}
Jun 08 18:36:31.996623 np0000002342 nova-scheduler[95648]: DEBUG dbcounter [-] [95648] Writer thread running {{(pid=95648) stat_writer /opt/stack/data/venv/lib/python3.12/site-packages/dbcounter.py:102}}
Jun 08 18:36:32.000742 np0000002342 nova-scheduler[95648]: DEBUG oslo_concurrency.lockutils [None req-7d08c7b9-d7e7-4aa7-a82b-cd799cc18e8c tempest-AttachVolumeNegativeTest-2045752461 tempest-AttachVolumeNegativeTest-2045752461-project-member] Acquiring lock "27d33944-5da5-4a40-8375-d0f0495cf2ef" by "nova.context.set_target_cell..get_or_set_cached_cell_and_set_connections" {{(pid=95648) inner /opt/stack/data/venv/lib/python3.12/site-packages/oslo_concurrency/lockutils.py:511}}
Jun 08 18:36:32.000973 np0000002342 nova-scheduler[95648]: DEBUG oslo_concurrency.lockutils [None req-7d08c7b9-d7e7-4aa7-a82b-cd799cc18e8c tempest-AttachVolumeNegativeTest-2045752461 tempest-AttachVolumeNegativeTest-2045752461-project-member] Lock "27d33944-5da5-4a40-8375-d0f0495cf2ef" acquired by "nova.context.set_target_cell..get_or_set_cached_cell_and_set_connections" :: waited 0.000s {{(pid=95648) inner /opt/stack/data/venv/lib/python3.12/site-packages/oslo_concurrency/lockutils.py:524}}
Jun 08 18:36:32.001096 np0000002342 nova-scheduler[95648]: DEBUG oslo_concurrency.lockutils [None req-7d08c7b9-d7e7-4aa7-a82b-cd799cc18e8c tempest-AttachVolumeNegativeTest-2045752461 tempest-AttachVolumeNegativeTest-2045752461-project-member] Lock "27d33944-5da5-4a40-8375-d0f0495cf2ef" "released" by "nova.context.set_target_cell..get_or_set_cached_cell_and_set_connections" :: held 0.000s {{(pid=95648) inner /opt/stack/data/venv/lib/python3.12/site-packages/oslo_concurrency/lockutils.py:543}}
Jun 08 18:36:32.006494 np0000002342 nova-scheduler[95648]: DEBUG oslo_concurrency.lockutils [None req-7d08c7b9-d7e7-4aa7-a82b-cd799cc18e8c tempest-AttachVolumeNegativeTest-2045752461 tempest-AttachVolumeNegativeTest-2045752461-project-member] Acquiring lock "('np0000002342', 'np0000002342')" by "nova.scheduler.host_manager.HostState.update.._locked_update" {{(pid=95648) inner /opt/stack/data/venv/lib/python3.12/site-packages/oslo_concurrency/lockutils.py:511}}
Jun 08 18:36:32.006713 np0000002342 nova-scheduler[95648]: DEBUG oslo_concurrency.lockutils [None req-7d08c7b9-d7e7-4aa7-a82b-cd799cc18e8c tempest-AttachVolumeNegativeTest-2045752461 tempest-AttachVolumeNegativeTest-2045752461-project-member] Lock "('np0000002342', 'np0000002342')" acquired by "nova.scheduler.host_manager.HostState.update.._locked_update" :: waited 0.000s {{(pid=95648) inner /opt/stack/data/venv/lib/python3.12/site-packages/oslo_concurrency/lockutils.py:524}}
