Jul 31 11:51:03.156672 np0000006215 nova-scheduler[93546]: DEBUG cotyledon.oslo_config_glue [-] oslo_messaging_rabbit.rabbit_qos_prefetch_count = 0 {{(pid=93546) log_opt_values /opt/stack/data/venv/lib/python3.12/site-packages/oslo_config/cfg.py:3253}}
Jul 31 11:51:03.156672 np0000006215 nova-scheduler[93546]: DEBUG cotyledon.oslo_config_glue [-] oslo_messaging_rabbit.rabbit_quorum_delivery_limit = 0 {{(pid=93546) log_opt_values /opt/stack/data/venv/lib/python3.12/site-packages/oslo_config/cfg.py:3253}}
Jul 31 11:51:03.156672 np0000006215 nova-scheduler[93546]: DEBUG cotyledon.oslo_config_glue [-] oslo_messaging_rabbit.rabbit_quorum_max_memory_bytes = 0 {{(pid=93546) log_opt_values /opt/stack/data/venv/lib/python3.12/site-packages/oslo_config/cfg.py:3253}}
Jul 31 11:51:03.156672 np0000006215 nova-scheduler[93546]: DEBUG cotyledon.oslo_config_glue [-] oslo_messaging_rabbit.rabbit_quorum_max_memory_length = 0 {{(pid=93546) log_opt_values /opt/stack/data/venv/lib/python3.12/site-packages/oslo_config/cfg.py:3253}}
Jul 31 11:51:03.156672 np0000006215 nova-scheduler[93546]: DEBUG cotyledon.oslo_config_glue [-] oslo_messaging_rabbit.rabbit_quorum_queue = False {{(pid=93546) log_opt_values /opt/stack/data/venv/lib/python3.12/site-packages/oslo_config/cfg.py:3253}}
Jul 31 11:51:03.156672 np0000006215 nova-scheduler[93546]: DEBUG cotyledon.oslo_config_glue [-] oslo_messaging_rabbit.rabbit_retry_backoff = 2 {{(pid=93546) log_opt_values /opt/stack/data/venv/lib/python3.12/site-packages/oslo_config/cfg.py:3253}}
Jul 31 11:51:03.156672 np0000006215 nova-scheduler[93546]: DEBUG cotyledon.oslo_config_glue [-] oslo_messaging_rabbit.rabbit_retry_interval = 1 {{(pid=93546) log_opt_values /opt/stack/data/venv/lib/python3.12/site-packages/oslo_config/cfg.py:3253}}
Jul 31 11:51:03.156672 np0000006215 nova-scheduler[93546]: DEBUG cotyledon.oslo_config_glue [-] oslo_messaging_rabbit.rabbit_stream_fanout = False {{(pid=93546) log_opt_values /opt/stack/data/venv/lib/python3.12/site-packages/oslo_config/cfg.py:3253}}
Jul 31 11:51:03.156831 np0000006215 nova-scheduler[93546]: DEBUG cotyledon.oslo_config_glue [-] oslo_messaging_rabbit.rabbit_transient_queues_ttl = 1800 {{(pid=93546) log_opt_values /opt/stack/data/venv/lib/python3.12/site-packages/oslo_config/cfg.py:3253}}
Jul 31 11:51:03.156831 np0000006215 nova-scheduler[93546]: DEBUG cotyledon.oslo_config_glue [-] oslo_messaging_rabbit.rabbit_transient_quorum_queue = False {{(pid=93546) log_opt_values /opt/stack/data/venv/lib/python3.12/site-packages/oslo_config/cfg.py:3253}}
Jul 31 11:51:03.156831 np0000006215 nova-scheduler[93546]: DEBUG cotyledon.oslo_config_glue [-] oslo_messaging_rabbit.rpc_conn_pool_size = 30 {{(pid=93546) log_opt_values /opt/stack/data/venv/lib/python3.12/site-packages/oslo_config/cfg.py:3253}}
Jul 31 11:51:03.156831 np0000006215 nova-scheduler[93546]: DEBUG cotyledon.oslo_config_glue [-] oslo_messaging_rabbit.ssl = False {{(pid=93546) log_opt_values /opt/stack/data/venv/lib/python3.12/site-packages/oslo_config/cfg.py:3253}}
Jul 31 11:51:03.156831 np0000006215 nova-scheduler[93546]: DEBUG cotyledon.oslo_config_glue [-] oslo_messaging_rabbit.ssl_ca_file = {{(pid=93546) log_opt_values /opt/stack/data/venv/lib/python3.12/site-packages/oslo_config/cfg.py:3253}}
Jul 31 11:51:03.156831 np0000006215 nova-scheduler[93546]: DEBUG cotyledon.oslo_config_glue [-] oslo_messaging_rabbit.ssl_cert_file = {{(pid=93546) log_opt_values /opt/stack/data/venv/lib/python3.12/site-packages/oslo_config/cfg.py:3253}}
Jul 31 11:51:03.156831 np0000006215 nova-scheduler[93546]: DEBUG cotyledon.oslo_config_glue [-] oslo_messaging_rabbit.ssl_enforce_fips_mode = False {{(pid=93546) log_opt_values /opt/stack/data/venv/lib/python3.12/site-packages/oslo_config/cfg.py:3253}}
Jul 31 11:51:03.156831 np0000006215 nova-scheduler[93546]: DEBUG cotyledon.oslo_config_glue [-] oslo_messaging_rabbit.ssl_enforce_hostname_verification = True {{(pid=93546) log_opt_values /opt/stack/data/venv/lib/python3.12/site-packages/oslo_config/cfg.py:3253}}
Jul 31 11:51:03.156831 np0000006215 nova-scheduler[93546]: DEBUG cotyledon.oslo_config_glue [-] oslo_messaging_rabbit.ssl_key_file = {{(pid=93546) log_opt_values /opt/stack/data/venv/lib/python3.12/site-packages/oslo_config/cfg.py:3253}}
Jul 31 11:51:03.156981 np0000006215 nova-scheduler[93546]: DEBUG cotyledon.oslo_config_glue [-] oslo_messaging_rabbit.ssl_version = {{(pid=93546) log_opt_values /opt/stack/data/venv/lib/python3.12/site-packages/oslo_config/cfg.py:3253}}
Jul 31 11:51:03.156981 np0000006215 nova-scheduler[93546]: DEBUG cotyledon.oslo_config_glue [-] oslo_messaging_rabbit.use_queue_manager = False {{(pid=93546) log_opt_values /opt/stack/data/venv/lib/python3.12/site-packages/oslo_config/cfg.py:3253}}
Jul 31 11:51:03.156981 np0000006215 nova-scheduler[93546]: DEBUG cotyledon.oslo_config_glue [-] oslo_messaging_notifications.driver = ['messagingv2'] {{(pid=93546) log_opt_values /opt/stack/data/venv/lib/python3.12/site-packages/oslo_config/cfg.py:3253}}
Jul 31 11:51:03.156981 np0000006215 nova-scheduler[93546]: DEBUG cotyledon.oslo_config_glue [-] oslo_messaging_notifications.retry = -1 {{(pid=93546) log_opt_values /opt/stack/data/venv/lib/python3.12/site-packages/oslo_config/cfg.py:3253}}
Jul 31 11:51:03.156981 np0000006215 nova-scheduler[93546]: DEBUG cotyledon.oslo_config_glue [-] oslo_messaging_notifications.topics = ['notifications'] {{(pid=93546) log_opt_values /opt/stack/data/venv/lib/python3.12/site-packages/oslo_config/cfg.py:3253}}
Jul 31 11:51:03.156981 np0000006215 nova-scheduler[93546]: DEBUG cotyledon.oslo_config_glue [-] oslo_messaging_notifications.transport_url = **** {{(pid=93546) log_opt_values /opt/stack/data/venv/lib/python3.12/site-packages/oslo_config/cfg.py:3253}}
Jul 31 11:51:03.156981 np0000006215 nova-scheduler[93546]: DEBUG cotyledon.oslo_config_glue [-] oslo_limit.auth_section = None {{(pid=93546) log_opt_values /opt/stack/data/venv/lib/python3.12/site-packages/oslo_config/cfg.py:3253}}
Jul 31 11:51:03.156981 np0000006215 nova-scheduler[93546]: DEBUG cotyledon.oslo_config_glue [-] oslo_limit.auth_type = None {{(pid=93546) log_opt_values /opt/stack/data/venv/lib/python3.12/site-packages/oslo_config/cfg.py:3253}}
Jul 31 11:51:03.156981 np0000006215 nova-scheduler[93546]: DEBUG cotyledon.oslo_config_glue [-] oslo_limit.cafile = None {{(pid=93546) log_opt_values /opt/stack/data/venv/lib/python3.12/site-packages/oslo_config/cfg.py:3253}}
Jul 31 11:51:03.157156 np0000006215 nova-scheduler[93546]: DEBUG cotyledon.oslo_config_glue [-] oslo_limit.certfile = None {{(pid=93546) log_opt_values /opt/stack/data/venv/lib/python3.12/site-packages/oslo_config/cfg.py:3253}}
Jul 31 11:51:03.157156 np0000006215 nova-scheduler[93546]: DEBUG cotyledon.oslo_config_glue [-] oslo_limit.collect_timing = False {{(pid=93546) log_opt_values /opt/stack/data/venv/lib/python3.12/site-packages/oslo_config/cfg.py:3253}}
Jul 31 11:51:03.157156 np0000006215 nova-scheduler[93546]: DEBUG cotyledon.oslo_config_glue [-] oslo_limit.connect_retries = None {{(pid=93546) log_opt_values /opt/stack/data/venv/lib/python3.12/site-packages/oslo_config/cfg.py:3253}}
Jul 31 11:51:03.157156 np0000006215 nova-scheduler[93546]: DEBUG cotyledon.oslo_config_glue [-] oslo_limit.connect_retry_delay = None {{(pid=93546) log_opt_values /opt/stack/data/venv/lib/python3.12/site-packages/oslo_config/cfg.py:3253}}
Jul 31 11:51:03.157156 np0000006215 nova-scheduler[93546]: DEBUG cotyledon.oslo_config_glue [-] oslo_limit.endpoint_id = None {{(pid=93546) log_opt_values /opt/stack/data/venv/lib/python3.12/site-packages/oslo_config/cfg.py:3253}}
Jul 31 11:51:03.157156 np0000006215 nova-scheduler[93546]: DEBUG cotyledon.oslo_config_glue [-] oslo_limit.endpoint_interface = public {{(pid=93546) log_opt_values /opt/stack/data/venv/lib/python3.12/site-packages/oslo_config/cfg.py:3253}}
Jul 31 11:51:03.157156 np0000006215 nova-scheduler[93546]: DEBUG cotyledon.oslo_config_glue [-] oslo_limit.endpoint_override = None {{(pid=93546) log_opt_values /opt/stack/data/venv/lib/python3.12/site-packages/oslo_config/cfg.py:3253}}
Jul 31 11:51:03.157156 np0000006215 nova-scheduler[93546]: DEBUG cotyledon.oslo_config_glue [-] oslo_limit.endpoint_region_name = None {{(pid=93546) log_opt_values /opt/stack/data/venv/lib/python3.12/site-packages/oslo_config/cfg.py:3253}}
Jul 31 11:51:03.157156 np0000006215 nova-scheduler[93546]: DEBUG cotyledon.oslo_config_glue [-] oslo_limit.endpoint_service_name = None {{(pid=93546) log_opt_values /opt/stack/data/venv/lib/python3.12/site-packages/oslo_config/cfg.py:3253}}
Jul 31 11:51:03.157319 np0000006215 nova-scheduler[93546]: DEBUG cotyledon.oslo_config_glue [-] oslo_limit.endpoint_service_type = None {{(pid=93546) log_opt_values /opt/stack/data/venv/lib/python3.12/site-packages/oslo_config/cfg.py:3253}}
Jul 31 11:51:03.157319 np0000006215 nova-scheduler[93546]: DEBUG cotyledon.oslo_config_glue [-] oslo_limit.insecure = False {{(pid=93546) log_opt_values /opt/stack/data/venv/lib/python3.12/site-packages/oslo_config/cfg.py:3253}}
Jul 31 11:51:03.157319 np0000006215 nova-scheduler[93546]: DEBUG cotyledon.oslo_config_glue [-] oslo_limit.keyfile = None {{(pid=93546) log_opt_values /opt/stack/data/venv/lib/python3.12/site-packages/oslo_config/cfg.py:3253}}
Jul 31 11:51:03.157319 np0000006215 nova-scheduler[93546]: DEBUG cotyledon.oslo_config_glue [-] oslo_limit.max_version = None {{(pid=93546) log_opt_values /opt/stack/data/venv/lib/python3.12/site-packages/oslo_config/cfg.py:3253}}
Jul 31 11:51:03.157319 np0000006215 nova-scheduler[93546]: DEBUG cotyledon.oslo_config_glue [-] oslo_limit.min_version = None {{(pid=93546) log_opt_values /opt/stack/data/venv/lib/python3.12/site-packages/oslo_config/cfg.py:3253}}
Jul 31 11:51:03.157319 np0000006215 nova-scheduler[93546]: DEBUG cotyledon.oslo_config_glue [-] oslo_limit.region_name = None {{(pid=93546) log_opt_values /opt/stack/data/venv/lib/python3.12/site-packages/oslo_config/cfg.py:3253}}
Jul 31 11:51:03.157319 np0000006215 nova-scheduler[93546]: DEBUG cotyledon.oslo_config_glue [-] oslo_limit.retriable_status_codes = None {{(pid=93546) log_opt_values /opt/stack/data/venv/lib/python3.12/site-packages/oslo_config/cfg.py:3253}}
Jul 31 11:51:03.157319 np0000006215 nova-scheduler[93546]: DEBUG cotyledon.oslo_config_glue [-] oslo_limit.service_name = None {{(pid=93546) log_opt_values /opt/stack/data/venv/lib/python3.12/site-packages/oslo_config/cfg.py:3253}}
Jul 31 11:51:03.157319 np0000006215 nova-scheduler[93546]: DEBUG cotyledon.oslo_config_glue [-] oslo_limit.service_type = None {{(pid=93546) log_opt_values /opt/stack/data/venv/lib/python3.12/site-packages/oslo_config/cfg.py:3253}}
Jul 31 11:51:03.157475 np0000006215 nova-scheduler[93546]: DEBUG cotyledon.oslo_config_glue [-] oslo_limit.split_loggers = False {{(pid=93546) log_opt_values /opt/stack/data/venv/lib/python3.12/site-packages/oslo_config/cfg.py:3253}}
Jul 31 11:51:03.157475 np0000006215 nova-scheduler[93546]: DEBUG cotyledon.oslo_config_glue [-] oslo_limit.status_code_retries = None {{(pid=93546) log_opt_values /opt/stack/data/venv/lib/python3.12/site-packages/oslo_config/cfg.py:3253}}
Jul 31 11:51:03.157475 np0000006215 nova-scheduler[93546]: DEBUG cotyledon.oslo_config_glue [-] oslo_limit.status_code_retry_delay = None {{(pid=93546) log_opt_values /opt/stack/data/venv/lib/python3.12/site-packages/oslo_config/cfg.py:3253}}
Jul 31 11:51:03.157475 np0000006215 nova-scheduler[93546]: DEBUG cotyledon.oslo_config_glue [-] oslo_limit.timeout = None {{(pid=93546) log_opt_values /opt/stack/data/venv/lib/python3.12/site-packages/oslo_config/cfg.py:3253}}
Jul 31 11:51:03.157475 np0000006215 nova-scheduler[93546]: DEBUG cotyledon.oslo_config_glue [-] oslo_limit.valid_interfaces = None {{(pid=93546) log_opt_values /opt/stack/data/venv/lib/python3.12/site-packages/oslo_config/cfg.py:3253}}
Jul 31 11:51:03.157475 np0000006215 nova-scheduler[93546]: DEBUG cotyledon.oslo_config_glue [-] oslo_limit.version = None {{(pid=93546) log_opt_values /opt/stack/data/venv/lib/python3.12/site-packages/oslo_config/cfg.py:3253}}
Jul 31 11:51:03.157475 np0000006215 nova-scheduler[93546]: DEBUG cotyledon.oslo_config_glue [-] oslo_reports.file_event_handler = None {{(pid=93546) log_opt_values /opt/stack/data/venv/lib/python3.12/site-packages/oslo_config/cfg.py:3253}}
Jul 31 11:51:03.157475 np0000006215 nova-scheduler[93546]: DEBUG cotyledon.oslo_config_glue [-] oslo_reports.file_event_handler_interval = 1 {{(pid=93546) log_opt_values /opt/stack/data/venv/lib/python3.12/site-packages/oslo_config/cfg.py:3253}}
Jul 31 11:51:03.157475 np0000006215 nova-scheduler[93546]: DEBUG cotyledon.oslo_config_glue [-] oslo_reports.log_dir = None {{(pid=93546) log_opt_values /opt/stack/data/venv/lib/python3.12/site-packages/oslo_config/cfg.py:3253}}
Jul 31 11:51:03.157655 np0000006215 nova-scheduler[93546]: DEBUG cotyledon.oslo_config_glue [-] ******************************************************************************** {{(pid=93546) log_opt_values /opt/stack/data/venv/lib/python3.12/site-packages/oslo_config/cfg.py:3260}}
Jul 31 11:51:03.157655 np0000006215 nova-scheduler[93546]: DEBUG cotyledon._service_worker [-] Run service ServiceWrapper(2) [93546] {{(pid=93546) wait_forever /opt/stack/data/venv/lib/python3.12/site-packages/cotyledon/_service_worker.py:218}}
Jul 31 11:51:03.157655 np0000006215 nova-scheduler[93546]: INFO nova.service [-] Starting scheduler node (version 33.1.0)
Jul 31 11:51:03.157716 np0000006215 nova-scheduler[93542]: DEBUG oslo_db.sqlalchemy.engines [None req-850f93fe-d960-43d3-83dc-17c937e73fbf None None] MySQL server mode set to STRICT_TRANS_TABLES,STRICT_ALL_TABLES,NO_ZERO_IN_DATE,NO_ZERO_DATE,ERROR_FOR_DIVISION_BY_ZERO,TRADITIONAL,NO_ENGINE_SUBSTITUTION {{(pid=93542) _check_effective_sql_mode /opt/stack/data/venv/lib/python3.12/site-packages/oslo_db/sqlalchemy/engines.py:325}}
Jul 31 11:51:03.158096 np0000006215 nova-scheduler[93546]: INFO dbcounter [None req-f3ecbfd4-571a-40d9-aa4e-efd3aa3abe2d None None] Registered counter for database nova_cell0
Jul 31 11:51:03.162190 np0000006215 nova-scheduler[93544]: DEBUG oslo_db.sqlalchemy.engines [None req-76bcc560-d0f9-4eae-8c60-9b615757a9a6 None None] MySQL server mode set to STRICT_TRANS_TABLES,STRICT_ALL_TABLES,NO_ZERO_IN_DATE,NO_ZERO_DATE,ERROR_FOR_DIVISION_BY_ZERO,TRADITIONAL,NO_ENGINE_SUBSTITUTION {{(pid=93544) _check_effective_sql_mode /opt/stack/data/venv/lib/python3.12/site-packages/oslo_db/sqlalchemy/engines.py:325}}
Jul 31 11:51:03.162654 np0000006215 nova-scheduler[93542]: DEBUG dbcounter [-] [93542] Writer thread running {{(pid=93542) stat_writer /opt/stack/data/venv/lib/python3.12/site-packages/dbcounter.py:102}}
Jul 31 11:51:03.174328 np0000006215 nova-scheduler[93544]: DEBUG dbcounter [-] [93544] Writer thread running {{(pid=93544) stat_writer /opt/stack/data/venv/lib/python3.12/site-packages/dbcounter.py:102}}
Jul 31 11:51:03.182150 np0000006215 nova-scheduler[93542]: DEBUG nova.service [None req-850f93fe-d960-43d3-83dc-17c937e73fbf None None] Creating RPC server for service: nova-scheduler on topic: scheduler {{(pid=93542) start /opt/stack/nova/nova/service.py:196}}
Jul 31 11:51:03.190141 np0000006215 nova-scheduler[93544]: DEBUG nova.service [None req-76bcc560-d0f9-4eae-8c60-9b615757a9a6 None None] Creating RPC server for service: nova-scheduler on topic: scheduler {{(pid=93544) start /opt/stack/nova/nova/service.py:196}}
Jul 31 11:51:03.199370 np0000006215 nova-scheduler[93546]: DEBUG oslo_db.sqlalchemy.engines [None req-f3ecbfd4-571a-40d9-aa4e-efd3aa3abe2d None None] MySQL server mode set to STRICT_TRANS_TABLES,STRICT_ALL_TABLES,NO_ZERO_IN_DATE,NO_ZERO_DATE,ERROR_FOR_DIVISION_BY_ZERO,TRADITIONAL,NO_ENGINE_SUBSTITUTION {{(pid=93546) _check_effective_sql_mode /opt/stack/data/venv/lib/python3.12/site-packages/oslo_db/sqlalchemy/engines.py:325}}
Jul 31 11:51:03.205842 np0000006215 nova-scheduler[93544]: DEBUG nova.service [None req-76bcc560-d0f9-4eae-8c60-9b615757a9a6 None None] Join ServiceGroup membership for this service scheduler {{(pid=93544) start /opt/stack/nova/nova/service.py:222}}
Jul 31 11:51:03.205967 np0000006215 nova-scheduler[93542]: DEBUG nova.service [None req-850f93fe-d960-43d3-83dc-17c937e73fbf None None] Join ServiceGroup membership for this service scheduler {{(pid=93542) start /opt/stack/nova/nova/service.py:222}}
Jul 31 11:51:03.206144 np0000006215 nova-scheduler[93544]: DEBUG nova.servicegroup.drivers.db [None req-76bcc560-d0f9-4eae-8c60-9b615757a9a6 None None] DB_Driver: join new ServiceGroup member np0000006215 to the scheduler group, service = {{(pid=93544) join /opt/stack/nova/nova/servicegroup/drivers/db.py:44}}
Jul 31 11:51:03.206221 np0000006215 nova-scheduler[93542]: DEBUG nova.servicegroup.drivers.db [None req-850f93fe-d960-43d3-83dc-17c937e73fbf None None] DB_Driver: join new ServiceGroup member np0000006215 to the scheduler group, service = {{(pid=93542) join /opt/stack/nova/nova/servicegroup/drivers/db.py:44}}
Jul 31 11:51:03.210373 np0000006215 nova-scheduler[93546]: DEBUG dbcounter [-] [93546] Writer thread running {{(pid=93546) stat_writer /opt/stack/data/venv/lib/python3.12/site-packages/dbcounter.py:102}}
Jul 31 11:51:03.213354 np0000006215 nova-scheduler[93546]: DEBUG nova.service [None req-f3ecbfd4-571a-40d9-aa4e-efd3aa3abe2d None None] Creating RPC server for service: nova-scheduler on topic: scheduler {{(pid=93546) start /opt/stack/nova/nova/service.py:196}}
Jul 31 11:51:03.229480 np0000006215 nova-scheduler[93546]: DEBUG nova.service [None req-f3ecbfd4-571a-40d9-aa4e-efd3aa3abe2d None None] Join ServiceGroup membership for this service scheduler {{(pid=93546) start /opt/stack/nova/nova/service.py:222}}
Jul 31 11:51:03.229878 np0000006215 nova-scheduler[93546]: DEBUG nova.servicegroup.drivers.db [None req-f3ecbfd4-571a-40d9-aa4e-efd3aa3abe2d None None] DB_Driver: join new ServiceGroup member np0000006215 to the scheduler group, service = {{(pid=93546) join /opt/stack/nova/nova/servicegroup/drivers/db.py:44}}
Jul 31 11:51:08.229355 np0000006215 nova-scheduler[93542]: DEBUG oslo.service.backend._threading.loopingcall [-] Fixed interval looping call 'nova.servicegroup.drivers.db.DbDriver._report_state' sleeping for 119.98 seconds {{(pid=93542) _run_loop /opt/stack/data/venv/lib/python3.12/site-packages/oslo_service/backend/_threading/loopingcall.py:125}}
Jul 31 11:51:08.229730 np0000006215 nova-scheduler[93544]: DEBUG oslo.service.backend._threading.loopingcall [-] Fixed interval looping call 'nova.servicegroup.drivers.db.DbDriver._report_state' sleeping for 119.98 seconds {{(pid=93544) _run_loop /opt/stack/data/venv/lib/python3.12/site-packages/oslo_service/backend/_threading/loopingcall.py:125}}
Jul 31 11:51:08.240128 np0000006215 nova-scheduler[93546]: DEBUG oslo.service.backend._threading.loopingcall [-] Fixed interval looping call 'nova.servicegroup.drivers.db.DbDriver._report_state' sleeping for 119.99 seconds {{(pid=93546) _run_loop /opt/stack/data/venv/lib/python3.12/site-packages/oslo_service/backend/_threading/loopingcall.py:125}}
Jul 31 11:51:10.208372 np0000006215 nova-scheduler[93544]: DEBUG oslo.service.backend._threading.loopingcall [None req-07fa0e2d-e35a-47cc-ba28-a01c2d61f752 None None] Dynamic interval looping call 'nova.service.Service.periodic_tasks' sleeping for 60.00 seconds {{(pid=93544) _run_loop /opt/stack/data/venv/lib/python3.12/site-packages/oslo_service/backend/_threading/loopingcall.py:125}}
Jul 31 11:51:11.804400 np0000006215 nova-scheduler[92338]: DEBUG dbcounter [-] [92338] Writing DB stats nova_api:SELECT=3 {{(pid=92338) stat_writer /opt/stack/data/venv/lib/python3.12/site-packages/dbcounter.py:115}}
Jul 31 11:51:11.920889 np0000006215 nova-scheduler[92338]: DEBUG dbcounter [-] [92338] Writing DB stats nova_cell1:SELECT=1 {{(pid=92338) stat_writer /opt/stack/data/venv/lib/python3.12/site-packages/dbcounter.py:115}}
Jul 31 11:51:11.924943 np0000006215 nova-scheduler[92338]: DEBUG dbcounter [-] [92338] Writing DB stats nova_cell0:SELECT=1 {{(pid=92338) stat_writer /opt/stack/data/venv/lib/python3.12/site-packages/dbcounter.py:115}}
Jul 31 11:51:18.219536 np0000006215 nova-scheduler[93542]: DEBUG dbcounter [-] [93542] Writing DB stats nova_cell0:SELECT=4,nova_cell0:INSERT=1,nova_cell0:UPDATE=1 {{(pid=93542) stat_writer /opt/stack/data/venv/lib/python3.12/site-packages/dbcounter.py:115}}
Jul 31 11:51:18.220168 np0000006215 nova-scheduler[93544]: DEBUG dbcounter [-] [93544] Writing DB stats nova_cell0:SELECT=5,nova_cell0:INSERT=1,nova_cell0:UPDATE=1 {{(pid=93544) stat_writer /opt/stack/data/venv/lib/python3.12/site-packages/dbcounter.py:115}}
Jul 31 11:51:18.237762 np0000006215 nova-scheduler[93546]: DEBUG dbcounter [-] [93546] Writing DB stats nova_cell0:SELECT=3 {{(pid=93546) stat_writer /opt/stack/data/venv/lib/python3.12/site-packages/dbcounter.py:115}}
Jul 31 11:51:42.208646 np0000006215 nova-scheduler[93542]: DEBUG oslo.service.backend._threading.loopingcall [None req-a1ea3056-a2d8-4229-8002-e97f4570146f None None] Dynamic interval looping call 'nova.service.Service.periodic_tasks' sleeping for 60.00 seconds {{(pid=93542) _run_loop /opt/stack/data/venv/lib/python3.12/site-packages/oslo_service/backend/_threading/loopingcall.py:125}}
Jul 31 11:51:45.232599 np0000006215 nova-scheduler[93546]: DEBUG oslo.service.backend._threading.loopingcall [None req-7b65721d-6322-4d22-b28d-6c6593611553 None None] Dynamic interval looping call 'nova.service.Service.periodic_tasks' sleeping for 60.00 seconds {{(pid=93546) _run_loop /opt/stack/data/venv/lib/python3.12/site-packages/oslo_service/backend/_threading/loopingcall.py:125}}
Jul 31 11:52:10.208916 np0000006215 nova-scheduler[93544]: DEBUG oslo.service.backend._threading.loopingcall [None req-07fa0e2d-e35a-47cc-ba28-a01c2d61f752 None None] Dynamic interval looping call 'nova.service.Service.periodic_tasks' sleeping for 60.00 seconds {{(pid=93544) _run_loop /opt/stack/data/venv/lib/python3.12/site-packages/oslo_service/backend/_threading/loopingcall.py:125}}
Jul 31 11:52:42.209141 np0000006215 nova-scheduler[93542]: DEBUG oslo.service.backend._threading.loopingcall [None req-a1ea3056-a2d8-4229-8002-e97f4570146f None None] Dynamic interval looping call 'nova.service.Service.periodic_tasks' sleeping for 60.00 seconds {{(pid=93542) _run_loop /opt/stack/data/venv/lib/python3.12/site-packages/oslo_service/backend/_threading/loopingcall.py:125}}
Jul 31 11:52:45.232827 np0000006215 nova-scheduler[93546]: DEBUG oslo.service.backend._threading.loopingcall [None req-7b65721d-6322-4d22-b28d-6c6593611553 None None] Dynamic interval looping call 'nova.service.Service.periodic_tasks' sleeping for 60.00 seconds {{(pid=93546) _run_loop /opt/stack/data/venv/lib/python3.12/site-packages/oslo_service/backend/_threading/loopingcall.py:125}}
Jul 31 11:53:08.217148 np0000006215 nova-scheduler[93542]: DEBUG oslo.service.backend._threading.loopingcall [-] Fixed interval looping call 'nova.servicegroup.drivers.db.DbDriver._report_state' sleeping for 119.99 seconds {{(pid=93542) _run_loop /opt/stack/data/venv/lib/python3.12/site-packages/oslo_service/backend/_threading/loopingcall.py:125}}
Jul 31 11:53:08.217750 np0000006215 nova-scheduler[93544]: DEBUG oslo.service.backend._threading.loopingcall [-] Fixed interval looping call 'nova.servicegroup.drivers.db.DbDriver._report_state' sleeping for 119.99 seconds {{(pid=93544) _run_loop /opt/stack/data/venv/lib/python3.12/site-packages/oslo_service/backend/_threading/loopingcall.py:125}}
Jul 31 11:53:08.235018 np0000006215 nova-scheduler[93546]: DEBUG oslo.service.backend._threading.loopingcall [-] Fixed interval looping call 'nova.servicegroup.drivers.db.DbDriver._report_state' sleeping for 120.00 seconds {{(pid=93546) _run_loop /opt/stack/data/venv/lib/python3.12/site-packages/oslo_service/backend/_threading/loopingcall.py:125}}
Jul 31 11:53:10.209602 np0000006215 nova-scheduler[93544]: DEBUG oslo.service.backend._threading.loopingcall [None req-07fa0e2d-e35a-47cc-ba28-a01c2d61f752 None None] Dynamic interval looping call 'nova.service.Service.periodic_tasks' sleeping for 60.00 seconds {{(pid=93544) _run_loop /opt/stack/data/venv/lib/python3.12/site-packages/oslo_service/backend/_threading/loopingcall.py:125}}
Jul 31 11:53:18.214117 np0000006215 nova-scheduler[93542]: DEBUG dbcounter [-] [93542] Writing DB stats nova_cell0:SELECT=1,nova_cell0:UPDATE=1 {{(pid=93542) stat_writer /opt/stack/data/venv/lib/python3.12/site-packages/dbcounter.py:115}}
Jul 31 11:53:18.216529 np0000006215 nova-scheduler[93544]: DEBUG dbcounter [-] [93544] Writing DB stats nova_cell0:SELECT=1,nova_cell0:UPDATE=1 {{(pid=93544) stat_writer /opt/stack/data/venv/lib/python3.12/site-packages/dbcounter.py:115}}
Jul 31 11:53:18.232561 np0000006215 nova-scheduler[93546]: DEBUG dbcounter [-] [93546] Writing DB stats nova_cell0:SELECT=1 {{(pid=93546) stat_writer /opt/stack/data/venv/lib/python3.12/site-packages/dbcounter.py:115}}
Jul 31 11:53:35.281414 np0000006215 nova-scheduler[93542]: DEBUG nova.scheduler.manager [None req-885fae7c-f719-4da5-988d-abe5ea697b4e tempest-ServerActionsTestOtherB-1722954583 tempest-ServerActionsTestOtherB-1722954583-project-member] Starting to schedule for instances: ['2526d254-e847-427f-a2e5-407a07cdcfd2'] {{(pid=93542) select_destinations /opt/stack/nova/nova/scheduler/manager.py:209}}
Jul 31 11:53:35.282128 np0000006215 nova-scheduler[93542]: DEBUG nova.scheduler.request_filter [None req-885fae7c-f719-4da5-988d-abe5ea697b4e tempest-ServerActionsTestOtherB-1722954583 tempest-ServerActionsTestOtherB-1722954583-project-member] compute_status_filter request filter added forbidden trait COMPUTE_STATUS_DISABLED {{(pid=93542) compute_status_filter /opt/stack/nova/nova/scheduler/request_filter.py:253}}
Jul 31 11:53:35.282276 np0000006215 nova-scheduler[93542]: DEBUG nova.scheduler.request_filter [None req-885fae7c-f719-4da5-988d-abe5ea697b4e tempest-ServerActionsTestOtherB-1722954583 tempest-ServerActionsTestOtherB-1722954583-project-member] Request filter 'compute_status_filter' took 0.0 seconds {{(pid=93542) wrapper /opt/stack/nova/nova/scheduler/request_filter.py:46}}
Jul 31 11:53:35.283085 np0000006215 nova-scheduler[93542]: DEBUG nova.scheduler.request_filter [None req-885fae7c-f719-4da5-988d-abe5ea697b4e tempest-ServerActionsTestOtherB-1722954583 tempest-ServerActionsTestOtherB-1722954583-project-member] Request filter 'accelerators_filter' took 0.0 seconds {{(pid=93542) wrapper /opt/stack/nova/nova/scheduler/request_filter.py:46}}
Jul 31 11:53:35.283441 np0000006215 nova-scheduler[93542]: DEBUG nova.scheduler.request_filter [None req-885fae7c-f719-4da5-988d-abe5ea697b4e tempest-ServerActionsTestOtherB-1722954583 tempest-ServerActionsTestOtherB-1722954583-project-member] Request filter 'packed_virtqueue_filter' took 0.0 seconds {{(pid=93542) wrapper /opt/stack/nova/nova/scheduler/request_filter.py:46}}
Jul 31 11:53:35.283939 np0000006215 nova-scheduler[93542]: DEBUG nova.scheduler.request_filter [None req-885fae7c-f719-4da5-988d-abe5ea697b4e tempest-ServerActionsTestOtherB-1722954583 tempest-ServerActionsTestOtherB-1722954583-project-member] Request filter 'remote_managed_ports_filter' took 0.0 seconds {{(pid=93542) wrapper /opt/stack/nova/nova/scheduler/request_filter.py:46}}
Jul 31 11:53:35.284140 np0000006215 nova-scheduler[93542]: DEBUG nova.scheduler.request_filter [None req-885fae7c-f719-4da5-988d-abe5ea697b4e tempest-ServerActionsTestOtherB-1722954583 tempest-ServerActionsTestOtherB-1722954583-project-member] ephemeral_encryption_filter skipped {{(pid=93542) ephemeral_encryption_filter /opt/stack/nova/nova/scheduler/request_filter.py:426}}
Jul 31 11:53:35.284658 np0000006215 nova-scheduler[93542]: DEBUG nova.scheduler.request_filter [None req-885fae7c-f719-4da5-988d-abe5ea697b4e tempest-ServerActionsTestOtherB-1722954583 tempest-ServerActionsTestOtherB-1722954583-project-member] virtio_sound_filter skipped {{(pid=93542) virtio_sound_filter /opt/stack/nova/nova/scheduler/request_filter.py:460}}
Jul 31 11:53:35.285376 np0000006215 nova-scheduler[93542]: DEBUG nova.scheduler.request_filter [None req-885fae7c-f719-4da5-988d-abe5ea697b4e tempest-ServerActionsTestOtherB-1722954583 tempest-ServerActionsTestOtherB-1722954583-project-member] tpm_secret_security_filter skipped {{(pid=93542) tpm_secret_security_filter /opt/stack/nova/nova/scheduler/request_filter.py:477}}
Jul 31 11:53:35.807118 np0000006215 nova-scheduler[93542]: INFO nova.utils [None req-885fae7c-f719-4da5-988d-abe5ea697b4e tempest-ServerActionsTestOtherB-1722954583 tempest-ServerActionsTestOtherB-1722954583-project-member] The cell worker thread pool ForkProcess-1.cell_worker is initialized
Jul 31 11:53:35.807409 np0000006215 nova-scheduler[93542]: DEBUG oslo_concurrency.lockutils [None req-885fae7c-f719-4da5-988d-abe5ea697b4e tempest-ServerActionsTestOtherB-1722954583 tempest-ServerActionsTestOtherB-1722954583-project-member] Acquiring lock "2a6b2c7a-5e4e-4701-a657-d796b3c3bc59" by "nova.context.set_target_cell..get_or_set_cached_cell_and_set_connections" {{(pid=93542) inner /opt/stack/data/venv/lib/python3.12/site-packages/oslo_concurrency/lockutils.py:512}}
Jul 31 11:53:35.807625 np0000006215 nova-scheduler[93542]: DEBUG oslo_concurrency.lockutils [None req-885fae7c-f719-4da5-988d-abe5ea697b4e tempest-ServerActionsTestOtherB-1722954583 tempest-ServerActionsTestOtherB-1722954583-project-member] Lock "2a6b2c7a-5e4e-4701-a657-d796b3c3bc59" acquired by "nova.context.set_target_cell..get_or_set_cached_cell_and_set_connections" :: waited 0.000s {{(pid=93542) inner /opt/stack/data/venv/lib/python3.12/site-packages/oslo_concurrency/lockutils.py:525}}
Jul 31 11:53:35.809181 np0000006215 nova-scheduler[93542]: DEBUG oslo_concurrency.lockutils [None req-885fae7c-f719-4da5-988d-abe5ea697b4e tempest-ServerActionsTestOtherB-1722954583 tempest-ServerActionsTestOtherB-1722954583-project-member] Lock "2a6b2c7a-5e4e-4701-a657-d796b3c3bc59" "released" by "nova.context.set_target_cell..get_or_set_cached_cell_and_set_connections" :: held 0.001s {{(pid=93542) inner /opt/stack/data/venv/lib/python3.12/site-packages/oslo_concurrency/lockutils.py:544}}
Jul 31 11:53:35.811472 np0000006215 nova-scheduler[93542]: INFO dbcounter [None req-885fae7c-f719-4da5-988d-abe5ea697b4e tempest-ServerActionsTestOtherB-1722954583 tempest-ServerActionsTestOtherB-1722954583-project-member] Registered counter for database nova_cell1
Jul 31 11:53:35.851396 np0000006215 nova-scheduler[93542]: DEBUG oslo_db.sqlalchemy.engines [None req-885fae7c-f719-4da5-988d-abe5ea697b4e tempest-ServerActionsTestOtherB-1722954583 tempest-ServerActionsTestOtherB-1722954583-project-member] MySQL server mode set to STRICT_TRANS_TABLES,STRICT_ALL_TABLES,NO_ZERO_IN_DATE,NO_ZERO_DATE,ERROR_FOR_DIVISION_BY_ZERO,TRADITIONAL,NO_ENGINE_SUBSTITUTION {{(pid=93542) _check_effective_sql_mode /opt/stack/data/venv/lib/python3.12/site-packages/oslo_db/sqlalchemy/engines.py:325}}
Jul 31 11:53:35.857349 np0000006215 nova-scheduler[93542]: DEBUG dbcounter [-] [93542] Writer thread running {{(pid=93542) stat_writer /opt/stack/data/venv/lib/python3.12/site-packages/dbcounter.py:102}}
Jul 31 11:53:35.871656 np0000006215 nova-scheduler[93542]: DEBUG oslo_db.sqlalchemy.engines [None req-885fae7c-f719-4da5-988d-abe5ea697b4e tempest-ServerActionsTestOtherB-1722954583 tempest-ServerActionsTestOtherB-1722954583-project-member] Parent process 92338 forked (93542) with an open database connection, which is being discarded and recreated. {{(pid=93542) checkout /opt/stack/data/venv/lib/python3.12/site-packages/oslo_db/sqlalchemy/engines.py:402}}
Jul 31 11:53:35.913774 np0000006215 nova-scheduler[93542]: DEBUG dbcounter [-] [93542] Writer thread running {{(pid=93542) stat_writer /opt/stack/data/venv/lib/python3.12/site-packages/dbcounter.py:102}}
Jul 31 11:53:35.916977 np0000006215 nova-scheduler[93542]: DEBUG oslo_concurrency.lockutils [None req-885fae7c-f719-4da5-988d-abe5ea697b4e tempest-ServerActionsTestOtherB-1722954583 tempest-ServerActionsTestOtherB-1722954583-project-member] Acquiring lock "2a6b2c7a-5e4e-4701-a657-d796b3c3bc59" by "nova.context.set_target_cell..get_or_set_cached_cell_and_set_connections" {{(pid=93542) inner /opt/stack/data/venv/lib/python3.12/site-packages/oslo_concurrency/lockutils.py:512}}
Jul 31 11:53:35.917102 np0000006215 nova-scheduler[93542]: DEBUG oslo_concurrency.lockutils [None req-885fae7c-f719-4da5-988d-abe5ea697b4e tempest-ServerActionsTestOtherB-1722954583 tempest-ServerActionsTestOtherB-1722954583-project-member] Lock "2a6b2c7a-5e4e-4701-a657-d796b3c3bc59" acquired by "nova.context.set_target_cell..get_or_set_cached_cell_and_set_connections" :: waited 0.000s {{(pid=93542) inner /opt/stack/data/venv/lib/python3.12/site-packages/oslo_concurrency/lockutils.py:525}}
Jul 31 11:53:35.917198 np0000006215 nova-scheduler[93542]: DEBUG oslo_concurrency.lockutils [None req-885fae7c-f719-4da5-988d-abe5ea697b4e tempest-ServerActionsTestOtherB-1722954583 tempest-ServerActionsTestOtherB-1722954583-project-member] Lock "2a6b2c7a-5e4e-4701-a657-d796b3c3bc59" "released" by "nova.context.set_target_cell..get_or_set_cached_cell_and_set_connections" :: held 0.000s {{(pid=93542) inner /opt/stack/data/venv/lib/python3.12/site-packages/oslo_concurrency/lockutils.py:544}}
Jul 31 11:53:35.921009 np0000006215 nova-scheduler[93542]: DEBUG oslo_concurrency.lockutils [None req-885fae7c-f719-4da5-988d-abe5ea697b4e tempest-ServerActionsTestOtherB-1722954583 tempest-ServerActionsTestOtherB-1722954583-project-member] Acquiring lock "np0000006215-np0000006215" by "nova.scheduler.host_manager.HostState.update.._locked_update" {{(pid=93542) inner /opt/stack/data/venv/lib/python3.12/site-packages/oslo_concurrency/lockutils.py:512}}
Jul 31 11:53:35.921009 np0000006215 nova-scheduler[93542]: DEBUG oslo_concurrency.lockutils [None req-885fae7c-f719-4da5-988d-abe5ea697b4e tempest-ServerActionsTestOtherB-1722954583 tempest-ServerActionsTestOtherB-1722954583-project-member] Lock "np0000006215-np0000006215" acquired by "nova.scheduler.host_manager.HostState.update.._locked_update" :: waited 0.000s {{(pid=93542) inner /opt/stack/data/venv/lib/python3.12/site-packages/oslo_concurrency/lockutils.py:525}}
Jul 31 11:53:35.921712 np0000006215 nova-scheduler[93542]: DEBUG nova.scheduler.host_manager [None req-885fae7c-f719-4da5-988d-abe5ea697b4e tempest-ServerActionsTestOtherB-1722954583 tempest-ServerActionsTestOtherB-1722954583-project-member] Update host state from compute node: ComputeNode(cpu_allocation_ratio=4.0,cpu_info='{"arch": "x86_64", "model": "EPYC-Milan", "vendor": "AMD", "topology": {"cells": 1, "sockets": 16, "cores": 1, "threads": 1}, "maxphysaddr": {"mode": "emulate", "bits": 40}, "features": ["xgetbv1", "vme", "f16c", "cmp_legacy", "fxsr_opt", "xsaveerptr", "tsc-scale", "null-sel-clr-base", "amd-stibp", "fpu", "mds-no", "avx2", "bmi1", "pat", "lfence-always-serializing", "x2apic", "vmcb-clean", "fxsr", "tsc_adjust", "xsaves", "erms", "ibpb", "lahf_lm", "smap", "rdctl-no", "fma", "nrip-save", "topoext", "xsaveopt", "v-vmsave-vmload", "bmi2", "spec-ctrl", "mmxext", "pfthreshold", "vaes", "syscall", "invpcid", "sse", "amd-psfd", "rdseed", "vgif", "hypervisor", "lm", "ssbd", "mce", "amd-ssbd", "pcid", "misalignsse", "osvw", "ssse3", "svme-addr-chk", "xsave", "cx8", "movbe", "apic", "cx16", "pse36", "smep", "fsgsbase", "abm", "clzero", "de", "sha-ni", "pku", "rdpid", "svm", "arch-capabilities", "mca", "umip", "sse4.2", "npt", "wbnoinvd", "clwb", "msr", "tsc", "gds-no", "aes", "3dnowprefetch", "rdrand", "flushbyasid", "ibrs", "pclmuldq", "cmov", "adx", "vpclmulqdq", "pause-filter", "popcnt", "rdtscp", "no-nested-data-bp", "pni", "sse4.1", "pschange-mc-no", "stibp-always-on", "perfctr_core", "mmx", "sep", "pae", "sse2", "pge", "pse", "virt-ssbd", "clflushopt", "sse4a", "nx", "stibp", "mtrr", "skip-l1dfl-vmentry", "fsrm", "avx", "lbrv", "pdpe1gb", "tsc-deadline", "clflush", "cr8legacy", "arat", "xsavec"]}',created_at=2026-07-31T11:51:24Z,current_workload=0,deleted=False,deleted_at=None,disk_allocation_ratio=1.0,disk_available_least=73,free_disk_gb=95,free_ram_mb=62765,host='np0000006215',host_ip=10.4.3.144,hypervisor_hostname='np0000006215',hypervisor_type='QEMU',hypervisor_version=8002002,id=1,local_gb=95,local_gb_used=0,mapped=1,memory_mb=63277,memory_mb_used=512,metrics='[]',numa_topology='{"nova_object.name": "NUMATopology", "nova_object.namespace": "nova", "nova_object.version": "1.2", "nova_object.data": {"cells": [{"nova_object.name": "NUMACell", "nova_object.namespace": "nova", "nova_object.version": "1.5", "nova_object.data": {"id": 0, "cpuset": [0, 1, 2, 3, 4, 5, 6, 7, 8, 9, 10, 11, 12, 13, 14, 15], "pcpuset": [0, 1, 2, 3, 4, 5, 6, 7, 8, 9, 10, 11, 12, 13, 14, 15], "memory": 63277, "cpu_usage": 0, "memory_usage": 0, "pinned_cpus": [], "siblings": [[6], [12], [2], [15], [5], [11], [8], [14], [4], [1], [7], [10], [0], [13], [3], [9]], "mempages": [{"nova_object.name": "NUMAPagesTopology", "nova_object.namespace": "nova", "nova_object.version": "1.1", "nova_object.data": {"size_kb": 4, "total": 16177929, "used": 0, "reserved": 0}, "nova_object.changes": ["size_kb", "used", "total", "reserved"]}, {"nova_object.name": "NUMAPagesTopology", "nova_object.namespace": "nova", "nova_object.version": "1.1", "nova_object.data": {"size_kb": 2048, "total": 41, "used": 0, "reserved": 0}, "nova_object.changes": ["size_kb", "used", "total", "reserved"]}, {"nova_object.name": "NUMAPagesTopology", "nova_object.namespace": "nova", "nova_object.version": "1.1", "nova_object.data": {"size_kb": 1048576, "total": 0, "used": 0, "reserved": 0}, "nova_object.changes": ["size_kb", "used", "total", "reserved"]}], "network_metadata": {"nova_object.name": "NetworkMetadata", "nova_object.namespace": "nova", "nova_object.version": "1.0", "nova_object.data": {"physnets": [], "tunneled": false}, "nova_object.changes": ["tunneled", "physnets"]}, "socket": null}, "nova_object.changes": ["siblings", "socket", "cpu_usage", "id", "mempages", "memory_usage", "pcpuset", "cpuset", "network_metadata", "pinned_cpus", "memory"]}]}, "nova_object.changes": ["cells"]}',pci_device_pools=PciDevicePoolList,ram_allocation_ratio=1.0,running_vms=0,service_id=3,stats={failed_builds='0',uptime=' 11:53:11 up 15 min, 2 users, load average: 1.46, 1.31, 0.79
Jul 31 11:53:35.921712 np0000006215 nova-scheduler[93542]: '},supported_hv_specs=[HVSpec,HVSpec,HVSpec,HVSpec,HVSpec,HVSpec,HVSpec,HVSpec,HVSpec,HVSpec,HVSpec,HVSpec,HVSpec,HVSpec,HVSpec,HVSpec,HVSpec,HVSpec,HVSpec,HVSpec,HVSpec,HVSpec,HVSpec,HVSpec,HVSpec],updated_at=2026-07-31T11:53:12Z,uuid=61d7ed13-2b08-44e1-968a-8e10f05231ab,vcpus=16,vcpus_used=0) {{(pid=93542) _locked_update /opt/stack/nova/nova/scheduler/host_manager.py:168}}
Jul 31 11:53:35.922428 np0000006215 nova-scheduler[93542]: DEBUG nova.scheduler.host_manager [None req-885fae7c-f719-4da5-988d-abe5ea697b4e tempest-ServerActionsTestOtherB-1722954583 tempest-ServerActionsTestOtherB-1722954583-project-member] Update host state with aggregates: [] {{(pid=93542) _locked_update /opt/stack/nova/nova/scheduler/host_manager.py:171}}
Jul 31 11:53:35.922535 np0000006215 nova-scheduler[93542]: DEBUG nova.scheduler.host_manager [None req-885fae7c-f719-4da5-988d-abe5ea697b4e tempest-ServerActionsTestOtherB-1722954583 tempest-ServerActionsTestOtherB-1722954583-project-member] Update host state with service dict: {'id': 3, 'uuid': '59e33557-0042-4037-8baa-56afcafdad74', 'host': 'np0000006215', 'binary': 'nova-compute', 'topic': 'compute', 'report_count': 2, 'disabled': False, 'disabled_reason': None, 'last_seen_up': datetime.datetime(2026, 7, 31, 11, 53, 30, tzinfo=datetime.timezone.utc), 'forced_down': False, 'version': 72, 'created_at': datetime.datetime(2026, 7, 31, 11, 51, 24, tzinfo=datetime.timezone.utc), 'updated_at': datetime.datetime(2026, 7, 31, 11, 53, 30, tzinfo=datetime.timezone.utc), 'deleted_at': None, 'deleted': False} {{(pid=93542) _locked_update /opt/stack/nova/nova/scheduler/host_manager.py:174}}
Jul 31 11:53:35.922713 np0000006215 nova-scheduler[93542]: DEBUG nova.scheduler.host_manager [None req-885fae7c-f719-4da5-988d-abe5ea697b4e tempest-ServerActionsTestOtherB-1722954583 tempest-ServerActionsTestOtherB-1722954583-project-member] Update host state with instances: [] {{(pid=93542) _locked_update /opt/stack/nova/nova/scheduler/host_manager.py:177}}
Jul 31 11:53:35.922875 np0000006215 nova-scheduler[93542]: DEBUG oslo_concurrency.lockutils [None req-885fae7c-f719-4da5-988d-abe5ea697b4e tempest-ServerActionsTestOtherB-1722954583 tempest-ServerActionsTestOtherB-1722954583-project-member] Lock "np0000006215-np0000006215" "released" by "nova.scheduler.host_manager.HostState.update.._locked_update" :: held 0.002s {{(pid=93542) inner /opt/stack/data/venv/lib/python3.12/site-packages/oslo_concurrency/lockutils.py:544}}
Jul 31 11:53:35.923296 np0000006215 nova-scheduler[93542]: DEBUG nova.filters [None req-885fae7c-f719-4da5-988d-abe5ea697b4e tempest-ServerActionsTestOtherB-1722954583 tempest-ServerActionsTestOtherB-1722954583-project-member] Starting with 1 host(s) {{(pid=93542) get_filtered_objects /opt/stack/nova/nova/filters.py:70}}
Jul 31 11:53:35.923476 np0000006215 nova-scheduler[93542]: DEBUG nova.filters [None req-885fae7c-f719-4da5-988d-abe5ea697b4e tempest-ServerActionsTestOtherB-1722954583 tempest-ServerActionsTestOtherB-1722954583-project-member] Filter ComputeFilter returned 1 host(s) {{(pid=93542) get_filtered_objects /opt/stack/nova/nova/filters.py:102}}
Jul 31 11:53:35.923684 np0000006215 nova-scheduler[93542]: DEBUG nova.filters [None req-885fae7c-f719-4da5-988d-abe5ea697b4e tempest-ServerActionsTestOtherB-1722954583 tempest-ServerActionsTestOtherB-1722954583-project-member] Filter ComputeCapabilitiesFilter returned 1 host(s) {{(pid=93542) get_filtered_objects /opt/stack/nova/nova/filters.py:102}}
Jul 31 11:53:35.923876 np0000006215 nova-scheduler[93542]: DEBUG nova.filters [None req-885fae7c-f719-4da5-988d-abe5ea697b4e tempest-ServerActionsTestOtherB-1722954583 tempest-ServerActionsTestOtherB-1722954583-project-member] Filter ImagePropertiesFilter returned 1 host(s) {{(pid=93542) get_filtered_objects /opt/stack/nova/nova/filters.py:102}}
Jul 31 11:53:35.924029 np0000006215 nova-scheduler[93542]: DEBUG nova.filters [None req-885fae7c-f719-4da5-988d-abe5ea697b4e tempest-ServerActionsTestOtherB-1722954583 tempest-ServerActionsTestOtherB-1722954583-project-member] Filter ServerGroupAntiAffinityFilter returned 1 host(s) {{(pid=93542) get_filtered_objects /opt/stack/nova/nova/filters.py:102}}
Jul 31 11:53:35.924080 np0000006215 nova-scheduler[93542]: DEBUG nova.filters [None req-885fae7c-f719-4da5-988d-abe5ea697b4e tempest-ServerActionsTestOtherB-1722954583 tempest-ServerActionsTestOtherB-1722954583-project-member] Filter ServerGroupAffinityFilter returned 1 host(s) {{(pid=93542) get_filtered_objects /opt/stack/nova/nova/filters.py:102}}
Jul 31 11:53:35.924203 np0000006215 nova-scheduler[93542]: DEBUG nova.filters [None req-885fae7c-f719-4da5-988d-abe5ea697b4e tempest-ServerActionsTestOtherB-1722954583 tempest-ServerActionsTestOtherB-1722954583-project-member] Filter SameHostFilter returned 1 host(s) {{(pid=93542) get_filtered_objects /opt/stack/nova/nova/filters.py:102}}
Jul 31 11:53:35.924289 np0000006215 nova-scheduler[93542]: DEBUG nova.filters [None req-885fae7c-f719-4da5-988d-abe5ea697b4e tempest-ServerActionsTestOtherB-1722954583 tempest-ServerActionsTestOtherB-1722954583-project-member] Filter DifferentHostFilter returned 1 host(s) {{(pid=93542) get_filtered_objects /opt/stack/nova/nova/filters.py:102}}
Jul 31 11:53:35.924403 np0000006215 nova-scheduler[93542]: DEBUG nova.scheduler.manager [None req-885fae7c-f719-4da5-988d-abe5ea697b4e tempest-ServerActionsTestOtherB-1722954583 tempest-ServerActionsTestOtherB-1722954583-project-member] Filtered [(np0000006215, np0000006215) ram: 62765MB disk: 74752MB io_ops: 0 instances: 0, allocation_candidates: 1] {{(pid=93542) _get_sorted_hosts /opt/stack/nova/nova/scheduler/manager.py:742}}
Jul 31 11:53:35.924627 np0000006215 nova-scheduler[93542]: DEBUG nova.scheduler.manager [None req-885fae7c-f719-4da5-988d-abe5ea697b4e tempest-ServerActionsTestOtherB-1722954583 tempest-ServerActionsTestOtherB-1722954583-project-member] Weighed [WeighedHost [host: (np0000006215, np0000006215) ram: 62765MB disk: 74752MB io_ops: 0 instances: 0, allocation_candidates: 1, weight: 0.0]] {{(pid=93542) _get_sorted_hosts /opt/stack/nova/nova/scheduler/manager.py:764}}
Jul 31 11:53:35.924740 np0000006215 nova-scheduler[93542]: DEBUG nova.scheduler.utils [None req-885fae7c-f719-4da5-988d-abe5ea697b4e tempest-ServerActionsTestOtherB-1722954583 tempest-ServerActionsTestOtherB-1722954583-project-member] Attempting to claim resources in the placement API for instance 2526d254-e847-427f-a2e5-407a07cdcfd2 {{(pid=93542) claim_resources /opt/stack/nova/nova/scheduler/utils.py:1345}}
Jul 31 11:53:36.068388 np0000006215 nova-scheduler[93542]: DEBUG nova.scheduler.manager [None req-885fae7c-f719-4da5-988d-abe5ea697b4e tempest-ServerActionsTestOtherB-1722954583 tempest-ServerActionsTestOtherB-1722954583-project-member] [instance: 2526d254-e847-427f-a2e5-407a07cdcfd2] Selected host: (np0000006215, np0000006215) ram: 62765MB disk: 74752MB io_ops: 0 instances: 0, allocation_candidates: 1 {{(pid=93542) _consume_selected_host /opt/stack/nova/nova/scheduler/manager.py:624}}
Jul 31 11:53:36.068665 np0000006215 nova-scheduler[93542]: DEBUG oslo_concurrency.lockutils [None req-885fae7c-f719-4da5-988d-abe5ea697b4e tempest-ServerActionsTestOtherB-1722954583 tempest-ServerActionsTestOtherB-1722954583-project-member] Acquiring lock "np0000006215-np0000006215" by "nova.scheduler.host_manager.HostState.consume_from_request.._locked" {{(pid=93542) inner /opt/stack/data/venv/lib/python3.12/site-packages/oslo_concurrency/lockutils.py:512}}
Jul 31 11:53:36.068822 np0000006215 nova-scheduler[93542]: DEBUG oslo_concurrency.lockutils [None req-885fae7c-f719-4da5-988d-abe5ea697b4e tempest-ServerActionsTestOtherB-1722954583 tempest-ServerActionsTestOtherB-1722954583-project-member] Lock "np0000006215-np0000006215" acquired by "nova.scheduler.host_manager.HostState.consume_from_request.._locked" :: waited 0.000s {{(pid=93542) inner /opt/stack/data/venv/lib/python3.12/site-packages/oslo_concurrency/lockutils.py:525}}
Jul 31 11:53:36.069060 np0000006215 nova-scheduler[93542]: DEBUG oslo_concurrency.lockutils [None req-885fae7c-f719-4da5-988d-abe5ea697b4e tempest-ServerActionsTestOtherB-1722954583 tempest-ServerActionsTestOtherB-1722954583-project-member] Lock "np0000006215-np0000006215" "released" by "nova.scheduler.host_manager.HostState.consume_from_request.._locked" :: held 0.000s {{(pid=93542) inner /opt/stack/data/venv/lib/python3.12/site-packages/oslo_concurrency/lockutils.py:544}}
Jul 31 11:53:38.360948 np0000006215 nova-scheduler[93544]: DEBUG nova.scheduler.manager [None req-de6fa163-8de8-47d2-87a6-7e34572b9bec tempest-AttachVolumeNegativeTest-931658236 tempest-AttachVolumeNegativeTest-931658236-project-member] Starting to schedule for instances: ['e6961bae-0dd7-4452-aeb6-a37894716fc1'] {{(pid=93544) select_destinations /opt/stack/nova/nova/scheduler/manager.py:209}}
Jul 31 11:53:38.361583 np0000006215 nova-scheduler[93544]: DEBUG nova.scheduler.request_filter [None req-de6fa163-8de8-47d2-87a6-7e34572b9bec tempest-AttachVolumeNegativeTest-931658236 tempest-AttachVolumeNegativeTest-931658236-project-member] compute_status_filter request filter added forbidden trait COMPUTE_STATUS_DISABLED {{(pid=93544) compute_status_filter /opt/stack/nova/nova/scheduler/request_filter.py:253}}
Jul 31 11:53:38.361776 np0000006215 nova-scheduler[93544]: DEBUG nova.scheduler.request_filter [None req-de6fa163-8de8-47d2-87a6-7e34572b9bec tempest-AttachVolumeNegativeTest-931658236 tempest-AttachVolumeNegativeTest-931658236-project-member] Request filter 'compute_status_filter' took 0.0 seconds {{(pid=93544) wrapper /opt/stack/nova/nova/scheduler/request_filter.py:46}}
Jul 31 11:53:38.362970 np0000006215 nova-scheduler[93544]: DEBUG nova.scheduler.request_filter [None req-de6fa163-8de8-47d2-87a6-7e34572b9bec tempest-AttachVolumeNegativeTest-931658236 tempest-AttachVolumeNegativeTest-931658236-project-member] Request filter 'accelerators_filter' took 0.0 seconds {{(pid=93544) wrapper /opt/stack/nova/nova/scheduler/request_filter.py:46}}
Jul 31 11:53:38.362970 np0000006215 nova-scheduler[93544]: DEBUG nova.scheduler.request_filter [None req-de6fa163-8de8-47d2-87a6-7e34572b9bec tempest-AttachVolumeNegativeTest-931658236 tempest-AttachVolumeNegativeTest-931658236-project-member] Request filter 'packed_virtqueue_filter' took 0.0 seconds {{(pid=93544) wrapper /opt/stack/nova/nova/scheduler/request_filter.py:46}}
Jul 31 11:53:38.363099 np0000006215 nova-scheduler[93544]: DEBUG nova.scheduler.request_filter [None req-de6fa163-8de8-47d2-87a6-7e34572b9bec tempest-AttachVolumeNegativeTest-931658236 tempest-AttachVolumeNegativeTest-931658236-project-member] Request filter 'remote_managed_ports_filter' took 0.0 seconds {{(pid=93544) wrapper /opt/stack/nova/nova/scheduler/request_filter.py:46}}
Jul 31 11:53:38.364291 np0000006215 nova-scheduler[93544]: DEBUG nova.scheduler.request_filter [None req-de6fa163-8de8-47d2-87a6-7e34572b9bec tempest-AttachVolumeNegativeTest-931658236 tempest-AttachVolumeNegativeTest-931658236-project-member] ephemeral_encryption_filter skipped {{(pid=93544) ephemeral_encryption_filter /opt/stack/nova/nova/scheduler/request_filter.py:426}}
Jul 31 11:53:38.364291 np0000006215 nova-scheduler[93544]: DEBUG nova.scheduler.request_filter [None req-de6fa163-8de8-47d2-87a6-7e34572b9bec tempest-AttachVolumeNegativeTest-931658236 tempest-AttachVolumeNegativeTest-931658236-project-member] virtio_sound_filter skipped {{(pid=93544) virtio_sound_filter /opt/stack/nova/nova/scheduler/request_filter.py:460}}
