Jun 09 01:42:38.071445 np0000002384 nova-scheduler[95847]: DEBUG cotyledon.oslo_config_glue [-] oslo_limit.endpoint_override = None {{(pid=95847) log_opt_values /opt/stack/data/venv/lib/python3.12/site-packages/oslo_config/cfg.py:3256}}
Jun 09 01:42:38.071445 np0000002384 nova-scheduler[95847]: DEBUG cotyledon.oslo_config_glue [-] oslo_limit.endpoint_region_name = None {{(pid=95847) log_opt_values /opt/stack/data/venv/lib/python3.12/site-packages/oslo_config/cfg.py:3256}}
Jun 09 01:42:38.071445 np0000002384 nova-scheduler[95847]: DEBUG cotyledon.oslo_config_glue [-] oslo_limit.endpoint_service_name = None {{(pid=95847) log_opt_values /opt/stack/data/venv/lib/python3.12/site-packages/oslo_config/cfg.py:3256}}
Jun 09 01:42:38.071445 np0000002384 nova-scheduler[95847]: DEBUG cotyledon.oslo_config_glue [-] oslo_limit.endpoint_service_type = None {{(pid=95847) log_opt_values /opt/stack/data/venv/lib/python3.12/site-packages/oslo_config/cfg.py:3256}}
Jun 09 01:42:38.072091 np0000002384 nova-scheduler[95847]: DEBUG cotyledon.oslo_config_glue [-] oslo_limit.insecure = False {{(pid=95847) log_opt_values /opt/stack/data/venv/lib/python3.12/site-packages/oslo_config/cfg.py:3256}}
Jun 09 01:42:38.072091 np0000002384 nova-scheduler[95847]: DEBUG cotyledon.oslo_config_glue [-] oslo_limit.keyfile = None {{(pid=95847) log_opt_values /opt/stack/data/venv/lib/python3.12/site-packages/oslo_config/cfg.py:3256}}
Jun 09 01:42:38.072091 np0000002384 nova-scheduler[95847]: DEBUG cotyledon.oslo_config_glue [-] oslo_limit.max_version = None {{(pid=95847) log_opt_values /opt/stack/data/venv/lib/python3.12/site-packages/oslo_config/cfg.py:3256}}
Jun 09 01:42:38.072091 np0000002384 nova-scheduler[95847]: DEBUG cotyledon.oslo_config_glue [-] oslo_limit.min_version = None {{(pid=95847) log_opt_values /opt/stack/data/venv/lib/python3.12/site-packages/oslo_config/cfg.py:3256}}
Jun 09 01:42:38.072091 np0000002384 nova-scheduler[95847]: DEBUG cotyledon.oslo_config_glue [-] oslo_limit.region_name = None {{(pid=95847) log_opt_values /opt/stack/data/venv/lib/python3.12/site-packages/oslo_config/cfg.py:3256}}
Jun 09 01:42:38.072091 np0000002384 nova-scheduler[95847]: DEBUG cotyledon.oslo_config_glue [-] oslo_limit.retriable_status_codes = None {{(pid=95847) log_opt_values /opt/stack/data/venv/lib/python3.12/site-packages/oslo_config/cfg.py:3256}}
Jun 09 01:42:38.072091 np0000002384 nova-scheduler[95847]: DEBUG cotyledon.oslo_config_glue [-] oslo_limit.service_name = None {{(pid=95847) log_opt_values /opt/stack/data/venv/lib/python3.12/site-packages/oslo_config/cfg.py:3256}}
Jun 09 01:42:38.072091 np0000002384 nova-scheduler[95847]: DEBUG cotyledon.oslo_config_glue [-] oslo_limit.service_type = None {{(pid=95847) log_opt_values /opt/stack/data/venv/lib/python3.12/site-packages/oslo_config/cfg.py:3256}}
Jun 09 01:42:38.072091 np0000002384 nova-scheduler[95847]: DEBUG cotyledon.oslo_config_glue [-] oslo_limit.split_loggers = False {{(pid=95847) log_opt_values /opt/stack/data/venv/lib/python3.12/site-packages/oslo_config/cfg.py:3256}}
Jun 09 01:42:38.072568 np0000002384 nova-scheduler[95847]: DEBUG cotyledon.oslo_config_glue [-] oslo_limit.status_code_retries = None {{(pid=95847) log_opt_values /opt/stack/data/venv/lib/python3.12/site-packages/oslo_config/cfg.py:3256}}
Jun 09 01:42:38.072568 np0000002384 nova-scheduler[95847]: DEBUG cotyledon.oslo_config_glue [-] oslo_limit.status_code_retry_delay = None {{(pid=95847) log_opt_values /opt/stack/data/venv/lib/python3.12/site-packages/oslo_config/cfg.py:3256}}
Jun 09 01:42:38.072568 np0000002384 nova-scheduler[95847]: DEBUG cotyledon.oslo_config_glue [-] oslo_limit.timeout = None {{(pid=95847) log_opt_values /opt/stack/data/venv/lib/python3.12/site-packages/oslo_config/cfg.py:3256}}
Jun 09 01:42:38.072568 np0000002384 nova-scheduler[95847]: DEBUG cotyledon.oslo_config_glue [-] oslo_limit.valid_interfaces = None {{(pid=95847) log_opt_values /opt/stack/data/venv/lib/python3.12/site-packages/oslo_config/cfg.py:3256}}
Jun 09 01:42:38.072568 np0000002384 nova-scheduler[95847]: DEBUG cotyledon.oslo_config_glue [-] oslo_limit.version = None {{(pid=95847) log_opt_values /opt/stack/data/venv/lib/python3.12/site-packages/oslo_config/cfg.py:3256}}
Jun 09 01:42:38.072568 np0000002384 nova-scheduler[95847]: DEBUG cotyledon.oslo_config_glue [-] oslo_reports.file_event_handler = None {{(pid=95847) log_opt_values /opt/stack/data/venv/lib/python3.12/site-packages/oslo_config/cfg.py:3256}}
Jun 09 01:42:38.072568 np0000002384 nova-scheduler[95847]: DEBUG cotyledon.oslo_config_glue [-] oslo_reports.file_event_handler_interval = 1 {{(pid=95847) log_opt_values /opt/stack/data/venv/lib/python3.12/site-packages/oslo_config/cfg.py:3256}}
Jun 09 01:42:38.072568 np0000002384 nova-scheduler[95847]: DEBUG cotyledon.oslo_config_glue [-] oslo_reports.log_dir = None {{(pid=95847) log_opt_values /opt/stack/data/venv/lib/python3.12/site-packages/oslo_config/cfg.py:3256}}
Jun 09 01:42:38.072568 np0000002384 nova-scheduler[95847]: DEBUG cotyledon.oslo_config_glue [-] ******************************************************************************** {{(pid=95847) log_opt_values /opt/stack/data/venv/lib/python3.12/site-packages/oslo_config/cfg.py:3263}}
Jun 09 01:42:38.073074 np0000002384 nova-scheduler[95847]: DEBUG cotyledon._service_worker [-] Run service ServiceWrapper(2) [95847] {{(pid=95847) wait_forever /opt/stack/data/venv/lib/python3.12/site-packages/cotyledon/_service_worker.py:218}}
Jun 09 01:42:38.073074 np0000002384 nova-scheduler[95847]: INFO nova.service [-] Starting scheduler node (version 33.1.0)
Jun 09 01:42:38.073134 np0000002384 nova-scheduler[95818]: INFO dbcounter [None req-b5526115-d37d-4a24-9ae6-d09c3b983e5f None None] Registered counter for database nova_cell0
Jun 09 01:42:38.073175 np0000002384 nova-scheduler[95847]: INFO dbcounter [None req-a476a691-796d-4743-9516-b82f30612a7f None None] Registered counter for database nova_cell0
Jun 09 01:42:38.081403 np0000002384 nova-scheduler[95839]: DEBUG oslo_db.sqlalchemy.engines [None req-69e38457-d58e-41da-8097-710d81dc2eed None None] MySQL server mode set to STRICT_TRANS_TABLES,STRICT_ALL_TABLES,NO_ZERO_IN_DATE,NO_ZERO_DATE,ERROR_FOR_DIVISION_BY_ZERO,TRADITIONAL,NO_ENGINE_SUBSTITUTION {{(pid=95839) _check_effective_sql_mode /opt/stack/data/venv/lib/python3.12/site-packages/oslo_db/sqlalchemy/engines.py:325}}
Jun 09 01:42:38.090393 np0000002384 nova-scheduler[95839]: DEBUG dbcounter [-] [95839] Writer thread running {{(pid=95839) stat_writer /opt/stack/data/venv/lib/python3.12/site-packages/dbcounter.py:102}}
Jun 09 01:42:38.094336 np0000002384 nova-scheduler[95818]: DEBUG oslo_db.sqlalchemy.engines [None req-b5526115-d37d-4a24-9ae6-d09c3b983e5f None None] MySQL server mode set to STRICT_TRANS_TABLES,STRICT_ALL_TABLES,NO_ZERO_IN_DATE,NO_ZERO_DATE,ERROR_FOR_DIVISION_BY_ZERO,TRADITIONAL,NO_ENGINE_SUBSTITUTION {{(pid=95818) _check_effective_sql_mode /opt/stack/data/venv/lib/python3.12/site-packages/oslo_db/sqlalchemy/engines.py:325}}
Jun 09 01:42:38.106382 np0000002384 nova-scheduler[95847]: DEBUG oslo_db.sqlalchemy.engines [None req-a476a691-796d-4743-9516-b82f30612a7f None None] MySQL server mode set to STRICT_TRANS_TABLES,STRICT_ALL_TABLES,NO_ZERO_IN_DATE,NO_ZERO_DATE,ERROR_FOR_DIVISION_BY_ZERO,TRADITIONAL,NO_ENGINE_SUBSTITUTION {{(pid=95847) _check_effective_sql_mode /opt/stack/data/venv/lib/python3.12/site-packages/oslo_db/sqlalchemy/engines.py:325}}
Jun 09 01:42:38.106835 np0000002384 nova-scheduler[95839]: DEBUG nova.service [None req-69e38457-d58e-41da-8097-710d81dc2eed None None] Creating RPC server for service: nova-scheduler on topic: scheduler {{(pid=95839) start /opt/stack/nova/nova/service.py:195}}
Jun 09 01:42:38.107069 np0000002384 nova-scheduler[95818]: DEBUG dbcounter [-] [95818] Writer thread running {{(pid=95818) stat_writer /opt/stack/data/venv/lib/python3.12/site-packages/dbcounter.py:102}}
Jun 09 01:42:38.111486 np0000002384 nova-scheduler[95818]: DEBUG nova.service [None req-b5526115-d37d-4a24-9ae6-d09c3b983e5f None None] Creating RPC server for service: nova-scheduler on topic: scheduler {{(pid=95818) start /opt/stack/nova/nova/service.py:195}}
Jun 09 01:42:38.119179 np0000002384 nova-scheduler[95847]: DEBUG dbcounter [-] [95847] Writer thread running {{(pid=95847) stat_writer /opt/stack/data/venv/lib/python3.12/site-packages/dbcounter.py:102}}
Jun 09 01:42:38.123497 np0000002384 nova-scheduler[95847]: DEBUG nova.service [None req-a476a691-796d-4743-9516-b82f30612a7f None None] Creating RPC server for service: nova-scheduler on topic: scheduler {{(pid=95847) start /opt/stack/nova/nova/service.py:195}}
Jun 09 01:42:38.162342 np0000002384 nova-scheduler[95847]: DEBUG nova.service [None req-a476a691-796d-4743-9516-b82f30612a7f None None] Join ServiceGroup membership for this service scheduler {{(pid=95847) start /opt/stack/nova/nova/service.py:221}}
Jun 09 01:42:38.162611 np0000002384 nova-scheduler[95847]: DEBUG nova.servicegroup.drivers.db [None req-a476a691-796d-4743-9516-b82f30612a7f None None] DB_Driver: join new ServiceGroup member np0000002384 to the scheduler group, service = {{(pid=95847) join /opt/stack/nova/nova/servicegroup/drivers/db.py:44}}
Jun 09 01:42:38.168963 np0000002384 nova-scheduler[95818]: DEBUG nova.service [None req-b5526115-d37d-4a24-9ae6-d09c3b983e5f None None] Join ServiceGroup membership for this service scheduler {{(pid=95818) start /opt/stack/nova/nova/service.py:221}}
Jun 09 01:42:38.169301 np0000002384 nova-scheduler[95818]: DEBUG nova.servicegroup.drivers.db [None req-b5526115-d37d-4a24-9ae6-d09c3b983e5f None None] DB_Driver: join new ServiceGroup member np0000002384 to the scheduler group, service = {{(pid=95818) join /opt/stack/nova/nova/servicegroup/drivers/db.py:44}}
Jun 09 01:42:38.173465 np0000002384 nova-scheduler[95839]: DEBUG nova.service [None req-69e38457-d58e-41da-8097-710d81dc2eed None None] Join ServiceGroup membership for this service scheduler {{(pid=95839) start /opt/stack/nova/nova/service.py:221}}
Jun 09 01:42:38.173741 np0000002384 nova-scheduler[95839]: DEBUG nova.servicegroup.drivers.db [None req-69e38457-d58e-41da-8097-710d81dc2eed None None] DB_Driver: join new ServiceGroup member np0000002384 to the scheduler group, service = {{(pid=95839) join /opt/stack/nova/nova/servicegroup/drivers/db.py:44}}
Jun 09 01:42:42.174997 np0000002384 nova-scheduler[95818]: DEBUG oslo.service.backend._threading.loopingcall [None req-93e5edbd-3bd2-4ff3-bcc3-3533d3900407 None None] Dynamic interval looping call 'nova.service.Service.periodic_tasks' sleeping for 60.00 seconds {{(pid=95818) _run_loop /opt/stack/data/venv/lib/python3.12/site-packages/oslo_service/backend/_threading/loopingcall.py:125}}
Jun 09 01:42:43.168296 np0000002384 nova-scheduler[95847]: DEBUG oslo.service.backend._threading.loopingcall [None req-95e61b77-994a-478f-ac0b-0a900d5022b0 None None] Dynamic interval looping call 'nova.service.Service.periodic_tasks' sleeping for 60.00 seconds {{(pid=95847) _run_loop /opt/stack/data/venv/lib/python3.12/site-packages/oslo_service/backend/_threading/loopingcall.py:125}}
Jun 09 01:42:43.183997 np0000002384 nova-scheduler[95847]: DEBUG oslo.service.backend._threading.loopingcall [-] Fixed interval looping call 'nova.servicegroup.drivers.db.DbDriver._report_state' sleeping for 119.98 seconds {{(pid=95847) _run_loop /opt/stack/data/venv/lib/python3.12/site-packages/oslo_service/backend/_threading/loopingcall.py:125}}
Jun 09 01:42:43.185079 np0000002384 nova-scheduler[95839]: DEBUG oslo.service.backend._threading.loopingcall [-] Fixed interval looping call 'nova.servicegroup.drivers.db.DbDriver._report_state' sleeping for 119.99 seconds {{(pid=95839) _run_loop /opt/stack/data/venv/lib/python3.12/site-packages/oslo_service/backend/_threading/loopingcall.py:125}}
Jun 09 01:42:43.186064 np0000002384 nova-scheduler[95818]: DEBUG oslo.service.backend._threading.loopingcall [-] Fixed interval looping call 'nova.servicegroup.drivers.db.DbDriver._report_state' sleeping for 119.99 seconds {{(pid=95818) _run_loop /opt/stack/data/venv/lib/python3.12/site-packages/oslo_service/backend/_threading/loopingcall.py:125}}
Jun 09 01:42:46.636240 np0000002384 nova-scheduler[94557]: DEBUG dbcounter [-] [94557] Writing DB stats nova_api:SELECT=3 {{(pid=94557) stat_writer /opt/stack/data/venv/lib/python3.12/site-packages/dbcounter.py:115}}
Jun 09 01:42:46.772233 np0000002384 nova-scheduler[94557]: DEBUG dbcounter [-] [94557] Writing DB stats nova_cell0:SELECT=1 {{(pid=94557) stat_writer /opt/stack/data/venv/lib/python3.12/site-packages/dbcounter.py:115}}
Jun 09 01:42:46.777760 np0000002384 nova-scheduler[94557]: DEBUG dbcounter [-] [94557] Writing DB stats nova_cell1:SELECT=1 {{(pid=94557) stat_writer /opt/stack/data/venv/lib/python3.12/site-packages/dbcounter.py:115}}
Jun 09 01:42:50.175628 np0000002384 nova-scheduler[95839]: DEBUG oslo.service.backend._threading.loopingcall [None req-712219bc-266c-49b2-8f97-d9dd7651c5e4 None None] Dynamic interval looping call 'nova.service.Service.periodic_tasks' sleeping for 60.00 seconds {{(pid=95839) _run_loop /opt/stack/data/venv/lib/python3.12/site-packages/oslo_service/backend/_threading/loopingcall.py:125}}
Jun 09 01:42:53.176611 np0000002384 nova-scheduler[95847]: DEBUG dbcounter [-] [95847] Writing DB stats nova_cell0:SELECT=3,nova_cell0:UPDATE=1 {{(pid=95847) stat_writer /opt/stack/data/venv/lib/python3.12/site-packages/dbcounter.py:115}}
Jun 09 01:42:53.183050 np0000002384 nova-scheduler[95839]: DEBUG dbcounter [-] [95839] Writing DB stats nova_cell0:SELECT=4,nova_cell0:INSERT=1 {{(pid=95839) stat_writer /opt/stack/data/venv/lib/python3.12/site-packages/dbcounter.py:115}}
Jun 09 01:42:53.184558 np0000002384 nova-scheduler[95818]: DEBUG dbcounter [-] [95818] Writing DB stats nova_cell0:SELECT=3,nova_cell0:UPDATE=1 {{(pid=95818) stat_writer /opt/stack/data/venv/lib/python3.12/site-packages/dbcounter.py:115}}
Jun 09 01:43:42.174816 np0000002384 nova-scheduler[95818]: DEBUG oslo.service.backend._threading.loopingcall [None req-93e5edbd-3bd2-4ff3-bcc3-3533d3900407 None None] Dynamic interval looping call 'nova.service.Service.periodic_tasks' sleeping for 60.00 seconds {{(pid=95818) _run_loop /opt/stack/data/venv/lib/python3.12/site-packages/oslo_service/backend/_threading/loopingcall.py:125}}
Jun 09 01:43:43.168765 np0000002384 nova-scheduler[95847]: DEBUG oslo.service.backend._threading.loopingcall [None req-95e61b77-994a-478f-ac0b-0a900d5022b0 None None] Dynamic interval looping call 'nova.service.Service.periodic_tasks' sleeping for 60.00 seconds {{(pid=95847) _run_loop /opt/stack/data/venv/lib/python3.12/site-packages/oslo_service/backend/_threading/loopingcall.py:125}}
Jun 09 01:43:50.176179 np0000002384 nova-scheduler[95839]: DEBUG oslo.service.backend._threading.loopingcall [None req-712219bc-266c-49b2-8f97-d9dd7651c5e4 None None] Dynamic interval looping call 'nova.service.Service.periodic_tasks' sleeping for 60.00 seconds {{(pid=95839) _run_loop /opt/stack/data/venv/lib/python3.12/site-packages/oslo_service/backend/_threading/loopingcall.py:125}}
Jun 09 01:44:42.175223 np0000002384 nova-scheduler[95818]: DEBUG oslo.service.backend._threading.loopingcall [None req-93e5edbd-3bd2-4ff3-bcc3-3533d3900407 None None] Dynamic interval looping call 'nova.service.Service.periodic_tasks' sleeping for 60.00 seconds {{(pid=95818) _run_loop /opt/stack/data/venv/lib/python3.12/site-packages/oslo_service/backend/_threading/loopingcall.py:125}}
Jun 09 01:44:43.169241 np0000002384 nova-scheduler[95847]: DEBUG oslo.service.backend._threading.loopingcall [None req-95e61b77-994a-478f-ac0b-0a900d5022b0 None None] Dynamic interval looping call 'nova.service.Service.periodic_tasks' sleeping for 60.00 seconds {{(pid=95847) _run_loop /opt/stack/data/venv/lib/python3.12/site-packages/oslo_service/backend/_threading/loopingcall.py:125}}
Jun 09 01:44:43.170557 np0000002384 nova-scheduler[95847]: DEBUG oslo.service.backend._threading.loopingcall [-] Fixed interval looping call 'nova.servicegroup.drivers.db.DbDriver._report_state' sleeping for 119.99 seconds {{(pid=95847) _run_loop /opt/stack/data/venv/lib/python3.12/site-packages/oslo_service/backend/_threading/loopingcall.py:125}}
Jun 09 01:44:43.178014 np0000002384 nova-scheduler[95839]: DEBUG oslo.service.backend._threading.loopingcall [-] Fixed interval looping call 'nova.servicegroup.drivers.db.DbDriver._report_state' sleeping for 120.00 seconds {{(pid=95839) _run_loop /opt/stack/data/venv/lib/python3.12/site-packages/oslo_service/backend/_threading/loopingcall.py:125}}
Jun 09 01:44:43.179453 np0000002384 nova-scheduler[95818]: DEBUG oslo.service.backend._threading.loopingcall [-] Fixed interval looping call 'nova.servicegroup.drivers.db.DbDriver._report_state' sleeping for 120.00 seconds {{(pid=95818) _run_loop /opt/stack/data/venv/lib/python3.12/site-packages/oslo_service/backend/_threading/loopingcall.py:125}}
Jun 09 01:44:50.176732 np0000002384 nova-scheduler[95839]: DEBUG oslo.service.backend._threading.loopingcall [None req-712219bc-266c-49b2-8f97-d9dd7651c5e4 None None] Dynamic interval looping call 'nova.service.Service.periodic_tasks' sleeping for 60.00 seconds {{(pid=95839) _run_loop /opt/stack/data/venv/lib/python3.12/site-packages/oslo_service/backend/_threading/loopingcall.py:125}}
Jun 09 01:44:53.166972 np0000002384 nova-scheduler[95847]: DEBUG dbcounter [-] [95847] Writing DB stats nova_cell0:SELECT=1,nova_cell0:UPDATE=1 {{(pid=95847) stat_writer /opt/stack/data/venv/lib/python3.12/site-packages/dbcounter.py:115}}
Jun 09 01:44:53.176465 np0000002384 nova-scheduler[95839]: DEBUG dbcounter [-] [95839] Writing DB stats nova_cell0:SELECT=1 {{(pid=95839) stat_writer /opt/stack/data/venv/lib/python3.12/site-packages/dbcounter.py:115}}
Jun 09 01:44:53.177871 np0000002384 nova-scheduler[95818]: DEBUG dbcounter [-] [95818] Writing DB stats nova_cell0:SELECT=1 {{(pid=95818) stat_writer /opt/stack/data/venv/lib/python3.12/site-packages/dbcounter.py:115}}
Jun 09 01:45:22.107793 np0000002384 nova-scheduler[95847]: DEBUG nova.scheduler.manager [None req-bef58fae-4aac-44df-b163-429aaa04d2d7 tempest-DeleteServersTestJSON-126883668 tempest-DeleteServersTestJSON-126883668-project-member] Starting to schedule for instances: ['9af7957b-95d8-44de-a825-ac15d9cd49e3'] {{(pid=95847) select_destinations /opt/stack/nova/nova/scheduler/manager.py:210}}
Jun 09 01:45:22.107793 np0000002384 nova-scheduler[95847]: DEBUG nova.scheduler.request_filter [None req-bef58fae-4aac-44df-b163-429aaa04d2d7 tempest-DeleteServersTestJSON-126883668 tempest-DeleteServersTestJSON-126883668-project-member] compute_status_filter request filter added forbidden trait COMPUTE_STATUS_DISABLED {{(pid=95847) compute_status_filter /opt/stack/nova/nova/scheduler/request_filter.py:253}}
Jun 09 01:45:22.107793 np0000002384 nova-scheduler[95847]: DEBUG nova.scheduler.request_filter [None req-bef58fae-4aac-44df-b163-429aaa04d2d7 tempest-DeleteServersTestJSON-126883668 tempest-DeleteServersTestJSON-126883668-project-member] Request filter 'compute_status_filter' took 0.0 seconds {{(pid=95847) wrapper /opt/stack/nova/nova/scheduler/request_filter.py:46}}
Jun 09 01:45:22.112506 np0000002384 nova-scheduler[95847]: DEBUG nova.scheduler.request_filter [None req-bef58fae-4aac-44df-b163-429aaa04d2d7 tempest-DeleteServersTestJSON-126883668 tempest-DeleteServersTestJSON-126883668-project-member] Request filter 'accelerators_filter' took 0.0 seconds {{(pid=95847) wrapper /opt/stack/nova/nova/scheduler/request_filter.py:46}}
Jun 09 01:45:22.112506 np0000002384 nova-scheduler[95847]: DEBUG nova.scheduler.request_filter [None req-bef58fae-4aac-44df-b163-429aaa04d2d7 tempest-DeleteServersTestJSON-126883668 tempest-DeleteServersTestJSON-126883668-project-member] Request filter 'packed_virtqueue_filter' took 0.0 seconds {{(pid=95847) wrapper /opt/stack/nova/nova/scheduler/request_filter.py:46}}
Jun 09 01:45:22.112506 np0000002384 nova-scheduler[95847]: DEBUG nova.scheduler.request_filter [None req-bef58fae-4aac-44df-b163-429aaa04d2d7 tempest-DeleteServersTestJSON-126883668 tempest-DeleteServersTestJSON-126883668-project-member] Request filter 'remote_managed_ports_filter' took 0.0 seconds {{(pid=95847) wrapper /opt/stack/nova/nova/scheduler/request_filter.py:46}}
Jun 09 01:45:22.112506 np0000002384 nova-scheduler[95847]: DEBUG nova.scheduler.request_filter [None req-bef58fae-4aac-44df-b163-429aaa04d2d7 tempest-DeleteServersTestJSON-126883668 tempest-DeleteServersTestJSON-126883668-project-member] ephemeral_encryption_filter skipped {{(pid=95847) ephemeral_encryption_filter /opt/stack/nova/nova/scheduler/request_filter.py:426}}
Jun 09 01:45:22.112506 np0000002384 nova-scheduler[95847]: DEBUG nova.scheduler.request_filter [None req-bef58fae-4aac-44df-b163-429aaa04d2d7 tempest-DeleteServersTestJSON-126883668 tempest-DeleteServersTestJSON-126883668-project-member] virtio_sound_filter skipped {{(pid=95847) virtio_sound_filter /opt/stack/nova/nova/scheduler/request_filter.py:460}}
Jun 09 01:45:22.113236 np0000002384 nova-scheduler[95847]: DEBUG nova.scheduler.request_filter [None req-bef58fae-4aac-44df-b163-429aaa04d2d7 tempest-DeleteServersTestJSON-126883668 tempest-DeleteServersTestJSON-126883668-project-member] tpm_secret_security_filter skipped {{(pid=95847) tpm_secret_security_filter /opt/stack/nova/nova/scheduler/request_filter.py:477}}
Jun 09 01:45:22.246313 np0000002384 nova-scheduler[95818]: DEBUG nova.scheduler.manager [None req-bff4ffab-3f82-470d-aae2-7c2c8e41e4e3 tempest-ServerActionsTestOtherA-1617465989 tempest-ServerActionsTestOtherA-1617465989-project-member] Starting to schedule for instances: ['385ba0aa-d5e4-4b61-a0ba-a6269256db7f'] {{(pid=95818) select_destinations /opt/stack/nova/nova/scheduler/manager.py:210}}
Jun 09 01:45:22.247398 np0000002384 nova-scheduler[95818]: DEBUG nova.scheduler.request_filter [None req-bff4ffab-3f82-470d-aae2-7c2c8e41e4e3 tempest-ServerActionsTestOtherA-1617465989 tempest-ServerActionsTestOtherA-1617465989-project-member] compute_status_filter request filter added forbidden trait COMPUTE_STATUS_DISABLED {{(pid=95818) compute_status_filter /opt/stack/nova/nova/scheduler/request_filter.py:253}}
Jun 09 01:45:22.247398 np0000002384 nova-scheduler[95818]: DEBUG nova.scheduler.request_filter [None req-bff4ffab-3f82-470d-aae2-7c2c8e41e4e3 tempest-ServerActionsTestOtherA-1617465989 tempest-ServerActionsTestOtherA-1617465989-project-member] Request filter 'compute_status_filter' took 0.0 seconds {{(pid=95818) wrapper /opt/stack/nova/nova/scheduler/request_filter.py:46}}
Jun 09 01:45:22.247598 np0000002384 nova-scheduler[95818]: DEBUG nova.scheduler.request_filter [None req-bff4ffab-3f82-470d-aae2-7c2c8e41e4e3 tempest-ServerActionsTestOtherA-1617465989 tempest-ServerActionsTestOtherA-1617465989-project-member] Request filter 'accelerators_filter' took 0.0 seconds {{(pid=95818) wrapper /opt/stack/nova/nova/scheduler/request_filter.py:46}}
Jun 09 01:45:22.247846 np0000002384 nova-scheduler[95818]: DEBUG nova.scheduler.request_filter [None req-bff4ffab-3f82-470d-aae2-7c2c8e41e4e3 tempest-ServerActionsTestOtherA-1617465989 tempest-ServerActionsTestOtherA-1617465989-project-member] Request filter 'packed_virtqueue_filter' took 0.0 seconds {{(pid=95818) wrapper /opt/stack/nova/nova/scheduler/request_filter.py:46}}
Jun 09 01:45:22.248190 np0000002384 nova-scheduler[95818]: DEBUG nova.scheduler.request_filter [None req-bff4ffab-3f82-470d-aae2-7c2c8e41e4e3 tempest-ServerActionsTestOtherA-1617465989 tempest-ServerActionsTestOtherA-1617465989-project-member] Request filter 'remote_managed_ports_filter' took 0.0 seconds {{(pid=95818) wrapper /opt/stack/nova/nova/scheduler/request_filter.py:46}}
Jun 09 01:45:22.248582 np0000002384 nova-scheduler[95818]: DEBUG nova.scheduler.request_filter [None req-bff4ffab-3f82-470d-aae2-7c2c8e41e4e3 tempest-ServerActionsTestOtherA-1617465989 tempest-ServerActionsTestOtherA-1617465989-project-member] ephemeral_encryption_filter skipped {{(pid=95818) ephemeral_encryption_filter /opt/stack/nova/nova/scheduler/request_filter.py:426}}
Jun 09 01:45:22.248582 np0000002384 nova-scheduler[95818]: DEBUG nova.scheduler.request_filter [None req-bff4ffab-3f82-470d-aae2-7c2c8e41e4e3 tempest-ServerActionsTestOtherA-1617465989 tempest-ServerActionsTestOtherA-1617465989-project-member] virtio_sound_filter skipped {{(pid=95818) virtio_sound_filter /opt/stack/nova/nova/scheduler/request_filter.py:460}}
Jun 09 01:45:22.248827 np0000002384 nova-scheduler[95818]: DEBUG nova.scheduler.request_filter [None req-bff4ffab-3f82-470d-aae2-7c2c8e41e4e3 tempest-ServerActionsTestOtherA-1617465989 tempest-ServerActionsTestOtherA-1617465989-project-member] tpm_secret_security_filter skipped {{(pid=95818) tpm_secret_security_filter /opt/stack/nova/nova/scheduler/request_filter.py:477}}
Jun 09 01:45:22.957337 np0000002384 nova-scheduler[95818]: INFO nova.utils [None req-bff4ffab-3f82-470d-aae2-7c2c8e41e4e3 tempest-ServerActionsTestOtherA-1617465989 tempest-ServerActionsTestOtherA-1617465989-project-member] The cell worker thread pool ForkProcess-1.cell_worker is initialized
Jun 09 01:45:22.958172 np0000002384 nova-scheduler[95818]: DEBUG oslo_concurrency.lockutils [None req-bff4ffab-3f82-470d-aae2-7c2c8e41e4e3 tempest-ServerActionsTestOtherA-1617465989 tempest-ServerActionsTestOtherA-1617465989-project-member] Acquiring lock "a1c067c5-32c2-4004-ab03-f1b560ec90c4" by "nova.context.set_target_cell..get_or_set_cached_cell_and_set_connections" {{(pid=95818) inner /opt/stack/data/venv/lib/python3.12/site-packages/oslo_concurrency/lockutils.py:511}}
Jun 09 01:45:22.958172 np0000002384 nova-scheduler[95818]: DEBUG oslo_concurrency.lockutils [None req-bff4ffab-3f82-470d-aae2-7c2c8e41e4e3 tempest-ServerActionsTestOtherA-1617465989 tempest-ServerActionsTestOtherA-1617465989-project-member] Lock "a1c067c5-32c2-4004-ab03-f1b560ec90c4" acquired by "nova.context.set_target_cell..get_or_set_cached_cell_and_set_connections" :: waited 0.000s {{(pid=95818) inner /opt/stack/data/venv/lib/python3.12/site-packages/oslo_concurrency/lockutils.py:524}}
Jun 09 01:45:22.959354 np0000002384 nova-scheduler[95818]: DEBUG oslo_concurrency.lockutils [None req-bff4ffab-3f82-470d-aae2-7c2c8e41e4e3 tempest-ServerActionsTestOtherA-1617465989 tempest-ServerActionsTestOtherA-1617465989-project-member] Lock "a1c067c5-32c2-4004-ab03-f1b560ec90c4" "released" by "nova.context.set_target_cell..get_or_set_cached_cell_and_set_connections" :: held 0.001s {{(pid=95818) inner /opt/stack/data/venv/lib/python3.12/site-packages/oslo_concurrency/lockutils.py:543}}
Jun 09 01:45:22.960873 np0000002384 nova-scheduler[95818]: INFO dbcounter [None req-bff4ffab-3f82-470d-aae2-7c2c8e41e4e3 tempest-ServerActionsTestOtherA-1617465989 tempest-ServerActionsTestOtherA-1617465989-project-member] Registered counter for database nova_cell1
Jun 09 01:45:22.998795 np0000002384 nova-scheduler[95818]: DEBUG oslo_db.sqlalchemy.engines [None req-bff4ffab-3f82-470d-aae2-7c2c8e41e4e3 tempest-ServerActionsTestOtherA-1617465989 tempest-ServerActionsTestOtherA-1617465989-project-member] MySQL server mode set to STRICT_TRANS_TABLES,STRICT_ALL_TABLES,NO_ZERO_IN_DATE,NO_ZERO_DATE,ERROR_FOR_DIVISION_BY_ZERO,TRADITIONAL,NO_ENGINE_SUBSTITUTION {{(pid=95818) _check_effective_sql_mode /opt/stack/data/venv/lib/python3.12/site-packages/oslo_db/sqlalchemy/engines.py:325}}
Jun 09 01:45:23.003939 np0000002384 nova-scheduler[95818]: DEBUG dbcounter [-] [95818] Writer thread running {{(pid=95818) stat_writer /opt/stack/data/venv/lib/python3.12/site-packages/dbcounter.py:102}}
Jun 09 01:45:23.012643 np0000002384 nova-scheduler[95818]: DEBUG oslo_db.sqlalchemy.engines [None req-bff4ffab-3f82-470d-aae2-7c2c8e41e4e3 tempest-ServerActionsTestOtherA-1617465989 tempest-ServerActionsTestOtherA-1617465989-project-member] Parent process 94557 forked (95818) with an open database connection, which is being discarded and recreated. {{(pid=95818) checkout /opt/stack/data/venv/lib/python3.12/site-packages/oslo_db/sqlalchemy/engines.py:402}}
Jun 09 01:45:23.048685 np0000002384 nova-scheduler[95818]: DEBUG dbcounter [-] [95818] Writer thread running {{(pid=95818) stat_writer /opt/stack/data/venv/lib/python3.12/site-packages/dbcounter.py:102}}
Jun 09 01:45:23.051485 np0000002384 nova-scheduler[95818]: DEBUG oslo_concurrency.lockutils [None req-bff4ffab-3f82-470d-aae2-7c2c8e41e4e3 tempest-ServerActionsTestOtherA-1617465989 tempest-ServerActionsTestOtherA-1617465989-project-member] Acquiring lock "a1c067c5-32c2-4004-ab03-f1b560ec90c4" by "nova.context.set_target_cell..get_or_set_cached_cell_and_set_connections" {{(pid=95818) inner /opt/stack/data/venv/lib/python3.12/site-packages/oslo_concurrency/lockutils.py:511}}
Jun 09 01:45:23.052212 np0000002384 nova-scheduler[95818]: DEBUG oslo_concurrency.lockutils [None req-bff4ffab-3f82-470d-aae2-7c2c8e41e4e3 tempest-ServerActionsTestOtherA-1617465989 tempest-ServerActionsTestOtherA-1617465989-project-member] Lock "a1c067c5-32c2-4004-ab03-f1b560ec90c4" acquired by "nova.context.set_target_cell..get_or_set_cached_cell_and_set_connections" :: waited 0.000s {{(pid=95818) inner /opt/stack/data/venv/lib/python3.12/site-packages/oslo_concurrency/lockutils.py:524}}
Jun 09 01:45:23.052212 np0000002384 nova-scheduler[95818]: DEBUG oslo_concurrency.lockutils [None req-bff4ffab-3f82-470d-aae2-7c2c8e41e4e3 tempest-ServerActionsTestOtherA-1617465989 tempest-ServerActionsTestOtherA-1617465989-project-member] Lock "a1c067c5-32c2-4004-ab03-f1b560ec90c4" "released" by "nova.context.set_target_cell..get_or_set_cached_cell_and_set_connections" :: held 0.000s {{(pid=95818) inner /opt/stack/data/venv/lib/python3.12/site-packages/oslo_concurrency/lockutils.py:543}}
Jun 09 01:45:23.056897 np0000002384 nova-scheduler[95818]: DEBUG oslo_concurrency.lockutils [None req-bff4ffab-3f82-470d-aae2-7c2c8e41e4e3 tempest-ServerActionsTestOtherA-1617465989 tempest-ServerActionsTestOtherA-1617465989-project-member] Acquiring lock "('np0000002384', 'np0000002384')" by "nova.scheduler.host_manager.HostState.update.._locked_update" {{(pid=95818) inner /opt/stack/data/venv/lib/python3.12/site-packages/oslo_concurrency/lockutils.py:511}}
Jun 09 01:45:23.056897 np0000002384 nova-scheduler[95818]: DEBUG oslo_concurrency.lockutils [None req-bff4ffab-3f82-470d-aae2-7c2c8e41e4e3 tempest-ServerActionsTestOtherA-1617465989 tempest-ServerActionsTestOtherA-1617465989-project-member] Lock "('np0000002384', 'np0000002384')" acquired by "nova.scheduler.host_manager.HostState.update.._locked_update" :: waited 0.000s {{(pid=95818) inner /opt/stack/data/venv/lib/python3.12/site-packages/oslo_concurrency/lockutils.py:524}}
Jun 09 01:45:23.056996 np0000002384 nova-scheduler[95818]: DEBUG nova.scheduler.host_manager [None req-bff4ffab-3f82-470d-aae2-7c2c8e41e4e3 tempest-ServerActionsTestOtherA-1617465989 tempest-ServerActionsTestOtherA-1617465989-project-member] Update host state from compute node: ComputeNode(cpu_allocation_ratio=4.0,cpu_info='{"arch": "x86_64", "model": "EPYC-Milan", "vendor": "AMD", "topology": {"cells": 1, "sockets": 12, "cores": 1, "threads": 1}, "maxphysaddr": {"mode": "emulate", "bits": 40}, "features": ["adx", "fxsr", "lfence-always-serializing", "xsavec", "pcid", "vpclmulqdq", "cx8", "pni", "erms", "pse", "cmov", "mmxext", "mmx", "tsc_adjust", "invpcid", "lm", "no-nested-data-bp", "fpu", "npt", "msr", "fma", "mce", "pfthreshold", "pge", "x2apic", "ibrs", "null-sel-clr-base", "pku", "vaes", "pclmuldq", "rdrand", "f16c", "pdpe1gb", "bmi1", "tsc-scale", "rdseed", "clflush", "clwb", "svme-addr-chk", "xsaveerptr", "lbrv", "stibp-always-on", "misalignsse", "3dnowprefetch", "vme", "fxsr_opt", "avx2", "perfctr_core", "pause-filter", "sse2", "spec-ctrl", "svm", "wbnoinvd", "sep", "nx", "hypervisor", "avx", "stibp", "virt-ssbd", "sse4a", "gds-no", "ssbd", "topoext", "apic", "cx16", "clflushopt", "rdctl-no", "pse36", "amd-psfd", "sse4.1", "xgetbv1", "fsgsbase", "clzero", "xsaves", "pat", "mtrr", "syscall", "rdtscp", "fsrm", "xsave", "lahf_lm", "smap", "flushbyasid", "vmcb-clean", "skip-l1dfl-vmentry", "vgif", "bmi2", "xsaveopt", "rdpid", "amd-stibp", "arat", "mds-no", "tsc-deadline", "smep", "popcnt", "pae", "aes", "cr8legacy", "pschange-mc-no", "ssse3", "abm", "sha-ni", "sse", "amd-ssbd", "cmp_legacy", "ibpb", "sse4.2", "osvw", "nrip-save", "movbe", "tsc", "arch-capabilities", "v-vmsave-vmload", "mca", "de", "umip"]}',created_at=2026-06-09T01:43:03Z,current_workload=0,deleted=False,deleted_at=None,disk_allocation_ratio=1.0,disk_available_least=74,free_disk_gb=95,free_ram_mb=23518,host='np0000002384',host_ip=10.4.3.229,hypervisor_hostname='np0000002384',hypervisor_type='QEMU',hypervisor_version=8002002,id=1,local_gb=95,local_gb_used=0,mapped=1,memory_mb=24030,memory_mb_used=512,metrics='[]',numa_topology='{"nova_object.name": "NUMATopology", "nova_object.namespace": "nova", "nova_object.version": "1.2", "nova_object.data": {"cells": [{"nova_object.name": "NUMACell", "nova_object.namespace": "nova", "nova_object.version": "1.5", "nova_object.data": {"id": 0, "cpuset": [0, 1, 2, 3, 4, 5, 6, 7, 8, 9, 10, 11], "pcpuset": [0, 1, 2, 3, 4, 5, 6, 7, 8, 9, 10, 11], "memory": 24030, "cpu_usage": 0, "memory_usage": 0, "pinned_cpus": [], "siblings": [[6], [2], [5], [11], [8], [4], [1], [7], [10], [0], [3], [9]], "mempages": [{"nova_object.name": "NUMAPagesTopology", "nova_object.namespace": "nova", "nova_object.version": "1.1", "nova_object.data": {"size_kb": 4, "total": 6151798, "used": 0, "reserved": 0}, "nova_object.changes": ["total", "size_kb", "reserved", "used"]}, {"nova_object.name": "NUMAPagesTopology", "nova_object.namespace": "nova", "nova_object.version": "1.1", "nova_object.data": {"size_kb": 2048, "total": 0, "used": 0, "reserved": 0}, "nova_object.changes": ["total", "size_kb", "reserved", "used"]}, {"nova_object.name": "NUMAPagesTopology", "nova_object.namespace": "nova", "nova_object.version": "1.1", "nova_object.data": {"size_kb": 1048576, "total": 0, "used": 0, "reserved": 0}, "nova_object.changes": ["total", "size_kb", "reserved", "used"]}], "network_metadata": {"nova_object.name": "NetworkMetadata", "nova_object.namespace": "nova", "nova_object.version": "1.0", "nova_object.data": {"physnets": [], "tunneled": false}, "nova_object.changes": ["tunneled", "physnets"]}, "socket": null}, "nova_object.changes": ["cpuset", "network_metadata", "socket", "siblings", "cpu_usage", "mempages", "pinned_cpus", "pcpuset", "memory", "memory_usage", "id"]}]}, "nova_object.changes": ["cells"]}',pci_device_pools=PciDevicePoolList,ram_allocation_ratio=1.0,running_vms=0,service_id=3,stats={failed_builds='0',uptime=' 01:44:48 up 28 min, 2 users, load average: 1.24, 1.50, 0.89
Jun 09 01:45:23.056996 np0000002384 nova-scheduler[95818]: '},supported_hv_specs=[HVSpec,HVSpec,HVSpec,HVSpec,HVSpec,HVSpec,HVSpec,HVSpec,HVSpec,HVSpec,HVSpec,HVSpec,HVSpec,HVSpec,HVSpec,HVSpec,HVSpec,HVSpec,HVSpec,HVSpec,HVSpec,HVSpec,HVSpec,HVSpec,HVSpec],updated_at=2026-06-09T01:44:50Z,uuid=32e26575-4d19-44f2-abd0-9045781f2eb2,vcpus=12,vcpus_used=0) {{(pid=95818) _locked_update /opt/stack/nova/nova/scheduler/host_manager.py:168}}
Jun 09 01:45:23.056996 np0000002384 nova-scheduler[95818]: DEBUG nova.scheduler.host_manager [None req-bff4ffab-3f82-470d-aae2-7c2c8e41e4e3 tempest-ServerActionsTestOtherA-1617465989 tempest-ServerActionsTestOtherA-1617465989-project-member] Update host state with aggregates: [] {{(pid=95818) _locked_update /opt/stack/nova/nova/scheduler/host_manager.py:171}}
Jun 09 01:45:23.056996 np0000002384 nova-scheduler[95818]: DEBUG nova.scheduler.host_manager [None req-bff4ffab-3f82-470d-aae2-7c2c8e41e4e3 tempest-ServerActionsTestOtherA-1617465989 tempest-ServerActionsTestOtherA-1617465989-project-member] Update host state with service dict: {'id': 3, 'uuid': '893a839e-c7e7-4bdb-b44d-32f3ad49ae6c', 'host': 'np0000002384', 'binary': 'nova-compute', 'topic': 'compute', 'report_count': 2, 'disabled': False, 'disabled_reason': None, 'last_seen_up': datetime.datetime(2026, 6, 9, 1, 45, 12, tzinfo=datetime.timezone.utc), 'forced_down': False, 'version': 72, 'created_at': datetime.datetime(2026, 6, 9, 1, 43, 1, tzinfo=datetime.timezone.utc), 'updated_at': datetime.datetime(2026, 6, 9, 1, 45, 12, tzinfo=datetime.timezone.utc), 'deleted_at': None, 'deleted': False} {{(pid=95818) _locked_update /opt/stack/nova/nova/scheduler/host_manager.py:174}}
Jun 09 01:45:23.056996 np0000002384 nova-scheduler[95818]: DEBUG nova.scheduler.host_manager [None req-bff4ffab-3f82-470d-aae2-7c2c8e41e4e3 tempest-ServerActionsTestOtherA-1617465989 tempest-ServerActionsTestOtherA-1617465989-project-member] Update host state with instances: [] {{(pid=95818) _locked_update /opt/stack/nova/nova/scheduler/host_manager.py:177}}
Jun 09 01:45:23.057256 np0000002384 nova-scheduler[95818]: DEBUG oslo_concurrency.lockutils [None req-bff4ffab-3f82-470d-aae2-7c2c8e41e4e3 tempest-ServerActionsTestOtherA-1617465989 tempest-ServerActionsTestOtherA-1617465989-project-member] Lock "('np0000002384', 'np0000002384')" "released" by "nova.scheduler.host_manager.HostState.update.._locked_update" :: held 0.002s {{(pid=95818) inner /opt/stack/data/venv/lib/python3.12/site-packages/oslo_concurrency/lockutils.py:543}}
Jun 09 01:45:23.057766 np0000002384 nova-scheduler[95818]: DEBUG nova.filters [None req-bff4ffab-3f82-470d-aae2-7c2c8e41e4e3 tempest-ServerActionsTestOtherA-1617465989 tempest-ServerActionsTestOtherA-1617465989-project-member] Starting with 1 host(s) {{(pid=95818) get_filtered_objects /opt/stack/nova/nova/filters.py:70}}
Jun 09 01:45:23.058283 np0000002384 nova-scheduler[95818]: DEBUG nova.filters [None req-bff4ffab-3f82-470d-aae2-7c2c8e41e4e3 tempest-ServerActionsTestOtherA-1617465989 tempest-ServerActionsTestOtherA-1617465989-project-member] Filter ComputeFilter returned 1 host(s) {{(pid=95818) get_filtered_objects /opt/stack/nova/nova/filters.py:102}}
Jun 09 01:45:23.058283 np0000002384 nova-scheduler[95818]: DEBUG nova.filters [None req-bff4ffab-3f82-470d-aae2-7c2c8e41e4e3 tempest-ServerActionsTestOtherA-1617465989 tempest-ServerActionsTestOtherA-1617465989-project-member] Filter ComputeCapabilitiesFilter returned 1 host(s) {{(pid=95818) get_filtered_objects /opt/stack/nova/nova/filters.py:102}}
Jun 09 01:45:23.058283 np0000002384 nova-scheduler[95818]: DEBUG nova.filters [None req-bff4ffab-3f82-470d-aae2-7c2c8e41e4e3 tempest-ServerActionsTestOtherA-1617465989 tempest-ServerActionsTestOtherA-1617465989-project-member] Filter ImagePropertiesFilter returned 1 host(s) {{(pid=95818) get_filtered_objects /opt/stack/nova/nova/filters.py:102}}
Jun 09 01:45:23.058477 np0000002384 nova-scheduler[95818]: DEBUG nova.filters [None req-bff4ffab-3f82-470d-aae2-7c2c8e41e4e3 tempest-ServerActionsTestOtherA-1617465989 tempest-ServerActionsTestOtherA-1617465989-project-member] Filter ServerGroupAntiAffinityFilter returned 1 host(s) {{(pid=95818) get_filtered_objects /opt/stack/nova/nova/filters.py:102}}
Jun 09 01:45:23.058525 np0000002384 nova-scheduler[95818]: DEBUG nova.filters [None req-bff4ffab-3f82-470d-aae2-7c2c8e41e4e3 tempest-ServerActionsTestOtherA-1617465989 tempest-ServerActionsTestOtherA-1617465989-project-member] Filter ServerGroupAffinityFilter returned 1 host(s) {{(pid=95818) get_filtered_objects /opt/stack/nova/nova/filters.py:102}}
Jun 09 01:45:23.058653 np0000002384 nova-scheduler[95818]: DEBUG nova.filters [None req-bff4ffab-3f82-470d-aae2-7c2c8e41e4e3 tempest-ServerActionsTestOtherA-1617465989 tempest-ServerActionsTestOtherA-1617465989-project-member] Filter SameHostFilter returned 1 host(s) {{(pid=95818) get_filtered_objects /opt/stack/nova/nova/filters.py:102}}
Jun 09 01:45:23.058787 np0000002384 nova-scheduler[95818]: DEBUG nova.filters [None req-bff4ffab-3f82-470d-aae2-7c2c8e41e4e3 tempest-ServerActionsTestOtherA-1617465989 tempest-ServerActionsTestOtherA-1617465989-project-member] Filter DifferentHostFilter returned 1 host(s) {{(pid=95818) get_filtered_objects /opt/stack/nova/nova/filters.py:102}}
Jun 09 01:45:23.059211 np0000002384 nova-scheduler[95818]: DEBUG nova.scheduler.manager [None req-bff4ffab-3f82-470d-aae2-7c2c8e41e4e3 tempest-ServerActionsTestOtherA-1617465989 tempest-ServerActionsTestOtherA-1617465989-project-member] Filtered [(np0000002384, np0000002384) ram: 23518MB disk: 75776MB io_ops: 0 instances: 0, allocation_candidates: 1] {{(pid=95818) _get_sorted_hosts /opt/stack/nova/nova/scheduler/manager.py:743}}
Jun 09 01:45:23.059211 np0000002384 nova-scheduler[95818]: DEBUG nova.scheduler.manager [None req-bff4ffab-3f82-470d-aae2-7c2c8e41e4e3 tempest-ServerActionsTestOtherA-1617465989 tempest-ServerActionsTestOtherA-1617465989-project-member] Weighed [WeighedHost [host: (np0000002384, np0000002384) ram: 23518MB disk: 75776MB io_ops: 0 instances: 0, allocation_candidates: 1, weight: 0.0]] {{(pid=95818) _get_sorted_hosts /opt/stack/nova/nova/scheduler/manager.py:765}}
Jun 09 01:45:23.059211 np0000002384 nova-scheduler[95818]: DEBUG nova.scheduler.utils [None req-bff4ffab-3f82-470d-aae2-7c2c8e41e4e3 tempest-ServerActionsTestOtherA-1617465989 tempest-ServerActionsTestOtherA-1617465989-project-member] Attempting to claim resources in the placement API for instance 385ba0aa-d5e4-4b61-a0ba-a6269256db7f {{(pid=95818) claim_resources /opt/stack/nova/nova/scheduler/utils.py:1345}}
Jun 09 01:45:23.225561 np0000002384 nova-scheduler[95847]: INFO nova.utils [None req-bef58fae-4aac-44df-b163-429aaa04d2d7 tempest-DeleteServersTestJSON-126883668 tempest-DeleteServersTestJSON-126883668-project-member] The cell worker thread pool ForkProcess-3.cell_worker is initialized
Jun 09 01:45:23.226801 np0000002384 nova-scheduler[95847]: DEBUG oslo_concurrency.lockutils [None req-bef58fae-4aac-44df-b163-429aaa04d2d7 tempest-DeleteServersTestJSON-126883668 tempest-DeleteServersTestJSON-126883668-project-member] Acquiring lock "a1c067c5-32c2-4004-ab03-f1b560ec90c4" by "nova.context.set_target_cell..get_or_set_cached_cell_and_set_connections" {{(pid=95847) inner /opt/stack/data/venv/lib/python3.12/site-packages/oslo_concurrency/lockutils.py:511}}
Jun 09 01:45:23.227106 np0000002384 nova-scheduler[95847]: DEBUG oslo_concurrency.lockutils [None req-bef58fae-4aac-44df-b163-429aaa04d2d7 tempest-DeleteServersTestJSON-126883668 tempest-DeleteServersTestJSON-126883668-project-member] Lock "a1c067c5-32c2-4004-ab03-f1b560ec90c4" acquired by "nova.context.set_target_cell..get_or_set_cached_cell_and_set_connections" :: waited 0.000s {{(pid=95847) inner /opt/stack/data/venv/lib/python3.12/site-packages/oslo_concurrency/lockutils.py:524}}
Jun 09 01:45:23.229314 np0000002384 nova-scheduler[95847]: DEBUG oslo_concurrency.lockutils [None req-bef58fae-4aac-44df-b163-429aaa04d2d7 tempest-DeleteServersTestJSON-126883668 tempest-DeleteServersTestJSON-126883668-project-member] Lock "a1c067c5-32c2-4004-ab03-f1b560ec90c4" "released" by "nova.context.set_target_cell..get_or_set_cached_cell_and_set_connections" :: held 0.002s {{(pid=95847) inner /opt/stack/data/venv/lib/python3.12/site-packages/oslo_concurrency/lockutils.py:543}}
Jun 09 01:45:23.231450 np0000002384 nova-scheduler[95847]: INFO dbcounter [None req-bef58fae-4aac-44df-b163-429aaa04d2d7 tempest-DeleteServersTestJSON-126883668 tempest-DeleteServersTestJSON-126883668-project-member] Registered counter for database nova_cell1
Jun 09 01:45:23.241393 np0000002384 nova-scheduler[95818]: DEBUG nova.scheduler.manager [None req-bff4ffab-3f82-470d-aae2-7c2c8e41e4e3 tempest-ServerActionsTestOtherA-1617465989 tempest-ServerActionsTestOtherA-1617465989-project-member] [instance: 385ba0aa-d5e4-4b61-a0ba-a6269256db7f] Selected host: (np0000002384, np0000002384) ram: 23518MB disk: 75776MB io_ops: 0 instances: 0, allocation_candidates: 1 {{(pid=95818) _consume_selected_host /opt/stack/nova/nova/scheduler/manager.py:625}}
Jun 09 01:45:23.241701 np0000002384 nova-scheduler[95818]: DEBUG oslo_concurrency.lockutils [None req-bff4ffab-3f82-470d-aae2-7c2c8e41e4e3 tempest-ServerActionsTestOtherA-1617465989 tempest-ServerActionsTestOtherA-1617465989-project-member] Acquiring lock "('np0000002384', 'np0000002384')" by "nova.scheduler.host_manager.HostState.consume_from_request.._locked" {{(pid=95818) inner /opt/stack/data/venv/lib/python3.12/site-packages/oslo_concurrency/lockutils.py:511}}
Jun 09 01:45:23.241899 np0000002384 nova-scheduler[95818]: DEBUG oslo_concurrency.lockutils [None req-bff4ffab-3f82-470d-aae2-7c2c8e41e4e3 tempest-ServerActionsTestOtherA-1617465989 tempest-ServerActionsTestOtherA-1617465989-project-member] Lock "('np0000002384', 'np0000002384')" acquired by "nova.scheduler.host_manager.HostState.consume_from_request.._locked" :: waited 0.000s {{(pid=95818) inner /opt/stack/data/venv/lib/python3.12/site-packages/oslo_concurrency/lockutils.py:524}}
Jun 09 01:45:23.242096 np0000002384 nova-scheduler[95818]: DEBUG oslo_concurrency.lockutils [None req-bff4ffab-3f82-470d-aae2-7c2c8e41e4e3 tempest-ServerActionsTestOtherA-1617465989 tempest-ServerActionsTestOtherA-1617465989-project-member] Lock "('np0000002384', 'np0000002384')" "released" by "nova.scheduler.host_manager.HostState.consume_from_request.._locked" :: held 0.000s {{(pid=95818) inner /opt/stack/data/venv/lib/python3.12/site-packages/oslo_concurrency/lockutils.py:543}}
Jun 09 01:45:23.281860 np0000002384 nova-scheduler[95847]: DEBUG oslo_db.sqlalchemy.engines [None req-bef58fae-4aac-44df-b163-429aaa04d2d7 tempest-DeleteServersTestJSON-126883668 tempest-DeleteServersTestJSON-126883668-project-member] MySQL server mode set to STRICT_TRANS_TABLES,STRICT_ALL_TABLES,NO_ZERO_IN_DATE,NO_ZERO_DATE,ERROR_FOR_DIVISION_BY_ZERO,TRADITIONAL,NO_ENGINE_SUBSTITUTION {{(pid=95847) _check_effective_sql_mode /opt/stack/data/venv/lib/python3.12/site-packages/oslo_db/sqlalchemy/engines.py:325}}
Jun 09 01:45:23.287192 np0000002384 nova-scheduler[95847]: DEBUG dbcounter [-] [95847] Writer thread running {{(pid=95847) stat_writer /opt/stack/data/venv/lib/python3.12/site-packages/dbcounter.py:102}}
Jun 09 01:45:23.352905 np0000002384 nova-scheduler[95847]: DEBUG dbcounter [-] [95847] Writer thread running {{(pid=95847) stat_writer /opt/stack/data/venv/lib/python3.12/site-packages/dbcounter.py:102}}
Jun 09 01:45:23.355438 np0000002384 nova-scheduler[95847]: DEBUG oslo_concurrency.lockutils [None req-bef58fae-4aac-44df-b163-429aaa04d2d7 tempest-DeleteServersTestJSON-126883668 tempest-DeleteServersTestJSON-126883668-project-member] Acquiring lock "a1c067c5-32c2-4004-ab03-f1b560ec90c4" by "nova.context.set_target_cell..get_or_set_cached_cell_and_set_connections" {{(pid=95847) inner /opt/stack/data/venv/lib/python3.12/site-packages/oslo_concurrency/lockutils.py:511}}
Jun 09 01:45:23.355622 np0000002384 nova-scheduler[95847]: DEBUG oslo_concurrency.lockutils [None req-bef58fae-4aac-44df-b163-429aaa04d2d7 tempest-DeleteServersTestJSON-126883668 tempest-DeleteServersTestJSON-126883668-project-member] Lock "a1c067c5-32c2-4004-ab03-f1b560ec90c4" acquired by "nova.context.set_target_cell..get_or_set_cached_cell_and_set_connections" :: waited 0.000s {{(pid=95847) inner /opt/stack/data/venv/lib/python3.12/site-packages/oslo_concurrency/lockutils.py:524}}
Jun 09 01:45:23.355732 np0000002384 nova-scheduler[95847]: DEBUG oslo_concurrency.lockutils [None req-bef58fae-4aac-44df-b163-429aaa04d2d7 tempest-DeleteServersTestJSON-126883668 tempest-DeleteServersTestJSON-126883668-project-member] Lock "a1c067c5-32c2-4004-ab03-f1b560ec90c4" "released" by "nova.context.set_target_cell..get_or_set_cached_cell_and_set_connections" :: held 0.000s {{(pid=95847) inner /opt/stack/data/venv/lib/python3.12/site-packages/oslo_concurrency/lockutils.py:543}}
Jun 09 01:45:23.362930 np0000002384 nova-scheduler[95847]: DEBUG oslo_concurrency.lockutils [None req-bef58fae-4aac-44df-b163-429aaa04d2d7 tempest-DeleteServersTestJSON-126883668 tempest-DeleteServersTestJSON-126883668-project-member] Acquiring lock "('np0000002384', 'np0000002384')" by "nova.scheduler.host_manager.HostState.update.._locked_update" {{(pid=95847) inner /opt/stack/data/venv/lib/python3.12/site-packages/oslo_concurrency/lockutils.py:511}}
Jun 09 01:45:23.363323 np0000002384 nova-scheduler[95847]: DEBUG oslo_concurrency.lockutils [None req-bef58fae-4aac-44df-b163-429aaa04d2d7 tempest-DeleteServersTestJSON-126883668 tempest-DeleteServersTestJSON-126883668-project-member] Lock "('np0000002384', 'np0000002384')" acquired by "nova.scheduler.host_manager.HostState.update.._locked_update" :: waited 0.000s {{(pid=95847) inner /opt/stack/data/venv/lib/python3.12/site-packages/oslo_concurrency/lockutils.py:524}}
