Jul 03 04:28:11.321471 np0000004367 devstack@g-api.service[99596]: DEBUG glance_store.location [None req-4fde0a35-9406-49a3-89ef-de8d80ba6c72 tempest-ServerBootFromVolumeStableRescueTest-1844872656 tempest-ServerBootFromVolumeStableRescueTest-1844872656-project-member] Registering scheme swift+https with {'store': , 'location_class': , 'store_entry': 'swift'} {{(pid=99596) register_scheme_map /opt/stack/data/venv/lib/python3.12/site-packages/glance_store/location.py:146}}
Jul 03 04:28:11.321562 np0000004367 devstack@g-api.service[99596]: DEBUG glance_store.location [None req-4fde0a35-9406-49a3-89ef-de8d80ba6c72 tempest-ServerBootFromVolumeStableRescueTest-1844872656 tempest-ServerBootFromVolumeStableRescueTest-1844872656-project-member] Registering scheme swift+https with {'store': , 'location_class': , 'store_entry': 'swift'} {{(pid=99596) register_scheme_map /opt/stack/data/venv/lib/python3.12/site-packages/glance_store/location.py:146}}
Jul 03 04:28:11.321632 np0000004367 devstack@g-api.service[99596]: DEBUG glance_store.location [None req-4fde0a35-9406-49a3-89ef-de8d80ba6c72 tempest-ServerBootFromVolumeStableRescueTest-1844872656 tempest-ServerBootFromVolumeStableRescueTest-1844872656-project-member] Registering scheme swift with {'store': , 'location_class': , 'store_entry': 'swift'} {{(pid=99596) register_scheme_map /opt/stack/data/venv/lib/python3.12/site-packages/glance_store/location.py:146}}
Jul 03 04:28:11.321772 np0000004367 devstack@g-api.service[99596]: DEBUG glance_store.location [None req-4fde0a35-9406-49a3-89ef-de8d80ba6c72 tempest-ServerBootFromVolumeStableRescueTest-1844872656 tempest-ServerBootFromVolumeStableRescueTest-1844872656-project-member] Registering scheme swift+https with {'store': , 'location_class': , 'store_entry': 'swift'} {{(pid=99596) register_scheme_map /opt/stack/data/venv/lib/python3.12/site-packages/glance_store/location.py:146}}
Jul 03 04:28:11.321857 np0000004367 devstack@g-api.service[99596]: DEBUG glance_store.location [None req-4fde0a35-9406-49a3-89ef-de8d80ba6c72 tempest-ServerBootFromVolumeStableRescueTest-1844872656 tempest-ServerBootFromVolumeStableRescueTest-1844872656-project-member] Registering scheme swift with {'store': , 'location_class': , 'store_entry': 'swift'} {{(pid=99596) register_scheme_map /opt/stack/data/venv/lib/python3.12/site-packages/glance_store/location.py:146}}
Jul 03 04:28:11.322171 np0000004367 devstack@g-api.service[99596]: DEBUG glance_store.location [None req-4fde0a35-9406-49a3-89ef-de8d80ba6c72 tempest-ServerBootFromVolumeStableRescueTest-1844872656 tempest-ServerBootFromVolumeStableRescueTest-1844872656-project-member] Registering scheme swift+http with {'store': , 'location_class': , 'store_entry': 'swift'} {{(pid=99596) register_scheme_map /opt/stack/data/venv/lib/python3.12/site-packages/glance_store/location.py:146}}
Jul 03 04:28:11.322257 np0000004367 devstack@g-api.service[99596]: DEBUG glance_store.location [None req-4fde0a35-9406-49a3-89ef-de8d80ba6c72 tempest-ServerBootFromVolumeStableRescueTest-1844872656 tempest-ServerBootFromVolumeStableRescueTest-1844872656-project-member] Registering scheme swift+https with {'store': , 'location_class': , 'store_entry': 'swift'} {{(pid=99596) register_scheme_map /opt/stack/data/venv/lib/python3.12/site-packages/glance_store/location.py:146}}
Jul 03 04:28:11.322375 np0000004367 devstack@g-api.service[99596]: DEBUG glance_store.location [None req-4fde0a35-9406-49a3-89ef-de8d80ba6c72 tempest-ServerBootFromVolumeStableRescueTest-1844872656 tempest-ServerBootFromVolumeStableRescueTest-1844872656-project-member] Registering scheme swift with {'store': , 'location_class': , 'store_entry': 'swift'} {{(pid=99596) register_scheme_map /opt/stack/data/venv/lib/python3.12/site-packages/glance_store/location.py:146}}
Jul 03 04:28:11.322439 np0000004367 devstack@g-api.service[99596]: DEBUG glance_store.location [None req-4fde0a35-9406-49a3-89ef-de8d80ba6c72 tempest-ServerBootFromVolumeStableRescueTest-1844872656 tempest-ServerBootFromVolumeStableRescueTest-1844872656-project-member] Registering scheme swift+http with {'store': , 'location_class': , 'store_entry': 'swift'} {{(pid=99596) register_scheme_map /opt/stack/data/venv/lib/python3.12/site-packages/glance_store/location.py:146}}
Jul 03 04:28:11.322585 np0000004367 devstack@g-api.service[99596]: DEBUG glance_store.location [None req-4fde0a35-9406-49a3-89ef-de8d80ba6c72 tempest-ServerBootFromVolumeStableRescueTest-1844872656 tempest-ServerBootFromVolumeStableRescueTest-1844872656-project-member] Registering scheme swift+config with {'store': , 'location_class': , 'store_entry': 'swift'} {{(pid=99596) register_scheme_map /opt/stack/data/venv/lib/python3.12/site-packages/glance_store/location.py:146}}
Jul 03 04:28:11.550952 np0000004367 devstack@g-api.service[99598]: DEBUG glance.api.middleware.version_negotiation [None req-959c67d6-979d-4c73-9244-7460d790bebf tempest-ServerStableDeviceRescueTest-725458713 tempest-ServerStableDeviceRescueTest-725458713-project-member] Determining version of request: GET /v2/images/9310b320-5a4b-4b9a-a082-2e084c8f47cd Accept: */* {{(pid=99598) process_request /opt/stack/glance/glance/api/middleware/version_negotiation.py:44}}
Jul 03 04:28:11.551141 np0000004367 devstack@g-api.service[99598]: DEBUG glance.api.middleware.version_negotiation [None req-959c67d6-979d-4c73-9244-7460d790bebf tempest-ServerStableDeviceRescueTest-725458713 tempest-ServerStableDeviceRescueTest-725458713-project-member] Using url versioning {{(pid=99598) process_request /opt/stack/glance/glance/api/middleware/version_negotiation.py:57}}
Jul 03 04:28:11.551316 np0000004367 devstack@g-api.service[99598]: DEBUG glance.api.middleware.version_negotiation [None req-959c67d6-979d-4c73-9244-7460d790bebf tempest-ServerStableDeviceRescueTest-725458713 tempest-ServerStableDeviceRescueTest-725458713-project-member] Matched version: v2 {{(pid=99598) process_request /opt/stack/glance/glance/api/middleware/version_negotiation.py:69}}
Jul 03 04:28:11.551416 np0000004367 devstack@g-api.service[99598]: DEBUG glance.api.middleware.version_negotiation [None req-959c67d6-979d-4c73-9244-7460d790bebf tempest-ServerStableDeviceRescueTest-725458713 tempest-ServerStableDeviceRescueTest-725458713-project-member] new path /v2/images/9310b320-5a4b-4b9a-a082-2e084c8f47cd {{(pid=99598) process_request /opt/stack/glance/glance/api/middleware/version_negotiation.py:70}}
Jul 03 04:28:11.562002 np0000004367 devstack@g-api.service[99598]: [pid: 99598|app: 0|req: 34/100] 127.0.0.1 () {44 vars in 1111 bytes} [Fri Jul 3 04:28:11 2026] GET /v2/images/9310b320-5a4b-4b9a-a082-2e084c8f47cd => generated 1334 bytes in 11 msecs (HTTP/1.1 200) 4 headers in 158 bytes (1 switches on core 0)
Jul 03 04:28:11.599395 np0000004367 devstack@g-api.service[99597]: DEBUG glance.api.middleware.version_negotiation [None req-4514a749-d206-4bd6-82f3-a8fe7de98d2a tempest-ServerBootFromVolumeStableRescueTest-1844872656 tempest-ServerBootFromVolumeStableRescueTest-1844872656-project-member] Determining version of request: GET /v2/schemas/image Accept: */* {{(pid=99597) process_request /opt/stack/glance/glance/api/middleware/version_negotiation.py:44}}
Jul 03 04:28:11.599395 np0000004367 devstack@g-api.service[99597]: DEBUG glance.api.middleware.version_negotiation [None req-4514a749-d206-4bd6-82f3-a8fe7de98d2a tempest-ServerBootFromVolumeStableRescueTest-1844872656 tempest-ServerBootFromVolumeStableRescueTest-1844872656-project-member] Using url versioning {{(pid=99597) process_request /opt/stack/glance/glance/api/middleware/version_negotiation.py:57}}
Jul 03 04:28:11.599395 np0000004367 devstack@g-api.service[99597]: DEBUG glance.api.middleware.version_negotiation [None req-4514a749-d206-4bd6-82f3-a8fe7de98d2a tempest-ServerBootFromVolumeStableRescueTest-1844872656 tempest-ServerBootFromVolumeStableRescueTest-1844872656-project-member] Matched version: v2 {{(pid=99597) process_request /opt/stack/glance/glance/api/middleware/version_negotiation.py:69}}
Jul 03 04:28:11.599395 np0000004367 devstack@g-api.service[99597]: DEBUG glance.api.middleware.version_negotiation [None req-4514a749-d206-4bd6-82f3-a8fe7de98d2a tempest-ServerBootFromVolumeStableRescueTest-1844872656 tempest-ServerBootFromVolumeStableRescueTest-1844872656-project-member] new path /v2/schemas/image {{(pid=99597) process_request /opt/stack/glance/glance/api/middleware/version_negotiation.py:70}}
Jul 03 04:28:11.602061 np0000004367 devstack@g-api.service[99597]: [pid: 99597|app: 0|req: 36/101] 127.0.0.1 () {44 vars in 1051 bytes} [Fri Jul 3 04:28:11 2026] GET /v2/schemas/image => generated 6083 bytes in 3 msecs (HTTP/1.1 200) 4 headers in 158 bytes (1 switches on core 0)
Jul 03 04:28:11.635754 np0000004367 devstack@g-api.service[99598]: DEBUG glance.api.middleware.version_negotiation [None req-f08deb1e-41f0-4e9c-872b-8ecf43c0520d tempest-ServerStableDeviceRescueTest-725458713 tempest-ServerStableDeviceRescueTest-725458713-project-member] Determining version of request: GET /v2/schemas/image Accept: */* {{(pid=99598) process_request /opt/stack/glance/glance/api/middleware/version_negotiation.py:44}}
Jul 03 04:28:11.636880 np0000004367 devstack@g-api.service[99598]: DEBUG glance.api.middleware.version_negotiation [None req-f08deb1e-41f0-4e9c-872b-8ecf43c0520d tempest-ServerStableDeviceRescueTest-725458713 tempest-ServerStableDeviceRescueTest-725458713-project-member] Using url versioning {{(pid=99598) process_request /opt/stack/glance/glance/api/middleware/version_negotiation.py:57}}
Jul 03 04:28:11.636880 np0000004367 devstack@g-api.service[99598]: DEBUG glance.api.middleware.version_negotiation [None req-f08deb1e-41f0-4e9c-872b-8ecf43c0520d tempest-ServerStableDeviceRescueTest-725458713 tempest-ServerStableDeviceRescueTest-725458713-project-member] Matched version: v2 {{(pid=99598) process_request /opt/stack/glance/glance/api/middleware/version_negotiation.py:69}}
Jul 03 04:28:11.636880 np0000004367 devstack@g-api.service[99598]: DEBUG glance.api.middleware.version_negotiation [None req-f08deb1e-41f0-4e9c-872b-8ecf43c0520d tempest-ServerStableDeviceRescueTest-725458713 tempest-ServerStableDeviceRescueTest-725458713-project-member] new path /v2/schemas/image {{(pid=99598) process_request /opt/stack/glance/glance/api/middleware/version_negotiation.py:70}}
Jul 03 04:28:11.640511 np0000004367 devstack@g-api.service[99598]: [pid: 99598|app: 0|req: 35/102] 127.0.0.1 () {44 vars in 1051 bytes} [Fri Jul 3 04:28:11 2026] GET /v2/schemas/image => generated 6083 bytes in 7 msecs (HTTP/1.1 200) 4 headers in 158 bytes (1 switches on core 0)
Jul 03 04:28:11.676389 np0000004367 devstack@g-api.service[99597]: DEBUG glance.api.middleware.version_negotiation [None req-f08deb1e-41f0-4e9c-872b-8ecf43c0520d tempest-ServerStableDeviceRescueTest-725458713 tempest-ServerStableDeviceRescueTest-725458713-project-member] Determining version of request: PATCH /v2/images/9310b320-5a4b-4b9a-a082-2e084c8f47cd Accept: */* {{(pid=99597) process_request /opt/stack/glance/glance/api/middleware/version_negotiation.py:44}}
Jul 03 04:28:11.676389 np0000004367 devstack@g-api.service[99597]: DEBUG glance.api.middleware.version_negotiation [None req-f08deb1e-41f0-4e9c-872b-8ecf43c0520d tempest-ServerStableDeviceRescueTest-725458713 tempest-ServerStableDeviceRescueTest-725458713-project-member] Using url versioning {{(pid=99597) process_request /opt/stack/glance/glance/api/middleware/version_negotiation.py:57}}
Jul 03 04:28:11.676389 np0000004367 devstack@g-api.service[99597]: DEBUG glance.api.middleware.version_negotiation [None req-f08deb1e-41f0-4e9c-872b-8ecf43c0520d tempest-ServerStableDeviceRescueTest-725458713 tempest-ServerStableDeviceRescueTest-725458713-project-member] Matched version: v2 {{(pid=99597) process_request /opt/stack/glance/glance/api/middleware/version_negotiation.py:69}}
Jul 03 04:28:11.676389 np0000004367 devstack@g-api.service[99597]: DEBUG glance.api.middleware.version_negotiation [None req-f08deb1e-41f0-4e9c-872b-8ecf43c0520d tempest-ServerStableDeviceRescueTest-725458713 tempest-ServerStableDeviceRescueTest-725458713-project-member] new path /v2/images/9310b320-5a4b-4b9a-a082-2e084c8f47cd {{(pid=99597) process_request /opt/stack/glance/glance/api/middleware/version_negotiation.py:70}}
Jul 03 04:28:11.776923 np0000004367 devstack@g-api.service[99596]: DEBUG swiftclient [None req-4fde0a35-9406-49a3-89ef-de8d80ba6c72 tempest-ServerBootFromVolumeStableRescueTest-1844872656 tempest-ServerBootFromVolumeStableRescueTest-1844872656-project-member] REQ: curl -i https://10.4.3.78:8080/v1/AUTH_b715bdef7c9540d48b8270f0e73bdc91/glance -I -H "X-Auth-Token: gAAAAABqRzpbUVfQ..." {{(pid=99596) http_log /opt/stack/data/venv/lib/python3.12/site-packages/swiftclient/client.py:160}}
Jul 03 04:28:11.777287 np0000004367 devstack@g-api.service[99596]: DEBUG swiftclient [None req-4fde0a35-9406-49a3-89ef-de8d80ba6c72 tempest-ServerBootFromVolumeStableRescueTest-1844872656 tempest-ServerBootFromVolumeStableRescueTest-1844872656-project-member] RESP STATUS: 204 No Content {{(pid=99596) http_log /opt/stack/data/venv/lib/python3.12/site-packages/swiftclient/client.py:161}}
Jul 03 04:28:11.777429 np0000004367 devstack@g-api.service[99596]: DEBUG swiftclient [None req-4fde0a35-9406-49a3-89ef-de8d80ba6c72 tempest-ServerBootFromVolumeStableRescueTest-1844872656 tempest-ServerBootFromVolumeStableRescueTest-1844872656-project-member] RESP HEADERS: {'Date': 'Fri, 03 Jul 2026 04:28:11 GMT', 'Server': 'Apache/2.4.58 (Ubuntu)', 'Content-Type': 'text/plain; charset=utf-8', 'X-Container-Object-Count': '3', 'X-Container-Bytes-Used': '64356352', 'X-Timestamp': '1783052657.00634', 'Last-Modified': 'Fri, 03 Jul 2026 04:24:17 GMT', 'Accept-Ranges': 'bytes', 'X-Storage-Policy': 'Policy-0', 'X-Container-Sharding': 'False', 'Vary': 'Accept', 'X-Trans-Id': 'tx1a4d214ad5ed4eb5af118-006a473a5b', 'X-Openstack-Request-Id': 'tx1a4d214ad5ed4eb5af118-006a473a5b', 'Connection': 'close'} {{(pid=99596) http_log /opt/stack/data/venv/lib/python3.12/site-packages/swiftclient/client.py:162}}
Jul 03 04:28:11.777750 np0000004367 devstack@g-api.service[99596]: DEBUG glance_store._drivers.swift.store [None req-4fde0a35-9406-49a3-89ef-de8d80ba6c72 tempest-ServerBootFromVolumeStableRescueTest-1844872656 tempest-ServerBootFromVolumeStableRescueTest-1844872656-project-member] Adding image object '4b94b40f-1c49-4a8f-a14a-f00083a631e6' to Swift {{(pid=99596) add /opt/stack/data/venv/lib/python3.12/site-packages/glance_store/_drivers/swift/store.py:970}}
Jul 03 04:28:11.777917 np0000004367 devstack@g-api.service[99596]: DEBUG glance_store._drivers.swift.store [None req-4fde0a35-9406-49a3-89ef-de8d80ba6c72 tempest-ServerBootFromVolumeStableRescueTest-1844872656 tempest-ServerBootFromVolumeStableRescueTest-1844872656-project-member] Cannot determine image size because it is either not provided in the request or chunked-transfer encoding is used. Adding image as a segmented object to Swift. {{(pid=99596) add /opt/stack/data/venv/lib/python3.12/site-packages/glance_store/_drivers/swift/store.py:994}}
Jul 03 04:28:11.786954 np0000004367 devstack@g-api.service[99596]: DEBUG oslo_utils.imageutils.format_inspector [None req-4fde0a35-9406-49a3-89ef-de8d80ba6c72 tempest-ServerBootFromVolumeStableRescueTest-1844872656 tempest-ServerBootFromVolumeStableRescueTest-1844872656-project-member] Format inspector for vmdk does not match, excluding from consideration (Signature KDMV not found: b'QFI\xfb') {{(pid=99596) _process_chunk /opt/stack/data/venv/lib/python3.12/site-packages/oslo_utils/imageutils/format_inspector.py:1758}}
Jul 03 04:28:11.791532 np0000004367 devstack@g-api.service[99596]: DEBUG oslo_utils.imageutils.format_inspector [None req-4fde0a35-9406-49a3-89ef-de8d80ba6c72 tempest-ServerBootFromVolumeStableRescueTest-1844872656 tempest-ServerBootFromVolumeStableRescueTest-1844872656-project-member] Format inspector for vhdx does not match, excluding from consideration (Region signature not found at 30000) {{(pid=99596) _process_chunk /opt/stack/data/venv/lib/python3.12/site-packages/oslo_utils/imageutils/format_inspector.py:1758}}
Jul 03 04:28:11.890091 np0000004367 devstack@g-api.service[99597]: [pid: 99597|app: 0|req: 37/103] 127.0.0.1 () {46 vars in 1154 bytes} [Fri Jul 3 04:28:11 2026] PATCH /v2/images/9310b320-5a4b-4b9a-a082-2e084c8f47cd => generated 1445 bytes in 216 msecs (HTTP/1.1 200) 4 headers in 158 bytes (1 switches on core 0)
Jul 03 04:28:11.922270 np0000004367 devstack@g-api.service[99598]: DEBUG glance.api.middleware.version_negotiation [None req-f08deb1e-41f0-4e9c-872b-8ecf43c0520d tempest-ServerStableDeviceRescueTest-725458713 tempest-ServerStableDeviceRescueTest-725458713-project-member] Determining version of request: GET /v2/images/9310b320-5a4b-4b9a-a082-2e084c8f47cd Accept: */* {{(pid=99598) process_request /opt/stack/glance/glance/api/middleware/version_negotiation.py:44}}
Jul 03 04:28:11.922720 np0000004367 devstack@g-api.service[99598]: DEBUG glance.api.middleware.version_negotiation [None req-f08deb1e-41f0-4e9c-872b-8ecf43c0520d tempest-ServerStableDeviceRescueTest-725458713 tempest-ServerStableDeviceRescueTest-725458713-project-member] Using url versioning {{(pid=99598) process_request /opt/stack/glance/glance/api/middleware/version_negotiation.py:57}}
Jul 03 04:28:11.923333 np0000004367 devstack@g-api.service[99598]: DEBUG glance.api.middleware.version_negotiation [None req-f08deb1e-41f0-4e9c-872b-8ecf43c0520d tempest-ServerStableDeviceRescueTest-725458713 tempest-ServerStableDeviceRescueTest-725458713-project-member] Matched version: v2 {{(pid=99598) process_request /opt/stack/glance/glance/api/middleware/version_negotiation.py:69}}
Jul 03 04:28:11.923692 np0000004367 devstack@g-api.service[99598]: DEBUG glance.api.middleware.version_negotiation [None req-f08deb1e-41f0-4e9c-872b-8ecf43c0520d tempest-ServerStableDeviceRescueTest-725458713 tempest-ServerStableDeviceRescueTest-725458713-project-member] new path /v2/images/9310b320-5a4b-4b9a-a082-2e084c8f47cd {{(pid=99598) process_request /opt/stack/glance/glance/api/middleware/version_negotiation.py:70}}
Jul 03 04:28:11.942569 np0000004367 devstack@g-api.service[99598]: [pid: 99598|app: 0|req: 36/104] 127.0.0.1 () {44 vars in 1111 bytes} [Fri Jul 3 04:28:11 2026] GET /v2/images/9310b320-5a4b-4b9a-a082-2e084c8f47cd => generated 1445 bytes in 18 msecs (HTTP/1.1 200) 4 headers in 158 bytes (1 switches on core 0)
Jul 03 04:28:11.946625 np0000004367 devstack@g-api.service[99597]: DEBUG glance.api.middleware.version_negotiation [None req-f08deb1e-41f0-4e9c-872b-8ecf43c0520d tempest-ServerStableDeviceRescueTest-725458713 tempest-ServerStableDeviceRescueTest-725458713-project-member] Determining version of request: GET /v2/images/9310b320-5a4b-4b9a-a082-2e084c8f47cd Accept: */* {{(pid=99597) process_request /opt/stack/glance/glance/api/middleware/version_negotiation.py:44}}
Jul 03 04:28:11.946625 np0000004367 devstack@g-api.service[99597]: DEBUG glance.api.middleware.version_negotiation [None req-f08deb1e-41f0-4e9c-872b-8ecf43c0520d tempest-ServerStableDeviceRescueTest-725458713 tempest-ServerStableDeviceRescueTest-725458713-project-member] Using url versioning {{(pid=99597) process_request /opt/stack/glance/glance/api/middleware/version_negotiation.py:57}}
Jul 03 04:28:11.946625 np0000004367 devstack@g-api.service[99597]: DEBUG glance.api.middleware.version_negotiation [None req-f08deb1e-41f0-4e9c-872b-8ecf43c0520d tempest-ServerStableDeviceRescueTest-725458713 tempest-ServerStableDeviceRescueTest-725458713-project-member] Matched version: v2 {{(pid=99597) process_request /opt/stack/glance/glance/api/middleware/version_negotiation.py:69}}
Jul 03 04:28:11.946625 np0000004367 devstack@g-api.service[99597]: DEBUG glance.api.middleware.version_negotiation [None req-f08deb1e-41f0-4e9c-872b-8ecf43c0520d tempest-ServerStableDeviceRescueTest-725458713 tempest-ServerStableDeviceRescueTest-725458713-project-member] new path /v2/images/9310b320-5a4b-4b9a-a082-2e084c8f47cd {{(pid=99597) process_request /opt/stack/glance/glance/api/middleware/version_negotiation.py:70}}
Jul 03 04:28:11.972337 np0000004367 devstack@g-api.service[99597]: [pid: 99597|app: 0|req: 38/105] 127.0.0.1 () {44 vars in 1111 bytes} [Fri Jul 3 04:28:11 2026] GET /v2/images/9310b320-5a4b-4b9a-a082-2e084c8f47cd => generated 1445 bytes in 27 msecs (HTTP/1.1 200) 4 headers in 158 bytes (1 switches on core 0)
Jul 03 04:28:11.978236 np0000004367 devstack@g-api.service[99598]: DEBUG glance.api.middleware.version_negotiation [None req-60802eb3-b32f-4cd6-acb0-fc4a276c2cb9 tempest-ServerStableDeviceRescueTest-725458713 tempest-ServerStableDeviceRescueTest-725458713-project-member] Determining version of request: GET /v2/schemas/image Accept: */* {{(pid=99598) process_request /opt/stack/glance/glance/api/middleware/version_negotiation.py:44}}
Jul 03 04:28:11.978419 np0000004367 devstack@g-api.service[99598]: DEBUG glance.api.middleware.version_negotiation [None req-60802eb3-b32f-4cd6-acb0-fc4a276c2cb9 tempest-ServerStableDeviceRescueTest-725458713 tempest-ServerStableDeviceRescueTest-725458713-project-member] Using url versioning {{(pid=99598) process_request /opt/stack/glance/glance/api/middleware/version_negotiation.py:57}}
Jul 03 04:28:11.978595 np0000004367 devstack@g-api.service[99598]: DEBUG glance.api.middleware.version_negotiation [None req-60802eb3-b32f-4cd6-acb0-fc4a276c2cb9 tempest-ServerStableDeviceRescueTest-725458713 tempest-ServerStableDeviceRescueTest-725458713-project-member] Matched version: v2 {{(pid=99598) process_request /opt/stack/glance/glance/api/middleware/version_negotiation.py:69}}
Jul 03 04:28:11.978715 np0000004367 devstack@g-api.service[99598]: DEBUG glance.api.middleware.version_negotiation [None req-60802eb3-b32f-4cd6-acb0-fc4a276c2cb9 tempest-ServerStableDeviceRescueTest-725458713 tempest-ServerStableDeviceRescueTest-725458713-project-member] new path /v2/schemas/image {{(pid=99598) process_request /opt/stack/glance/glance/api/middleware/version_negotiation.py:70}}
Jul 03 04:28:11.984158 np0000004367 devstack@g-api.service[99598]: [pid: 99598|app: 0|req: 37/106] 127.0.0.1 () {44 vars in 1051 bytes} [Fri Jul 3 04:28:11 2026] GET /v2/schemas/image => generated 6083 bytes in 6 msecs (HTTP/1.1 200) 4 headers in 158 bytes (1 switches on core 0)
Jul 03 04:28:12.021279 np0000004367 devstack@g-api.service[99597]: DEBUG glance.api.middleware.version_negotiation [None req-f08deb1e-41f0-4e9c-872b-8ecf43c0520d tempest-ServerStableDeviceRescueTest-725458713 tempest-ServerStableDeviceRescueTest-725458713-project-member] Determining version of request: PUT /v2/images/9310b320-5a4b-4b9a-a082-2e084c8f47cd/file Accept: */* {{(pid=99597) process_request /opt/stack/glance/glance/api/middleware/version_negotiation.py:44}}
Jul 03 04:28:12.021478 np0000004367 devstack@g-api.service[99597]: DEBUG glance.api.middleware.version_negotiation [None req-f08deb1e-41f0-4e9c-872b-8ecf43c0520d tempest-ServerStableDeviceRescueTest-725458713 tempest-ServerStableDeviceRescueTest-725458713-project-member] Using url versioning {{(pid=99597) process_request /opt/stack/glance/glance/api/middleware/version_negotiation.py:57}}
Jul 03 04:28:12.021680 np0000004367 devstack@g-api.service[99597]: DEBUG glance.api.middleware.version_negotiation [None req-f08deb1e-41f0-4e9c-872b-8ecf43c0520d tempest-ServerStableDeviceRescueTest-725458713 tempest-ServerStableDeviceRescueTest-725458713-project-member] Matched version: v2 {{(pid=99597) process_request /opt/stack/glance/glance/api/middleware/version_negotiation.py:69}}
Jul 03 04:28:12.021829 np0000004367 devstack@g-api.service[99597]: DEBUG glance.api.middleware.version_negotiation [None req-f08deb1e-41f0-4e9c-872b-8ecf43c0520d tempest-ServerStableDeviceRescueTest-725458713 tempest-ServerStableDeviceRescueTest-725458713-project-member] new path /v2/images/9310b320-5a4b-4b9a-a082-2e084c8f47cd/file {{(pid=99597) process_request /opt/stack/glance/glance/api/middleware/version_negotiation.py:70}}
Jul 03 04:28:12.036394 np0000004367 devstack@g-api.service[99598]: DEBUG glance.api.middleware.version_negotiation [None req-60802eb3-b32f-4cd6-acb0-fc4a276c2cb9 tempest-ServerStableDeviceRescueTest-725458713 tempest-ServerStableDeviceRescueTest-725458713-project-member] Determining version of request: GET /v2/images/4b94b40f-1c49-4a8f-a14a-f00083a631e6 Accept: application/json {{(pid=99598) process_request /opt/stack/glance/glance/api/middleware/version_negotiation.py:44}}
Jul 03 04:28:12.036606 np0000004367 devstack@g-api.service[99598]: DEBUG glance.api.middleware.version_negotiation [None req-60802eb3-b32f-4cd6-acb0-fc4a276c2cb9 tempest-ServerStableDeviceRescueTest-725458713 tempest-ServerStableDeviceRescueTest-725458713-project-member] Using url versioning {{(pid=99598) process_request /opt/stack/glance/glance/api/middleware/version_negotiation.py:57}}
Jul 03 04:28:12.036724 np0000004367 devstack@g-api.service[99598]: DEBUG glance.api.middleware.version_negotiation [None req-60802eb3-b32f-4cd6-acb0-fc4a276c2cb9 tempest-ServerStableDeviceRescueTest-725458713 tempest-ServerStableDeviceRescueTest-725458713-project-member] Matched version: v2 {{(pid=99598) process_request /opt/stack/glance/glance/api/middleware/version_negotiation.py:69}}
Jul 03 04:28:12.036858 np0000004367 devstack@g-api.service[99598]: DEBUG glance.api.middleware.version_negotiation [None req-60802eb3-b32f-4cd6-acb0-fc4a276c2cb9 tempest-ServerStableDeviceRescueTest-725458713 tempest-ServerStableDeviceRescueTest-725458713-project-member] new path /v2/images/4b94b40f-1c49-4a8f-a14a-f00083a631e6 {{(pid=99598) process_request /opt/stack/glance/glance/api/middleware/version_negotiation.py:70}}
Jul 03 04:28:12.053597 np0000004367 devstack@g-api.service[99598]: [pid: 99598|app: 0|req: 38/107] 127.0.0.1 () {40 vars in 834 bytes} [Fri Jul 3 04:28:12 2026] GET /v2/images/4b94b40f-1c49-4a8f-a14a-f00083a631e6 => generated 1471 bytes in 17 msecs (HTTP/1.1 200) 4 headers in 158 bytes (1 switches on core 0)
Jul 03 04:28:12.053822 np0000004367 devstack@g-api.service[99596]: DEBUG swiftclient [None req-4fde0a35-9406-49a3-89ef-de8d80ba6c72 tempest-ServerBootFromVolumeStableRescueTest-1844872656 tempest-ServerBootFromVolumeStableRescueTest-1844872656-project-member] REQ: curl -i https://10.4.3.78:8080/v1/AUTH_b715bdef7c9540d48b8270f0e73bdc91/glance/4b94b40f-1c49-4a8f-a14a-f00083a631e6-00001 -X PUT -H "X-Auth-Token: gAAAAABqRzpbUVfQ..." {{(pid=99596) http_log /opt/stack/data/venv/lib/python3.12/site-packages/swiftclient/client.py:160}}
Jul 03 04:28:12.053944 np0000004367 devstack@g-api.service[99596]: DEBUG swiftclient [None req-4fde0a35-9406-49a3-89ef-de8d80ba6c72 tempest-ServerBootFromVolumeStableRescueTest-1844872656 tempest-ServerBootFromVolumeStableRescueTest-1844872656-project-member] RESP STATUS: 201 Created {{(pid=99596) http_log /opt/stack/data/venv/lib/python3.12/site-packages/swiftclient/client.py:161}}
Jul 03 04:28:12.054140 np0000004367 devstack@g-api.service[99596]: DEBUG swiftclient [None req-4fde0a35-9406-49a3-89ef-de8d80ba6c72 tempest-ServerBootFromVolumeStableRescueTest-1844872656 tempest-ServerBootFromVolumeStableRescueTest-1844872656-project-member] RESP HEADERS: {'Date': 'Fri, 03 Jul 2026 04:28:12 GMT', 'Server': 'Apache/2.4.58 (Ubuntu)', 'Content-Type': 'text/html; charset=UTF-8', 'Content-Length': '0', 'Etag': '4fa343ee581d8d2e78533191fd1ac3e1', 'Last-Modified': 'Fri, 03 Jul 2026 04:28:12 GMT', 'X-Trans-Id': 'tx25de1feddf124ba8b9e6a-006a473a5b', 'X-Openstack-Request-Id': 'tx25de1feddf124ba8b9e6a-006a473a5b', 'Connection': 'close'} {{(pid=99596) http_log /opt/stack/data/venv/lib/python3.12/site-packages/swiftclient/client.py:162}}
Jul 03 04:28:12.054267 np0000004367 devstack@g-api.service[99596]: DEBUG glance_store._drivers.swift.store [None req-4fde0a35-9406-49a3-89ef-de8d80ba6c72 tempest-ServerBootFromVolumeStableRescueTest-1844872656 tempest-ServerBootFromVolumeStableRescueTest-1844872656-project-member] Wrote chunk 4b94b40f-1c49-4a8f-a14a-f00083a631e6-00001 (1/?) of length 23527424 to Swift returning MD5 of content: 4fa343ee581d8d2e78533191fd1ac3e1 {{(pid=99596) add /opt/stack/data/venv/lib/python3.12/site-packages/glance_store/_drivers/swift/store.py:1059}}
Jul 03 04:28:12.054571 np0000004367 devstack@g-api.service[99596]: DEBUG glance_store._drivers.swift.store [None req-4fde0a35-9406-49a3-89ef-de8d80ba6c72 tempest-ServerBootFromVolumeStableRescueTest-1844872656 tempest-ServerBootFromVolumeStableRescueTest-1844872656-project-member] Not writing zero-length chunk. {{(pid=99596) add /opt/stack/data/venv/lib/python3.12/site-packages/glance_store/_drivers/swift/store.py:1028}}
Jul 03 04:28:12.083411 np0000004367 devstack@g-api.service[99596]: DEBUG swiftclient [None req-4fde0a35-9406-49a3-89ef-de8d80ba6c72 tempest-ServerBootFromVolumeStableRescueTest-1844872656 tempest-ServerBootFromVolumeStableRescueTest-1844872656-project-member] REQ: curl -i https://10.4.3.78:8080/v1/AUTH_b715bdef7c9540d48b8270f0e73bdc91/glance/4b94b40f-1c49-4a8f-a14a-f00083a631e6 -X PUT -H "X-Object-Manifest: glance/4b94b40f-1c49-4a8f-a14a-f00083a631e6-" -H "X-Auth-Token: gAAAAABqRzpbUVfQ..." -H "Content-Length: 0" {{(pid=99596) http_log /opt/stack/data/venv/lib/python3.12/site-packages/swiftclient/client.py:160}}
Jul 03 04:28:12.083602 np0000004367 devstack@g-api.service[99596]: DEBUG swiftclient [None req-4fde0a35-9406-49a3-89ef-de8d80ba6c72 tempest-ServerBootFromVolumeStableRescueTest-1844872656 tempest-ServerBootFromVolumeStableRescueTest-1844872656-project-member] RESP STATUS: 201 Created {{(pid=99596) http_log /opt/stack/data/venv/lib/python3.12/site-packages/swiftclient/client.py:161}}
Jul 03 04:28:12.083724 np0000004367 devstack@g-api.service[99596]: DEBUG swiftclient [None req-4fde0a35-9406-49a3-89ef-de8d80ba6c72 tempest-ServerBootFromVolumeStableRescueTest-1844872656 tempest-ServerBootFromVolumeStableRescueTest-1844872656-project-member] RESP HEADERS: {'Date': 'Fri, 03 Jul 2026 04:28:12 GMT', 'Server': 'Apache/2.4.58 (Ubuntu)', 'Content-Type': 'text/html; charset=UTF-8', 'Content-Length': '0', 'Etag': 'd41d8cd98f00b204e9800998ecf8427e', 'Last-Modified': 'Fri, 03 Jul 2026 04:28:13 GMT', 'X-Trans-Id': 'txa1784483463d47f58c328-006a473a5c', 'X-Openstack-Request-Id': 'txa1784483463d47f58c328-006a473a5c', 'Connection': 'close'} {{(pid=99596) http_log /opt/stack/data/venv/lib/python3.12/site-packages/swiftclient/client.py:162}}
Jul 03 04:28:12.084385 np0000004367 devstack@g-api.service[99596]: INFO glance.location [None req-4fde0a35-9406-49a3-89ef-de8d80ba6c72 tempest-ServerBootFromVolumeStableRescueTest-1844872656 tempest-ServerBootFromVolumeStableRescueTest-1844872656-project-member] Image format matched and virtual size computed: 1073741824
Jul 03 04:28:12.135557 np0000004367 devstack@g-api.service[99596]: DEBUG glance_store.backend [None req-4fde0a35-9406-49a3-89ef-de8d80ba6c72 tempest-ServerBootFromVolumeStableRescueTest-1844872656 tempest-ServerBootFromVolumeStableRescueTest-1844872656-project-member] Attempting to import store swift {{(pid=99596) _load_store /opt/stack/data/venv/lib/python3.12/site-packages/glance_store/backend.py:215}}
Jul 03 04:28:12.137150 np0000004367 devstack@g-api.service[99596]: DEBUG glance_store.capabilities [None req-4fde0a35-9406-49a3-89ef-de8d80ba6c72 tempest-ServerBootFromVolumeStableRescueTest-1844872656 tempest-ServerBootFromVolumeStableRescueTest-1844872656-project-member] Store glance_store._drivers.swift.store.SingleTenantStore doesn't support updating dynamic storage capabilities. Please overwrite 'update_capabilities' method of the store to implement updating logics if needed. {{(pid=99596) update_capabilities /opt/stack/data/venv/lib/python3.12/site-packages/glance_store/capabilities.py:91}}
Jul 03 04:28:12.137150 np0000004367 devstack@g-api.service[99596]: DEBUG glance_store.driver [None req-4fde0a35-9406-49a3-89ef-de8d80ba6c72 tempest-ServerBootFromVolumeStableRescueTest-1844872656 tempest-ServerBootFromVolumeStableRescueTest-1844872656-project-member] Late loading location class glance_store._drivers.swift.store.StoreLocation {{(pid=99596) get_store_location_class /opt/stack/data/venv/lib/python3.12/site-packages/glance_store/driver.py:134}}
Jul 03 04:28:12.137150 np0000004367 devstack@g-api.service[99596]: DEBUG glance_store.location [None req-4fde0a35-9406-49a3-89ef-de8d80ba6c72 tempest-ServerBootFromVolumeStableRescueTest-1844872656 tempest-ServerBootFromVolumeStableRescueTest-1844872656-project-member] Registering scheme swift+https with {'store': , 'location_class': , 'store_entry': 'swift'} {{(pid=99596) register_scheme_map /opt/stack/data/venv/lib/python3.12/site-packages/glance_store/location.py:146}}
Jul 03 04:28:12.137435 np0000004367 devstack@g-api.service[99596]: DEBUG glance_store.location [None req-4fde0a35-9406-49a3-89ef-de8d80ba6c72 tempest-ServerBootFromVolumeStableRescueTest-1844872656 tempest-ServerBootFromVolumeStableRescueTest-1844872656-project-member] Registering scheme swift+https with {'store': , 'location_class': , 'store_entry': 'swift'} {{(pid=99596) register_scheme_map /opt/stack/data/venv/lib/python3.12/site-packages/glance_store/location.py:146}}
Jul 03 04:28:12.137435 np0000004367 devstack@g-api.service[99596]: DEBUG glance_store.location [None req-4fde0a35-9406-49a3-89ef-de8d80ba6c72 tempest-ServerBootFromVolumeStableRescueTest-1844872656 tempest-ServerBootFromVolumeStableRescueTest-1844872656-project-member] Registering scheme swift with {'store': , 'location_class': , 'store_entry': 'swift'} {{(pid=99596) register_scheme_map /opt/stack/data/venv/lib/python3.12/site-packages/glance_store/location.py:146}}
Jul 03 04:28:12.137435 np0000004367 devstack@g-api.service[99596]: DEBUG glance_store.location [None req-4fde0a35-9406-49a3-89ef-de8d80ba6c72 tempest-ServerBootFromVolumeStableRescueTest-1844872656 tempest-ServerBootFromVolumeStableRescueTest-1844872656-project-member] Registering scheme swift+https with {'store': , 'location_class': , 'store_entry': 'swift'} {{(pid=99596) register_scheme_map /opt/stack/data/venv/lib/python3.12/site-packages/glance_store/location.py:146}}
Jul 03 04:28:12.138358 np0000004367 devstack@g-api.service[99596]: DEBUG glance_store.location [None req-4fde0a35-9406-49a3-89ef-de8d80ba6c72 tempest-ServerBootFromVolumeStableRescueTest-1844872656 tempest-ServerBootFromVolumeStableRescueTest-1844872656-project-member] Registering scheme swift with {'store': , 'location_class': , 'store_entry': 'swift'} {{(pid=99596) register_scheme_map /opt/stack/data/venv/lib/python3.12/site-packages/glance_store/location.py:146}}
Jul 03 04:28:12.138358 np0000004367 devstack@g-api.service[99596]: DEBUG glance_store.location [None req-4fde0a35-9406-49a3-89ef-de8d80ba6c72 tempest-ServerBootFromVolumeStableRescueTest-1844872656 tempest-ServerBootFromVolumeStableRescueTest-1844872656-project-member] Registering scheme swift+http with {'store': , 'location_class': , 'store_entry': 'swift'} {{(pid=99596) register_scheme_map /opt/stack/data/venv/lib/python3.12/site-packages/glance_store/location.py:146}}
Jul 03 04:28:12.138358 np0000004367 devstack@g-api.service[99596]: DEBUG glance_store.location [None req-4fde0a35-9406-49a3-89ef-de8d80ba6c72 tempest-ServerBootFromVolumeStableRescueTest-1844872656 tempest-ServerBootFromVolumeStableRescueTest-1844872656-project-member] Registering scheme swift+https with {'store': , 'location_class': , 'store_entry': 'swift'} {{(pid=99596) register_scheme_map /opt/stack/data/venv/lib/python3.12/site-packages/glance_store/location.py:146}}
Jul 03 04:28:12.139601 np0000004367 devstack@g-api.service[99596]: DEBUG glance_store.location [None req-4fde0a35-9406-49a3-89ef-de8d80ba6c72 tempest-ServerBootFromVolumeStableRescueTest-1844872656 tempest-ServerBootFromVolumeStableRescueTest-1844872656-project-member] Registering scheme swift with {'store': , 'location_class': , 'store_entry': 'swift'} {{(pid=99596) register_scheme_map /opt/stack/data/venv/lib/python3.12/site-packages/glance_store/location.py:146}}
Jul 03 04:28:12.139601 np0000004367 devstack@g-api.service[99596]: DEBUG glance_store.location [None req-4fde0a35-9406-49a3-89ef-de8d80ba6c72 tempest-ServerBootFromVolumeStableRescueTest-1844872656 tempest-ServerBootFromVolumeStableRescueTest-1844872656-project-member] Registering scheme swift+http with {'store': , 'location_class': , 'store_entry': 'swift'} {{(pid=99596) register_scheme_map /opt/stack/data/venv/lib/python3.12/site-packages/glance_store/location.py:146}}
Jul 03 04:28:12.139601 np0000004367 devstack@g-api.service[99596]: DEBUG glance_store.location [None req-4fde0a35-9406-49a3-89ef-de8d80ba6c72 tempest-ServerBootFromVolumeStableRescueTest-1844872656 tempest-ServerBootFromVolumeStableRescueTest-1844872656-project-member] Registering scheme swift+config with {'store': , 'location_class': , 'store_entry': 'swift'} {{(pid=99596) register_scheme_map /opt/stack/data/venv/lib/python3.12/site-packages/glance_store/location.py:146}}
Jul 03 04:28:12.139888 np0000004367 devstack@g-api.service[99596]: DEBUG glance_store.backend [None req-4fde0a35-9406-49a3-89ef-de8d80ba6c72 tempest-ServerBootFromVolumeStableRescueTest-1844872656 tempest-ServerBootFromVolumeStableRescueTest-1844872656-project-member] Skipping store.set_acls... not implemented. {{(pid=99596) set_acls /opt/stack/data/venv/lib/python3.12/site-packages/glance_store/backend.py:507}}
Jul 03 04:28:12.139888 np0000004367 devstack@g-api.service[99596]: [pid: 99596|app: 0|req: 32/108] 127.0.0.1 () {46 vars in 1154 bytes} [Fri Jul 3 04:28:09 2026] PUT /v2/images/4b94b40f-1c49-4a8f-a14a-f00083a631e6/file => generated 0 bytes in 2209 msecs (HTTP/1.1 204) 4 headers in 171 bytes (1 switches on core 0)
Jul 03 04:28:12.176847 np0000004367 devstack@g-api.service[99598]: DEBUG glance.api.middleware.version_negotiation [None req-e12c6d9d-33dc-4d76-ae3d-efcf9a19e420 tempest-ServerBootFromVolumeStableRescueTest-1844872656 tempest-ServerBootFromVolumeStableRescueTest-1844872656-project-member] Determining version of request: GET /v2/images/4b94b40f-1c49-4a8f-a14a-f00083a631e6 Accept: */* {{(pid=99598) process_request /opt/stack/glance/glance/api/middleware/version_negotiation.py:44}}
Jul 03 04:28:12.178410 np0000004367 devstack@g-api.service[99598]: DEBUG glance.api.middleware.version_negotiation [None req-e12c6d9d-33dc-4d76-ae3d-efcf9a19e420 tempest-ServerBootFromVolumeStableRescueTest-1844872656 tempest-ServerBootFromVolumeStableRescueTest-1844872656-project-member] Using url versioning {{(pid=99598) process_request /opt/stack/glance/glance/api/middleware/version_negotiation.py:57}}
Jul 03 04:28:12.178410 np0000004367 devstack@g-api.service[99598]: DEBUG glance.api.middleware.version_negotiation [None req-e12c6d9d-33dc-4d76-ae3d-efcf9a19e420 tempest-ServerBootFromVolumeStableRescueTest-1844872656 tempest-ServerBootFromVolumeStableRescueTest-1844872656-project-member] Matched version: v2 {{(pid=99598) process_request /opt/stack/glance/glance/api/middleware/version_negotiation.py:69}}
Jul 03 04:28:12.178410 np0000004367 devstack@g-api.service[99598]: DEBUG glance.api.middleware.version_negotiation [None req-e12c6d9d-33dc-4d76-ae3d-efcf9a19e420 tempest-ServerBootFromVolumeStableRescueTest-1844872656 tempest-ServerBootFromVolumeStableRescueTest-1844872656-project-member] new path /v2/images/4b94b40f-1c49-4a8f-a14a-f00083a631e6 {{(pid=99598) process_request /opt/stack/glance/glance/api/middleware/version_negotiation.py:70}}
Jul 03 04:28:12.200310 np0000004367 devstack@g-api.service[99598]: [pid: 99598|app: 0|req: 39/109] 127.0.0.1 () {44 vars in 1111 bytes} [Fri Jul 3 04:28:12 2026] GET /v2/images/4b94b40f-1c49-4a8f-a14a-f00083a631e6 => generated 1641 bytes in 23 msecs (HTTP/1.1 200) 4 headers in 158 bytes (1 switches on core 0)
Jul 03 04:28:12.235509 np0000004367 devstack@g-api.service[99596]: DEBUG glance.api.middleware.version_negotiation [None req-4fde0a35-9406-49a3-89ef-de8d80ba6c72 tempest-ServerBootFromVolumeStableRescueTest-1844872656 tempest-ServerBootFromVolumeStableRescueTest-1844872656-project-member] Determining version of request: GET /v2/schemas/image Accept: */* {{(pid=99596) process_request /opt/stack/glance/glance/api/middleware/version_negotiation.py:44}}
Jul 03 04:28:12.235741 np0000004367 devstack@g-api.service[99596]: DEBUG glance.api.middleware.version_negotiation [None req-4fde0a35-9406-49a3-89ef-de8d80ba6c72 tempest-ServerBootFromVolumeStableRescueTest-1844872656 tempest-ServerBootFromVolumeStableRescueTest-1844872656-project-member] Using url versioning {{(pid=99596) process_request /opt/stack/glance/glance/api/middleware/version_negotiation.py:57}}
Jul 03 04:28:12.235894 np0000004367 devstack@g-api.service[99596]: DEBUG glance.api.middleware.version_negotiation [None req-4fde0a35-9406-49a3-89ef-de8d80ba6c72 tempest-ServerBootFromVolumeStableRescueTest-1844872656 tempest-ServerBootFromVolumeStableRescueTest-1844872656-project-member] Matched version: v2 {{(pid=99596) process_request /opt/stack/glance/glance/api/middleware/version_negotiation.py:69}}
Jul 03 04:28:12.236024 np0000004367 devstack@g-api.service[99596]: DEBUG glance.api.middleware.version_negotiation [None req-4fde0a35-9406-49a3-89ef-de8d80ba6c72 tempest-ServerBootFromVolumeStableRescueTest-1844872656 tempest-ServerBootFromVolumeStableRescueTest-1844872656-project-member] new path /v2/schemas/image {{(pid=99596) process_request /opt/stack/glance/glance/api/middleware/version_negotiation.py:70}}
Jul 03 04:28:12.238968 np0000004367 devstack@g-api.service[99596]: [pid: 99596|app: 0|req: 33/110] 127.0.0.1 () {44 vars in 1051 bytes} [Fri Jul 3 04:28:12 2026] GET /v2/schemas/image => generated 6083 bytes in 4 msecs (HTTP/1.1 200) 4 headers in 158 bytes (1 switches on core 0)
Jul 03 04:28:12.739206 np0000004367 devstack@g-api.service[99597]: INFO glance.api.v2.image_data [None req-f08deb1e-41f0-4e9c-872b-8ecf43c0520d tempest-ServerStableDeviceRescueTest-725458713 tempest-ServerStableDeviceRescueTest-725458713-project-member] Unable to create trust: no such option collect_timing in group [keystone_authtoken] Use the existing user token.
Jul 03 04:28:13.044217 np0000004367 devstack@g-api.service[99598]: DEBUG glance.api.middleware.version_negotiation [None req-4fde0a35-9406-49a3-89ef-de8d80ba6c72 tempest-ServerBootFromVolumeStableRescueTest-1844872656 tempest-ServerBootFromVolumeStableRescueTest-1844872656-project-member] Determining version of request: GET /v2/images/9310b320-5a4b-4b9a-a082-2e084c8f47cd Accept: */* {{(pid=99598) process_request /opt/stack/glance/glance/api/middleware/version_negotiation.py:44}}
Jul 03 04:28:13.044578 np0000004367 devstack@g-api.service[99598]: DEBUG glance.api.middleware.version_negotiation [None req-4fde0a35-9406-49a3-89ef-de8d80ba6c72 tempest-ServerBootFromVolumeStableRescueTest-1844872656 tempest-ServerBootFromVolumeStableRescueTest-1844872656-project-member] Using url versioning {{(pid=99598) process_request /opt/stack/glance/glance/api/middleware/version_negotiation.py:57}}
Jul 03 04:28:13.045132 np0000004367 devstack@g-api.service[99598]: DEBUG glance.api.middleware.version_negotiation [None req-4fde0a35-9406-49a3-89ef-de8d80ba6c72 tempest-ServerBootFromVolumeStableRescueTest-1844872656 tempest-ServerBootFromVolumeStableRescueTest-1844872656-project-member] Matched version: v2 {{(pid=99598) process_request /opt/stack/glance/glance/api/middleware/version_negotiation.py:69}}
Jul 03 04:28:13.045132 np0000004367 devstack@g-api.service[99598]: DEBUG glance.api.middleware.version_negotiation [None req-4fde0a35-9406-49a3-89ef-de8d80ba6c72 tempest-ServerBootFromVolumeStableRescueTest-1844872656 tempest-ServerBootFromVolumeStableRescueTest-1844872656-project-member] new path /v2/images/9310b320-5a4b-4b9a-a082-2e084c8f47cd {{(pid=99598) process_request /opt/stack/glance/glance/api/middleware/version_negotiation.py:70}}
Jul 03 04:28:13.063539 np0000004367 devstack@g-api.service[99596]: DEBUG glance.api.middleware.version_negotiation [None req-4fde0a35-9406-49a3-89ef-de8d80ba6c72 tempest-ServerBootFromVolumeStableRescueTest-1844872656 tempest-ServerBootFromVolumeStableRescueTest-1844872656-project-member] Determining version of request: GET /v2/images/4b94b40f-1c49-4a8f-a14a-f00083a631e6 Accept: application/json {{(pid=99596) process_request /opt/stack/glance/glance/api/middleware/version_negotiation.py:44}}
Jul 03 04:28:13.063962 np0000004367 devstack@g-api.service[99596]: DEBUG glance.api.middleware.version_negotiation [None req-4fde0a35-9406-49a3-89ef-de8d80ba6c72 tempest-ServerBootFromVolumeStableRescueTest-1844872656 tempest-ServerBootFromVolumeStableRescueTest-1844872656-project-member] Using url versioning {{(pid=99596) process_request /opt/stack/glance/glance/api/middleware/version_negotiation.py:57}}
Jul 03 04:28:13.063962 np0000004367 devstack@g-api.service[99596]: DEBUG glance.api.middleware.version_negotiation [None req-4fde0a35-9406-49a3-89ef-de8d80ba6c72 tempest-ServerBootFromVolumeStableRescueTest-1844872656 tempest-ServerBootFromVolumeStableRescueTest-1844872656-project-member] Matched version: v2 {{(pid=99596) process_request /opt/stack/glance/glance/api/middleware/version_negotiation.py:69}}
Jul 03 04:28:13.063962 np0000004367 devstack@g-api.service[99596]: DEBUG glance.api.middleware.version_negotiation [None req-4fde0a35-9406-49a3-89ef-de8d80ba6c72 tempest-ServerBootFromVolumeStableRescueTest-1844872656 tempest-ServerBootFromVolumeStableRescueTest-1844872656-project-member] new path /v2/images/4b94b40f-1c49-4a8f-a14a-f00083a631e6 {{(pid=99596) process_request /opt/stack/glance/glance/api/middleware/version_negotiation.py:70}}
Jul 03 04:28:13.065353 np0000004367 devstack@g-api.service[99598]: [pid: 99598|app: 0|req: 40/111] 127.0.0.1 () {44 vars in 1111 bytes} [Fri Jul 3 04:28:13 2026] GET /v2/images/9310b320-5a4b-4b9a-a082-2e084c8f47cd => generated 1445 bytes in 21 msecs (HTTP/1.1 200) 4 headers in 158 bytes (1 switches on core 0)
Jul 03 04:28:13.079760 np0000004367 devstack@g-api.service[99596]: [pid: 99596|app: 0|req: 34/112] 127.0.0.1 () {40 vars in 834 bytes} [Fri Jul 3 04:28:13 2026] GET /v2/images/4b94b40f-1c49-4a8f-a14a-f00083a631e6 => generated 1641 bytes in 16 msecs (HTTP/1.1 200) 4 headers in 158 bytes (1 switches on core 0)
Jul 03 04:28:13.088660 np0000004367 devstack@g-api.service[99598]: DEBUG glance.api.middleware.version_negotiation [None req-714ed83b-d818-4c13-ab57-95350028cd28 tempest-ServerStableDeviceRescueTest-725458713 tempest-ServerStableDeviceRescueTest-725458713-project-member] Determining version of request: GET /v2/images/4b94b40f-1c49-4a8f-a14a-f00083a631e6 Accept: application/json {{(pid=99598) process_request /opt/stack/glance/glance/api/middleware/version_negotiation.py:44}}
Jul 03 04:28:13.088660 np0000004367 devstack@g-api.service[99598]: DEBUG glance.api.middleware.version_negotiation [None req-714ed83b-d818-4c13-ab57-95350028cd28 tempest-ServerStableDeviceRescueTest-725458713 tempest-ServerStableDeviceRescueTest-725458713-project-member] Using url versioning {{(pid=99598) process_request /opt/stack/glance/glance/api/middleware/version_negotiation.py:57}}
Jul 03 04:28:13.088660 np0000004367 devstack@g-api.service[99598]: DEBUG glance.api.middleware.version_negotiation [None req-714ed83b-d818-4c13-ab57-95350028cd28 tempest-ServerStableDeviceRescueTest-725458713 tempest-ServerStableDeviceRescueTest-725458713-project-member] Matched version: v2 {{(pid=99598) process_request /opt/stack/glance/glance/api/middleware/version_negotiation.py:69}}
Jul 03 04:28:13.089745 np0000004367 devstack@g-api.service[99598]: DEBUG glance.api.middleware.version_negotiation [None req-714ed83b-d818-4c13-ab57-95350028cd28 tempest-ServerStableDeviceRescueTest-725458713 tempest-ServerStableDeviceRescueTest-725458713-project-member] new path /v2/images/4b94b40f-1c49-4a8f-a14a-f00083a631e6 {{(pid=99598) process_request /opt/stack/glance/glance/api/middleware/version_negotiation.py:70}}
Jul 03 04:28:13.113650 np0000004367 devstack@g-api.service[99598]: [pid: 99598|app: 0|req: 41/113] 127.0.0.1 () {40 vars in 834 bytes} [Fri Jul 3 04:28:13 2026] GET /v2/images/4b94b40f-1c49-4a8f-a14a-f00083a631e6 => generated 1641 bytes in 25 msecs (HTTP/1.1 200) 4 headers in 158 bytes (1 switches on core 0)
Jul 03 04:28:13.128813 np0000004367 devstack@g-api.service[99596]: DEBUG glance.api.middleware.version_negotiation [None req-1da01deb-d1fd-4154-9e5f-cf21aaef0e78 tempest-ServerBootFromVolumeStableRescueTest-1844872656 tempest-ServerBootFromVolumeStableRescueTest-1844872656-project-member] Determining version of request: GET /v2/schemas/image Accept: */* {{(pid=99596) process_request /opt/stack/glance/glance/api/middleware/version_negotiation.py:44}}
Jul 03 04:28:13.128933 np0000004367 devstack@g-api.service[99596]: DEBUG glance.api.middleware.version_negotiation [None req-1da01deb-d1fd-4154-9e5f-cf21aaef0e78 tempest-ServerBootFromVolumeStableRescueTest-1844872656 tempest-ServerBootFromVolumeStableRescueTest-1844872656-project-member] Using url versioning {{(pid=99596) process_request /opt/stack/glance/glance/api/middleware/version_negotiation.py:57}}
Jul 03 04:28:13.130124 np0000004367 devstack@g-api.service[99596]: DEBUG glance.api.middleware.version_negotiation [None req-1da01deb-d1fd-4154-9e5f-cf21aaef0e78 tempest-ServerBootFromVolumeStableRescueTest-1844872656 tempest-ServerBootFromVolumeStableRescueTest-1844872656-project-member] Matched version: v2 {{(pid=99596) process_request /opt/stack/glance/glance/api/middleware/version_negotiation.py:69}}
Jul 03 04:28:13.130555 np0000004367 devstack@g-api.service[99596]: DEBUG glance.api.middleware.version_negotiation [None req-1da01deb-d1fd-4154-9e5f-cf21aaef0e78 tempest-ServerBootFromVolumeStableRescueTest-1844872656 tempest-ServerBootFromVolumeStableRescueTest-1844872656-project-member] new path /v2/schemas/image {{(pid=99596) process_request /opt/stack/glance/glance/api/middleware/version_negotiation.py:70}}
