Jun 21 06:31:08.880171 np0000003338 nova-scheduler[95709]: DEBUG cotyledon.oslo_config_glue [-] oslo_limit.auth_section = None {{(pid=95709) log_opt_values /opt/stack/data/venv/lib/python3.12/site-packages/oslo_config/cfg.py:3253}}
Jun 21 06:31:08.880171 np0000003338 nova-scheduler[95709]: DEBUG cotyledon.oslo_config_glue [-] oslo_limit.auth_type = None {{(pid=95709) log_opt_values /opt/stack/data/venv/lib/python3.12/site-packages/oslo_config/cfg.py:3253}}
Jun 21 06:31:08.880171 np0000003338 nova-scheduler[95709]: DEBUG cotyledon.oslo_config_glue [-] oslo_limit.cafile = None {{(pid=95709) log_opt_values /opt/stack/data/venv/lib/python3.12/site-packages/oslo_config/cfg.py:3253}}
Jun 21 06:31:08.880364 np0000003338 nova-scheduler[95709]: DEBUG cotyledon.oslo_config_glue [-] oslo_limit.certfile = None {{(pid=95709) log_opt_values /opt/stack/data/venv/lib/python3.12/site-packages/oslo_config/cfg.py:3253}}
Jun 21 06:31:08.880364 np0000003338 nova-scheduler[95709]: DEBUG cotyledon.oslo_config_glue [-] oslo_limit.collect_timing = False {{(pid=95709) log_opt_values /opt/stack/data/venv/lib/python3.12/site-packages/oslo_config/cfg.py:3253}}
Jun 21 06:31:08.880364 np0000003338 nova-scheduler[95709]: DEBUG cotyledon.oslo_config_glue [-] oslo_limit.connect_retries = None {{(pid=95709) log_opt_values /opt/stack/data/venv/lib/python3.12/site-packages/oslo_config/cfg.py:3253}}
Jun 21 06:31:08.880364 np0000003338 nova-scheduler[95709]: DEBUG cotyledon.oslo_config_glue [-] oslo_limit.connect_retry_delay = None {{(pid=95709) log_opt_values /opt/stack/data/venv/lib/python3.12/site-packages/oslo_config/cfg.py:3253}}
Jun 21 06:31:08.880364 np0000003338 nova-scheduler[95709]: DEBUG cotyledon.oslo_config_glue [-] oslo_limit.endpoint_id = None {{(pid=95709) log_opt_values /opt/stack/data/venv/lib/python3.12/site-packages/oslo_config/cfg.py:3253}}
Jun 21 06:31:08.880364 np0000003338 nova-scheduler[95709]: DEBUG cotyledon.oslo_config_glue [-] oslo_limit.endpoint_interface = public {{(pid=95709) log_opt_values /opt/stack/data/venv/lib/python3.12/site-packages/oslo_config/cfg.py:3253}}
Jun 21 06:31:08.880364 np0000003338 nova-scheduler[95709]: DEBUG cotyledon.oslo_config_glue [-] oslo_limit.endpoint_override = None {{(pid=95709) log_opt_values /opt/stack/data/venv/lib/python3.12/site-packages/oslo_config/cfg.py:3253}}
Jun 21 06:31:08.880364 np0000003338 nova-scheduler[95709]: DEBUG cotyledon.oslo_config_glue [-] oslo_limit.endpoint_region_name = None {{(pid=95709) log_opt_values /opt/stack/data/venv/lib/python3.12/site-packages/oslo_config/cfg.py:3253}}
Jun 21 06:31:08.880364 np0000003338 nova-scheduler[95709]: DEBUG cotyledon.oslo_config_glue [-] oslo_limit.endpoint_service_name = None {{(pid=95709) log_opt_values /opt/stack/data/venv/lib/python3.12/site-packages/oslo_config/cfg.py:3253}}
Jun 21 06:31:08.880546 np0000003338 nova-scheduler[95709]: DEBUG cotyledon.oslo_config_glue [-] oslo_limit.endpoint_service_type = None {{(pid=95709) log_opt_values /opt/stack/data/venv/lib/python3.12/site-packages/oslo_config/cfg.py:3253}}
Jun 21 06:31:08.880546 np0000003338 nova-scheduler[95709]: DEBUG cotyledon.oslo_config_glue [-] oslo_limit.insecure = False {{(pid=95709) log_opt_values /opt/stack/data/venv/lib/python3.12/site-packages/oslo_config/cfg.py:3253}}
Jun 21 06:31:08.880546 np0000003338 nova-scheduler[95709]: DEBUG cotyledon.oslo_config_glue [-] oslo_limit.keyfile = None {{(pid=95709) log_opt_values /opt/stack/data/venv/lib/python3.12/site-packages/oslo_config/cfg.py:3253}}
Jun 21 06:31:08.880546 np0000003338 nova-scheduler[95709]: DEBUG cotyledon.oslo_config_glue [-] oslo_limit.max_version = None {{(pid=95709) log_opt_values /opt/stack/data/venv/lib/python3.12/site-packages/oslo_config/cfg.py:3253}}
Jun 21 06:31:08.880546 np0000003338 nova-scheduler[95709]: DEBUG cotyledon.oslo_config_glue [-] oslo_limit.min_version = None {{(pid=95709) log_opt_values /opt/stack/data/venv/lib/python3.12/site-packages/oslo_config/cfg.py:3253}}
Jun 21 06:31:08.880546 np0000003338 nova-scheduler[95709]: DEBUG cotyledon.oslo_config_glue [-] oslo_limit.region_name = None {{(pid=95709) log_opt_values /opt/stack/data/venv/lib/python3.12/site-packages/oslo_config/cfg.py:3253}}
Jun 21 06:31:08.880546 np0000003338 nova-scheduler[95709]: DEBUG cotyledon.oslo_config_glue [-] oslo_limit.retriable_status_codes = None {{(pid=95709) log_opt_values /opt/stack/data/venv/lib/python3.12/site-packages/oslo_config/cfg.py:3253}}
Jun 21 06:31:08.880546 np0000003338 nova-scheduler[95709]: DEBUG cotyledon.oslo_config_glue [-] oslo_limit.service_name = None {{(pid=95709) log_opt_values /opt/stack/data/venv/lib/python3.12/site-packages/oslo_config/cfg.py:3253}}
Jun 21 06:31:08.880546 np0000003338 nova-scheduler[95709]: DEBUG cotyledon.oslo_config_glue [-] oslo_limit.service_type = None {{(pid=95709) log_opt_values /opt/stack/data/venv/lib/python3.12/site-packages/oslo_config/cfg.py:3253}}
Jun 21 06:31:08.880759 np0000003338 nova-scheduler[95709]: DEBUG cotyledon.oslo_config_glue [-] oslo_limit.split_loggers = False {{(pid=95709) log_opt_values /opt/stack/data/venv/lib/python3.12/site-packages/oslo_config/cfg.py:3253}}
Jun 21 06:31:08.880759 np0000003338 nova-scheduler[95709]: DEBUG cotyledon.oslo_config_glue [-] oslo_limit.status_code_retries = None {{(pid=95709) log_opt_values /opt/stack/data/venv/lib/python3.12/site-packages/oslo_config/cfg.py:3253}}
Jun 21 06:31:08.880759 np0000003338 nova-scheduler[95709]: DEBUG cotyledon.oslo_config_glue [-] oslo_limit.status_code_retry_delay = None {{(pid=95709) log_opt_values /opt/stack/data/venv/lib/python3.12/site-packages/oslo_config/cfg.py:3253}}
Jun 21 06:31:08.880759 np0000003338 nova-scheduler[95709]: DEBUG cotyledon.oslo_config_glue [-] oslo_limit.timeout = None {{(pid=95709) log_opt_values /opt/stack/data/venv/lib/python3.12/site-packages/oslo_config/cfg.py:3253}}
Jun 21 06:31:08.880759 np0000003338 nova-scheduler[95709]: DEBUG cotyledon.oslo_config_glue [-] oslo_limit.valid_interfaces = None {{(pid=95709) log_opt_values /opt/stack/data/venv/lib/python3.12/site-packages/oslo_config/cfg.py:3253}}
Jun 21 06:31:08.880759 np0000003338 nova-scheduler[95709]: DEBUG cotyledon.oslo_config_glue [-] oslo_limit.version = None {{(pid=95709) log_opt_values /opt/stack/data/venv/lib/python3.12/site-packages/oslo_config/cfg.py:3253}}
Jun 21 06:31:08.880759 np0000003338 nova-scheduler[95709]: DEBUG cotyledon.oslo_config_glue [-] oslo_reports.file_event_handler = None {{(pid=95709) log_opt_values /opt/stack/data/venv/lib/python3.12/site-packages/oslo_config/cfg.py:3253}}
Jun 21 06:31:08.880759 np0000003338 nova-scheduler[95709]: DEBUG cotyledon.oslo_config_glue [-] oslo_reports.file_event_handler_interval = 1 {{(pid=95709) log_opt_values /opt/stack/data/venv/lib/python3.12/site-packages/oslo_config/cfg.py:3253}}
Jun 21 06:31:08.880759 np0000003338 nova-scheduler[95709]: DEBUG cotyledon.oslo_config_glue [-] oslo_reports.log_dir = None {{(pid=95709) log_opt_values /opt/stack/data/venv/lib/python3.12/site-packages/oslo_config/cfg.py:3253}}
Jun 21 06:31:08.880940 np0000003338 nova-scheduler[95709]: DEBUG cotyledon.oslo_config_glue [-] ******************************************************************************** {{(pid=95709) log_opt_values /opt/stack/data/venv/lib/python3.12/site-packages/oslo_config/cfg.py:3260}}
Jun 21 06:31:08.880940 np0000003338 nova-scheduler[95709]: DEBUG cotyledon._service_worker [-] Run service ServiceWrapper(2) [95709] {{(pid=95709) wait_forever /opt/stack/data/venv/lib/python3.12/site-packages/cotyledon/_service_worker.py:218}}
Jun 21 06:31:08.880940 np0000003338 nova-scheduler[95709]: INFO nova.service [-] Starting scheduler node (version 33.1.0)
Jun 21 06:31:08.881014 np0000003338 nova-scheduler[95700]: DEBUG dbcounter [-] [95700] Writer thread running {{(pid=95700) stat_writer /opt/stack/data/venv/lib/python3.12/site-packages/dbcounter.py:102}}
Jun 21 06:31:08.881045 np0000003338 nova-scheduler[95709]: INFO dbcounter [None req-e0ff4309-771e-4b2f-a565-4294b190774f None None] Registered counter for database nova_cell0
Jun 21 06:31:08.888209 np0000003338 nova-scheduler[95700]: DEBUG nova.service [None req-68f228e7-661c-4364-be91-ad3453f0736e None None] Creating RPC server for service: nova-scheduler on topic: scheduler {{(pid=95700) start /opt/stack/nova/nova/service.py:196}}
Jun 21 06:31:08.890300 np0000003338 nova-scheduler[95706]: DEBUG oslo_db.sqlalchemy.engines [None req-5d9df354-1c31-4924-a700-7ad9efac0774 None None] MySQL server mode set to STRICT_TRANS_TABLES,STRICT_ALL_TABLES,NO_ZERO_IN_DATE,NO_ZERO_DATE,ERROR_FOR_DIVISION_BY_ZERO,TRADITIONAL,NO_ENGINE_SUBSTITUTION {{(pid=95706) _check_effective_sql_mode /opt/stack/data/venv/lib/python3.12/site-packages/oslo_db/sqlalchemy/engines.py:325}}
Jun 21 06:31:08.898534 np0000003338 nova-scheduler[95706]: DEBUG dbcounter [-] [95706] Writer thread running {{(pid=95706) stat_writer /opt/stack/data/venv/lib/python3.12/site-packages/dbcounter.py:102}}
Jun 21 06:31:08.900894 np0000003338 nova-scheduler[95706]: DEBUG nova.service [None req-5d9df354-1c31-4924-a700-7ad9efac0774 None None] Creating RPC server for service: nova-scheduler on topic: scheduler {{(pid=95706) start /opt/stack/nova/nova/service.py:196}}
Jun 21 06:31:08.919717 np0000003338 nova-scheduler[95700]: DEBUG nova.service [None req-68f228e7-661c-4364-be91-ad3453f0736e None None] Join ServiceGroup membership for this service scheduler {{(pid=95700) start /opt/stack/nova/nova/service.py:222}}
Jun 21 06:31:08.919836 np0000003338 nova-scheduler[95706]: DEBUG nova.service [None req-5d9df354-1c31-4924-a700-7ad9efac0774 None None] Join ServiceGroup membership for this service scheduler {{(pid=95706) start /opt/stack/nova/nova/service.py:222}}
Jun 21 06:31:08.919874 np0000003338 nova-scheduler[95700]: DEBUG nova.servicegroup.drivers.db [None req-68f228e7-661c-4364-be91-ad3453f0736e None None] DB_Driver: join new ServiceGroup member np0000003338 to the scheduler group, service = {{(pid=95700) join /opt/stack/nova/nova/servicegroup/drivers/db.py:44}}
Jun 21 06:31:08.919915 np0000003338 nova-scheduler[95706]: DEBUG nova.servicegroup.drivers.db [None req-5d9df354-1c31-4924-a700-7ad9efac0774 None None] DB_Driver: join new ServiceGroup member np0000003338 to the scheduler group, service = {{(pid=95706) join /opt/stack/nova/nova/servicegroup/drivers/db.py:44}}
Jun 21 06:31:08.937763 np0000003338 nova-scheduler[95709]: DEBUG oslo_db.sqlalchemy.engines [None req-e0ff4309-771e-4b2f-a565-4294b190774f None None] MySQL server mode set to STRICT_TRANS_TABLES,STRICT_ALL_TABLES,NO_ZERO_IN_DATE,NO_ZERO_DATE,ERROR_FOR_DIVISION_BY_ZERO,TRADITIONAL,NO_ENGINE_SUBSTITUTION {{(pid=95709) _check_effective_sql_mode /opt/stack/data/venv/lib/python3.12/site-packages/oslo_db/sqlalchemy/engines.py:325}}
Jun 21 06:31:08.948576 np0000003338 nova-scheduler[95709]: DEBUG dbcounter [-] [95709] Writer thread running {{(pid=95709) stat_writer /opt/stack/data/venv/lib/python3.12/site-packages/dbcounter.py:102}}
Jun 21 06:31:08.951937 np0000003338 nova-scheduler[95709]: DEBUG nova.service [None req-e0ff4309-771e-4b2f-a565-4294b190774f None None] Creating RPC server for service: nova-scheduler on topic: scheduler {{(pid=95709) start /opt/stack/nova/nova/service.py:196}}
Jun 21 06:31:08.973100 np0000003338 nova-scheduler[95709]: DEBUG nova.service [None req-e0ff4309-771e-4b2f-a565-4294b190774f None None] Join ServiceGroup membership for this service scheduler {{(pid=95709) start /opt/stack/nova/nova/service.py:222}}
Jun 21 06:31:08.973263 np0000003338 nova-scheduler[95709]: DEBUG nova.servicegroup.drivers.db [None req-e0ff4309-771e-4b2f-a565-4294b190774f None None] DB_Driver: join new ServiceGroup member np0000003338 to the scheduler group, service = {{(pid=95709) join /opt/stack/nova/nova/servicegroup/drivers/db.py:44}}
Jun 21 06:31:13.936398 np0000003338 nova-scheduler[95700]: DEBUG oslo.service.backend._threading.loopingcall [-] Fixed interval looping call 'nova.servicegroup.drivers.db.DbDriver._report_state' sleeping for 119.98 seconds {{(pid=95700) _run_loop /opt/stack/data/venv/lib/python3.12/site-packages/oslo_service/backend/_threading/loopingcall.py:125}}
Jun 21 06:31:13.938835 np0000003338 nova-scheduler[95706]: DEBUG oslo.service.backend._threading.loopingcall [-] Fixed interval looping call 'nova.servicegroup.drivers.db.DbDriver._report_state' sleeping for 119.98 seconds {{(pid=95706) _run_loop /opt/stack/data/venv/lib/python3.12/site-packages/oslo_service/backend/_threading/loopingcall.py:125}}
Jun 21 06:31:13.976982 np0000003338 nova-scheduler[95709]: DEBUG oslo.service.backend._threading.loopingcall [None req-7452e79d-74d7-4315-9bdd-6de158d37722 None None] Dynamic interval looping call 'nova.service.Service.periodic_tasks' sleeping for 60.00 seconds {{(pid=95709) _run_loop /opt/stack/data/venv/lib/python3.12/site-packages/oslo_service/backend/_threading/loopingcall.py:125}}
Jun 21 06:31:13.992198 np0000003338 nova-scheduler[95709]: DEBUG oslo.service.backend._threading.loopingcall [-] Fixed interval looping call 'nova.servicegroup.drivers.db.DbDriver._report_state' sleeping for 119.98 seconds {{(pid=95709) _run_loop /opt/stack/data/venv/lib/python3.12/site-packages/oslo_service/backend/_threading/loopingcall.py:125}}
Jun 21 06:31:17.485053 np0000003338 nova-scheduler[94505]: DEBUG dbcounter [-] [94505] Writing DB stats nova_api:SELECT=3 {{(pid=94505) stat_writer /opt/stack/data/venv/lib/python3.12/site-packages/dbcounter.py:115}}
Jun 21 06:31:17.619751 np0000003338 nova-scheduler[94505]: DEBUG dbcounter [-] [94505] Writing DB stats nova_cell1:SELECT=1 {{(pid=94505) stat_writer /opt/stack/data/venv/lib/python3.12/site-packages/dbcounter.py:115}}
Jun 21 06:31:17.623522 np0000003338 nova-scheduler[94505]: DEBUG dbcounter [-] [94505] Writing DB stats nova_cell0:SELECT=1 {{(pid=94505) stat_writer /opt/stack/data/venv/lib/python3.12/site-packages/dbcounter.py:115}}
Jun 21 06:31:23.930247 np0000003338 nova-scheduler[95700]: DEBUG dbcounter [-] [95700] Writing DB stats nova_cell0:SELECT=4,nova_cell0:INSERT=1,nova_cell0:UPDATE=1 {{(pid=95700) stat_writer /opt/stack/data/venv/lib/python3.12/site-packages/dbcounter.py:115}}
Jun 21 06:31:23.933718 np0000003338 nova-scheduler[95706]: DEBUG dbcounter [-] [95706] Writing DB stats nova_cell0:SELECT=3,nova_cell0:UPDATE=1 {{(pid=95706) stat_writer /opt/stack/data/venv/lib/python3.12/site-packages/dbcounter.py:115}}
Jun 21 06:31:23.988896 np0000003338 nova-scheduler[95709]: DEBUG dbcounter [-] [95709] Writing DB stats nova_cell0:SELECT=3 {{(pid=95709) stat_writer /opt/stack/data/venv/lib/python3.12/site-packages/dbcounter.py:115}}
Jun 21 06:31:27.921116 np0000003338 nova-scheduler[95706]: DEBUG oslo.service.backend._threading.loopingcall [None req-b635454f-bfb3-4c74-97d6-14b9bf8e1481 None None] Dynamic interval looping call 'nova.service.Service.periodic_tasks' sleeping for 60.00 seconds {{(pid=95706) _run_loop /opt/stack/data/venv/lib/python3.12/site-packages/oslo_service/backend/_threading/loopingcall.py:125}}
Jun 21 06:31:31.921133 np0000003338 nova-scheduler[95700]: DEBUG oslo.service.backend._threading.loopingcall [None req-0d743b06-ee1f-4ca0-a324-4098af1ddf6a None None] Dynamic interval looping call 'nova.service.Service.periodic_tasks' sleeping for 60.00 seconds {{(pid=95700) _run_loop /opt/stack/data/venv/lib/python3.12/site-packages/oslo_service/backend/_threading/loopingcall.py:125}}
Jun 21 06:32:13.977381 np0000003338 nova-scheduler[95709]: DEBUG oslo.service.backend._threading.loopingcall [None req-7452e79d-74d7-4315-9bdd-6de158d37722 None None] Dynamic interval looping call 'nova.service.Service.periodic_tasks' sleeping for 60.00 seconds {{(pid=95709) _run_loop /opt/stack/data/venv/lib/python3.12/site-packages/oslo_service/backend/_threading/loopingcall.py:125}}
Jun 21 06:32:27.921639 np0000003338 nova-scheduler[95706]: DEBUG oslo.service.backend._threading.loopingcall [None req-b635454f-bfb3-4c74-97d6-14b9bf8e1481 None None] Dynamic interval looping call 'nova.service.Service.periodic_tasks' sleeping for 60.00 seconds {{(pid=95706) _run_loop /opt/stack/data/venv/lib/python3.12/site-packages/oslo_service/backend/_threading/loopingcall.py:125}}
Jun 21 06:32:31.921546 np0000003338 nova-scheduler[95700]: DEBUG oslo.service.backend._threading.loopingcall [None req-0d743b06-ee1f-4ca0-a324-4098af1ddf6a None None] Dynamic interval looping call 'nova.service.Service.periodic_tasks' sleeping for 60.00 seconds {{(pid=95700) _run_loop /opt/stack/data/venv/lib/python3.12/site-packages/oslo_service/backend/_threading/loopingcall.py:125}}
Jun 21 06:33:13.925661 np0000003338 nova-scheduler[95700]: DEBUG oslo.service.backend._threading.loopingcall [-] Fixed interval looping call 'nova.servicegroup.drivers.db.DbDriver._report_state' sleeping for 119.99 seconds {{(pid=95700) _run_loop /opt/stack/data/venv/lib/python3.12/site-packages/oslo_service/backend/_threading/loopingcall.py:125}}
Jun 21 06:33:13.926234 np0000003338 nova-scheduler[95706]: DEBUG oslo.service.backend._threading.loopingcall [-] Fixed interval looping call 'nova.servicegroup.drivers.db.DbDriver._report_state' sleeping for 119.99 seconds {{(pid=95706) _run_loop /opt/stack/data/venv/lib/python3.12/site-packages/oslo_service/backend/_threading/loopingcall.py:125}}
Jun 21 06:33:13.975915 np0000003338 nova-scheduler[95709]: DEBUG oslo.service.backend._threading.loopingcall [-] Fixed interval looping call 'nova.servicegroup.drivers.db.DbDriver._report_state' sleeping for 120.00 seconds {{(pid=95709) _run_loop /opt/stack/data/venv/lib/python3.12/site-packages/oslo_service/backend/_threading/loopingcall.py:125}}
Jun 21 06:33:13.977841 np0000003338 nova-scheduler[95709]: DEBUG oslo.service.backend._threading.loopingcall [None req-7452e79d-74d7-4315-9bdd-6de158d37722 None None] Dynamic interval looping call 'nova.service.Service.periodic_tasks' sleeping for 60.00 seconds {{(pid=95709) _run_loop /opt/stack/data/venv/lib/python3.12/site-packages/oslo_service/backend/_threading/loopingcall.py:125}}
Jun 21 06:33:23.920264 np0000003338 nova-scheduler[95700]: DEBUG dbcounter [-] [95700] Writing DB stats nova_cell0:SELECT=1,nova_cell0:UPDATE=1 {{(pid=95700) stat_writer /opt/stack/data/venv/lib/python3.12/site-packages/dbcounter.py:115}}
Jun 21 06:33:23.920683 np0000003338 nova-scheduler[95706]: DEBUG dbcounter [-] [95706] Writing DB stats nova_cell0:SELECT=1,nova_cell0:UPDATE=1 {{(pid=95706) stat_writer /opt/stack/data/venv/lib/python3.12/site-packages/dbcounter.py:115}}
Jun 21 06:33:23.974249 np0000003338 nova-scheduler[95709]: DEBUG dbcounter [-] [95709] Writing DB stats nova_cell0:SELECT=1 {{(pid=95709) stat_writer /opt/stack/data/venv/lib/python3.12/site-packages/dbcounter.py:115}}
Jun 21 06:33:27.922110 np0000003338 nova-scheduler[95706]: DEBUG oslo.service.backend._threading.loopingcall [None req-b635454f-bfb3-4c74-97d6-14b9bf8e1481 None None] Dynamic interval looping call 'nova.service.Service.periodic_tasks' sleeping for 60.00 seconds {{(pid=95706) _run_loop /opt/stack/data/venv/lib/python3.12/site-packages/oslo_service/backend/_threading/loopingcall.py:125}}
Jun 21 06:33:31.922231 np0000003338 nova-scheduler[95700]: DEBUG oslo.service.backend._threading.loopingcall [None req-0d743b06-ee1f-4ca0-a324-4098af1ddf6a None None] Dynamic interval looping call 'nova.service.Service.periodic_tasks' sleeping for 60.00 seconds {{(pid=95700) _run_loop /opt/stack/data/venv/lib/python3.12/site-packages/oslo_service/backend/_threading/loopingcall.py:125}}
Jun 21 06:33:49.444173 np0000003338 nova-scheduler[95700]: DEBUG nova.scheduler.manager [None req-91f8f50c-e179-4994-b090-0b884c5200af tempest-ServerRescueNegativeTestJSON-741052729 tempest-ServerRescueNegativeTestJSON-741052729-project-member] Starting to schedule for instances: ['5f655cfc-8428-44c3-8321-63dfde846a69'] {{(pid=95700) select_destinations /opt/stack/nova/nova/scheduler/manager.py:210}}
Jun 21 06:33:49.445923 np0000003338 nova-scheduler[95700]: DEBUG nova.scheduler.request_filter [None req-91f8f50c-e179-4994-b090-0b884c5200af tempest-ServerRescueNegativeTestJSON-741052729 tempest-ServerRescueNegativeTestJSON-741052729-project-member] compute_status_filter request filter added forbidden trait COMPUTE_STATUS_DISABLED {{(pid=95700) compute_status_filter /opt/stack/nova/nova/scheduler/request_filter.py:253}}
Jun 21 06:33:49.445923 np0000003338 nova-scheduler[95700]: DEBUG nova.scheduler.request_filter [None req-91f8f50c-e179-4994-b090-0b884c5200af tempest-ServerRescueNegativeTestJSON-741052729 tempest-ServerRescueNegativeTestJSON-741052729-project-member] Request filter 'compute_status_filter' took 0.0 seconds {{(pid=95700) wrapper /opt/stack/nova/nova/scheduler/request_filter.py:46}}
Jun 21 06:33:49.445923 np0000003338 nova-scheduler[95700]: DEBUG nova.scheduler.request_filter [None req-91f8f50c-e179-4994-b090-0b884c5200af tempest-ServerRescueNegativeTestJSON-741052729 tempest-ServerRescueNegativeTestJSON-741052729-project-member] Request filter 'accelerators_filter' took 0.0 seconds {{(pid=95700) wrapper /opt/stack/nova/nova/scheduler/request_filter.py:46}}
Jun 21 06:33:49.445923 np0000003338 nova-scheduler[95700]: DEBUG nova.scheduler.request_filter [None req-91f8f50c-e179-4994-b090-0b884c5200af tempest-ServerRescueNegativeTestJSON-741052729 tempest-ServerRescueNegativeTestJSON-741052729-project-member] Request filter 'packed_virtqueue_filter' took 0.0 seconds {{(pid=95700) wrapper /opt/stack/nova/nova/scheduler/request_filter.py:46}}
Jun 21 06:33:49.445923 np0000003338 nova-scheduler[95700]: DEBUG nova.scheduler.request_filter [None req-91f8f50c-e179-4994-b090-0b884c5200af tempest-ServerRescueNegativeTestJSON-741052729 tempest-ServerRescueNegativeTestJSON-741052729-project-member] Request filter 'remote_managed_ports_filter' took 0.0 seconds {{(pid=95700) wrapper /opt/stack/nova/nova/scheduler/request_filter.py:46}}
Jun 21 06:33:49.446190 np0000003338 nova-scheduler[95700]: DEBUG nova.scheduler.request_filter [None req-91f8f50c-e179-4994-b090-0b884c5200af tempest-ServerRescueNegativeTestJSON-741052729 tempest-ServerRescueNegativeTestJSON-741052729-project-member] ephemeral_encryption_filter skipped {{(pid=95700) ephemeral_encryption_filter /opt/stack/nova/nova/scheduler/request_filter.py:426}}
Jun 21 06:33:49.446843 np0000003338 nova-scheduler[95700]: DEBUG nova.scheduler.request_filter [None req-91f8f50c-e179-4994-b090-0b884c5200af tempest-ServerRescueNegativeTestJSON-741052729 tempest-ServerRescueNegativeTestJSON-741052729-project-member] virtio_sound_filter skipped {{(pid=95700) virtio_sound_filter /opt/stack/nova/nova/scheduler/request_filter.py:460}}
Jun 21 06:33:49.448935 np0000003338 nova-scheduler[95700]: DEBUG nova.scheduler.request_filter [None req-91f8f50c-e179-4994-b090-0b884c5200af tempest-ServerRescueNegativeTestJSON-741052729 tempest-ServerRescueNegativeTestJSON-741052729-project-member] tpm_secret_security_filter skipped {{(pid=95700) tpm_secret_security_filter /opt/stack/nova/nova/scheduler/request_filter.py:477}}
Jun 21 06:33:49.961136 np0000003338 nova-scheduler[95700]: INFO nova.utils [None req-91f8f50c-e179-4994-b090-0b884c5200af tempest-ServerRescueNegativeTestJSON-741052729 tempest-ServerRescueNegativeTestJSON-741052729-project-member] The cell worker thread pool ForkProcess-1.cell_worker is initialized
Jun 21 06:33:49.961136 np0000003338 nova-scheduler[95700]: DEBUG oslo_concurrency.lockutils [None req-91f8f50c-e179-4994-b090-0b884c5200af tempest-ServerRescueNegativeTestJSON-741052729 tempest-ServerRescueNegativeTestJSON-741052729-project-member] Acquiring lock "acf9084d-256f-4a95-9727-3665695e8f48" by "nova.context.set_target_cell..get_or_set_cached_cell_and_set_connections" {{(pid=95700) inner /opt/stack/data/venv/lib/python3.12/site-packages/oslo_concurrency/lockutils.py:511}}
Jun 21 06:33:49.961136 np0000003338 nova-scheduler[95700]: DEBUG oslo_concurrency.lockutils [None req-91f8f50c-e179-4994-b090-0b884c5200af tempest-ServerRescueNegativeTestJSON-741052729 tempest-ServerRescueNegativeTestJSON-741052729-project-member] Lock "acf9084d-256f-4a95-9727-3665695e8f48" acquired by "nova.context.set_target_cell..get_or_set_cached_cell_and_set_connections" :: waited 0.000s {{(pid=95700) inner /opt/stack/data/venv/lib/python3.12/site-packages/oslo_concurrency/lockutils.py:524}}
Jun 21 06:33:49.962460 np0000003338 nova-scheduler[95700]: DEBUG oslo_concurrency.lockutils [None req-91f8f50c-e179-4994-b090-0b884c5200af tempest-ServerRescueNegativeTestJSON-741052729 tempest-ServerRescueNegativeTestJSON-741052729-project-member] Lock "acf9084d-256f-4a95-9727-3665695e8f48" "released" by "nova.context.set_target_cell..get_or_set_cached_cell_and_set_connections" :: held 0.002s {{(pid=95700) inner /opt/stack/data/venv/lib/python3.12/site-packages/oslo_concurrency/lockutils.py:543}}
Jun 21 06:33:49.963937 np0000003338 nova-scheduler[95700]: INFO dbcounter [None req-91f8f50c-e179-4994-b090-0b884c5200af tempest-ServerRescueNegativeTestJSON-741052729 tempest-ServerRescueNegativeTestJSON-741052729-project-member] Registered counter for database nova_cell1
Jun 21 06:33:50.000957 np0000003338 nova-scheduler[95700]: DEBUG oslo_db.sqlalchemy.engines [None req-91f8f50c-e179-4994-b090-0b884c5200af tempest-ServerRescueNegativeTestJSON-741052729 tempest-ServerRescueNegativeTestJSON-741052729-project-member] MySQL server mode set to STRICT_TRANS_TABLES,STRICT_ALL_TABLES,NO_ZERO_IN_DATE,NO_ZERO_DATE,ERROR_FOR_DIVISION_BY_ZERO,TRADITIONAL,NO_ENGINE_SUBSTITUTION {{(pid=95700) _check_effective_sql_mode /opt/stack/data/venv/lib/python3.12/site-packages/oslo_db/sqlalchemy/engines.py:325}}
Jun 21 06:33:50.007229 np0000003338 nova-scheduler[95700]: DEBUG dbcounter [-] [95700] Writer thread running {{(pid=95700) stat_writer /opt/stack/data/venv/lib/python3.12/site-packages/dbcounter.py:102}}
Jun 21 06:33:50.023390 np0000003338 nova-scheduler[95700]: DEBUG oslo_db.sqlalchemy.engines [None req-91f8f50c-e179-4994-b090-0b884c5200af tempest-ServerRescueNegativeTestJSON-741052729 tempest-ServerRescueNegativeTestJSON-741052729-project-member] Parent process 94505 forked (95700) with an open database connection, which is being discarded and recreated. {{(pid=95700) checkout /opt/stack/data/venv/lib/python3.12/site-packages/oslo_db/sqlalchemy/engines.py:402}}
Jun 21 06:33:50.070632 np0000003338 nova-scheduler[95700]: DEBUG dbcounter [-] [95700] Writer thread running {{(pid=95700) stat_writer /opt/stack/data/venv/lib/python3.12/site-packages/dbcounter.py:102}}
Jun 21 06:33:50.073592 np0000003338 nova-scheduler[95700]: DEBUG oslo_concurrency.lockutils [None req-91f8f50c-e179-4994-b090-0b884c5200af tempest-ServerRescueNegativeTestJSON-741052729 tempest-ServerRescueNegativeTestJSON-741052729-project-member] Acquiring lock "acf9084d-256f-4a95-9727-3665695e8f48" by "nova.context.set_target_cell..get_or_set_cached_cell_and_set_connections" {{(pid=95700) inner /opt/stack/data/venv/lib/python3.12/site-packages/oslo_concurrency/lockutils.py:511}}
Jun 21 06:33:50.074066 np0000003338 nova-scheduler[95700]: DEBUG oslo_concurrency.lockutils [None req-91f8f50c-e179-4994-b090-0b884c5200af tempest-ServerRescueNegativeTestJSON-741052729 tempest-ServerRescueNegativeTestJSON-741052729-project-member] Lock "acf9084d-256f-4a95-9727-3665695e8f48" acquired by "nova.context.set_target_cell..get_or_set_cached_cell_and_set_connections" :: waited 0.000s {{(pid=95700) inner /opt/stack/data/venv/lib/python3.12/site-packages/oslo_concurrency/lockutils.py:524}}
Jun 21 06:33:50.074066 np0000003338 nova-scheduler[95700]: DEBUG oslo_concurrency.lockutils [None req-91f8f50c-e179-4994-b090-0b884c5200af tempest-ServerRescueNegativeTestJSON-741052729 tempest-ServerRescueNegativeTestJSON-741052729-project-member] Lock "acf9084d-256f-4a95-9727-3665695e8f48" "released" by "nova.context.set_target_cell..get_or_set_cached_cell_and_set_connections" :: held 0.000s {{(pid=95700) inner /opt/stack/data/venv/lib/python3.12/site-packages/oslo_concurrency/lockutils.py:543}}
Jun 21 06:33:50.077442 np0000003338 nova-scheduler[95700]: DEBUG oslo_concurrency.lockutils [None req-91f8f50c-e179-4994-b090-0b884c5200af tempest-ServerRescueNegativeTestJSON-741052729 tempest-ServerRescueNegativeTestJSON-741052729-project-member] Acquiring lock "('np0000003338', 'np0000003338')" by "nova.scheduler.host_manager.HostState.update.._locked_update" {{(pid=95700) inner /opt/stack/data/venv/lib/python3.12/site-packages/oslo_concurrency/lockutils.py:511}}
Jun 21 06:33:50.077688 np0000003338 nova-scheduler[95700]: DEBUG oslo_concurrency.lockutils [None req-91f8f50c-e179-4994-b090-0b884c5200af tempest-ServerRescueNegativeTestJSON-741052729 tempest-ServerRescueNegativeTestJSON-741052729-project-member] Lock "('np0000003338', 'np0000003338')" acquired by "nova.scheduler.host_manager.HostState.update.._locked_update" :: waited 0.000s {{(pid=95700) inner /opt/stack/data/venv/lib/python3.12/site-packages/oslo_concurrency/lockutils.py:524}}
Jun 21 06:33:50.078904 np0000003338 nova-scheduler[95700]: DEBUG nova.scheduler.host_manager [None req-91f8f50c-e179-4994-b090-0b884c5200af tempest-ServerRescueNegativeTestJSON-741052729 tempest-ServerRescueNegativeTestJSON-741052729-project-member] Update host state from compute node: ComputeNode(cpu_allocation_ratio=4.0,cpu_info='{"arch": "x86_64", "model": "EPYC-Milan", "vendor": "AMD", "topology": {"cells": 1, "sockets": 12, "cores": 1, "threads": 1}, "maxphysaddr": {"mode": "emulate", "bits": 40}, "features": ["msr", "movbe", "sse", "mca", "wbnoinvd", "popcnt", "rdseed", "mmx", "stibp-always-on", "hypervisor", "pschange-mc-no", "syscall", "pfthreshold", "xsavec", "umip", "tsc-scale", "nx", "spec-ctrl", "rdrand", "bmi2", "sse4.2", "lfence-always-serializing", "bmi1", "amd-stibp", "fxsr_opt", "sse2", "ibrs", "nrip-save", "pse", "pni", "mce", "apic", "fma", "xsaveopt", "cmov", "virt-ssbd", "xgetbv1", "ibpb", "skip-l1dfl-vmentry", "vmcb-clean", "pause-filter", "vaes", "sep", "x2apic", "avx2", "fsrm", "pae", "xsaveerptr", "gds-no", "fpu", "fxsr", "tsc-deadline", "vme", "cx8", "clflush", "amd-ssbd", "arat", "clwb", "svme-addr-chk", "misalignsse", "mds-no", "amd-psfd", "adx", "cr8legacy", "aes", "npt", "stibp", "pdpe1gb", "arch-capabilities", "sse4.1", "vgif", "lbrv", "pat", "f16c", "v-vmsave-vmload", "abm", "rdtscp", "rdpid", "pge", "invpcid", "tsc_adjust", "rdctl-no", "pse36", "3dnowprefetch", "pku", "xsave", "topoext", "clzero", "no-nested-data-bp", "de", "lahf_lm", "osvw", "perfctr_core", "sha-ni", "tsc", "smap", "xsaves", "ssse3", "mtrr", "cx16", "svm", "fsgsbase", "avx", "null-sel-clr-base", "erms", "mmxext", "cmp_legacy", "flushbyasid", "smep", "sse4a", "vpclmulqdq", "pcid", "pclmuldq", "lm", "ssbd", "clflushopt"]}',created_at=2026-06-21T06:31:34Z,current_workload=0,deleted=False,deleted_at=None,disk_allocation_ratio=1.0,disk_available_least=74,free_disk_gb=95,free_ram_mb=23518,host='np0000003338',host_ip=10.4.3.184,hypervisor_hostname='np0000003338',hypervisor_type='QEMU',hypervisor_version=8002002,id=1,local_gb=95,local_gb_used=0,mapped=1,memory_mb=24030,memory_mb_used=512,metrics='[]',numa_topology='{"nova_object.name": "NUMATopology", "nova_object.namespace": "nova", "nova_object.version": "1.2", "nova_object.data": {"cells": [{"nova_object.name": "NUMACell", "nova_object.namespace": "nova", "nova_object.version": "1.5", "nova_object.data": {"id": 0, "cpuset": [0, 1, 2, 3, 4, 5, 6, 7, 8, 9, 10, 11], "pcpuset": [0, 1, 2, 3, 4, 5, 6, 7, 8, 9, 10, 11], "memory": 24030, "cpu_usage": 0, "memory_usage": 0, "pinned_cpus": [], "siblings": [[6], [2], [5], [11], [8], [4], [1], [7], [10], [0], [3], [9]], "mempages": [{"nova_object.name": "NUMAPagesTopology", "nova_object.namespace": "nova", "nova_object.version": "1.1", "nova_object.data": {"size_kb": 4, "total": 6151798, "used": 0, "reserved": 0}, "nova_object.changes": ["size_kb", "used", "total", "reserved"]}, {"nova_object.name": "NUMAPagesTopology", "nova_object.namespace": "nova", "nova_object.version": "1.1", "nova_object.data": {"size_kb": 2048, "total": 0, "used": 0, "reserved": 0}, "nova_object.changes": ["size_kb", "used", "total", "reserved"]}, {"nova_object.name": "NUMAPagesTopology", "nova_object.namespace": "nova", "nova_object.version": "1.1", "nova_object.data": {"size_kb": 1048576, "total": 0, "used": 0, "reserved": 0}, "nova_object.changes": ["size_kb", "used", "total", "reserved"]}], "network_metadata": {"nova_object.name": "NetworkMetadata", "nova_object.namespace": "nova", "nova_object.version": "1.0", "nova_object.data": {"physnets": [], "tunneled": false}, "nova_object.changes": ["physnets", "tunneled"]}, "socket": null}, "nova_object.changes": ["socket", "pcpuset", "mempages", "network_metadata", "cpu_usage", "siblings", "memory_usage", "pinned_cpus", "memory", "id", "cpuset"]}]}, "nova_object.changes": ["cells"]}',pci_device_pools=PciDevicePoolList,ram_allocation_ratio=1.0,running_vms=0,service_id=4,stats={failed_builds='0',uptime=' 06:33:19 up 25 min, 2 users, load average: 1.30, 1.39, 0.82
Jun 21 06:33:50.078904 np0000003338 nova-scheduler[95700]: '},supported_hv_specs=[HVSpec,HVSpec,HVSpec,HVSpec,HVSpec,HVSpec,HVSpec,HVSpec,HVSpec,HVSpec,HVSpec,HVSpec,HVSpec,HVSpec,HVSpec,HVSpec,HVSpec,HVSpec,HVSpec,HVSpec,HVSpec,HVSpec,HVSpec,HVSpec,HVSpec],updated_at=2026-06-21T06:33:21Z,uuid=4e86da72-f972-4931-ad42-d16d1c4eb4f6,vcpus=12,vcpus_used=0) {{(pid=95700) _locked_update /opt/stack/nova/nova/scheduler/host_manager.py:168}}
Jun 21 06:33:50.080085 np0000003338 nova-scheduler[95700]: DEBUG nova.scheduler.host_manager [None req-91f8f50c-e179-4994-b090-0b884c5200af tempest-ServerRescueNegativeTestJSON-741052729 tempest-ServerRescueNegativeTestJSON-741052729-project-member] Update host state with aggregates: [] {{(pid=95700) _locked_update /opt/stack/nova/nova/scheduler/host_manager.py:171}}
Jun 21 06:33:50.080251 np0000003338 nova-scheduler[95700]: DEBUG nova.scheduler.host_manager [None req-91f8f50c-e179-4994-b090-0b884c5200af tempest-ServerRescueNegativeTestJSON-741052729 tempest-ServerRescueNegativeTestJSON-741052729-project-member] Update host state with service dict: {'id': 4, 'uuid': '659e8a4c-2c42-4ed3-be14-157cd39fc7a8', 'host': 'np0000003338', 'binary': 'nova-compute', 'topic': 'compute', 'report_count': 2, 'disabled': False, 'disabled_reason': None, 'last_seen_up': datetime.datetime(2026, 6, 21, 6, 33, 43, tzinfo=datetime.timezone.utc), 'forced_down': False, 'version': 72, 'created_at': datetime.datetime(2026, 6, 21, 6, 31, 33, tzinfo=datetime.timezone.utc), 'updated_at': datetime.datetime(2026, 6, 21, 6, 33, 43, tzinfo=datetime.timezone.utc), 'deleted_at': None, 'deleted': False} {{(pid=95700) _locked_update /opt/stack/nova/nova/scheduler/host_manager.py:174}}
Jun 21 06:33:50.080410 np0000003338 nova-scheduler[95700]: DEBUG nova.scheduler.host_manager [None req-91f8f50c-e179-4994-b090-0b884c5200af tempest-ServerRescueNegativeTestJSON-741052729 tempest-ServerRescueNegativeTestJSON-741052729-project-member] Update host state with instances: [] {{(pid=95700) _locked_update /opt/stack/nova/nova/scheduler/host_manager.py:177}}
Jun 21 06:33:50.080749 np0000003338 nova-scheduler[95700]: DEBUG oslo_concurrency.lockutils [None req-91f8f50c-e179-4994-b090-0b884c5200af tempest-ServerRescueNegativeTestJSON-741052729 tempest-ServerRescueNegativeTestJSON-741052729-project-member] Lock "('np0000003338', 'np0000003338')" "released" by "nova.scheduler.host_manager.HostState.update.._locked_update" :: held 0.003s {{(pid=95700) inner /opt/stack/data/venv/lib/python3.12/site-packages/oslo_concurrency/lockutils.py:543}}
Jun 21 06:33:50.081058 np0000003338 nova-scheduler[95700]: DEBUG nova.filters [None req-91f8f50c-e179-4994-b090-0b884c5200af tempest-ServerRescueNegativeTestJSON-741052729 tempest-ServerRescueNegativeTestJSON-741052729-project-member] Starting with 1 host(s) {{(pid=95700) get_filtered_objects /opt/stack/nova/nova/filters.py:70}}
Jun 21 06:33:50.081386 np0000003338 nova-scheduler[95700]: DEBUG nova.filters [None req-91f8f50c-e179-4994-b090-0b884c5200af tempest-ServerRescueNegativeTestJSON-741052729 tempest-ServerRescueNegativeTestJSON-741052729-project-member] Filter ComputeFilter returned 1 host(s) {{(pid=95700) get_filtered_objects /opt/stack/nova/nova/filters.py:102}}
Jun 21 06:33:50.081558 np0000003338 nova-scheduler[95700]: DEBUG nova.filters [None req-91f8f50c-e179-4994-b090-0b884c5200af tempest-ServerRescueNegativeTestJSON-741052729 tempest-ServerRescueNegativeTestJSON-741052729-project-member] Filter ComputeCapabilitiesFilter returned 1 host(s) {{(pid=95700) get_filtered_objects /opt/stack/nova/nova/filters.py:102}}
Jun 21 06:33:50.081819 np0000003338 nova-scheduler[95700]: DEBUG nova.filters [None req-91f8f50c-e179-4994-b090-0b884c5200af tempest-ServerRescueNegativeTestJSON-741052729 tempest-ServerRescueNegativeTestJSON-741052729-project-member] Filter ImagePropertiesFilter returned 1 host(s) {{(pid=95700) get_filtered_objects /opt/stack/nova/nova/filters.py:102}}
Jun 21 06:33:50.081965 np0000003338 nova-scheduler[95700]: DEBUG nova.filters [None req-91f8f50c-e179-4994-b090-0b884c5200af tempest-ServerRescueNegativeTestJSON-741052729 tempest-ServerRescueNegativeTestJSON-741052729-project-member] Filter ServerGroupAntiAffinityFilter returned 1 host(s) {{(pid=95700) get_filtered_objects /opt/stack/nova/nova/filters.py:102}}
Jun 21 06:33:50.082117 np0000003338 nova-scheduler[95700]: DEBUG nova.filters [None req-91f8f50c-e179-4994-b090-0b884c5200af tempest-ServerRescueNegativeTestJSON-741052729 tempest-ServerRescueNegativeTestJSON-741052729-project-member] Filter ServerGroupAffinityFilter returned 1 host(s) {{(pid=95700) get_filtered_objects /opt/stack/nova/nova/filters.py:102}}
Jun 21 06:33:50.082274 np0000003338 nova-scheduler[95700]: DEBUG nova.filters [None req-91f8f50c-e179-4994-b090-0b884c5200af tempest-ServerRescueNegativeTestJSON-741052729 tempest-ServerRescueNegativeTestJSON-741052729-project-member] Filter SameHostFilter returned 1 host(s) {{(pid=95700) get_filtered_objects /opt/stack/nova/nova/filters.py:102}}
Jun 21 06:33:50.082411 np0000003338 nova-scheduler[95700]: DEBUG nova.filters [None req-91f8f50c-e179-4994-b090-0b884c5200af tempest-ServerRescueNegativeTestJSON-741052729 tempest-ServerRescueNegativeTestJSON-741052729-project-member] Filter DifferentHostFilter returned 1 host(s) {{(pid=95700) get_filtered_objects /opt/stack/nova/nova/filters.py:102}}
Jun 21 06:33:50.082560 np0000003338 nova-scheduler[95700]: DEBUG nova.scheduler.manager [None req-91f8f50c-e179-4994-b090-0b884c5200af tempest-ServerRescueNegativeTestJSON-741052729 tempest-ServerRescueNegativeTestJSON-741052729-project-member] Filtered [(np0000003338, np0000003338) ram: 23518MB disk: 75776MB io_ops: 0 instances: 0, allocation_candidates: 1] {{(pid=95700) _get_sorted_hosts /opt/stack/nova/nova/scheduler/manager.py:743}}
Jun 21 06:33:50.082867 np0000003338 nova-scheduler[95700]: DEBUG nova.scheduler.manager [None req-91f8f50c-e179-4994-b090-0b884c5200af tempest-ServerRescueNegativeTestJSON-741052729 tempest-ServerRescueNegativeTestJSON-741052729-project-member] Weighed [WeighedHost [host: (np0000003338, np0000003338) ram: 23518MB disk: 75776MB io_ops: 0 instances: 0, allocation_candidates: 1, weight: 0.0]] {{(pid=95700) _get_sorted_hosts /opt/stack/nova/nova/scheduler/manager.py:765}}
Jun 21 06:33:50.083027 np0000003338 nova-scheduler[95700]: DEBUG nova.scheduler.utils [None req-91f8f50c-e179-4994-b090-0b884c5200af tempest-ServerRescueNegativeTestJSON-741052729 tempest-ServerRescueNegativeTestJSON-741052729-project-member] Attempting to claim resources in the placement API for instance 5f655cfc-8428-44c3-8321-63dfde846a69 {{(pid=95700) claim_resources /opt/stack/nova/nova/scheduler/utils.py:1345}}
Jun 21 06:33:50.266866 np0000003338 nova-scheduler[95700]: DEBUG nova.scheduler.manager [None req-91f8f50c-e179-4994-b090-0b884c5200af tempest-ServerRescueNegativeTestJSON-741052729 tempest-ServerRescueNegativeTestJSON-741052729-project-member] [instance: 5f655cfc-8428-44c3-8321-63dfde846a69] Selected host: (np0000003338, np0000003338) ram: 23518MB disk: 75776MB io_ops: 0 instances: 0, allocation_candidates: 1 {{(pid=95700) _consume_selected_host /opt/stack/nova/nova/scheduler/manager.py:625}}
Jun 21 06:33:50.267033 np0000003338 nova-scheduler[95700]: DEBUG oslo_concurrency.lockutils [None req-91f8f50c-e179-4994-b090-0b884c5200af tempest-ServerRescueNegativeTestJSON-741052729 tempest-ServerRescueNegativeTestJSON-741052729-project-member] Acquiring lock "('np0000003338', 'np0000003338')" by "nova.scheduler.host_manager.HostState.consume_from_request.._locked" {{(pid=95700) inner /opt/stack/data/venv/lib/python3.12/site-packages/oslo_concurrency/lockutils.py:511}}
Jun 21 06:33:50.267547 np0000003338 nova-scheduler[95700]: DEBUG oslo_concurrency.lockutils [None req-91f8f50c-e179-4994-b090-0b884c5200af tempest-ServerRescueNegativeTestJSON-741052729 tempest-ServerRescueNegativeTestJSON-741052729-project-member] Lock "('np0000003338', 'np0000003338')" acquired by "nova.scheduler.host_manager.HostState.consume_from_request.._locked" :: waited 0.000s {{(pid=95700) inner /opt/stack/data/venv/lib/python3.12/site-packages/oslo_concurrency/lockutils.py:524}}
Jun 21 06:33:50.267547 np0000003338 nova-scheduler[95700]: DEBUG oslo_concurrency.lockutils [None req-91f8f50c-e179-4994-b090-0b884c5200af tempest-ServerRescueNegativeTestJSON-741052729 tempest-ServerRescueNegativeTestJSON-741052729-project-member] Lock "('np0000003338', 'np0000003338')" "released" by "nova.scheduler.host_manager.HostState.consume_from_request.._locked" :: held 0.000s {{(pid=95700) inner /opt/stack/data/venv/lib/python3.12/site-packages/oslo_concurrency/lockutils.py:543}}
Jun 21 06:33:50.775188 np0000003338 nova-scheduler[95706]: DEBUG nova.scheduler.manager [None req-cffcdc2d-e72d-4733-9902-c28238d33b67 tempest-ServerBootFromVolumeStableRescueTest-36243494 tempest-ServerBootFromVolumeStableRescueTest-36243494-project-member] Starting to schedule for instances: ['75c21f92-43e9-402d-b4f4-0b512e9440df'] {{(pid=95706) select_destinations /opt/stack/nova/nova/scheduler/manager.py:210}}
Jun 21 06:33:50.775737 np0000003338 nova-scheduler[95706]: DEBUG nova.scheduler.request_filter [None req-cffcdc2d-e72d-4733-9902-c28238d33b67 tempest-ServerBootFromVolumeStableRescueTest-36243494 tempest-ServerBootFromVolumeStableRescueTest-36243494-project-member] compute_status_filter request filter added forbidden trait COMPUTE_STATUS_DISABLED {{(pid=95706) compute_status_filter /opt/stack/nova/nova/scheduler/request_filter.py:253}}
Jun 21 06:33:50.775901 np0000003338 nova-scheduler[95706]: DEBUG nova.scheduler.request_filter [None req-cffcdc2d-e72d-4733-9902-c28238d33b67 tempest-ServerBootFromVolumeStableRescueTest-36243494 tempest-ServerBootFromVolumeStableRescueTest-36243494-project-member] Request filter 'compute_status_filter' took 0.0 seconds {{(pid=95706) wrapper /opt/stack/nova/nova/scheduler/request_filter.py:46}}
Jun 21 06:33:50.776151 np0000003338 nova-scheduler[95706]: DEBUG nova.scheduler.request_filter [None req-cffcdc2d-e72d-4733-9902-c28238d33b67 tempest-ServerBootFromVolumeStableRescueTest-36243494 tempest-ServerBootFromVolumeStableRescueTest-36243494-project-member] Request filter 'accelerators_filter' took 0.0 seconds {{(pid=95706) wrapper /opt/stack/nova/nova/scheduler/request_filter.py:46}}
Jun 21 06:33:50.776328 np0000003338 nova-scheduler[95706]: DEBUG nova.scheduler.request_filter [None req-cffcdc2d-e72d-4733-9902-c28238d33b67 tempest-ServerBootFromVolumeStableRescueTest-36243494 tempest-ServerBootFromVolumeStableRescueTest-36243494-project-member] Request filter 'packed_virtqueue_filter' took 0.0 seconds {{(pid=95706) wrapper /opt/stack/nova/nova/scheduler/request_filter.py:46}}
Jun 21 06:33:50.776759 np0000003338 nova-scheduler[95706]: DEBUG nova.scheduler.request_filter [None req-cffcdc2d-e72d-4733-9902-c28238d33b67 tempest-ServerBootFromVolumeStableRescueTest-36243494 tempest-ServerBootFromVolumeStableRescueTest-36243494-project-member] Request filter 'remote_managed_ports_filter' took 0.0 seconds {{(pid=95706) wrapper /opt/stack/nova/nova/scheduler/request_filter.py:46}}
Jun 21 06:33:50.776885 np0000003338 nova-scheduler[95706]: DEBUG nova.scheduler.request_filter [None req-cffcdc2d-e72d-4733-9902-c28238d33b67 tempest-ServerBootFromVolumeStableRescueTest-36243494 tempest-ServerBootFromVolumeStableRescueTest-36243494-project-member] ephemeral_encryption_filter skipped {{(pid=95706) ephemeral_encryption_filter /opt/stack/nova/nova/scheduler/request_filter.py:426}}
Jun 21 06:33:50.777225 np0000003338 nova-scheduler[95706]: DEBUG nova.scheduler.request_filter [None req-cffcdc2d-e72d-4733-9902-c28238d33b67 tempest-ServerBootFromVolumeStableRescueTest-36243494 tempest-ServerBootFromVolumeStableRescueTest-36243494-project-member] virtio_sound_filter skipped {{(pid=95706) virtio_sound_filter /opt/stack/nova/nova/scheduler/request_filter.py:460}}
Jun 21 06:33:50.777279 np0000003338 nova-scheduler[95706]: DEBUG nova.scheduler.request_filter [None req-cffcdc2d-e72d-4733-9902-c28238d33b67 tempest-ServerBootFromVolumeStableRescueTest-36243494 tempest-ServerBootFromVolumeStableRescueTest-36243494-project-member] tpm_secret_security_filter skipped {{(pid=95706) tpm_secret_security_filter /opt/stack/nova/nova/scheduler/request_filter.py:477}}
Jun 21 06:33:50.894509 np0000003338 nova-scheduler[95706]: INFO nova.utils [None req-cffcdc2d-e72d-4733-9902-c28238d33b67 tempest-ServerBootFromVolumeStableRescueTest-36243494 tempest-ServerBootFromVolumeStableRescueTest-36243494-project-member] The cell worker thread pool ForkProcess-2.cell_worker is initialized
Jun 21 06:33:50.894936 np0000003338 nova-scheduler[95706]: DEBUG oslo_concurrency.lockutils [None req-cffcdc2d-e72d-4733-9902-c28238d33b67 tempest-ServerBootFromVolumeStableRescueTest-36243494 tempest-ServerBootFromVolumeStableRescueTest-36243494-project-member] Acquiring lock "acf9084d-256f-4a95-9727-3665695e8f48" by "nova.context.set_target_cell..get_or_set_cached_cell_and_set_connections" {{(pid=95706) inner /opt/stack/data/venv/lib/python3.12/site-packages/oslo_concurrency/lockutils.py:511}}
Jun 21 06:33:50.895223 np0000003338 nova-scheduler[95706]: DEBUG oslo_concurrency.lockutils [None req-cffcdc2d-e72d-4733-9902-c28238d33b67 tempest-ServerBootFromVolumeStableRescueTest-36243494 tempest-ServerBootFromVolumeStableRescueTest-36243494-project-member] Lock "acf9084d-256f-4a95-9727-3665695e8f48" acquired by "nova.context.set_target_cell..get_or_set_cached_cell_and_set_connections" :: waited 0.000s {{(pid=95706) inner /opt/stack/data/venv/lib/python3.12/site-packages/oslo_concurrency/lockutils.py:524}}
Jun 21 06:33:50.898784 np0000003338 nova-scheduler[95706]: DEBUG oslo_concurrency.lockutils [None req-cffcdc2d-e72d-4733-9902-c28238d33b67 tempest-ServerBootFromVolumeStableRescueTest-36243494 tempest-ServerBootFromVolumeStableRescueTest-36243494-project-member] Lock "acf9084d-256f-4a95-9727-3665695e8f48" "released" by "nova.context.set_target_cell..get_or_set_cached_cell_and_set_connections" :: held 0.003s {{(pid=95706) inner /opt/stack/data/venv/lib/python3.12/site-packages/oslo_concurrency/lockutils.py:543}}
Jun 21 06:33:50.901184 np0000003338 nova-scheduler[95706]: INFO dbcounter [None req-cffcdc2d-e72d-4733-9902-c28238d33b67 tempest-ServerBootFromVolumeStableRescueTest-36243494 tempest-ServerBootFromVolumeStableRescueTest-36243494-project-member] Registered counter for database nova_cell1
Jun 21 06:33:50.943069 np0000003338 nova-scheduler[95706]: DEBUG oslo_db.sqlalchemy.engines [None req-cffcdc2d-e72d-4733-9902-c28238d33b67 tempest-ServerBootFromVolumeStableRescueTest-36243494 tempest-ServerBootFromVolumeStableRescueTest-36243494-project-member] MySQL server mode set to STRICT_TRANS_TABLES,STRICT_ALL_TABLES,NO_ZERO_IN_DATE,NO_ZERO_DATE,ERROR_FOR_DIVISION_BY_ZERO,TRADITIONAL,NO_ENGINE_SUBSTITUTION {{(pid=95706) _check_effective_sql_mode /opt/stack/data/venv/lib/python3.12/site-packages/oslo_db/sqlalchemy/engines.py:325}}
Jun 21 06:33:50.949936 np0000003338 nova-scheduler[95706]: DEBUG dbcounter [-] [95706] Writer thread running {{(pid=95706) stat_writer /opt/stack/data/venv/lib/python3.12/site-packages/dbcounter.py:102}}
Jun 21 06:33:51.022881 np0000003338 nova-scheduler[95706]: DEBUG dbcounter [-] [95706] Writer thread running {{(pid=95706) stat_writer /opt/stack/data/venv/lib/python3.12/site-packages/dbcounter.py:102}}
Jun 21 06:33:51.026388 np0000003338 nova-scheduler[95706]: DEBUG oslo_concurrency.lockutils [None req-cffcdc2d-e72d-4733-9902-c28238d33b67 tempest-ServerBootFromVolumeStableRescueTest-36243494 tempest-ServerBootFromVolumeStableRescueTest-36243494-project-member] Acquiring lock "acf9084d-256f-4a95-9727-3665695e8f48" by "nova.context.set_target_cell..get_or_set_cached_cell_and_set_connections" {{(pid=95706) inner /opt/stack/data/venv/lib/python3.12/site-packages/oslo_concurrency/lockutils.py:511}}
Jun 21 06:33:51.026594 np0000003338 nova-scheduler[95706]: DEBUG oslo_concurrency.lockutils [None req-cffcdc2d-e72d-4733-9902-c28238d33b67 tempest-ServerBootFromVolumeStableRescueTest-36243494 tempest-ServerBootFromVolumeStableRescueTest-36243494-project-member] Lock "acf9084d-256f-4a95-9727-3665695e8f48" acquired by "nova.context.set_target_cell..get_or_set_cached_cell_and_set_connections" :: waited 0.000s {{(pid=95706) inner /opt/stack/data/venv/lib/python3.12/site-packages/oslo_concurrency/lockutils.py:524}}
Jun 21 06:33:51.026785 np0000003338 nova-scheduler[95706]: DEBUG oslo_concurrency.lockutils [None req-cffcdc2d-e72d-4733-9902-c28238d33b67 tempest-ServerBootFromVolumeStableRescueTest-36243494 tempest-ServerBootFromVolumeStableRescueTest-36243494-project-member] Lock "acf9084d-256f-4a95-9727-3665695e8f48" "released" by "nova.context.set_target_cell..get_or_set_cached_cell_and_set_connections" :: held 0.000s {{(pid=95706) inner /opt/stack/data/venv/lib/python3.12/site-packages/oslo_concurrency/lockutils.py:543}}
