Aug 13 16:38:05.907495 np0000007232 devstack@neutron-api.service[87663]: INFO neutron.db.ovn_revision_numbers_db [None req-e9a3ef13-7567-4862-91e1-bdab62b7069b admin admin] Successfully bumped revision number for resource 8464daec-d54c-40a6-a5c2-313cca8a0a5f (type: security_group_rules) to 0
Aug 13 16:38:05.908776 np0000007232 devstack@neutron-api.service[87665]: INFO neutron.db.ovn_revision_numbers_db [None req-a4f777bb-3e4f-44c7-8ff6-c38689103841 admin admin] Successfully bumped revision number for resource a1b81a4d-84ca-41d3-abd7-91d7523c3f1a (type: security_groups) to 1
Aug 13 16:38:05.916684 np0000007232 devstack@neutron-api.service[87663]: INFO neutron.db.ovn_revision_numbers_db [None req-e9a3ef13-7567-4862-91e1-bdab62b7069b admin admin] Successfully bumped revision number for resource 9b177af7-3539-4bf0-b8a5-62f8fdae1019 (type: security_group_rules) to 0
Aug 13 16:38:05.917425 np0000007232 devstack@neutron-api.service[87665]: INFO neutron.db.ovn_revision_numbers_db [None req-a4f777bb-3e4f-44c7-8ff6-c38689103841 admin admin] Successfully bumped revision number for resource 35c93f7a-3418-4617-b5b6-8636b737609c (type: security_group_rules) to 0
Aug 13 16:38:05.925184 np0000007232 devstack@neutron-api.service[87663]: INFO neutron.db.ovn_revision_numbers_db [None req-e9a3ef13-7567-4862-91e1-bdab62b7069b admin admin] Successfully bumped revision number for resource d4e9cd36-ba72-47f5-9dbf-5316e0a81c74 (type: security_group_rules) to 0
Aug 13 16:38:05.925896 np0000007232 devstack@neutron-api.service[87665]: INFO neutron.db.ovn_revision_numbers_db [None req-a4f777bb-3e4f-44c7-8ff6-c38689103841 admin admin] Successfully bumped revision number for resource 49d6ab97-28e2-450e-8231-0ac3980b6c3d (type: security_group_rules) to 0
Aug 13 16:38:05.935126 np0000007232 devstack@neutron-api.service[87665]: INFO neutron.db.ovn_revision_numbers_db [None req-a4f777bb-3e4f-44c7-8ff6-c38689103841 admin admin] Successfully bumped revision number for resource bec8845d-8fb9-48bd-8df5-872455dc682c (type: security_group_rules) to 0
Aug 13 16:38:05.943474 np0000007232 devstack@neutron-api.service[87663]: DEBUG neutron.api.rpc.handlers.resources_rpc [None req-e9a3ef13-7567-4862-91e1-bdab62b7069b admin admin] Pushing event updated for resources: {'SecurityGroup': ['ID=0fd65d9c-3bd9-4250-9639-198a92aff23f,revision_number=1']} {{(pid=87663) push /opt/stack/neutron/neutron/api/rpc/handlers/resources_rpc.py:237}}
Aug 13 16:38:05.943880 np0000007232 devstack@neutron-api.service[87665]: INFO neutron.db.ovn_revision_numbers_db [None req-a4f777bb-3e4f-44c7-8ff6-c38689103841 admin admin] Successfully bumped revision number for resource f86f6c09-113a-4348-a18e-9b0f09245f67 (type: security_group_rules) to 0
Aug 13 16:38:05.947585 np0000007232 devstack@neutron-api.service[87663]: DEBUG ovsdbapp.backend.ovs_idl.transaction [None req-66488b3b-2a3f-4547-b40a-d29a4d4398fd None None] Running txn n=1 command(idx=0): CheckLivenessCommand(_result=None) {{(pid=87663) do_commit /opt/stack/data/venv/lib/python3.12/site-packages/ovsdbapp/backend/ovs_idl/transaction.py:89}}
Aug 13 16:38:05.952111 np0000007232 devstack@neutron-api.service[87663]: DEBUG neutron.api.rpc.callbacks.version_manager [None req-e9a3ef13-7567-4862-91e1-bdab62b7069b admin admin] Tracked resource versions report:
Aug 13 16:38:05.952111 np0000007232 devstack@neutron-api.service[87663]: pushed versions:
Aug 13 16:38:05.952111 np0000007232 devstack@neutron-api.service[87663]: { 'AddressGroup': {'1.2'},
Aug 13 16:38:05.952111 np0000007232 devstack@neutron-api.service[87663]: 'Agent': {'1.1'},
Aug 13 16:38:05.952111 np0000007232 devstack@neutron-api.service[87663]: 'ConntrackHelper': {'1.0'},
Aug 13 16:38:05.952111 np0000007232 devstack@neutron-api.service[87663]: 'LocalIPAssociation': {'1.0'},
Aug 13 16:38:05.952111 np0000007232 devstack@neutron-api.service[87663]: 'Log': {'1.0'},
Aug 13 16:38:05.952111 np0000007232 devstack@neutron-api.service[87663]: 'NDPProxy': {'1.0'},
Aug 13 16:38:05.952111 np0000007232 devstack@neutron-api.service[87663]: 'Network': {'1.3'},
Aug 13 16:38:05.952111 np0000007232 devstack@neutron-api.service[87663]: 'Port': {'1.11'},
Aug 13 16:38:05.952111 np0000007232 devstack@neutron-api.service[87663]: 'PortForwarding': {'1.3'},
Aug 13 16:38:05.952111 np0000007232 devstack@neutron-api.service[87663]: 'QosPolicy': {'1.10'},
Aug 13 16:38:05.952111 np0000007232 devstack@neutron-api.service[87663]: 'SecurityGroup': {'1.6'},
Aug 13 16:38:05.952111 np0000007232 devstack@neutron-api.service[87663]: 'SecurityGroupRule': {'1.3'},
Aug 13 16:38:05.952111 np0000007232 devstack@neutron-api.service[87663]: 'SubPort': {'1.0'},
Aug 13 16:38:05.952111 np0000007232 devstack@neutron-api.service[87663]: 'Subnet': {'1.2'},
Aug 13 16:38:05.952111 np0000007232 devstack@neutron-api.service[87663]: 'Trunk': {'1.1'}}
Aug 13 16:38:05.952111 np0000007232 devstack@neutron-api.service[87663]: consumer versions:
Aug 13 16:38:05.952111 np0000007232 devstack@neutron-api.service[87663]: { OVN Neutron agent@np0000007232: {},
Aug 13 16:38:05.952111 np0000007232 devstack@neutron-api.service[87663]: OVN Controller Gateway agent@np0000007232: {}}
Aug 13 16:38:05.952111 np0000007232 devstack@neutron-api.service[87663]: {{(pid=87663) report /opt/stack/neutron/neutron/api/rpc/callbacks/version_manager.py:183}}
Aug 13 16:38:05.952742 np0000007232 devstack@neutron-api.service[87665]: DEBUG neutron.plugins.ml2.drivers.ovn.mech_driver.ovsdb.ovsdb_monitor [None req-318498d6-525f-4365-8197-2be8dac3867f None None] Hash Ring: Node bb8934fa819852e5aaadcfedf6dcd1eb (host: np0000007232) handling event "update" for row db253a2f-ad1e-4d4f-8eae-c515d8fc09e1 (table: NB_Global) {{(pid=87665) notify /opt/stack/neutron/neutron/plugins/ml2/drivers/ovn/mech_driver/ovsdb/ovsdb_monitor.py:1099}}
Aug 13 16:38:05.954670 np0000007232 devstack@neutron-api.service[87665]: DEBUG ovsdbapp.backend.ovs_idl.event [None req-e9be64d3-7601-4a97-abbe-ef40525b7dbd None None] Matched UPDATE: ChassisAgentWriteEvent(events=('create', 'update'), table='Chassis_Private', conditions=None, old_conditions=None), priority=20 to row=Chassis_Private(uuid=489b2f29-6145-4118-9f79-9312fa2c4688, chassis=a68398fd-b70c-4954-a87a-1b2f97904fe9, external_ids={'neutron:ovn-bridge': 'br-int', 'neutron:ovn-neutron-agent-id': '809dc882-aa2e-52db-8041-04b1fde54d91', 'neutron:ovn-neutron-agent-sb-cfg': '2'}, name='cbba4b84-df63-4f00-8a8d-e7b06eb528aa', nb_cfg=3, nb_cfg_timestamp=1786639085950) old=Chassis_Private(uuid=489b2f29-6145-4118-9f79-9312fa2c4688, nb_cfg=2, nb_cfg_timestamp=1786639014846) {{(pid=87665) matches /opt/stack/data/venv/lib/python3.12/site-packages/ovsdbapp/backend/ovs_idl/event.py:55}}
Aug 13 16:38:05.956897 np0000007232 devstack@neutron-api.service[87663]: DEBUG ovsdbapp.backend.ovs_idl.event [None req-b4ed4631-648e-403b-9e55-5326eda8766c None None] Matched UPDATE: ChassisAgentWriteEvent(events=('create', 'update'), table='Chassis_Private', conditions=None, old_conditions=None), priority=20 to row=Chassis_Private(uuid=489b2f29-6145-4118-9f79-9312fa2c4688, chassis=a68398fd-b70c-4954-a87a-1b2f97904fe9, external_ids={'neutron:ovn-bridge': 'br-int', 'neutron:ovn-neutron-agent-id': '809dc882-aa2e-52db-8041-04b1fde54d91', 'neutron:ovn-neutron-agent-sb-cfg': '2'}, name='cbba4b84-df63-4f00-8a8d-e7b06eb528aa', nb_cfg=3, nb_cfg_timestamp=1786639085950) old=Chassis_Private(uuid=489b2f29-6145-4118-9f79-9312fa2c4688, nb_cfg=2, nb_cfg_timestamp=1786639014846) {{(pid=87663) matches /opt/stack/data/venv/lib/python3.12/site-packages/ovsdbapp/backend/ovs_idl/event.py:55}}
Aug 13 16:38:05.957150 np0000007232 devstack@neutron-api.service[87665]: DEBUG neutron.plugins.ml2.drivers.ovn.mech_driver.ovsdb.ovsdb_monitor [None req-318498d6-525f-4365-8197-2be8dac3867f None None] Hash Ring: Node bb8934fa819852e5aaadcfedf6dcd1eb (host: np0000007232) handling event "update" for row db253a2f-ad1e-4d4f-8eae-c515d8fc09e1 (table: NB_Global) {{(pid=87665) notify /opt/stack/neutron/neutron/plugins/ml2/drivers/ovn/mech_driver/ovsdb/ovsdb_monitor.py:1099}}
Aug 13 16:38:05.957253 np0000007232 devstack@neutron-api.service[87664]: DEBUG ovsdbapp.backend.ovs_idl.event [-] Matched UPDATE: ChassisAgentWriteEvent(events=('create', 'update'), table='Chassis_Private', conditions=None, old_conditions=None), priority=20 to row=Chassis_Private(uuid=489b2f29-6145-4118-9f79-9312fa2c4688, chassis=a68398fd-b70c-4954-a87a-1b2f97904fe9, external_ids={'neutron:ovn-bridge': 'br-int', 'neutron:ovn-neutron-agent-id': '809dc882-aa2e-52db-8041-04b1fde54d91', 'neutron:ovn-neutron-agent-sb-cfg': '2'}, name='cbba4b84-df63-4f00-8a8d-e7b06eb528aa', nb_cfg=3, nb_cfg_timestamp=1786639085950) old=Chassis_Private(uuid=489b2f29-6145-4118-9f79-9312fa2c4688, nb_cfg=2, nb_cfg_timestamp=1786639014846) {{(pid=87664) matches /opt/stack/data/venv/lib/python3.12/site-packages/ovsdbapp/backend/ovs_idl/event.py:55}}
Aug 13 16:38:05.958874 np0000007232 devstack@neutron-api.service[87665]: DEBUG neutron.plugins.ml2.drivers.ovn.mech_driver.ovsdb.ovsdb_monitor [None req-318498d6-525f-4365-8197-2be8dac3867f None None] Hash Ring: Node bb8934fa819852e5aaadcfedf6dcd1eb (host: np0000007232) handling event "update" for row db253a2f-ad1e-4d4f-8eae-c515d8fc09e1 (table: NB_Global) {{(pid=87665) notify /opt/stack/neutron/neutron/plugins/ml2/drivers/ovn/mech_driver/ovsdb/ovsdb_monitor.py:1099}}
Aug 13 16:38:05.961641 np0000007232 devstack@neutron-api.service[87665]: DEBUG neutron.plugins.ml2.drivers.ovn.mech_driver.ovsdb.ovsdb_monitor [None req-318498d6-525f-4365-8197-2be8dac3867f None None] Hash Ring: Node bb8934fa819852e5aaadcfedf6dcd1eb (host: np0000007232) handling event "update" for row db253a2f-ad1e-4d4f-8eae-c515d8fc09e1 (table: NB_Global) {{(pid=87665) notify /opt/stack/neutron/neutron/plugins/ml2/drivers/ovn/mech_driver/ovsdb/ovsdb_monitor.py:1099}}
Aug 13 16:38:05.967534 np0000007232 devstack@neutron-api.service[87664]: DEBUG neutron.common.ovn.hash_ring_manager [-] Hash Ring loaded. 3 active nodes. 0 offline nodes {{(pid=87664) _load_hash_ring /opt/stack/neutron/neutron/common/ovn/hash_ring_manager.py:110}}
Aug 13 16:38:05.967984 np0000007232 devstack@neutron-api.service[87664]: DEBUG neutron.plugins.ml2.drivers.ovn.mech_driver.ovsdb.ovsdb_monitor [-] Hash Ring: Node dcc591717d715978bad57a7c81f54ea4 (host: np0000007232) handling event "update" for row 489b2f29-6145-4118-9f79-9312fa2c4688 (table: Chassis_Private) {{(pid=87664) notify /opt/stack/neutron/neutron/plugins/ml2/drivers/ovn/mech_driver/ovsdb/ovsdb_monitor.py:1099}}
Aug 13 16:38:05.968495 np0000007232 devstack@neutron-api.service[87665]: DEBUG neutron.common.ovn.hash_ring_manager [None req-e9be64d3-7601-4a97-abbe-ef40525b7dbd None None] Hash Ring loaded. 3 active nodes. 0 offline nodes {{(pid=87665) _load_hash_ring /opt/stack/neutron/neutron/common/ovn/hash_ring_manager.py:110}}
Aug 13 16:38:05.971053 np0000007232 devstack@neutron-api.service[87663]: DEBUG neutron.common.ovn.hash_ring_manager [None req-b4ed4631-648e-403b-9e55-5326eda8766c None None] Hash Ring loaded. 3 active nodes. 0 offline nodes {{(pid=87663) _load_hash_ring /opt/stack/neutron/neutron/common/ovn/hash_ring_manager.py:110}}
Aug 13 16:38:05.973286 np0000007232 devstack@neutron-api.service[87665]: DEBUG neutron.api.rpc.handlers.resources_rpc [None req-a4f777bb-3e4f-44c7-8ff6-c38689103841 admin admin] Pushing event updated for resources: {'SecurityGroup': ['ID=a1b81a4d-84ca-41d3-abd7-91d7523c3f1a,revision_number=1']} {{(pid=87665) push /opt/stack/neutron/neutron/api/rpc/handlers/resources_rpc.py:237}}
Aug 13 16:38:05.989133 np0000007232 devstack@neutron-api.service[87663]: DEBUG neutron.plugins.ml2.drivers.helpers [None req-e9a3ef13-7567-4862-91e1-bdab62b7069b admin admin] geneve segment allocate from pool success with {'geneve_vni': 22875} {{(pid=87663) allocate_partially_specified_segment /opt/stack/neutron/neutron/plugins/ml2/drivers/helpers.py:142}}
Aug 13 16:38:05.995861 np0000007232 devstack@neutron-api.service[87663]: DEBUG neutron_lib.callbacks.manager [None req-e9a3ef13-7567-4862-91e1-bdab62b7069b admin admin] Publish callbacks ['neutron.services.segments.db._add_segment_host_mapping_for_segment-7866488595560', 'neutron.plugins.ml2.plugin.Ml2Plugin._handle_segment_change-7119699'] for segment (f98119b4-7401-4267-8321-a321850324f6), precommit_create {{(pid=87663) _notify_loop /opt/stack/data/venv/lib/python3.12/site-packages/neutron_lib/callbacks/manager.py:184}}
Aug 13 16:38:05.996102 np0000007232 devstack@neutron-api.service[87663]: INFO neutron.db.segments_db [None req-e9a3ef13-7567-4862-91e1-bdab62b7069b admin admin] Added segment f98119b4-7401-4267-8321-a321850324f6 of type geneve for network e63da599-1dca-4749-9b62-0752f211a4d7
Aug 13 16:38:05.999552 np0000007232 devstack@neutron-api.service[87665]: DEBUG neutron.plugins.ml2.drivers.helpers [None req-a4f777bb-3e4f-44c7-8ff6-c38689103841 admin admin] geneve segment allocate from pool success with {'geneve_vni': 59631} {{(pid=87665) allocate_partially_specified_segment /opt/stack/neutron/neutron/plugins/ml2/drivers/helpers.py:142}}
Aug 13 16:38:06.007540 np0000007232 devstack@neutron-api.service[87665]: DEBUG neutron_lib.callbacks.manager [None req-a4f777bb-3e4f-44c7-8ff6-c38689103841 admin admin] Publish callbacks ['neutron.services.segments.db._add_segment_host_mapping_for_segment-7866488595480', 'neutron.plugins.ml2.plugin.Ml2Plugin._handle_segment_change-8164603'] for segment (4c31ef04-5e96-4b87-8988-2f8ebc651716), precommit_create {{(pid=87665) _notify_loop /opt/stack/data/venv/lib/python3.12/site-packages/neutron_lib/callbacks/manager.py:184}}
Aug 13 16:38:06.007719 np0000007232 devstack@neutron-api.service[87665]: INFO neutron.db.segments_db [None req-a4f777bb-3e4f-44c7-8ff6-c38689103841 admin admin] Added segment 4c31ef04-5e96-4b87-8988-2f8ebc651716 of type geneve for network 2ee205ee-2787-40ca-a7f6-cc7b8fad2f39
Aug 13 16:38:06.009464 np0000007232 devstack@neutron-api.service[87663]: DEBUG neutron_lib.callbacks.manager [None req-e9a3ef13-7567-4862-91e1-bdab62b7069b admin admin] Publish callbacks ['neutron.services.auto_allocate.db._ensure_external_network_default_value_callback-7866486959708'] for network (e63da599-1dca-4749-9b62-0752f211a4d7), precommit_create {{(pid=87663) _notify_loop /opt/stack/data/venv/lib/python3.12/site-packages/neutron_lib/callbacks/manager.py:184}}
Aug 13 16:38:06.019820 np0000007232 devstack@neutron-api.service[87663]: DEBUG neutron.plugins.ml2.drivers.ovn.mech_driver.mech_driver [None req-e9a3ef13-7567-4862-91e1-bdab62b7069b admin admin] Validating network segment with type geneve, segmentation ID 22875, physical network None {{(pid=87663) _validate_network_segments /opt/stack/neutron/neutron/plugins/ml2/drivers/ovn/mech_driver/mech_driver.py:624}}
Aug 13 16:38:06.020062 np0000007232 devstack@neutron-api.service[87663]: DEBUG neutron.db.ovn_revision_numbers_db [None req-e9a3ef13-7567-4862-91e1-bdab62b7069b admin admin] create_initial_revision uuid=e63da599-1dca-4749-9b62-0752f211a4d7, type=networks, rev=-1 {{(pid=87663) create_initial_revision /opt/stack/neutron/neutron/db/ovn_revision_numbers_db.py:98}}
Aug 13 16:38:06.022229 np0000007232 devstack@neutron-api.service[87665]: DEBUG neutron_lib.callbacks.manager [None req-a4f777bb-3e4f-44c7-8ff6-c38689103841 admin admin] Publish callbacks ['neutron.services.auto_allocate.db._ensure_external_network_default_value_callback-7866487416682'] for network (2ee205ee-2787-40ca-a7f6-cc7b8fad2f39), precommit_create {{(pid=87665) _notify_loop /opt/stack/data/venv/lib/python3.12/site-packages/neutron_lib/callbacks/manager.py:184}}
Aug 13 16:38:06.023743 np0000007232 devstack@neutron-api.service[87664]: DEBUG neutron.api.v2.base [None req-aca516eb-4a43-4d8f-a66f-8363318275a5 admin admin] Request body: {'network': {'name': 'tempest-DeleteServersTestJSON-575718777-network', 'project_id': '0578e3f7079749af92f2482dcf639690'}} {{(pid=87664) prepare_request_body /opt/stack/neutron/neutron/api/v2/base.py:727}}
Aug 13 16:38:06.026494 np0000007232 devstack@neutron-api.service[87663]: DEBUG neutron_lib.callbacks.manager [None req-e9a3ef13-7567-4862-91e1-bdab62b7069b admin admin] Publish callbacks ['neutron.plugins.ml2.ovo_rpc._ObjectChangeHandler.handle_event-7356552'] for network (e63da599-1dca-4749-9b62-0752f211a4d7), after_create {{(pid=87663) _notify_loop /opt/stack/data/venv/lib/python3.12/site-packages/neutron_lib/callbacks/manager.py:184}}
Aug 13 16:38:06.033338 np0000007232 devstack@neutron-api.service[87665]: DEBUG neutron.plugins.ml2.drivers.ovn.mech_driver.mech_driver [None req-a4f777bb-3e4f-44c7-8ff6-c38689103841 admin admin] Validating network segment with type geneve, segmentation ID 59631, physical network None {{(pid=87665) _validate_network_segments /opt/stack/neutron/neutron/plugins/ml2/drivers/ovn/mech_driver/mech_driver.py:624}}
Aug 13 16:38:06.033439 np0000007232 devstack@neutron-api.service[87665]: DEBUG neutron.db.ovn_revision_numbers_db [None req-a4f777bb-3e4f-44c7-8ff6-c38689103841 admin admin] create_initial_revision uuid=2ee205ee-2787-40ca-a7f6-cc7b8fad2f39, type=networks, rev=-1 {{(pid=87665) create_initial_revision /opt/stack/neutron/neutron/db/ovn_revision_numbers_db.py:98}}
Aug 13 16:38:06.036594 np0000007232 devstack@neutron-api.service[87664]: DEBUG neutron.pecan_wsgi.hooks.quota_enforcement [None req-aca516eb-4a43-4d8f-a66f-8363318275a5 admin admin] Made reservation on behalf of 0578e3f7079749af92f2482dcf639690 for: {'network': 1} {{(pid=87664) before /opt/stack/neutron/neutron/pecan_wsgi/hooks/quota_enforcement.py:66}}
Aug 13 16:38:06.037986 np0000007232 devstack@neutron-api.service[87663]: DEBUG neutron.api.rpc.handlers.resources_rpc [None req-e9a3ef13-7567-4862-91e1-bdab62b7069b admin admin] Pushing event updated for resources: {'Network': ['ID=e63da599-1dca-4749-9b62-0752f211a4d7,revision_number=1']} {{(pid=87663) push /opt/stack/neutron/neutron/api/rpc/handlers/resources_rpc.py:237}}
Aug 13 16:38:06.038831 np0000007232 devstack@neutron-api.service[87664]: DEBUG neutron_lib.callbacks.manager [None req-aca516eb-4a43-4d8f-a66f-8363318275a5 admin admin] Publish callbacks ['neutron.plugins.ml2.plugin.SecurityGroupDbMixin._ensure_default_security_group_handler-1660344'] for network (None), before_create {{(pid=87664) _notify_loop /opt/stack/data/venv/lib/python3.12/site-packages/neutron_lib/callbacks/manager.py:184}}
Aug 13 16:38:06.042457 np0000007232 devstack@neutron-api.service[87664]: DEBUG neutron_lib.callbacks.manager [None req-aca516eb-4a43-4d8f-a66f-8363318275a5 admin admin] Publish callbacks [] for security_group (None), before_create {{(pid=87664) _notify_loop /opt/stack/data/venv/lib/python3.12/site-packages/neutron_lib/callbacks/manager.py:184}}
Aug 13 16:38:06.045503 np0000007232 devstack@neutron-api.service[87663]: DEBUG ovsdbapp.backend.ovs_idl.transaction [None req-66488b3b-2a3f-4547-b40a-d29a4d4398fd None None] Running txn n=1 command(idx=0): AddNetworkCommand(_result=None, network_uuid=e63da599-1dca-4749-9b62-0752f211a4d7, may_exist=True, columns={'external_ids': {'neutron:network_name': 'tempest-ServerActionsV293TestJSON-439405461-network', 'neutron:mtu': '1372', 'neutron:revision_number': '1', 'neutron:availability_zone_hints': '', 'neutron:provnet-network-type': 'geneve'}, 'other_config': {'mcast_snoop': 'false', 'mcast_flood_unregistered': 'false', 'vlan-passthru': 'false'}}) {{(pid=87663) do_commit /opt/stack/data/venv/lib/python3.12/site-packages/ovsdbapp/backend/ovs_idl/transaction.py:89}}
Aug 13 16:38:06.046508 np0000007232 devstack@neutron-api.service[87665]: DEBUG neutron_lib.callbacks.manager [None req-a4f777bb-3e4f-44c7-8ff6-c38689103841 admin admin] Publish callbacks ['neutron.plugins.ml2.ovo_rpc._ObjectChangeHandler.handle_event-7459214'] for network (2ee205ee-2787-40ca-a7f6-cc7b8fad2f39), after_create {{(pid=87665) _notify_loop /opt/stack/data/venv/lib/python3.12/site-packages/neutron_lib/callbacks/manager.py:184}}
Aug 13 16:38:06.048082 np0000007232 devstack@neutron-api.service[87663]: DEBUG neutron.plugins.ml2.drivers.ovn.mech_driver.ovsdb.ovsdb_monitor [None req-66488b3b-2a3f-4547-b40a-d29a4d4398fd None None] Hash Ring: Node 8bfe8abc03545a779146240ac69f91f0 (host: np0000007232) handling event "create" for row e63da599-1dca-4749-9b62-0752f211a4d7 (table: Logical_Switch) {{(pid=87663) notify /opt/stack/neutron/neutron/plugins/ml2/drivers/ovn/mech_driver/ovsdb/ovsdb_monitor.py:1099}}
Aug 13 16:38:06.052693 np0000007232 devstack@neutron-api.service[87663]: DEBUG neutron.plugins.ml2.drivers.ovn.mech_driver.ovsdb.ovsdb_monitor [None req-b4ed4631-648e-403b-9e55-5326eda8766c None None] Hash Ring: Node 8bfe8abc03545a779146240ac69f91f0 (host: np0000007232) handling event "create" for row 2028668e-953b-4677-8843-992bc3b0eb80 (table: Datapath_Binding) {{(pid=87663) notify /opt/stack/neutron/neutron/plugins/ml2/drivers/ovn/mech_driver/ovsdb/ovsdb_monitor.py:1099}}
Aug 13 16:38:06.063831 np0000007232 devstack@neutron-api.service[87663]: INFO neutron.db.ovn_revision_numbers_db [None req-e9a3ef13-7567-4862-91e1-bdab62b7069b admin admin] Successfully bumped revision number for resource e63da599-1dca-4749-9b62-0752f211a4d7 (type: networks) to 1
Aug 13 16:38:06.073381 np0000007232 devstack@neutron-api.service[87663]: DEBUG neutron_lib.callbacks.manager [None req-e9a3ef13-7567-4862-91e1-bdab62b7069b admin admin] Publish callbacks ['neutron.plugins.ml2.plugin.SecurityGroupDbMixin._ensure_default_security_group_handler-1106887'] for port (None), before_create {{(pid=87663) _notify_loop /opt/stack/data/venv/lib/python3.12/site-packages/neutron_lib/callbacks/manager.py:184}}
Aug 13 16:38:06.074013 np0000007232 devstack@neutron-api.service[87665]: DEBUG neutron.api.rpc.handlers.resources_rpc [None req-a4f777bb-3e4f-44c7-8ff6-c38689103841 admin admin] Pushing event updated for resources: {'Network': ['ID=2ee205ee-2787-40ca-a7f6-cc7b8fad2f39,revision_number=1']} {{(pid=87665) push /opt/stack/neutron/neutron/api/rpc/handlers/resources_rpc.py:237}}
Aug 13 16:38:06.081031 np0000007232 devstack@neutron-api.service[87665]: DEBUG ovsdbapp.backend.ovs_idl.transaction [None req-318498d6-525f-4365-8197-2be8dac3867f None None] Running txn n=1 command(idx=0): AddNetworkCommand(_result=None, network_uuid=2ee205ee-2787-40ca-a7f6-cc7b8fad2f39, may_exist=True, columns={'external_ids': {'neutron:network_name': 'tempest-VolumesAssistedSnapshotsTest-1938355841-network', 'neutron:mtu': '1372', 'neutron:revision_number': '1', 'neutron:availability_zone_hints': '', 'neutron:provnet-network-type': 'geneve'}, 'other_config': {'mcast_snoop': 'false', 'mcast_flood_unregistered': 'false', 'vlan-passthru': 'false'}}) {{(pid=87665) do_commit /opt/stack/data/venv/lib/python3.12/site-packages/ovsdbapp/backend/ovs_idl/transaction.py:89}}
Aug 13 16:38:06.081248 np0000007232 devstack@neutron-api.service[87665]: DEBUG neutron.common.ovn.utils [None req-318498d6-525f-4365-8197-2be8dac3867f None None] OVS persist_uuid supported=True {{(pid=87665) ovs_persist_uuid_supported /opt/stack/neutron/neutron/common/ovn/utils.py:1565}}
Aug 13 16:38:06.083086 np0000007232 devstack@neutron-api.service[87665]: DEBUG neutron.plugins.ml2.drivers.ovn.mech_driver.ovsdb.ovsdb_monitor [None req-318498d6-525f-4365-8197-2be8dac3867f None None] Hash Ring: Node bb8934fa819852e5aaadcfedf6dcd1eb (host: np0000007232) handling event "create" for row 2ee205ee-2787-40ca-a7f6-cc7b8fad2f39 (table: Logical_Switch) {{(pid=87665) notify /opt/stack/neutron/neutron/plugins/ml2/drivers/ovn/mech_driver/ovsdb/ovsdb_monitor.py:1099}}
Aug 13 16:38:06.089450 np0000007232 devstack@neutron-api.service[87664]: DEBUG neutron.plugins.ml2.drivers.ovn.mech_driver.ovsdb.ovsdb_monitor [-] Hash Ring: Node dcc591717d715978bad57a7c81f54ea4 (host: np0000007232) handling event "create" for row 9cb8e6d6-9ace-4066-beaa-8bed7fa7bacb (table: Datapath_Binding) {{(pid=87664) notify /opt/stack/neutron/neutron/plugins/ml2/drivers/ovn/mech_driver/ovsdb/ovsdb_monitor.py:1099}}
Aug 13 16:38:06.099958 np0000007232 devstack@neutron-api.service[87665]: INFO neutron.db.ovn_revision_numbers_db [None req-a4f777bb-3e4f-44c7-8ff6-c38689103841 admin admin] Successfully bumped revision number for resource 2ee205ee-2787-40ca-a7f6-cc7b8fad2f39 (type: networks) to 1
Aug 13 16:38:06.112701 np0000007232 devstack@neutron-api.service[87664]: DEBUG neutron_lib.callbacks.manager [None req-aca516eb-4a43-4d8f-a66f-8363318275a5 admin admin] Publish callbacks ['neutron.plugins.ml2.drivers.ovn.mech_driver.mech_driver.OVNMechanismDriver._create_security_group_precommit-193913'] for security_group (0b9c00fb-56c0-4a2c-8bba-c8e1f5dc8b58), precommit_create {{(pid=87664) _notify_loop /opt/stack/data/venv/lib/python3.12/site-packages/neutron_lib/callbacks/manager.py:184}}
Aug 13 16:38:06.112826 np0000007232 devstack@neutron-api.service[87664]: DEBUG neutron.db.ovn_revision_numbers_db [None req-aca516eb-4a43-4d8f-a66f-8363318275a5 admin admin] create_initial_revision uuid=0b9c00fb-56c0-4a2c-8bba-c8e1f5dc8b58, type=security_groups, rev=-1 {{(pid=87664) create_initial_revision /opt/stack/neutron/neutron/db/ovn_revision_numbers_db.py:98}}
Aug 13 16:38:06.113808 np0000007232 devstack@neutron-api.service[87664]: DEBUG neutron.db.ovn_revision_numbers_db [None req-aca516eb-4a43-4d8f-a66f-8363318275a5 admin admin] create_initial_revision uuid=21c8fad3-55c4-4ac4-b804-e251591913d9, type=security_group_rules, rev=-1 {{(pid=87664) create_initial_revision /opt/stack/neutron/neutron/db/ovn_revision_numbers_db.py:98}}
Aug 13 16:38:06.114877 np0000007232 devstack@neutron-api.service[87664]: DEBUG neutron.db.ovn_revision_numbers_db [None req-aca516eb-4a43-4d8f-a66f-8363318275a5 admin admin] create_initial_revision uuid=8afe9ed0-73cb-4b41-b9d5-61565224d589, type=security_group_rules, rev=-1 {{(pid=87664) create_initial_revision /opt/stack/neutron/neutron/db/ovn_revision_numbers_db.py:98}}
Aug 13 16:38:06.116055 np0000007232 devstack@neutron-api.service[87664]: DEBUG neutron.db.ovn_revision_numbers_db [None req-aca516eb-4a43-4d8f-a66f-8363318275a5 admin admin] create_initial_revision uuid=aa643e9b-8545-4147-acef-9438b40f6546, type=security_group_rules, rev=-1 {{(pid=87664) create_initial_revision /opt/stack/neutron/neutron/db/ovn_revision_numbers_db.py:98}}
Aug 13 16:38:06.117227 np0000007232 devstack@neutron-api.service[87664]: DEBUG neutron.db.ovn_revision_numbers_db [None req-aca516eb-4a43-4d8f-a66f-8363318275a5 admin admin] create_initial_revision uuid=be6200b2-de86-46ff-9f3f-74cbda784511, type=security_group_rules, rev=-1 {{(pid=87664) create_initial_revision /opt/stack/neutron/neutron/db/ovn_revision_numbers_db.py:98}}
Aug 13 16:38:06.120657 np0000007232 devstack@neutron-api.service[87664]: DEBUG neutron_lib.callbacks.manager [None req-aca516eb-4a43-4d8f-a66f-8363318275a5 admin admin] Publish callbacks ['neutron.plugins.ml2.drivers.ovn.mech_driver.mech_driver.OVNMechanismDriver._create_security_group-193907', 'neutron.plugins.ml2.ovo_rpc._ObjectChangeHandler.handle_event-7459145'] for security_group (0b9c00fb-56c0-4a2c-8bba-c8e1f5dc8b58), after_create {{(pid=87664) _notify_loop /opt/stack/data/venv/lib/python3.12/site-packages/neutron_lib/callbacks/manager.py:184}}
Aug 13 16:38:06.121270 np0000007232 devstack@neutron-api.service[87664]: DEBUG ovsdbapp.backend.ovs_idl.transaction [None req-352d8e13-1243-4a9a-9262-88596d37b194 None None] Running txn n=1 command(idx=0): PgAddCommand(_result=None, name=pg_0b9c00fb_56c0_4a2c_8bba_c8e1f5dc8b58, may_exist=False, columns={'acls': [], 'external_ids': {'neutron:security_group_id': '0b9c00fb-56c0-4a2c-8bba-c8e1f5dc8b58'}}) {{(pid=87664) do_commit /opt/stack/data/venv/lib/python3.12/site-packages/ovsdbapp/backend/ovs_idl/transaction.py:89}}
Aug 13 16:38:06.121828 np0000007232 devstack@neutron-api.service[87664]: DEBUG ovsdbapp.backend.ovs_idl.transaction [None req-352d8e13-1243-4a9a-9262-88596d37b194 None None] Running txn n=1 command(idx=1): PgAclAddCommand(_result=None, entity=pg_0b9c00fb_56c0_4a2c_8bba_c8e1f5dc8b58, direction=to-lport, priority=1002, match=outport == @pg_0b9c00fb_56c0_4a2c_8bba_c8e1f5dc8b58 && ip6 && ip6.src == $pg_0b9c00fb_56c0_4a2c_8bba_c8e1f5dc8b58_ip6, action=allow-related, log=False, may_exist=True, severity=[], name=[], meter=[], external_ids={'neutron:security_group_rule_id': '21c8fad3-55c4-4ac4-b804-e251591913d9'}) {{(pid=87664) do_commit /opt/stack/data/venv/lib/python3.12/site-packages/ovsdbapp/backend/ovs_idl/transaction.py:89}}
Aug 13 16:38:06.122207 np0000007232 devstack@neutron-api.service[87664]: DEBUG ovsdbapp.backend.ovs_idl.transaction [None req-352d8e13-1243-4a9a-9262-88596d37b194 None None] Running txn n=1 command(idx=2): PgAclAddCommand(_result=None, entity=pg_0b9c00fb_56c0_4a2c_8bba_c8e1f5dc8b58, direction=to-lport, priority=1002, match=outport == @pg_0b9c00fb_56c0_4a2c_8bba_c8e1f5dc8b58 && ip4 && ip4.src == $pg_0b9c00fb_56c0_4a2c_8bba_c8e1f5dc8b58_ip4, action=allow-related, log=False, may_exist=True, severity=[], name=[], meter=[], external_ids={'neutron:security_group_rule_id': '8afe9ed0-73cb-4b41-b9d5-61565224d589'}) {{(pid=87664) do_commit /opt/stack/data/venv/lib/python3.12/site-packages/ovsdbapp/backend/ovs_idl/transaction.py:89}}
Aug 13 16:38:06.122424 np0000007232 devstack@neutron-api.service[87664]: DEBUG ovsdbapp.backend.ovs_idl.transaction [None req-352d8e13-1243-4a9a-9262-88596d37b194 None None] Running txn n=1 command(idx=3): PgAclAddCommand(_result=None, entity=pg_0b9c00fb_56c0_4a2c_8bba_c8e1f5dc8b58, direction=from-lport, priority=1002, match=inport == @pg_0b9c00fb_56c0_4a2c_8bba_c8e1f5dc8b58 && ip6, action=allow-related, log=False, may_exist=True, severity=[], name=[], meter=[], external_ids={'neutron:security_group_rule_id': 'aa643e9b-8545-4147-acef-9438b40f6546'}) {{(pid=87664) do_commit /opt/stack/data/venv/lib/python3.12/site-packages/ovsdbapp/backend/ovs_idl/transaction.py:89}}
Aug 13 16:38:06.122636 np0000007232 devstack@neutron-api.service[87664]: DEBUG ovsdbapp.backend.ovs_idl.transaction [None req-352d8e13-1243-4a9a-9262-88596d37b194 None None] Running txn n=1 command(idx=4): PgAclAddCommand(_result=None, entity=pg_0b9c00fb_56c0_4a2c_8bba_c8e1f5dc8b58, direction=from-lport, priority=1002, match=inport == @pg_0b9c00fb_56c0_4a2c_8bba_c8e1f5dc8b58 && ip4, action=allow-related, log=False, may_exist=True, severity=[], name=[], meter=[], external_ids={'neutron:security_group_rule_id': 'be6200b2-de86-46ff-9f3f-74cbda784511'}) {{(pid=87664) do_commit /opt/stack/data/venv/lib/python3.12/site-packages/ovsdbapp/backend/ovs_idl/transaction.py:89}}
Aug 13 16:38:06.126503 np0000007232 devstack@neutron-api.service[87664]: DEBUG neutron.plugins.ml2.drivers.ovn.mech_driver.ovsdb.ovsdb_monitor [None req-352d8e13-1243-4a9a-9262-88596d37b194 None None] Hash Ring: Node dcc591717d715978bad57a7c81f54ea4 (host: np0000007232) handling event "create" for row 363c7ab1-ed94-4094-81ab-618d82f2be8d (table: ACL) {{(pid=87664) notify /opt/stack/neutron/neutron/plugins/ml2/drivers/ovn/mech_driver/ovsdb/ovsdb_monitor.py:1099}}
Aug 13 16:38:06.126706 np0000007232 devstack@neutron-api.service[87664]: DEBUG neutron.plugins.ml2.drivers.ovn.mech_driver.ovsdb.ovsdb_monitor [None req-352d8e13-1243-4a9a-9262-88596d37b194 None None] Hash Ring: Node dcc591717d715978bad57a7c81f54ea4 (host: np0000007232) handling event "create" for row caf4d95c-2343-44cc-b227-637993f34932 (table: ACL) {{(pid=87664) notify /opt/stack/neutron/neutron/plugins/ml2/drivers/ovn/mech_driver/ovsdb/ovsdb_monitor.py:1099}}
Aug 13 16:38:06.133922 np0000007232 devstack@neutron-api.service[87663]: DEBUG neutron.plugins.ml2.drivers.ovn.mech_driver.ovsdb.ovsdb_monitor [None req-66488b3b-2a3f-4547-b40a-d29a4d4398fd None None] Hash Ring: Node 8bfe8abc03545a779146240ac69f91f0 (host: np0000007232) handling event "create" for row 54114a4b-bcfd-4419-a99a-a867e2179867 (table: ACL) {{(pid=87663) notify /opt/stack/neutron/neutron/plugins/ml2/drivers/ovn/mech_driver/ovsdb/ovsdb_monitor.py:1099}}
Aug 13 16:38:06.134202 np0000007232 devstack@neutron-api.service[87663]: DEBUG neutron.plugins.ml2.drivers.ovn.mech_driver.ovsdb.ovsdb_monitor [None req-66488b3b-2a3f-4547-b40a-d29a4d4398fd None None] Hash Ring: Node 8bfe8abc03545a779146240ac69f91f0 (host: np0000007232) handling event "create" for row ffb49a7f-48e9-448d-9b8e-10cc41db2af4 (table: Port_Group) {{(pid=87663) notify /opt/stack/neutron/neutron/plugins/ml2/drivers/ovn/mech_driver/ovsdb/ovsdb_monitor.py:1099}}
Aug 13 16:38:06.140500 np0000007232 devstack@neutron-api.service[87665]: DEBUG neutron.plugins.ml2.drivers.ovn.mech_driver.ovsdb.ovsdb_monitor [None req-318498d6-525f-4365-8197-2be8dac3867f None None] Hash Ring: Node bb8934fa819852e5aaadcfedf6dcd1eb (host: np0000007232) handling event "create" for row 36d98708-2fd9-4c8b-9d25-6943dd2d4c4e (table: ACL) {{(pid=87665) notify /opt/stack/neutron/neutron/plugins/ml2/drivers/ovn/mech_driver/ovsdb/ovsdb_monitor.py:1099}}
Aug 13 16:38:06.140770 np0000007232 devstack@neutron-api.service[87663]: DEBUG neutron_lib.callbacks.manager [None req-e9a3ef13-7567-4862-91e1-bdab62b7069b admin admin] Publish callbacks ['neutron.plugins.ml2.drivers.ovn.mech_driver.mech_driver.OVNMechanismDriver._validate_allowed_address_pairs-209728'] for allowed_address_pair (835a6005-37bf-4dec-aec8-d2f6283c2213), before_create {{(pid=87663) _notify_loop /opt/stack/data/venv/lib/python3.12/site-packages/neutron_lib/callbacks/manager.py:184}}
Aug 13 16:38:06.141369 np0000007232 devstack@neutron-api.service[87663]: DEBUG neutron_lib.callbacks.manager [None req-e9a3ef13-7567-4862-91e1-bdab62b7069b admin admin] Publish callbacks [] for port (835a6005-37bf-4dec-aec8-d2f6283c2213), precommit_create {{(pid=87663) _notify_loop /opt/stack/data/venv/lib/python3.12/site-packages/neutron_lib/callbacks/manager.py:184}}
Aug 13 16:38:06.141520 np0000007232 devstack@neutron-api.service[87663]: DEBUG neutron.plugins.ml2.drivers.ovn.mech_driver.mech_driver [None req-e9a3ef13-7567-4862-91e1-bdab62b7069b admin admin] No provisioning block for port 835a6005-37bf-4dec-aec8-d2f6283c2213 since it does not have a host {{(pid=87663) _is_port_provisioning_required /opt/stack/neutron/neutron/plugins/ml2/drivers/ovn/mech_driver/mech_driver.py:877}}
Aug 13 16:38:06.141632 np0000007232 devstack@neutron-api.service[87663]: DEBUG neutron.db.ovn_revision_numbers_db [None req-e9a3ef13-7567-4862-91e1-bdab62b7069b admin admin] create_initial_revision uuid=835a6005-37bf-4dec-aec8-d2f6283c2213, type=ports, rev=-1 {{(pid=87663) create_initial_revision /opt/stack/neutron/neutron/db/ovn_revision_numbers_db.py:98}}
Aug 13 16:38:06.144634 np0000007232 devstack@neutron-api.service[87664]: INFO neutron.db.ovn_revision_numbers_db [None req-aca516eb-4a43-4d8f-a66f-8363318275a5 admin admin] Successfully bumped revision number for resource 0b9c00fb-56c0-4a2c-8bba-c8e1f5dc8b58 (type: security_groups) to 1
Aug 13 16:38:06.144848 np0000007232 devstack@neutron-api.service[87665]: DEBUG neutron_lib.callbacks.manager [None req-a4f777bb-3e4f-44c7-8ff6-c38689103841 admin admin] Publish callbacks ['neutron.plugins.ml2.plugin.SecurityGroupDbMixin._ensure_default_security_group_handler-53257'] for port (None), before_create {{(pid=87665) _notify_loop /opt/stack/data/venv/lib/python3.12/site-packages/neutron_lib/callbacks/manager.py:184}}
Aug 13 16:38:06.155394 np0000007232 devstack@neutron-api.service[87664]: INFO neutron.db.ovn_revision_numbers_db [None req-aca516eb-4a43-4d8f-a66f-8363318275a5 admin admin] Successfully bumped revision number for resource 21c8fad3-55c4-4ac4-b804-e251591913d9 (type: security_group_rules) to 0
Aug 13 16:38:06.164333 np0000007232 devstack@neutron-api.service[87664]: INFO neutron.db.ovn_revision_numbers_db [None req-aca516eb-4a43-4d8f-a66f-8363318275a5 admin admin] Successfully bumped revision number for resource 8afe9ed0-73cb-4b41-b9d5-61565224d589 (type: security_group_rules) to 0
Aug 13 16:38:06.165866 np0000007232 devstack@neutron-api.service[87663]: DEBUG neutron_lib.callbacks.manager [None req-e9a3ef13-7567-4862-91e1-bdab62b7069b admin admin] Publish callbacks ['neutron.plugins.ml2.ovo_rpc._ObjectChangeHandler.handle_event-7356565'] for port (835a6005-37bf-4dec-aec8-d2f6283c2213), after_create {{(pid=87663) _notify_loop /opt/stack/data/venv/lib/python3.12/site-packages/neutron_lib/callbacks/manager.py:184}}
Aug 13 16:38:06.173668 np0000007232 devstack@neutron-api.service[87664]: INFO neutron.db.ovn_revision_numbers_db [None req-aca516eb-4a43-4d8f-a66f-8363318275a5 admin admin] Successfully bumped revision number for resource aa643e9b-8545-4147-acef-9438b40f6546 (type: security_group_rules) to 0
Aug 13 16:38:06.183106 np0000007232 devstack@neutron-api.service[87664]: INFO neutron.db.ovn_revision_numbers_db [None req-aca516eb-4a43-4d8f-a66f-8363318275a5 admin admin] Successfully bumped revision number for resource be6200b2-de86-46ff-9f3f-74cbda784511 (type: security_group_rules) to 0
Aug 13 16:38:06.191004 np0000007232 devstack@neutron-api.service[87663]: DEBUG neutron.api.rpc.handlers.resources_rpc [None req-e9a3ef13-7567-4862-91e1-bdab62b7069b admin admin] Pushing event updated for resources: {'Port': ['ID=835a6005-37bf-4dec-aec8-d2f6283c2213,revision_number=1']} {{(pid=87663) push /opt/stack/neutron/neutron/api/rpc/handlers/resources_rpc.py:237}}
Aug 13 16:38:06.195728 np0000007232 devstack@neutron-api.service[87663]: DEBUG neutron.plugins.ml2.drivers.ovn.mech_driver.ovsdb.commands [None req-e9a3ef13-7567-4862-91e1-bdab62b7069b admin admin] Converting tag [] to a tag_request {{(pid=87663) _tag_column_to_tag_request /opt/stack/neutron/neutron/plugins/ml2/drivers/ovn/mech_driver/ovsdb/commands.py:227}}
Aug 13 16:38:06.196448 np0000007232 devstack@neutron-api.service[87663]: DEBUG ovsdbapp.backend.ovs_idl.transaction [None req-66488b3b-2a3f-4547-b40a-d29a4d4398fd None None] Running txn n=1 command(idx=0): AddLSwitchPortCommand(_result=None, lport=835a6005-37bf-4dec-aec8-d2f6283c2213, lswitch=neutron-e63da599-1dca-4749-9b62-0752f211a4d7, may_exist=True, network_uuid=e63da599-1dca-4749-9b62-0752f211a4d7, columns={'addresses': ['fa:16:3e:eb:0d:f1'], 'external_ids': {'neutron:port_name': '', 'neutron:device_id': 'ovnmeta-e63da599-1dca-4749-9b62-0752f211a4d7', 'neutron:project_id': '46bb8b073dc4453b91e8cfad6e498363', 'neutron:cidrs': '', 'neutron:device_owner': 'network:distributed', 'neutron:subnet_pool_addr_scope4': '', 'neutron:subnet_pool_addr_scope6': '', 'neutron:network_name': 'neutron-e63da599-1dca-4749-9b62-0752f211a4d7', 'neutron:security_group_ids': '', 'neutron:revision_number': '1', 'neutron:vnic_type': 'normal', 'neutron:port_capabilities': '', 'neutron:mtu': '1372'}, 'parent_name': [], 'enabled': True, 'options': {}, 'type': 'localport', 'port_security': [], 'dhcpv4_options': [], 'dhcpv6_options': [], 'tag_request': []}) {{(pid=87663) do_commit /opt/stack/data/venv/lib/python3.12/site-packages/ovsdbapp/backend/ovs_idl/transaction.py:89}}
Aug 13 16:38:06.196935 np0000007232 devstack@neutron-api.service[87663]: DEBUG ovsdbapp.backend.ovs_idl.transaction [None req-66488b3b-2a3f-4547-b40a-d29a4d4398fd None None] Running txn n=1 command(idx=1): QoSDelCommand(_result=None, switch=neutron-e63da599-1dca-4749-9b62-0752f211a4d7, conditions=[('direction', '=', 'to-lport'), ('priority', '=', 2002), ('match', '=', 'outport == "835a6005-37bf-4dec-aec8-d2f6283c2213"')], if_exists=True) {{(pid=87663) do_commit /opt/stack/data/venv/lib/python3.12/site-packages/ovsdbapp/backend/ovs_idl/transaction.py:89}}
Aug 13 16:38:06.197171 np0000007232 devstack@neutron-api.service[87663]: DEBUG ovsdbapp.backend.ovs_idl.transaction [None req-66488b3b-2a3f-4547-b40a-d29a4d4398fd None None] Running txn n=1 command(idx=2): QoSDelCommand(_result=None, switch=neutron-e63da599-1dca-4749-9b62-0752f211a4d7, conditions=[('direction', '=', 'from-lport'), ('priority', '=', 2002), ('match', '=', 'inport == "835a6005-37bf-4dec-aec8-d2f6283c2213"')], if_exists=True) {{(pid=87663) do_commit /opt/stack/data/venv/lib/python3.12/site-packages/ovsdbapp/backend/ovs_idl/transaction.py:89}}
Aug 13 16:38:06.201451 np0000007232 devstack@neutron-api.service[87663]: DEBUG neutron.plugins.ml2.drivers.ovn.mech_driver.ovsdb.ovsdb_monitor [None req-66488b3b-2a3f-4547-b40a-d29a4d4398fd None None] Hash Ring: Node 8bfe8abc03545a779146240ac69f91f0 (host: np0000007232) handling event "update" for row e63da599-1dca-4749-9b62-0752f211a4d7 (table: Logical_Switch) {{(pid=87663) notify /opt/stack/neutron/neutron/plugins/ml2/drivers/ovn/mech_driver/ovsdb/ovsdb_monitor.py:1099}}
Aug 13 16:38:06.201597 np0000007232 devstack@neutron-api.service[87663]: DEBUG neutron.plugins.ml2.drivers.ovn.mech_driver.ovsdb.ovsdb_monitor [None req-66488b3b-2a3f-4547-b40a-d29a4d4398fd None None] Hash Ring: Node 8bfe8abc03545a779146240ac69f91f0 (host: np0000007232) handling event "create" for row 164a4a0b-79d9-4106-8fee-b265ee1cbe3a (table: Logical_Switch_Port) {{(pid=87663) notify /opt/stack/neutron/neutron/plugins/ml2/drivers/ovn/mech_driver/ovsdb/ovsdb_monitor.py:1099}}
Aug 13 16:38:06.205881 np0000007232 devstack@neutron-api.service[87663]: DEBUG ovsdbapp.backend.ovs_idl.event [None req-66488b3b-2a3f-4547-b40a-d29a4d4398fd None None] Matched CREATE: LogicalSwitchPortCreateEvent(events=('create',), table='Logical_Switch_Port', conditions=[], old_conditions=None), priority=20 to row=Logical_Switch_Port(uuid=164a4a0b-79d9-4106-8fee-b265ee1cbe3a, addresses=['fa:16:3e:eb:0d:f1'], dhcpv4_options=[], dhcpv6_options=[], dynamic_addresses=[], enabled=True, external_ids={'neutron:cidrs': '', 'neutron:device_id': 'ovnmeta-e63da599-1dca-4749-9b62-0752f211a4d7', 'neutron:device_owner': 'network:distributed', 'neutron:mtu': '1372', 'neutron:network_name': 'neutron-e63da599-1dca-4749-9b62-0752f211a4d7', 'neutron:port_capabilities': '', 'neutron:port_name': '', 'neutron:project_id': '46bb8b073dc4453b91e8cfad6e498363', 'neutron:revision_number': '1', 'neutron:security_group_ids': '', 'neutron:subnet_pool_addr_scope4': '', 'neutron:subnet_pool_addr_scope6': '', 'neutron:vnic_type': 'normal'}, ha_chassis_group=[], mirror_rules=[], name='835a6005-37bf-4dec-aec8-d2f6283c2213', options={}, parent_name=[], port_security=[], tag=[], tag_request=[], type='localport', up=[]) old= {{(pid=87663) matches /opt/stack/data/venv/lib/python3.12/site-packages/ovsdbapp/backend/ovs_idl/event.py:55}}
Aug 13 16:38:06.208219 np0000007232 devstack@neutron-api.service[87663]: INFO neutron.plugins.ml2.drivers.ovn.mech_driver.mech_driver [None req-6e214b3c-be21-4967-9c7a-b34bd6a10dd7 None None] OVN reports status down for port: 835a6005-37bf-4dec-aec8-d2f6283c2213
Aug 13 16:38:06.208525 np0000007232 devstack@neutron-api.service[87665]: DEBUG neutron.plugins.ml2.drivers.ovn.mech_driver.ovsdb.ovsdb_monitor [None req-e9be64d3-7601-4a97-abbe-ef40525b7dbd None None] Hash Ring: Node bb8934fa819852e5aaadcfedf6dcd1eb (host: np0000007232) handling event "create" for row f5d8f6df-a0ba-4e79-b80f-e6f9514ed7d2 (table: Port_Binding) {{(pid=87665) notify /opt/stack/neutron/neutron/plugins/ml2/drivers/ovn/mech_driver/ovsdb/ovsdb_monitor.py:1099}}
Aug 13 16:38:06.208917 np0000007232 devstack@neutron-api.service[87664]: DEBUG neutron.api.rpc.handlers.resources_rpc [None req-aca516eb-4a43-4d8f-a66f-8363318275a5 admin admin] Pushing event updated for resources: {'SecurityGroup': ['ID=0b9c00fb-56c0-4a2c-8bba-c8e1f5dc8b58,revision_number=1']} {{(pid=87664) push /opt/stack/neutron/neutron/api/rpc/handlers/resources_rpc.py:237}}
Aug 13 16:38:06.209913 np0000007232 devstack@neutron-api.service[87663]: DEBUG neutron.plugins.ml2.drivers.ovn.mech_driver.ovsdb.ovsdb_monitor [None req-66488b3b-2a3f-4547-b40a-d29a4d4398fd None None] Hash Ring: Node 8bfe8abc03545a779146240ac69f91f0 (host: np0000007232) handling event "update" for row 164a4a0b-79d9-4106-8fee-b265ee1cbe3a (table: Logical_Switch_Port) {{(pid=87663) notify /opt/stack/neutron/neutron/plugins/ml2/drivers/ovn/mech_driver/ovsdb/ovsdb_monitor.py:1099}}
Aug 13 16:38:06.223724 np0000007232 devstack@neutron-api.service[87665]: DEBUG neutron_lib.callbacks.manager [None req-a4f777bb-3e4f-44c7-8ff6-c38689103841 admin admin] Publish callbacks ['neutron.plugins.ml2.drivers.ovn.mech_driver.mech_driver.OVNMechanismDriver._validate_allowed_address_pairs-195902'] for allowed_address_pair (19088f24-d87f-42c7-b80f-5224da33b8bf), before_create {{(pid=87665) _notify_loop /opt/stack/data/venv/lib/python3.12/site-packages/neutron_lib/callbacks/manager.py:184}}
Aug 13 16:38:06.224255 np0000007232 devstack@neutron-api.service[87665]: DEBUG neutron_lib.callbacks.manager [None req-a4f777bb-3e4f-44c7-8ff6-c38689103841 admin admin] Publish callbacks [] for port (19088f24-d87f-42c7-b80f-5224da33b8bf), precommit_create {{(pid=87665) _notify_loop /opt/stack/data/venv/lib/python3.12/site-packages/neutron_lib/callbacks/manager.py:184}}
Aug 13 16:38:06.224412 np0000007232 devstack@neutron-api.service[87665]: DEBUG neutron.plugins.ml2.drivers.ovn.mech_driver.mech_driver [None req-a4f777bb-3e4f-44c7-8ff6-c38689103841 admin admin] No provisioning block for port 19088f24-d87f-42c7-b80f-5224da33b8bf since it does not have a host {{(pid=87665) _is_port_provisioning_required /opt/stack/neutron/neutron/plugins/ml2/drivers/ovn/mech_driver/mech_driver.py:877}}
Aug 13 16:38:06.224529 np0000007232 devstack@neutron-api.service[87665]: DEBUG neutron.db.ovn_revision_numbers_db [None req-a4f777bb-3e4f-44c7-8ff6-c38689103841 admin admin] create_initial_revision uuid=19088f24-d87f-42c7-b80f-5224da33b8bf, type=ports, rev=-1 {{(pid=87665) create_initial_revision /opt/stack/neutron/neutron/db/ovn_revision_numbers_db.py:98}}
Aug 13 16:38:06.238755 np0000007232 devstack@neutron-api.service[87664]: DEBUG neutron.plugins.ml2.drivers.helpers [None req-aca516eb-4a43-4d8f-a66f-8363318275a5 admin admin] geneve segment allocate from pool success with {'geneve_vni': 34243} {{(pid=87664) allocate_partially_specified_segment /opt/stack/neutron/neutron/plugins/ml2/drivers/helpers.py:142}}
Aug 13 16:38:06.244170 np0000007232 devstack@neutron-api.service[87664]: DEBUG neutron_lib.callbacks.manager [None req-aca516eb-4a43-4d8f-a66f-8363318275a5 admin admin] Publish callbacks ['neutron.plugins.ml2.plugin.Ml2Plugin._handle_segment_change-6635126'] for segment (34e54cfe-4b4d-4a54-8662-5beadecf0ba9), precommit_create {{(pid=87664) _notify_loop /opt/stack/data/venv/lib/python3.12/site-packages/neutron_lib/callbacks/manager.py:184}}
Aug 13 16:38:06.244310 np0000007232 devstack@neutron-api.service[87664]: INFO neutron.db.segments_db [None req-aca516eb-4a43-4d8f-a66f-8363318275a5 admin admin] Added segment 34e54cfe-4b4d-4a54-8662-5beadecf0ba9 of type geneve for network 92e8ec7a-4ea5-40eb-a611-566879b7e79c
Aug 13 16:38:06.252961 np0000007232 devstack@neutron-api.service[87663]: INFO neutron.db.ovn_revision_numbers_db [None req-e9a3ef13-7567-4862-91e1-bdab62b7069b admin admin] Successfully bumped revision number for resource 835a6005-37bf-4dec-aec8-d2f6283c2213 (type: ports) to 1
Aug 13 16:38:06.254398 np0000007232 devstack@neutron-api.service[87664]: DEBUG neutron_lib.callbacks.manager [None req-aca516eb-4a43-4d8f-a66f-8363318275a5 admin admin] Publish callbacks ['neutron.services.auto_allocate.db._ensure_external_network_default_value_callback-7866487418780'] for network (92e8ec7a-4ea5-40eb-a611-566879b7e79c), precommit_create {{(pid=87664) _notify_loop /opt/stack/data/venv/lib/python3.12/site-packages/neutron_lib/callbacks/manager.py:184}}
Aug 13 16:38:06.258309 np0000007232 devstack@neutron-api.service[87665]: DEBUG neutron_lib.callbacks.manager [None req-a4f777bb-3e4f-44c7-8ff6-c38689103841 admin admin] Publish callbacks ['neutron.plugins.ml2.ovo_rpc._ObjectChangeHandler.handle_event-7458918'] for port (19088f24-d87f-42c7-b80f-5224da33b8bf), after_create {{(pid=87665) _notify_loop /opt/stack/data/venv/lib/python3.12/site-packages/neutron_lib/callbacks/manager.py:184}}
Aug 13 16:38:06.260243 np0000007232 devstack@neutron-api.service[87663]: DEBUG neutron.db.provisioning_blocks [None req-6e214b3c-be21-4967-9c7a-b34bd6a10dd7 None None] Transition to ACTIVE for port object 835a6005-37bf-4dec-aec8-d2f6283c2213 will not be triggered until provisioned by entity L2. {{(pid=87663) add_provisioning_component /opt/stack/neutron/neutron/db/provisioning_blocks.py:74}}
Aug 13 16:38:06.262937 np0000007232 devstack@neutron-api.service[87664]: DEBUG neutron.plugins.ml2.drivers.ovn.mech_driver.mech_driver [None req-aca516eb-4a43-4d8f-a66f-8363318275a5 admin admin] Validating network segment with type geneve, segmentation ID 34243, physical network None {{(pid=87664) _validate_network_segments /opt/stack/neutron/neutron/plugins/ml2/drivers/ovn/mech_driver/mech_driver.py:624}}
Aug 13 16:38:06.263125 np0000007232 devstack@neutron-api.service[87664]: DEBUG neutron.db.ovn_revision_numbers_db [None req-aca516eb-4a43-4d8f-a66f-8363318275a5 admin admin] create_initial_revision uuid=92e8ec7a-4ea5-40eb-a611-566879b7e79c, type=networks, rev=-1 {{(pid=87664) create_initial_revision /opt/stack/neutron/neutron/db/ovn_revision_numbers_db.py:98}}
Aug 13 16:38:06.263355 np0000007232 devstack@neutron-api.service[87663]: DEBUG neutron.pecan_wsgi.hooks.policy_enforcement [None req-e9a3ef13-7567-4862-91e1-bdab62b7069b admin admin] Attributes excluded by policy engine: ['standard_attr_id'] {{(pid=87663) _exclude_attributes_by_policy /opt/stack/neutron/neutron/pecan_wsgi/hooks/policy_enforcement.py:259}}
Aug 13 16:38:06.263685 np0000007232 devstack@neutron-api.service[87663]: DEBUG neutron_lib.callbacks.manager [None req-e9a3ef13-7567-4862-91e1-bdab62b7069b admin admin] Publish callbacks [] for network (None), before_response {{(pid=87663) _notify_loop /opt/stack/data/venv/lib/python3.12/site-packages/neutron_lib/callbacks/manager.py:184}}
