Aug 13 16:35:47.447113 np0000007232 devstack@neutron-api.service[87665]: DEBUG neutron.api.wsgi [None req-b25728b1-37e3-4037-90cc-192929325f8f admin admin] Missing Content-Type {{(pid=87665) get_content_type /opt/stack/neutron/neutron/api/wsgi.py:80}}
Aug 13 16:35:47.447523 np0000007232 devstack@neutron-api.service[87665]: DEBUG neutron.api.wsgi [None req-b25728b1-37e3-4037-90cc-192929325f8f admin admin] https://10.4.3.249/networking/v2.0/extensions returned with HTTP 200 {{(pid=87665) __call__ /opt/stack/neutron/neutron/api/wsgi.py:540}}
Aug 13 16:35:47.447840 np0000007232 devstack@neutron-api.service[87665]: [pid: 87665|app: 0|req: 4/12] 10.4.3.249 () {64 vars in 1292 bytes} [Thu Aug 13 16:35:47 2026] GET /networking/v2.0/extensions => generated 16171 bytes in 3 msecs (HTTP/1.1 200) 4 headers in 159 bytes (1 switches on core 0)
Aug 13 16:35:47.694843 np0000007232 devstack@neutron-api.service[87664]: DEBUG neutron.api.wsgi [None req-dae8331e-437c-445f-ae69-565b38667849 admin admin] Missing Content-Type {{(pid=87664) get_content_type /opt/stack/neutron/neutron/api/wsgi.py:80}}
Aug 13 16:35:47.695426 np0000007232 devstack@neutron-api.service[87664]: DEBUG neutron.api.wsgi [None req-dae8331e-437c-445f-ae69-565b38667849 admin admin] https://10.4.3.249/networking/v2.0/extensions returned with HTTP 200 {{(pid=87664) __call__ /opt/stack/neutron/neutron/api/wsgi.py:540}}
Aug 13 16:35:47.695792 np0000007232 devstack@neutron-api.service[87664]: [pid: 87664|app: 0|req: 4/13] 10.4.3.249 () {64 vars in 1292 bytes} [Thu Aug 13 16:35:47 2026] GET /networking/v2.0/extensions => generated 16171 bytes in 3 msecs (HTTP/1.1 200) 4 headers in 159 bytes (1 switches on core 0)
Aug 13 16:35:47.940192 np0000007232 devstack@neutron-api.service[87663]: DEBUG neutron.api.v2.base [None req-76916ef3-897a-457d-bcb2-572eba7d7ccf admin admin] Request body: {'router': {'name': 'router1', 'admin_state_up': True}} {{(pid=87663) prepare_request_body /opt/stack/neutron/neutron/api/v2/base.py:727}}
Aug 13 16:35:47.953055 np0000007232 devstack@neutron-api.service[87663]: DEBUG neutron_lib.callbacks.manager [None req-76916ef3-897a-457d-bcb2-572eba7d7ccf admin admin] Publish callbacks ['neutron.services.ovn_l3.service_providers.driver_controller.DriverController._check_router_request-1660469'] for router (cc64b21c-93b1-4d63-8187-46efeebf7629), before_create {{(pid=87663) _notify_loop /opt/stack/data/venv/lib/python3.12/site-packages/neutron_lib/callbacks/manager.py:184}}
Aug 13 16:35:47.953737 np0000007232 devstack@neutron-api.service[87663]: DEBUG neutron_lib.callbacks.manager [None req-76916ef3-897a-457d-bcb2-572eba7d7ccf admin admin] Publish callbacks ['neutron.services.ovn_l3.service_providers.ovn.OVN_L3_HA_db_mixin._precommit_router_create-126551', 'neutron.services.ovn_l3.plugin.RouterAvailabilityZoneMixin._process_az_request-7365188', 'neutron.services.ovn_l3.plugin.ExtraGatewaysDbOnlyMixin._process_bfd_ecmp_create-1669334', 'neutron.services.ovn_l3.service_providers.ovn.OvnDriver._process_router_create_precommit-126867', 'neutron.services.ovn_l3.service_providers.driver_controller.DriverController._set_router_provider-1660463'] for router (cc64b21c-93b1-4d63-8187-46efeebf7629), precommit_create {{(pid=87663) _notify_loop /opt/stack/data/venv/lib/python3.12/site-packages/neutron_lib/callbacks/manager.py:184}}
Aug 13 16:35:47.964978 np0000007232 devstack@neutron-api.service[87663]: DEBUG neutron.db.ovn_revision_numbers_db [None req-76916ef3-897a-457d-bcb2-572eba7d7ccf admin admin] create_initial_revision uuid=cc64b21c-93b1-4d63-8187-46efeebf7629, type=routers, rev=-1 {{(pid=87663) create_initial_revision /opt/stack/neutron/neutron/db/ovn_revision_numbers_db.py:98}}
Aug 13 16:35:48.030442 np0000007232 devstack@neutron-api.service[87663]: DEBUG neutron_lib.callbacks.manager [None req-76916ef3-897a-457d-bcb2-572eba7d7ccf admin admin] Publish callbacks [] for router_controller (cc64b21c-93b1-4d63-8187-46efeebf7629), precommit_add_association {{(pid=87663) _notify_loop /opt/stack/data/venv/lib/python3.12/site-packages/neutron_lib/callbacks/manager.py:184}}
Aug 13 16:35:48.034125 np0000007232 devstack@neutron-api.service[87663]: DEBUG neutron_lib.callbacks.manager [None req-76916ef3-897a-457d-bcb2-572eba7d7ccf admin admin] Publish callbacks ['neutron.services.ovn_l3.service_providers.ovn.OvnDriver._process_router_create-126531'] for router (cc64b21c-93b1-4d63-8187-46efeebf7629), after_create {{(pid=87663) _notify_loop /opt/stack/data/venv/lib/python3.12/site-packages/neutron_lib/callbacks/manager.py:184}}
Aug 13 16:35:48.034269 np0000007232 devstack@neutron-api.service[87663]: INFO neutron.plugins.ml2.drivers.ovn.mech_driver.ovsdb.extensions.qos [None req-76916ef3-897a-457d-bcb2-572eba7d7ccf admin admin] Starting OVNClientQosExtension
Aug 13 16:35:48.034547 np0000007232 devstack@neutron-api.service[87663]: DEBUG neutron.plugins.ml2.drivers.ovn.mech_driver.ovsdb.extensions.qos [None req-76916ef3-897a-457d-bcb2-572eba7d7ccf admin admin] Router cc64b21c-93b1-4d63-8187-46efeebf7629 does not have ID or gateway assigned {{(pid=87663) update_router /opt/stack/neutron/neutron/plugins/ml2/drivers/ovn/mech_driver/ovsdb/extensions/qos.py:527}}
Aug 13 16:35:48.034867 np0000007232 devstack@neutron-api.service[87663]: DEBUG ovsdbapp.backend.ovs_idl.transaction [-] Running txn n=1 command(idx=0): LrAddCommand(_result=None, router=neutron-cc64b21c-93b1-4d63-8187-46efeebf7629, may_exist=True, columns={'external_ids': {'neutron:router_name': 'router1', 'neutron:revision_number': '1', 'neutron:availability_zone_hints': ''}, 'enabled': True, 'options': {'always_learn_from_arp_request': 'false', 'dynamic_neigh_routers': 'true', 'mac_binding_age_threshold': '300'}}) {{(pid=87663) do_commit /opt/stack/data/venv/lib/python3.12/site-packages/ovsdbapp/backend/ovs_idl/transaction.py:89}}
Aug 13 16:35:48.037462 np0000007232 devstack@neutron-api.service[87663]: DEBUG neutron.plugins.ml2.drivers.ovn.mech_driver.ovsdb.ovsdb_monitor [-] Hash Ring: Node 8bfe8abc03545a779146240ac69f91f0 (host: np0000007232) handling event "create" for row 57a1f9ad-8d89-411e-9e17-8100b55a5454 (table: Logical_Router) {{(pid=87663) notify /opt/stack/neutron/neutron/plugins/ml2/drivers/ovn/mech_driver/ovsdb/ovsdb_monitor.py:1099}}
Aug 13 16:35:48.057599 np0000007232 devstack@neutron-api.service[87663]: DEBUG neutron.plugins.ml2.drivers.ovn.mech_driver.ovsdb.ovsdb_monitor [-] Hash Ring: Node 8bfe8abc03545a779146240ac69f91f0 (host: np0000007232) handling event "create" for row 02e6f56c-dc5a-4aff-b57f-e959376dc8aa (table: Datapath_Binding) {{(pid=87663) notify /opt/stack/neutron/neutron/plugins/ml2/drivers/ovn/mech_driver/ovsdb/ovsdb_monitor.py:1099}}
Aug 13 16:35:48.117445 np0000007232 devstack@neutron-api.service[87663]: INFO neutron.db.ovn_revision_numbers_db [None req-76916ef3-897a-457d-bcb2-572eba7d7ccf admin admin] Successfully bumped revision number for resource cc64b21c-93b1-4d63-8187-46efeebf7629 (type: routers) to 1
Aug 13 16:35:48.126250 np0000007232 devstack@neutron-api.service[87663]: DEBUG neutron_lib.callbacks.manager [None req-76916ef3-897a-457d-bcb2-572eba7d7ccf admin admin] Publish callbacks [] for router (None), before_response {{(pid=87663) _notify_loop /opt/stack/data/venv/lib/python3.12/site-packages/neutron_lib/callbacks/manager.py:184}}
Aug 13 16:35:48.126673 np0000007232 devstack@neutron-api.service[87663]: [pid: 87663|app: 0|req: 6/14] 10.4.3.249 () {68 vars in 1323 bytes} [Thu Aug 13 16:35:47 2026] POST /networking/v2.0/routers => generated 599 bytes in 189 msecs (HTTP/1.1 201) 4 headers in 162 bytes (1 switches on core 0)
Aug 13 16:35:48.370568 np0000007232 devstack@neutron-api.service[87665]: DEBUG neutron.api.wsgi [None req-88a53074-37b1-400a-8fbf-113fb2a3580c admin admin] Missing Content-Type {{(pid=87665) get_content_type /opt/stack/neutron/neutron/api/wsgi.py:80}}
Aug 13 16:35:48.371032 np0000007232 devstack@neutron-api.service[87665]: DEBUG neutron.api.wsgi [None req-88a53074-37b1-400a-8fbf-113fb2a3580c admin admin] https://10.4.3.249/networking/v2.0/extensions returned with HTTP 200 {{(pid=87665) __call__ /opt/stack/neutron/neutron/api/wsgi.py:540}}
Aug 13 16:35:48.371237 np0000007232 devstack@neutron-api.service[87665]: [pid: 87665|app: 0|req: 5/15] 10.4.3.249 () {64 vars in 1292 bytes} [Thu Aug 13 16:35:48 2026] GET /networking/v2.0/extensions => generated 16171 bytes in 3 msecs (HTTP/1.1 200) 4 headers in 159 bytes (1 switches on core 0)
Aug 13 16:35:48.638973 np0000007232 devstack@neutron-api.service[87664]: DEBUG neutron.api.v2.base [None req-e2891358-9e98-4f91-8e73-7d4d67e03f9d admin admin] Request body: {'network': {'router:external': True, 'provider:physical_network': 'public', 'admin_state_up': True, 'is_default': True, 'name': 'public', 'provider:network_type': 'flat'}} {{(pid=87664) prepare_request_body /opt/stack/neutron/neutron/api/v2/base.py:727}}
Aug 13 16:35:48.653548 np0000007232 devstack@neutron-api.service[87664]: DEBUG neutron.pecan_wsgi.hooks.quota_enforcement [None req-e2891358-9e98-4f91-8e73-7d4d67e03f9d admin admin] Made reservation on behalf of 8372cf8a8fc1448caf7b3066d3ce0fa4 for: {'network': 1} {{(pid=87664) before /opt/stack/neutron/neutron/pecan_wsgi/hooks/quota_enforcement.py:66}}
Aug 13 16:35:48.656896 np0000007232 devstack@neutron-api.service[87664]: DEBUG neutron_lib.callbacks.manager [None req-e2891358-9e98-4f91-8e73-7d4d67e03f9d admin admin] Publish callbacks ['neutron.plugins.ml2.plugin.SecurityGroupDbMixin._ensure_default_security_group_handler-1660344'] for network (None), before_create {{(pid=87664) _notify_loop /opt/stack/data/venv/lib/python3.12/site-packages/neutron_lib/callbacks/manager.py:184}}
Aug 13 16:35:48.688169 np0000007232 devstack@neutron-api.service[87664]: DEBUG neutron.plugins.ml2.drivers.type_flat [None req-e2891358-9e98-4f91-8e73-7d4d67e03f9d admin admin] Reserving flat network on physical network public {{(pid=87664) reserve_provider_segment /opt/stack/neutron/neutron/plugins/ml2/drivers/type_flat.py:100}}
Aug 13 16:35:48.700517 np0000007232 devstack@neutron-api.service[87664]: DEBUG neutron_lib.callbacks.manager [None req-e2891358-9e98-4f91-8e73-7d4d67e03f9d admin admin] Publish callbacks ['neutron.services.segments.db._add_segment_host_mapping_for_segment-7866488596524', 'neutron.plugins.ml2.plugin.Ml2Plugin._handle_segment_change-6635126'] for segment (289575f4-5f86-4f05-94c9-272574c711c3), precommit_create {{(pid=87664) _notify_loop /opt/stack/data/venv/lib/python3.12/site-packages/neutron_lib/callbacks/manager.py:184}}
Aug 13 16:35:48.700914 np0000007232 devstack@neutron-api.service[87664]: DEBUG neutron_lib.callbacks.manager [None req-e2891358-9e98-4f91-8e73-7d4d67e03f9d admin admin] Unsubscribe: segment precommit_create {{(pid=87664) unsubscribe /opt/stack/data/venv/lib/python3.12/site-packages/neutron_lib/callbacks/manager.py:90}}
Aug 13 16:35:48.701021 np0000007232 devstack@neutron-api.service[87664]: INFO neutron.db.segments_db [None req-e2891358-9e98-4f91-8e73-7d4d67e03f9d admin admin] Added segment 289575f4-5f86-4f05-94c9-272574c711c3 of type flat for network 9ba14883-5346-40e8-a869-af62fe56f8ac
Aug 13 16:35:48.737508 np0000007232 devstack@neutron-api.service[87664]: DEBUG neutron_lib.callbacks.manager [None req-e2891358-9e98-4f91-8e73-7d4d67e03f9d admin admin] Publish callbacks ['neutron.services.auto_allocate.db._ensure_external_network_default_value_callback-7866487418780'] for network (9ba14883-5346-40e8-a869-af62fe56f8ac), precommit_create {{(pid=87664) _notify_loop /opt/stack/data/venv/lib/python3.12/site-packages/neutron_lib/callbacks/manager.py:184}}
Aug 13 16:35:48.755949 np0000007232 devstack@neutron-api.service[87664]: DEBUG neutron.plugins.ml2.drivers.ovn.mech_driver.mech_driver [None req-e2891358-9e98-4f91-8e73-7d4d67e03f9d admin admin] Validating network segment with type flat, segmentation ID None, physical network public {{(pid=87664) _validate_network_segments /opt/stack/neutron/neutron/plugins/ml2/drivers/ovn/mech_driver/mech_driver.py:624}}
Aug 13 16:35:48.756141 np0000007232 devstack@neutron-api.service[87664]: DEBUG neutron.db.ovn_revision_numbers_db [None req-e2891358-9e98-4f91-8e73-7d4d67e03f9d admin admin] create_initial_revision uuid=9ba14883-5346-40e8-a869-af62fe56f8ac, type=networks, rev=-1 {{(pid=87664) create_initial_revision /opt/stack/neutron/neutron/db/ovn_revision_numbers_db.py:98}}
Aug 13 16:35:48.772566 np0000007232 devstack@neutron-api.service[87664]: DEBUG neutron_lib.callbacks.manager [None req-e2891358-9e98-4f91-8e73-7d4d67e03f9d admin admin] Publish callbacks ['neutron.plugins.ml2.ovo_rpc._ObjectChangeHandler.handle_event-7459150'] for network (9ba14883-5346-40e8-a869-af62fe56f8ac), after_create {{(pid=87664) _notify_loop /opt/stack/data/venv/lib/python3.12/site-packages/neutron_lib/callbacks/manager.py:184}}
Aug 13 16:35:48.819229 np0000007232 devstack@neutron-api.service[87664]: DEBUG neutron.api.rpc.handlers.resources_rpc [None req-e2891358-9e98-4f91-8e73-7d4d67e03f9d admin admin] Pushing event updated for resources: {'Network': ['ID=9ba14883-5346-40e8-a869-af62fe56f8ac,revision_number=1']} {{(pid=87664) push /opt/stack/neutron/neutron/api/rpc/handlers/resources_rpc.py:237}}
Aug 13 16:35:48.824397 np0000007232 devstack@neutron-api.service[87664]: DEBUG neutron.api.rpc.callbacks.version_manager [None req-e2891358-9e98-4f91-8e73-7d4d67e03f9d admin admin] Tracked resource versions report:
Aug 13 16:35:48.824397 np0000007232 devstack@neutron-api.service[87664]: pushed versions:
Aug 13 16:35:48.824397 np0000007232 devstack@neutron-api.service[87664]: { 'AddressGroup': {'1.2'},
Aug 13 16:35:48.824397 np0000007232 devstack@neutron-api.service[87664]: 'Agent': {'1.1'},
Aug 13 16:35:48.824397 np0000007232 devstack@neutron-api.service[87664]: 'ConntrackHelper': {'1.0'},
Aug 13 16:35:48.824397 np0000007232 devstack@neutron-api.service[87664]: 'LocalIPAssociation': {'1.0'},
Aug 13 16:35:48.824397 np0000007232 devstack@neutron-api.service[87664]: 'Log': {'1.0'},
Aug 13 16:35:48.824397 np0000007232 devstack@neutron-api.service[87664]: 'NDPProxy': {'1.0'},
Aug 13 16:35:48.824397 np0000007232 devstack@neutron-api.service[87664]: 'Network': {'1.3'},
Aug 13 16:35:48.824397 np0000007232 devstack@neutron-api.service[87664]: 'Port': {'1.11'},
Aug 13 16:35:48.824397 np0000007232 devstack@neutron-api.service[87664]: 'PortForwarding': {'1.3'},
Aug 13 16:35:48.824397 np0000007232 devstack@neutron-api.service[87664]: 'QosPolicy': {'1.10'},
Aug 13 16:35:48.824397 np0000007232 devstack@neutron-api.service[87664]: 'SecurityGroup': {'1.6'},
Aug 13 16:35:48.824397 np0000007232 devstack@neutron-api.service[87664]: 'SecurityGroupRule': {'1.3'},
Aug 13 16:35:48.824397 np0000007232 devstack@neutron-api.service[87664]: 'SubPort': {'1.0'},
Aug 13 16:35:48.824397 np0000007232 devstack@neutron-api.service[87664]: 'Subnet': {'1.2'},
Aug 13 16:35:48.824397 np0000007232 devstack@neutron-api.service[87664]: 'Trunk': {'1.1'}}
Aug 13 16:35:48.824397 np0000007232 devstack@neutron-api.service[87664]: consumer versions:
Aug 13 16:35:48.824397 np0000007232 devstack@neutron-api.service[87664]: { OVN Controller Gateway agent@np0000007232: {},
Aug 13 16:35:48.824397 np0000007232 devstack@neutron-api.service[87664]: OVN Neutron agent@np0000007232: {}}
Aug 13 16:35:48.824397 np0000007232 devstack@neutron-api.service[87664]: {{(pid=87664) report /opt/stack/neutron/neutron/api/rpc/callbacks/version_manager.py:183}}
Aug 13 16:35:48.840590 np0000007232 devstack@neutron-api.service[87664]: DEBUG ovsdbapp.backend.ovs_idl.transaction [-] Running txn n=1 command(idx=0): AddNetworkCommand(_result=None, network_uuid=9ba14883-5346-40e8-a869-af62fe56f8ac, may_exist=True, columns={'external_ids': {'neutron:network_name': 'public', 'neutron:mtu': '1430', 'neutron:revision_number': '1', 'neutron:availability_zone_hints': '', 'neutron:provnet-network-type': 'flat', 'neutron:provnet-physical-network': 'public'}, 'other_config': {'mcast_snoop': 'false', 'mcast_flood_unregistered': 'false', 'vlan-passthru': 'false', 'fdb_age_threshold': '300', 'broadcast-arps-to-all-routers': 'true'}}) {{(pid=87664) do_commit /opt/stack/data/venv/lib/python3.12/site-packages/ovsdbapp/backend/ovs_idl/transaction.py:89}}
Aug 13 16:35:48.840991 np0000007232 devstack@neutron-api.service[87664]: DEBUG neutron.common.ovn.utils [-] OVS persist_uuid supported=True {{(pid=87664) ovs_persist_uuid_supported /opt/stack/neutron/neutron/common/ovn/utils.py:1565}}
Aug 13 16:35:48.841311 np0000007232 devstack@neutron-api.service[87664]: DEBUG ovsdbapp.backend.ovs_idl.transaction [-] Running txn n=1 command(idx=1): AddLSwitchPortCommand(_result=None, lport=provnet-289575f4-5f86-4f05-94c9-272574c711c3, lswitch=neutron-9ba14883-5346-40e8-a869-af62fe56f8ac, may_exist=True, network_uuid=9ba14883-5346-40e8-a869-af62fe56f8ac, columns={'addresses': ['unknown'], 'external_ids': {'neutron:provnet-physical-network': 'public'}, 'type': 'localnet', 'tag_request': [], 'options': {'network_name': 'public', 'mcast_flood_reports': 'true', 'mcast_flood': 'false', 'localnet_learn_fdb': 'false'}}) {{(pid=87664) do_commit /opt/stack/data/venv/lib/python3.12/site-packages/ovsdbapp/backend/ovs_idl/transaction.py:89}}
Aug 13 16:35:48.844416 np0000007232 devstack@neutron-api.service[87663]: DEBUG neutron.plugins.ml2.drivers.ovn.mech_driver.ovsdb.ovsdb_monitor [-] Hash Ring: Node 8bfe8abc03545a779146240ac69f91f0 (host: np0000007232) handling event "create" for row 9ba14883-5346-40e8-a869-af62fe56f8ac (table: Logical_Switch) {{(pid=87663) notify /opt/stack/neutron/neutron/plugins/ml2/drivers/ovn/mech_driver/ovsdb/ovsdb_monitor.py:1099}}
Aug 13 16:35:48.844702 np0000007232 devstack@neutron-api.service[87663]: DEBUG neutron.plugins.ml2.drivers.ovn.mech_driver.ovsdb.ovsdb_monitor [-] Hash Ring: Node 8bfe8abc03545a779146240ac69f91f0 (host: np0000007232) handling event "create" for row 849b1801-801b-403c-aea4-b35c67900a80 (table: Logical_Switch_Port) {{(pid=87663) notify /opt/stack/neutron/neutron/plugins/ml2/drivers/ovn/mech_driver/ovsdb/ovsdb_monitor.py:1099}}
Aug 13 16:35:48.845205 np0000007232 devstack@neutron-api.service[87663]: DEBUG neutron.plugins.ml2.drivers.ovn.mech_driver.ovsdb.ovsdb_monitor [-] Hash Ring: Node 8bfe8abc03545a779146240ac69f91f0 (host: np0000007232) handling event "update" for row 849b1801-801b-403c-aea4-b35c67900a80 (table: Logical_Switch_Port) {{(pid=87663) notify /opt/stack/neutron/neutron/plugins/ml2/drivers/ovn/mech_driver/ovsdb/ovsdb_monitor.py:1099}}
Aug 13 16:35:48.845350 np0000007232 devstack@neutron-api.service[87664]: DEBUG neutron.plugins.ml2.drivers.ovn.mech_driver.ovsdb.ovsdb_monitor [-] Hash Ring: Node dcc591717d715978bad57a7c81f54ea4 (host: np0000007232) handling event "create" for row 9ba14883-5346-40e8-a869-af62fe56f8ac (table: Logical_Switch) {{(pid=87664) notify /opt/stack/neutron/neutron/plugins/ml2/drivers/ovn/mech_driver/ovsdb/ovsdb_monitor.py:1099}}
Aug 13 16:35:48.852249 np0000007232 devstack@neutron-api.service[87663]: DEBUG neutron.plugins.ml2.drivers.ovn.mech_driver.ovsdb.ovsdb_monitor [-] Hash Ring: Node 8bfe8abc03545a779146240ac69f91f0 (host: np0000007232) handling event "create" for row 819d7ad6-b4ea-4015-8881-2d8276bc56f4 (table: Datapath_Binding) {{(pid=87663) notify /opt/stack/neutron/neutron/plugins/ml2/drivers/ovn/mech_driver/ovsdb/ovsdb_monitor.py:1099}}
Aug 13 16:35:48.852427 np0000007232 devstack@neutron-api.service[87663]: DEBUG neutron.plugins.ml2.drivers.ovn.mech_driver.ovsdb.ovsdb_monitor [-] Hash Ring: Node 8bfe8abc03545a779146240ac69f91f0 (host: np0000007232) handling event "create" for row 70711d1a-d0e8-49a9-9712-a3f0f0cc8116 (table: Port_Binding) {{(pid=87663) notify /opt/stack/neutron/neutron/plugins/ml2/drivers/ovn/mech_driver/ovsdb/ovsdb_monitor.py:1099}}
Aug 13 16:35:48.859459 np0000007232 devstack@neutron-api.service[87664]: DEBUG neutron.plugins.ml2.drivers.ovn.mech_driver.ovsdb.ovsdb_monitor [-] Hash Ring: Node dcc591717d715978bad57a7c81f54ea4 (host: np0000007232) handling event "create" for row 819d7ad6-b4ea-4015-8881-2d8276bc56f4 (table: Datapath_Binding) {{(pid=87664) notify /opt/stack/neutron/neutron/plugins/ml2/drivers/ovn/mech_driver/ovsdb/ovsdb_monitor.py:1099}}
Aug 13 16:35:48.861739 np0000007232 devstack@neutron-api.service[87664]: DEBUG neutron.plugins.ml2.drivers.ovn.mech_driver.ovsdb.ovsdb_monitor [-] Hash Ring: Node dcc591717d715978bad57a7c81f54ea4 (host: np0000007232) handling event "create" for row 70711d1a-d0e8-49a9-9712-a3f0f0cc8116 (table: Port_Binding) {{(pid=87664) notify /opt/stack/neutron/neutron/plugins/ml2/drivers/ovn/mech_driver/ovsdb/ovsdb_monitor.py:1099}}
Aug 13 16:35:48.878043 np0000007232 devstack@neutron-api.service[87664]: INFO neutron.db.ovn_revision_numbers_db [None req-e2891358-9e98-4f91-8e73-7d4d67e03f9d admin admin] Successfully bumped revision number for resource 9ba14883-5346-40e8-a869-af62fe56f8ac (type: networks) to 1
Aug 13 16:35:49.105491 np0000007232 devstack@neutron-api.service[87664]: DEBUG neutron_lib.callbacks.manager [None req-e2891358-9e98-4f91-8e73-7d4d67e03f9d admin admin] Publish callbacks ['neutron.plugins.ml2.plugin.SecurityGroupDbMixin._ensure_default_security_group_handler-1660344'] for port (None), before_create {{(pid=87664) _notify_loop /opt/stack/data/venv/lib/python3.12/site-packages/neutron_lib/callbacks/manager.py:184}}
Aug 13 16:35:49.194259 np0000007232 devstack@neutron-api.service[87664]: DEBUG neutron_lib.callbacks.manager [None req-e2891358-9e98-4f91-8e73-7d4d67e03f9d admin admin] Publish callbacks ['neutron.plugins.ml2.drivers.ovn.mech_driver.mech_driver.OVNMechanismDriver._validate_allowed_address_pairs-194017'] for allowed_address_pair (43795596-3b70-453e-8298-2b6530580717), before_create {{(pid=87664) _notify_loop /opt/stack/data/venv/lib/python3.12/site-packages/neutron_lib/callbacks/manager.py:184}}
Aug 13 16:35:49.194757 np0000007232 devstack@neutron-api.service[87664]: DEBUG neutron_lib.callbacks.manager [None req-e2891358-9e98-4f91-8e73-7d4d67e03f9d admin admin] Publish callbacks [] for port (43795596-3b70-453e-8298-2b6530580717), precommit_create {{(pid=87664) _notify_loop /opt/stack/data/venv/lib/python3.12/site-packages/neutron_lib/callbacks/manager.py:184}}
Aug 13 16:35:49.194940 np0000007232 devstack@neutron-api.service[87664]: DEBUG neutron.plugins.ml2.drivers.ovn.mech_driver.mech_driver [None req-e2891358-9e98-4f91-8e73-7d4d67e03f9d admin admin] No provisioning block for port 43795596-3b70-453e-8298-2b6530580717 since it does not have a host {{(pid=87664) _is_port_provisioning_required /opt/stack/neutron/neutron/plugins/ml2/drivers/ovn/mech_driver/mech_driver.py:877}}
Aug 13 16:35:49.195106 np0000007232 devstack@neutron-api.service[87664]: DEBUG neutron.db.ovn_revision_numbers_db [None req-e2891358-9e98-4f91-8e73-7d4d67e03f9d admin admin] create_initial_revision uuid=43795596-3b70-453e-8298-2b6530580717, type=ports, rev=-1 {{(pid=87664) create_initial_revision /opt/stack/neutron/neutron/db/ovn_revision_numbers_db.py:98}}
Aug 13 16:35:49.251643 np0000007232 devstack@neutron-api.service[87664]: DEBUG neutron_lib.callbacks.manager [None req-e2891358-9e98-4f91-8e73-7d4d67e03f9d admin admin] Publish callbacks ['neutron.plugins.ml2.ovo_rpc._ObjectChangeHandler.handle_event-7458998'] for port (43795596-3b70-453e-8298-2b6530580717), after_create {{(pid=87664) _notify_loop /opt/stack/data/venv/lib/python3.12/site-packages/neutron_lib/callbacks/manager.py:184}}
Aug 13 16:35:49.301199 np0000007232 devstack@neutron-api.service[87664]: DEBUG neutron.api.rpc.handlers.resources_rpc [None req-e2891358-9e98-4f91-8e73-7d4d67e03f9d admin admin] Pushing event updated for resources: {'Port': ['ID=43795596-3b70-453e-8298-2b6530580717,revision_number=1']} {{(pid=87664) push /opt/stack/neutron/neutron/api/rpc/handlers/resources_rpc.py:237}}
Aug 13 16:35:49.345333 np0000007232 devstack@neutron-api.service[87664]: DEBUG neutron.plugins.ml2.drivers.ovn.mech_driver.ovsdb.commands [None req-e2891358-9e98-4f91-8e73-7d4d67e03f9d admin admin] Converting tag [] to a tag_request {{(pid=87664) _tag_column_to_tag_request /opt/stack/neutron/neutron/plugins/ml2/drivers/ovn/mech_driver/ovsdb/commands.py:227}}
Aug 13 16:35:49.346171 np0000007232 devstack@neutron-api.service[87664]: DEBUG ovsdbapp.backend.ovs_idl.transaction [-] Running txn n=1 command(idx=0): AddLSwitchPortCommand(_result=None, lport=43795596-3b70-453e-8298-2b6530580717, lswitch=neutron-9ba14883-5346-40e8-a869-af62fe56f8ac, may_exist=True, network_uuid=9ba14883-5346-40e8-a869-af62fe56f8ac, columns={'addresses': ['fa:16:3e:8e:41:68'], 'external_ids': {'neutron:port_name': '', 'neutron:device_id': 'ovnmeta-9ba14883-5346-40e8-a869-af62fe56f8ac', 'neutron:project_id': '8372cf8a8fc1448caf7b3066d3ce0fa4', 'neutron:cidrs': '', 'neutron:device_owner': 'network:distributed', 'neutron:subnet_pool_addr_scope4': '', 'neutron:subnet_pool_addr_scope6': '', 'neutron:network_name': 'neutron-9ba14883-5346-40e8-a869-af62fe56f8ac', 'neutron:security_group_ids': '', 'neutron:revision_number': '1', 'neutron:vnic_type': 'normal', 'neutron:port_capabilities': '', 'neutron:mtu': '1430'}, 'parent_name': [], 'enabled': True, 'options': {}, 'type': 'localport', 'port_security': [], 'dhcpv4_options': [], 'dhcpv6_options': [], 'tag_request': []}) {{(pid=87664) do_commit /opt/stack/data/venv/lib/python3.12/site-packages/ovsdbapp/backend/ovs_idl/transaction.py:89}}
Aug 13 16:35:49.346704 np0000007232 devstack@neutron-api.service[87664]: DEBUG ovsdbapp.backend.ovs_idl.transaction [-] Running txn n=1 command(idx=1): QoSDelCommand(_result=None, switch=neutron-9ba14883-5346-40e8-a869-af62fe56f8ac, conditions=[('direction', '=', 'to-lport'), ('priority', '=', 2002), ('match', '=', 'outport == "43795596-3b70-453e-8298-2b6530580717"')], if_exists=True) {{(pid=87664) do_commit /opt/stack/data/venv/lib/python3.12/site-packages/ovsdbapp/backend/ovs_idl/transaction.py:89}}
Aug 13 16:35:49.346907 np0000007232 devstack@neutron-api.service[87664]: DEBUG ovsdbapp.backend.ovs_idl.transaction [-] Running txn n=1 command(idx=2): QoSDelCommand(_result=None, switch=neutron-9ba14883-5346-40e8-a869-af62fe56f8ac, conditions=[('direction', '=', 'from-lport'), ('priority', '=', 2002), ('match', '=', 'inport == "43795596-3b70-453e-8298-2b6530580717"')], if_exists=True) {{(pid=87664) do_commit /opt/stack/data/venv/lib/python3.12/site-packages/ovsdbapp/backend/ovs_idl/transaction.py:89}}
Aug 13 16:35:49.347101 np0000007232 devstack@neutron-api.service[87664]: DEBUG ovsdbapp.backend.ovs_idl.transaction [-] Running txn n=1 command(idx=3): UpdateLSwitchPortQosOptionsCommand(_result=None, lport=AddLSwitchPortCommand(_result=4e86dbe4-25e6-4a2d-aa00-f1e2ff80239f, lport=43795596-3b70-453e-8298-2b6530580717, lswitch=neutron-9ba14883-5346-40e8-a869-af62fe56f8ac, may_exist=True, network_uuid=9ba14883-5346-40e8-a869-af62fe56f8ac, columns={'addresses': ['fa:16:3e:8e:41:68'], 'external_ids': {'neutron:port_name': '', 'neutron:device_id': 'ovnmeta-9ba14883-5346-40e8-a869-af62fe56f8ac', 'neutron:project_id': '8372cf8a8fc1448caf7b3066d3ce0fa4', 'neutron:cidrs': '', 'neutron:device_owner': 'network:distributed', 'neutron:subnet_pool_addr_scope4': '', 'neutron:subnet_pool_addr_scope6': '', 'neutron:network_name': 'neutron-9ba14883-5346-40e8-a869-af62fe56f8ac', 'neutron:security_group_ids': '', 'neutron:revision_number': '1', 'neutron:vnic_type': 'normal', 'neutron:port_capabilities': '', 'neutron:mtu': '1430'}, 'parent_name': [], 'enabled': True, 'options': {}, 'type': 'localport', 'port_security': [], 'tag_request': []}), if_exists=True, qos={'qos_max_rate': None, 'qos_burst': None, 'qos_min_rate': None}) {{(pid=87664) do_commit /opt/stack/data/venv/lib/python3.12/site-packages/ovsdbapp/backend/ovs_idl/transaction.py:89}}
Aug 13 16:35:49.350154 np0000007232 devstack@neutron-api.service[87663]: DEBUG neutron.plugins.ml2.drivers.ovn.mech_driver.ovsdb.ovsdb_monitor [-] Hash Ring: Node 8bfe8abc03545a779146240ac69f91f0 (host: np0000007232) handling event "update" for row 9ba14883-5346-40e8-a869-af62fe56f8ac (table: Logical_Switch) {{(pid=87663) notify /opt/stack/neutron/neutron/plugins/ml2/drivers/ovn/mech_driver/ovsdb/ovsdb_monitor.py:1099}}
Aug 13 16:35:49.350283 np0000007232 devstack@neutron-api.service[87664]: DEBUG neutron.plugins.ml2.drivers.ovn.mech_driver.ovsdb.ovsdb_monitor [-] Hash Ring: Node dcc591717d715978bad57a7c81f54ea4 (host: np0000007232) handling event "update" for row 9ba14883-5346-40e8-a869-af62fe56f8ac (table: Logical_Switch) {{(pid=87664) notify /opt/stack/neutron/neutron/plugins/ml2/drivers/ovn/mech_driver/ovsdb/ovsdb_monitor.py:1099}}
Aug 13 16:35:49.350351 np0000007232 devstack@neutron-api.service[87663]: DEBUG neutron.plugins.ml2.drivers.ovn.mech_driver.ovsdb.ovsdb_monitor [-] Hash Ring: Node 8bfe8abc03545a779146240ac69f91f0 (host: np0000007232) handling event "create" for row bedef084-3f72-4379-b7c5-07e71ff6d805 (table: Logical_Switch_Port) {{(pid=87663) notify /opt/stack/neutron/neutron/plugins/ml2/drivers/ovn/mech_driver/ovsdb/ovsdb_monitor.py:1099}}
Aug 13 16:35:49.351294 np0000007232 devstack@neutron-api.service[87663]: DEBUG ovsdbapp.backend.ovs_idl.event [-] Matched CREATE: LogicalSwitchPortCreateEvent(events=('create',), table='Logical_Switch_Port', conditions=[], old_conditions=None), priority=20 to row=Logical_Switch_Port(uuid=bedef084-3f72-4379-b7c5-07e71ff6d805, addresses=['fa:16:3e:8e:41:68'], dhcpv4_options=[], dhcpv6_options=[], dynamic_addresses=[], enabled=True, external_ids={'neutron:cidrs': '', 'neutron:device_id': 'ovnmeta-9ba14883-5346-40e8-a869-af62fe56f8ac', 'neutron:device_owner': 'network:distributed', 'neutron:mtu': '1430', 'neutron:network_name': 'neutron-9ba14883-5346-40e8-a869-af62fe56f8ac', 'neutron:port_capabilities': '', 'neutron:port_name': '', 'neutron:project_id': '8372cf8a8fc1448caf7b3066d3ce0fa4', 'neutron:revision_number': '1', 'neutron:security_group_ids': '', 'neutron:subnet_pool_addr_scope4': '', 'neutron:subnet_pool_addr_scope6': '', 'neutron:vnic_type': 'normal'}, ha_chassis_group=[], mirror_rules=[], name='43795596-3b70-453e-8298-2b6530580717', options={}, parent_name=[], port_security=[], tag=[], tag_request=[], type='localport', up=[]) old= {{(pid=87663) matches /opt/stack/data/venv/lib/python3.12/site-packages/ovsdbapp/backend/ovs_idl/event.py:55}}
Aug 13 16:35:49.351418 np0000007232 devstack@neutron-api.service[87665]: DEBUG neutron.plugins.ml2.drivers.ovn.mech_driver.ovsdb.ovsdb_monitor [-] Hash Ring: Node bb8934fa819852e5aaadcfedf6dcd1eb (host: np0000007232) handling event "create" for row bedef084-3f72-4379-b7c5-07e71ff6d805 (table: Logical_Switch_Port) {{(pid=87665) notify /opt/stack/neutron/neutron/plugins/ml2/drivers/ovn/mech_driver/ovsdb/ovsdb_monitor.py:1099}}
Aug 13 16:35:49.352450 np0000007232 devstack@neutron-api.service[87663]: DEBUG neutron.plugins.ml2.drivers.ovn.mech_driver.ovsdb.ovsdb_monitor [-] Hash Ring: Node 8bfe8abc03545a779146240ac69f91f0 (host: np0000007232) handling event "update" for row bedef084-3f72-4379-b7c5-07e71ff6d805 (table: Logical_Switch_Port) {{(pid=87663) notify /opt/stack/neutron/neutron/plugins/ml2/drivers/ovn/mech_driver/ovsdb/ovsdb_monitor.py:1099}}
Aug 13 16:35:49.352629 np0000007232 devstack@neutron-api.service[87665]: DEBUG ovsdbapp.backend.ovs_idl.event [-] Matched CREATE: LogicalSwitchPortCreateEvent(events=('create',), table='Logical_Switch_Port', conditions=[], old_conditions=None), priority=20 to row=Logical_Switch_Port(uuid=bedef084-3f72-4379-b7c5-07e71ff6d805, addresses=['fa:16:3e:8e:41:68'], dhcpv4_options=[], dhcpv6_options=[], dynamic_addresses=[], enabled=True, external_ids={'neutron:cidrs': '', 'neutron:device_id': 'ovnmeta-9ba14883-5346-40e8-a869-af62fe56f8ac', 'neutron:device_owner': 'network:distributed', 'neutron:mtu': '1430', 'neutron:network_name': 'neutron-9ba14883-5346-40e8-a869-af62fe56f8ac', 'neutron:port_capabilities': '', 'neutron:port_name': '', 'neutron:project_id': '8372cf8a8fc1448caf7b3066d3ce0fa4', 'neutron:revision_number': '1', 'neutron:security_group_ids': '', 'neutron:subnet_pool_addr_scope4': '', 'neutron:subnet_pool_addr_scope6': '', 'neutron:vnic_type': 'normal'}, ha_chassis_group=[], mirror_rules=[], name='43795596-3b70-453e-8298-2b6530580717', options={}, parent_name=[], port_security=[], tag=[], tag_request=[], type='localport', up=[]) old= {{(pid=87665) matches /opt/stack/data/venv/lib/python3.12/site-packages/ovsdbapp/backend/ovs_idl/event.py:55}}
Aug 13 16:35:49.353271 np0000007232 devstack@neutron-api.service[87665]: INFO neutron.plugins.ml2.drivers.ovn.mech_driver.mech_driver [-] OVN reports status down for port: 43795596-3b70-453e-8298-2b6530580717
Aug 13 16:35:49.354169 np0000007232 devstack@neutron-api.service[87663]: INFO neutron.plugins.ml2.drivers.ovn.mech_driver.mech_driver [None req-cf1046ab-a3cf-4140-ad3f-e257444a433e None None] OVN reports status down for port: 43795596-3b70-453e-8298-2b6530580717
Aug 13 16:35:49.355916 np0000007232 devstack@neutron-api.service[87665]: DEBUG neutron.plugins.ml2.drivers.ovn.mech_driver.ovsdb.ovsdb_monitor [-] Hash Ring: Node bb8934fa819852e5aaadcfedf6dcd1eb (host: np0000007232) handling event "update" for row bedef084-3f72-4379-b7c5-07e71ff6d805 (table: Logical_Switch_Port) {{(pid=87665) notify /opt/stack/neutron/neutron/plugins/ml2/drivers/ovn/mech_driver/ovsdb/ovsdb_monitor.py:1099}}
Aug 13 16:35:49.356092 np0000007232 devstack@neutron-api.service[87663]: DEBUG neutron.plugins.ml2.drivers.ovn.mech_driver.ovsdb.ovsdb_monitor [-] Hash Ring: Node 8bfe8abc03545a779146240ac69f91f0 (host: np0000007232) handling event "create" for row 75f3c23b-f267-41bf-ad74-034a09477d6e (table: Port_Binding) {{(pid=87663) notify /opt/stack/neutron/neutron/plugins/ml2/drivers/ovn/mech_driver/ovsdb/ovsdb_monitor.py:1099}}
Aug 13 16:35:49.357191 np0000007232 devstack@neutron-api.service[87665]: DEBUG neutron.plugins.ml2.drivers.ovn.mech_driver.ovsdb.ovsdb_monitor [-] Hash Ring: Node bb8934fa819852e5aaadcfedf6dcd1eb (host: np0000007232) handling event "create" for row 75f3c23b-f267-41bf-ad74-034a09477d6e (table: Port_Binding) {{(pid=87665) notify /opt/stack/neutron/neutron/plugins/ml2/drivers/ovn/mech_driver/ovsdb/ovsdb_monitor.py:1099}}
Aug 13 16:35:49.378246 np0000007232 devstack@neutron-api.service[87663]: DEBUG neutron.db.provisioning_blocks [None req-cf1046ab-a3cf-4140-ad3f-e257444a433e None None] Transition to ACTIVE for port object 43795596-3b70-453e-8298-2b6530580717 will not be triggered until provisioned by entity L2. {{(pid=87663) add_provisioning_component /opt/stack/neutron/neutron/db/provisioning_blocks.py:74}}
Aug 13 16:35:49.393683 np0000007232 devstack@neutron-api.service[87664]: INFO neutron.db.ovn_revision_numbers_db [None req-e2891358-9e98-4f91-8e73-7d4d67e03f9d admin admin] Successfully bumped revision number for resource 43795596-3b70-453e-8298-2b6530580717 (type: ports) to 1
Aug 13 16:35:49.402732 np0000007232 devstack@neutron-api.service[87663]: DEBUG neutron.plugins.ml2.plugin [None req-cf1046ab-a3cf-4140-ad3f-e257444a433e None None] Current status of the port 43795596-3b70-453e-8298-2b6530580717 is: DOWN; New status is: DOWN {{(pid=87663) _update_individual_port_db_status /opt/stack/neutron/neutron/plugins/ml2/plugin.py:2473}}
Aug 13 16:35:49.403451 np0000007232 devstack@neutron-api.service[87664]: DEBUG neutron.pecan_wsgi.hooks.policy_enforcement [None req-e2891358-9e98-4f91-8e73-7d4d67e03f9d admin admin] Attributes excluded by policy engine: ['standard_attr_id'] {{(pid=87664) _exclude_attributes_by_policy /opt/stack/neutron/neutron/pecan_wsgi/hooks/policy_enforcement.py:259}}
Aug 13 16:35:49.403741 np0000007232 devstack@neutron-api.service[87663]: DEBUG ovsdbapp.backend.ovs_idl.transaction [-] Running txn n=1 command(idx=0): DbRemoveCommand(_result=None, table=Logical_Switch_Port, record=43795596-3b70-453e-8298-2b6530580717, column=external_ids, values=('neutron:host_id',), keyvalues={}, if_exists=True) {{(pid=87663) do_commit /opt/stack/data/venv/lib/python3.12/site-packages/ovsdbapp/backend/ovs_idl/transaction.py:89}}
Aug 13 16:35:49.403784 np0000007232 devstack@neutron-api.service[87664]: DEBUG neutron_lib.callbacks.manager [None req-e2891358-9e98-4f91-8e73-7d4d67e03f9d admin admin] Publish callbacks [] for network (None), before_response {{(pid=87664) _notify_loop /opt/stack/data/venv/lib/python3.12/site-packages/neutron_lib/callbacks/manager.py:184}}
Aug 13 16:35:49.411734 np0000007232 devstack@neutron-api.service[87664]: [pid: 87664|app: 0|req: 5/16] 10.4.3.249 () {68 vars in 1327 bytes} [Thu Aug 13 16:35:48 2026] POST /networking/v2.0/networks => generated 679 bytes in 775 msecs (HTTP/1.1 201) 4 headers in 162 bytes (1 switches on core 0)
Aug 13 16:35:49.415054 np0000007232 devstack@neutron-api.service[87665]: DEBUG neutron.db.provisioning_blocks [None req-fbfbc0e3-e46d-49e2-b5c3-2978e8701afd None None] Ignored duplicate provisioning block setup for port 43795596-3b70-453e-8298-2b6530580717 by entity L2. {{(pid=87665) add_provisioning_component /opt/stack/neutron/neutron/db/provisioning_blocks.py:69}}
Aug 13 16:35:49.444191 np0000007232 devstack@neutron-api.service[87665]: DEBUG neutron.plugins.ml2.plugin [None req-fbfbc0e3-e46d-49e2-b5c3-2978e8701afd None None] Current status of the port 43795596-3b70-453e-8298-2b6530580717 is: DOWN; New status is: DOWN {{(pid=87665) _update_individual_port_db_status /opt/stack/neutron/neutron/plugins/ml2/plugin.py:2473}}
Aug 13 16:35:49.444786 np0000007232 devstack@neutron-api.service[87665]: INFO neutron.plugins.ml2.drivers.ovn.mech_driver.ovsdb.extensions.qos [None req-fbfbc0e3-e46d-49e2-b5c3-2978e8701afd None None] Starting OVNClientQosExtension
Aug 13 16:35:49.444883 np0000007232 devstack@neutron-api.service[87665]: INFO neutron.plugins.ml2.drivers.ovn.mech_driver.ovsdb.extensions.placement [None req-fbfbc0e3-e46d-49e2-b5c3-2978e8701afd None None] Starting OVNClientPlacementExtension
Aug 13 16:35:49.445770 np0000007232 devstack@neutron-api.service[87665]: DEBUG ovsdbapp.backend.ovs_idl.transaction [-] Running txn n=1 command(idx=0): DbRemoveCommand(_result=None, table=Logical_Switch_Port, record=43795596-3b70-453e-8298-2b6530580717, column=external_ids, values=('neutron:host_id',), keyvalues={}, if_exists=True) {{(pid=87665) do_commit /opt/stack/data/venv/lib/python3.12/site-packages/ovsdbapp/backend/ovs_idl/transaction.py:89}}
Aug 13 16:35:49.633308 np0000007232 devstack@neutron-api.service[87663]: DEBUG neutron.pecan_wsgi.hooks.policy_enforcement [None req-4576ff89-cbaf-428c-8480-b5b1ecd6fb1b admin admin] Attributes excluded by policy engine: ['standard_attr_id', 'shared'] {{(pid=87663) _exclude_attributes_by_policy /opt/stack/neutron/neutron/pecan_wsgi/hooks/policy_enforcement.py:259}}
Aug 13 16:35:49.634334 np0000007232 devstack@neutron-api.service[87663]: [pid: 87663|app: 0|req: 7/17] 10.4.3.249 () {64 vars in 1381 bytes} [Thu Aug 13 16:35:49 2026] GET /networking/v2.0/subnets/01bda917-e6ec-44c5-930d-4996bed350fc => generated 666 bytes in 19 msecs (HTTP/1.1 200) 4 headers in 157 bytes (1 switches on core 0)
Aug 13 16:35:49.645241 np0000007232 devstack@neutron-api.service[87665]: DEBUG neutron.api.wsgi [None req-4ee4c43e-6544-4c0a-a8cd-46d723953a1d admin admin] Missing Content-Type {{(pid=87665) get_content_type /opt/stack/neutron/neutron/api/wsgi.py:80}}
Aug 13 16:35:49.902465 np0000007232 devstack@neutron-api.service[87665]: [pid: 87665|app: 0|req: 6/18] 10.4.3.249 () {64 vars in 1381 bytes} [Thu Aug 13 16:35:49 2026] GET /networking/v2.0/routers/cc64b21c-93b1-4d63-8187-46efeebf7629 => generated 599 bytes in 259 msecs (HTTP/1.1 200) 4 headers in 157 bytes (1 switches on core 0)
Aug 13 16:35:50.032045 np0000007232 devstack@neutron-api.service[87664]: DEBUG neutron_lib.callbacks.manager [None req-401132e9-d098-4f9d-8fee-c1146900701c admin admin] Publish callbacks ['neutron.plugins.ml2.plugin.SecurityGroupDbMixin._ensure_default_security_group_handler-1660344'] for port (None), before_create {{(pid=87664) _notify_loop /opt/stack/data/venv/lib/python3.12/site-packages/neutron_lib/callbacks/manager.py:184}}
Aug 13 16:35:50.120939 np0000007232 devstack@neutron-api.service[87664]: DEBUG neutron.db.db_base_plugin_common [None req-401132e9-d098-4f9d-8fee-c1146900701c admin admin] Allocated IP 10.1.0.1 (998c470f-7806-48e5-87eb-876795b5ceb1/01bda917-e6ec-44c5-930d-4996bed350fc/d6f26387-cf2a-4083-8b71-c64a5b9250b5) {{(pid=87664) _store_ip_allocation /opt/stack/neutron/neutron/db/db_base_plugin_common.py:131}}
Aug 13 16:35:50.174380 np0000007232 devstack@neutron-api.service[87664]: DEBUG neutron_lib.callbacks.manager [None req-401132e9-d098-4f9d-8fee-c1146900701c admin admin] Publish callbacks ['neutron.plugins.ml2.drivers.ovn.mech_driver.mech_driver.OVNMechanismDriver._validate_allowed_address_pairs-194017'] for allowed_address_pair (d6f26387-cf2a-4083-8b71-c64a5b9250b5), before_create {{(pid=87664) _notify_loop /opt/stack/data/venv/lib/python3.12/site-packages/neutron_lib/callbacks/manager.py:184}}
Aug 13 16:35:50.174870 np0000007232 devstack@neutron-api.service[87664]: DEBUG neutron_lib.callbacks.manager [None req-401132e9-d098-4f9d-8fee-c1146900701c admin admin] Publish callbacks [] for port (d6f26387-cf2a-4083-8b71-c64a5b9250b5), precommit_create {{(pid=87664) _notify_loop /opt/stack/data/venv/lib/python3.12/site-packages/neutron_lib/callbacks/manager.py:184}}
Aug 13 16:35:50.175100 np0000007232 devstack@neutron-api.service[87664]: DEBUG neutron.plugins.ml2.drivers.ovn.mech_driver.mech_driver [None req-401132e9-d098-4f9d-8fee-c1146900701c admin admin] No provisioning block for port d6f26387-cf2a-4083-8b71-c64a5b9250b5 since it does not have a host {{(pid=87664) _is_port_provisioning_required /opt/stack/neutron/neutron/plugins/ml2/drivers/ovn/mech_driver/mech_driver.py:877}}
Aug 13 16:35:50.175240 np0000007232 devstack@neutron-api.service[87664]: DEBUG neutron.db.ovn_revision_numbers_db [None req-401132e9-d098-4f9d-8fee-c1146900701c admin admin] create_initial_revision uuid=d6f26387-cf2a-4083-8b71-c64a5b9250b5, type=ports, rev=-1 {{(pid=87664) create_initial_revision /opt/stack/neutron/neutron/db/ovn_revision_numbers_db.py:98}}
Aug 13 16:35:50.232468 np0000007232 devstack@neutron-api.service[87664]: DEBUG neutron.db.ovn_revision_numbers_db [None req-401132e9-d098-4f9d-8fee-c1146900701c admin admin] create_initial_revision uuid=d6f26387-cf2a-4083-8b71-c64a5b9250b5, type=router_ports, rev=-1 {{(pid=87664) create_initial_revision /opt/stack/neutron/neutron/db/ovn_revision_numbers_db.py:98}}
Aug 13 16:35:50.253312 np0000007232 devstack@neutron-api.service[87664]: DEBUG neutron_lib.callbacks.manager [None req-401132e9-d098-4f9d-8fee-c1146900701c admin admin] Publish callbacks ['neutron.plugins.ml2.ovo_rpc._ObjectChangeHandler.handle_event-7458998'] for port (d6f26387-cf2a-4083-8b71-c64a5b9250b5), after_create {{(pid=87664) _notify_loop /opt/stack/data/venv/lib/python3.12/site-packages/neutron_lib/callbacks/manager.py:184}}
Aug 13 16:35:50.273221 np0000007232 devstack@neutron-api.service[87664]: DEBUG neutron.api.rpc.handlers.resources_rpc [None req-401132e9-d098-4f9d-8fee-c1146900701c admin admin] Pushing event updated for resources: {'Port': ['ID=d6f26387-cf2a-4083-8b71-c64a5b9250b5,revision_number=1']} {{(pid=87664) push /opt/stack/neutron/neutron/api/rpc/handlers/resources_rpc.py:237}}
Aug 13 16:35:50.323105 np0000007232 devstack@neutron-api.service[87664]: DEBUG neutron.plugins.ml2.drivers.ovn.mech_driver.ovsdb.commands [None req-401132e9-d098-4f9d-8fee-c1146900701c admin admin] Converting tag [] to a tag_request {{(pid=87664) _tag_column_to_tag_request /opt/stack/neutron/neutron/plugins/ml2/drivers/ovn/mech_driver/ovsdb/commands.py:227}}
Aug 13 16:35:50.323833 np0000007232 devstack@neutron-api.service[87664]: DEBUG ovsdbapp.backend.ovs_idl.transaction [-] Running txn n=1 command(idx=0): AddLSwitchPortCommand(_result=None, lport=d6f26387-cf2a-4083-8b71-c64a5b9250b5, lswitch=neutron-998c470f-7806-48e5-87eb-876795b5ceb1, may_exist=True, network_uuid=998c470f-7806-48e5-87eb-876795b5ceb1, columns={'addresses': ['unknown'], 'external_ids': {'neutron:port_name': '', 'neutron:device_id': 'cc64b21c-93b1-4d63-8187-46efeebf7629', 'neutron:project_id': '8372cf8a8fc1448caf7b3066d3ce0fa4', 'neutron:cidrs': '10.1.0.1/26', 'neutron:device_owner': 'network:router_interface', 'neutron:subnet_pool_addr_scope4': '', 'neutron:subnet_pool_addr_scope6': '', 'neutron:network_name': 'neutron-998c470f-7806-48e5-87eb-876795b5ceb1', 'neutron:security_group_ids': '', 'neutron:revision_number': '1', 'neutron:vnic_type': 'normal', 'neutron:port_capabilities': '', 'neutron:mtu': ''}, 'parent_name': [], 'enabled': True, 'options': {}, 'type': '', 'port_security': [], 'dhcpv4_options': [], 'dhcpv6_options': [], 'tag_request': []}) {{(pid=87664) do_commit /opt/stack/data/venv/lib/python3.12/site-packages/ovsdbapp/backend/ovs_idl/transaction.py:89}}
Aug 13 16:35:50.324338 np0000007232 devstack@neutron-api.service[87664]: DEBUG ovsdbapp.backend.ovs_idl.transaction [-] Running txn n=1 command(idx=1): QoSDelCommand(_result=None, switch=neutron-998c470f-7806-48e5-87eb-876795b5ceb1, conditions=[('direction', '=', 'to-lport'), ('priority', '=', 2002), ('match', '=', 'outport == "d6f26387-cf2a-4083-8b71-c64a5b9250b5"')], if_exists=True) {{(pid=87664) do_commit /opt/stack/data/venv/lib/python3.12/site-packages/ovsdbapp/backend/ovs_idl/transaction.py:89}}
Aug 13 16:35:50.324497 np0000007232 devstack@neutron-api.service[87664]: DEBUG ovsdbapp.backend.ovs_idl.transaction [-] Running txn n=1 command(idx=2): QoSDelCommand(_result=None, switch=neutron-998c470f-7806-48e5-87eb-876795b5ceb1, conditions=[('direction', '=', 'from-lport'), ('priority', '=', 2002), ('match', '=', 'inport == "d6f26387-cf2a-4083-8b71-c64a5b9250b5"')], if_exists=True) {{(pid=87664) do_commit /opt/stack/data/venv/lib/python3.12/site-packages/ovsdbapp/backend/ovs_idl/transaction.py:89}}
Aug 13 16:35:50.327400 np0000007232 devstack@neutron-api.service[87663]: DEBUG neutron.plugins.ml2.drivers.ovn.mech_driver.ovsdb.ovsdb_monitor [-] Hash Ring: Node 8bfe8abc03545a779146240ac69f91f0 (host: np0000007232) handling event "update" for row 998c470f-7806-48e5-87eb-876795b5ceb1 (table: Logical_Switch) {{(pid=87663) notify /opt/stack/neutron/neutron/plugins/ml2/drivers/ovn/mech_driver/ovsdb/ovsdb_monitor.py:1099}}
Aug 13 16:35:50.327756 np0000007232 devstack@neutron-api.service[87663]: DEBUG neutron.plugins.ml2.drivers.ovn.mech_driver.ovsdb.ovsdb_monitor [-] Hash Ring: Node 8bfe8abc03545a779146240ac69f91f0 (host: np0000007232) handling event "create" for row 38431965-48e9-4429-8a0f-6306b82c1956 (table: Logical_Switch_Port) {{(pid=87663) notify /opt/stack/neutron/neutron/plugins/ml2/drivers/ovn/mech_driver/ovsdb/ovsdb_monitor.py:1099}}
Aug 13 16:35:50.328917 np0000007232 devstack@neutron-api.service[87663]: DEBUG ovsdbapp.backend.ovs_idl.event [-] Matched CREATE: LogicalSwitchPortCreateEvent(events=('create',), table='Logical_Switch_Port', conditions=[], old_conditions=None), priority=20 to row=Logical_Switch_Port(uuid=38431965-48e9-4429-8a0f-6306b82c1956, addresses=['unknown'], dhcpv4_options=[], dhcpv6_options=[], dynamic_addresses=[], enabled=True, external_ids={'neutron:cidrs': '10.1.0.1/26', 'neutron:device_id': 'cc64b21c-93b1-4d63-8187-46efeebf7629', 'neutron:device_owner': 'network:router_interface', 'neutron:mtu': '', 'neutron:network_name': 'neutron-998c470f-7806-48e5-87eb-876795b5ceb1', 'neutron:port_capabilities': '', 'neutron:port_name': '', 'neutron:project_id': '8372cf8a8fc1448caf7b3066d3ce0fa4', 'neutron:revision_number': '1', 'neutron:security_group_ids': '', 'neutron:subnet_pool_addr_scope4': '', 'neutron:subnet_pool_addr_scope6': '', 'neutron:vnic_type': 'normal'}, ha_chassis_group=[], mirror_rules=[], name='d6f26387-cf2a-4083-8b71-c64a5b9250b5', options={}, parent_name=[], port_security=[], tag=[], tag_request=[], type='', up=[]) old= {{(pid=87663) matches /opt/stack/data/venv/lib/python3.12/site-packages/ovsdbapp/backend/ovs_idl/event.py:55}}
Aug 13 16:35:50.329940 np0000007232 devstack@neutron-api.service[87665]: DEBUG neutron.plugins.ml2.drivers.ovn.mech_driver.ovsdb.ovsdb_monitor [-] Hash Ring: Node bb8934fa819852e5aaadcfedf6dcd1eb (host: np0000007232) handling event "create" for row 38431965-48e9-4429-8a0f-6306b82c1956 (table: Logical_Switch_Port) {{(pid=87665) notify /opt/stack/neutron/neutron/plugins/ml2/drivers/ovn/mech_driver/ovsdb/ovsdb_monitor.py:1099}}
Aug 13 16:35:50.331462 np0000007232 devstack@neutron-api.service[87663]: DEBUG neutron.plugins.ml2.drivers.ovn.mech_driver.ovsdb.ovsdb_monitor [-] Hash Ring: Node 8bfe8abc03545a779146240ac69f91f0 (host: np0000007232) handling event "create" for row eb971d07-0058-42c6-b253-c2f7cd6902f0 (table: Port_Binding) {{(pid=87663) notify /opt/stack/neutron/neutron/plugins/ml2/drivers/ovn/mech_driver/ovsdb/ovsdb_monitor.py:1099}}
Aug 13 16:35:50.331841 np0000007232 devstack@neutron-api.service[87663]: DEBUG neutron.plugins.ml2.drivers.ovn.mech_driver.ovsdb.ovsdb_monitor [-] Hash Ring: Node 8bfe8abc03545a779146240ac69f91f0 (host: np0000007232) handling event "update" for row 38431965-48e9-4429-8a0f-6306b82c1956 (table: Logical_Switch_Port) {{(pid=87663) notify /opt/stack/neutron/neutron/plugins/ml2/drivers/ovn/mech_driver/ovsdb/ovsdb_monitor.py:1099}}
