Jul 30 15:01:14.442995 np0000006140 devstack@g-api.service[99791]: DEBUG glance_store.backend [-] Attempting to import store http {{(pid=99791) _load_store /opt/stack/data/venv/lib/python3.12/site-packages/glance_store/backend.py:215}}
Jul 30 15:01:14.443191 np0000006140 devstack@g-api.service[99791]: DEBUG glance_store.capabilities [-] Store glance_store._drivers.http.Store doesn't support updating dynamic storage capabilities. Please overwrite 'update_capabilities' method of the store to implement updating logics if needed. {{(pid=99791) update_capabilities /opt/stack/data/venv/lib/python3.12/site-packages/glance_store/capabilities.py:91}}
Jul 30 15:01:14.443247 np0000006140 devstack@g-api.service[99791]: DEBUG glance_store.backend [-] Registering store http with schemes ('http', 'https') {{(pid=99791) create_stores /opt/stack/data/venv/lib/python3.12/site-packages/glance_store/backend.py:261}}
Jul 30 15:01:14.443299 np0000006140 devstack@g-api.service[99791]: DEBUG glance_store.driver [-] Late loading location class glance_store._drivers.http.StoreLocation {{(pid=99791) get_store_location_class /opt/stack/data/venv/lib/python3.12/site-packages/glance_store/driver.py:134}}
Jul 30 15:01:14.443365 np0000006140 devstack@g-api.service[99791]: DEBUG glance_store.location [-] Registering scheme http with {'store': , 'location_class': , 'store_entry': 'http'} {{(pid=99791) register_scheme_map /opt/stack/data/venv/lib/python3.12/site-packages/glance_store/location.py:146}}
Jul 30 15:01:14.443417 np0000006140 devstack@g-api.service[99791]: DEBUG glance_store.location [-] Registering scheme https with {'store': , 'location_class': , 'store_entry': 'http'} {{(pid=99791) register_scheme_map /opt/stack/data/venv/lib/python3.12/site-packages/glance_store/location.py:146}}
Jul 30 15:01:14.443466 np0000006140 devstack@g-api.service[99791]: DEBUG glance_store.backend [-] Attempting to import store file {{(pid=99791) _load_store /opt/stack/data/venv/lib/python3.12/site-packages/glance_store/backend.py:215}}
Jul 30 15:01:14.443897 np0000006140 devstack@g-api.service[99791]: DEBUG glance_store.capabilities [-] Store glance_store._drivers.filesystem.Store doesn't support updating dynamic storage capabilities. Please overwrite 'update_capabilities' method of the store to implement updating logics if needed. {{(pid=99791) update_capabilities /opt/stack/data/venv/lib/python3.12/site-packages/glance_store/capabilities.py:91}}
Jul 30 15:01:14.443947 np0000006140 devstack@g-api.service[99791]: DEBUG glance_store.backend [-] Registering store file with schemes ('file', 'filesystem') {{(pid=99791) create_stores /opt/stack/data/venv/lib/python3.12/site-packages/glance_store/backend.py:261}}
Jul 30 15:01:14.444023 np0000006140 devstack@g-api.service[99791]: DEBUG glance_store.driver [-] Late loading location class glance_store._drivers.filesystem.StoreLocation {{(pid=99791) get_store_location_class /opt/stack/data/venv/lib/python3.12/site-packages/glance_store/driver.py:134}}
Jul 30 15:01:14.444096 np0000006140 devstack@g-api.service[99791]: DEBUG glance_store.location [-] Registering scheme file with {'store': , 'location_class': , 'store_entry': 'file'} {{(pid=99791) register_scheme_map /opt/stack/data/venv/lib/python3.12/site-packages/glance_store/location.py:146}}
Jul 30 15:01:14.444167 np0000006140 devstack@g-api.service[99791]: DEBUG glance_store.location [-] Registering scheme filesystem with {'store': , 'location_class': , 'store_entry': 'file'} {{(pid=99791) register_scheme_map /opt/stack/data/venv/lib/python3.12/site-packages/glance_store/location.py:146}}
Jul 30 15:01:14.444285 np0000006140 devstack@g-api.service[99791]: DEBUG glance_store.backend [-] Attempting to import store swift {{(pid=99791) _load_store /opt/stack/data/venv/lib/python3.12/site-packages/glance_store/backend.py:215}}
Jul 30 15:01:14.445307 np0000006140 devstack@g-api.service[99791]: DEBUG glance_store.capabilities [-] Store glance_store._drivers.swift.store.SingleTenantStore doesn't support updating dynamic storage capabilities. Please overwrite 'update_capabilities' method of the store to implement updating logics if needed. {{(pid=99791) update_capabilities /opt/stack/data/venv/lib/python3.12/site-packages/glance_store/capabilities.py:91}}
Jul 30 15:01:14.445465 np0000006140 devstack@g-api.service[99791]: DEBUG glance_store.driver [-] Late loading location class glance_store._drivers.swift.store.StoreLocation {{(pid=99791) get_store_location_class /opt/stack/data/venv/lib/python3.12/site-packages/glance_store/driver.py:134}}
Jul 30 15:01:14.445525 np0000006140 devstack@g-api.service[99791]: DEBUG glance_store.location [-] Registering scheme swift+https with {'store': , 'location_class': , 'store_entry': 'swift'} {{(pid=99791) register_scheme_map /opt/stack/data/venv/lib/python3.12/site-packages/glance_store/location.py:146}}
Jul 30 15:01:14.445577 np0000006140 devstack@g-api.service[99791]: DEBUG glance_store.location [-] Registering scheme swift+https with {'store': , 'location_class': , 'store_entry': 'swift'} {{(pid=99791) register_scheme_map /opt/stack/data/venv/lib/python3.12/site-packages/glance_store/location.py:146}}
Jul 30 15:01:14.445664 np0000006140 devstack@g-api.service[99791]: DEBUG glance_store.location [-] Registering scheme swift with {'store': , 'location_class': , 'store_entry': 'swift'} {{(pid=99791) register_scheme_map /opt/stack/data/venv/lib/python3.12/site-packages/glance_store/location.py:146}}
Jul 30 15:01:14.445715 np0000006140 devstack@g-api.service[99791]: DEBUG glance_store.location [-] Registering scheme swift+https with {'store': , 'location_class': , 'store_entry': 'swift'} {{(pid=99791) register_scheme_map /opt/stack/data/venv/lib/python3.12/site-packages/glance_store/location.py:146}}
Jul 30 15:01:14.445764 np0000006140 devstack@g-api.service[99791]: DEBUG glance_store.location [-] Registering scheme swift with {'store': , 'location_class': , 'store_entry': 'swift'} {{(pid=99791) register_scheme_map /opt/stack/data/venv/lib/python3.12/site-packages/glance_store/location.py:146}}
Jul 30 15:01:14.445812 np0000006140 devstack@g-api.service[99791]: DEBUG glance_store.location [-] Registering scheme swift+http with {'store': , 'location_class': , 'store_entry': 'swift'} {{(pid=99791) register_scheme_map /opt/stack/data/venv/lib/python3.12/site-packages/glance_store/location.py:146}}
Jul 30 15:01:14.445863 np0000006140 devstack@g-api.service[99791]: DEBUG glance_store.location [-] Registering scheme swift+https with {'store': , 'location_class': , 'store_entry': 'swift'} {{(pid=99791) register_scheme_map /opt/stack/data/venv/lib/python3.12/site-packages/glance_store/location.py:146}}
Jul 30 15:01:14.445909 np0000006140 devstack@g-api.service[99791]: DEBUG glance_store.location [-] Registering scheme swift with {'store': , 'location_class': , 'store_entry': 'swift'} {{(pid=99791) register_scheme_map /opt/stack/data/venv/lib/python3.12/site-packages/glance_store/location.py:146}}
Jul 30 15:01:14.445959 np0000006140 devstack@g-api.service[99791]: DEBUG glance_store.location [-] Registering scheme swift+http with {'store': , 'location_class': , 'store_entry': 'swift'} {{(pid=99791) register_scheme_map /opt/stack/data/venv/lib/python3.12/site-packages/glance_store/location.py:146}}
Jul 30 15:01:14.446033 np0000006140 devstack@g-api.service[99791]: DEBUG glance_store.location [-] Registering scheme swift+config with {'store': , 'location_class': , 'store_entry': 'swift'} {{(pid=99791) register_scheme_map /opt/stack/data/venv/lib/python3.12/site-packages/glance_store/location.py:146}}
Jul 30 15:01:14.446303 np0000006140 devstack@g-api.service[99791]: DEBUG glance.sqlite_migration [-] SQLite caching database not located, skipping migration {{(pid=99791) get_db_path /opt/stack/glance/glance/sqlite_migration.py:68}}
Jul 30 15:01:14.446483 np0000006140 devstack@g-api.service[99791]: WARNING glance.common.wsgi_app [-] Import methods are enabled but staging directory /tmp/staging/ does not exist; Imports will fail!
Jul 30 15:01:14.532718 np0000006140 devstack@g-api.service[99793]: DEBUG glance.common.config [None req-f63fb80b-88fc-4550-a1cb-e1a22beffc96 None None] Loading glance-api-keystone+cachemanagement from /etc/glance/glance-api-paste.ini {{(pid=99793) load_paste_app /opt/stack/glance/glance/common/config.py:765}}
Jul 30 15:01:14.537448 np0000006140 devstack@g-api.service[99792]: DEBUG glance.common.config [None req-a3e5b7ce-207a-41da-97fb-1894cf517995 None None] Loading glance-api-keystone+cachemanagement from /etc/glance/glance-api-paste.ini {{(pid=99792) load_paste_app /opt/stack/glance/glance/common/config.py:765}}
Jul 30 15:01:14.577575 np0000006140 devstack@g-api.service[99791]: DEBUG glance.common.config [None req-e279ffe2-76fd-4549-aea2-cacb26dc23ba None None] Loading glance-api-keystone+cachemanagement from /etc/glance/glance-api-paste.ini {{(pid=99791) load_paste_app /opt/stack/glance/glance/common/config.py:765}}
Jul 30 15:01:15.117295 np0000006140 devstack@g-api.service[99791]: INFO glance.image_cache [None req-e279ffe2-76fd-4549-aea2-cacb26dc23ba None None] Image cache loaded driver 'centralized_db'.
Jul 30 15:01:15.117746 np0000006140 devstack@g-api.service[99792]: INFO glance.image_cache [None req-a3e5b7ce-207a-41da-97fb-1894cf517995 None None] Image cache loaded driver 'centralized_db'.
Jul 30 15:01:15.118316 np0000006140 devstack@g-api.service[99793]: INFO glance.image_cache [None req-f63fb80b-88fc-4550-a1cb-e1a22beffc96 None None] Image cache loaded driver 'centralized_db'.
Jul 30 15:01:15.163864 np0000006140 devstack@g-api.service[99792]: INFO dbcounter [None req-a3e5b7ce-207a-41da-97fb-1894cf517995 None None] Registered counter for database glance
Jul 30 15:01:15.164473 np0000006140 devstack@g-api.service[99793]: INFO dbcounter [None req-f63fb80b-88fc-4550-a1cb-e1a22beffc96 None None] Registered counter for database glance
Jul 30 15:01:15.165394 np0000006140 devstack@g-api.service[99791]: INFO dbcounter [None req-e279ffe2-76fd-4549-aea2-cacb26dc23ba None None] Registered counter for database glance
Jul 30 15:01:15.200697 np0000006140 devstack@g-api.service[99792]: DEBUG oslo_db.sqlalchemy.engines [None req-a3e5b7ce-207a-41da-97fb-1894cf517995 None None] MySQL server mode set to STRICT_TRANS_TABLES,STRICT_ALL_TABLES,NO_ZERO_IN_DATE,NO_ZERO_DATE,ERROR_FOR_DIVISION_BY_ZERO,TRADITIONAL,NO_ENGINE_SUBSTITUTION {{(pid=99792) _check_effective_sql_mode /opt/stack/data/venv/lib/python3.12/site-packages/oslo_db/sqlalchemy/engines.py:325}}
Jul 30 15:01:15.203919 np0000006140 devstack@g-api.service[99793]: DEBUG oslo_db.sqlalchemy.engines [None req-f63fb80b-88fc-4550-a1cb-e1a22beffc96 None None] MySQL server mode set to STRICT_TRANS_TABLES,STRICT_ALL_TABLES,NO_ZERO_IN_DATE,NO_ZERO_DATE,ERROR_FOR_DIVISION_BY_ZERO,TRADITIONAL,NO_ENGINE_SUBSTITUTION {{(pid=99793) _check_effective_sql_mode /opt/stack/data/venv/lib/python3.12/site-packages/oslo_db/sqlalchemy/engines.py:325}}
Jul 30 15:01:15.206988 np0000006140 devstack@g-api.service[99791]: DEBUG oslo_db.sqlalchemy.engines [None req-e279ffe2-76fd-4549-aea2-cacb26dc23ba None None] MySQL server mode set to STRICT_TRANS_TABLES,STRICT_ALL_TABLES,NO_ZERO_IN_DATE,NO_ZERO_DATE,ERROR_FOR_DIVISION_BY_ZERO,TRADITIONAL,NO_ENGINE_SUBSTITUTION {{(pid=99791) _check_effective_sql_mode /opt/stack/data/venv/lib/python3.12/site-packages/oslo_db/sqlalchemy/engines.py:325}}
Jul 30 15:01:15.221708 np0000006140 devstack@g-api.service[99792]: DEBUG dbcounter [-] [99792] Writer thread running {{(pid=99792) stat_writer /opt/stack/data/venv/lib/python3.12/site-packages/dbcounter.py:102}}
Jul 30 15:01:15.224928 np0000006140 devstack@g-api.service[99793]: DEBUG dbcounter [-] [99793] Writer thread running {{(pid=99793) stat_writer /opt/stack/data/venv/lib/python3.12/site-packages/dbcounter.py:102}}
Jul 30 15:01:15.228981 np0000006140 devstack@g-api.service[99793]: DEBUG glance.image_cache.drivers.centralized_db [None req-f63fb80b-88fc-4550-a1cb-e1a22beffc96 None None] Node reference is already recorded, ignoring it {{(pid=99793) configure /opt/stack/glance/glance/image_cache/drivers/centralized_db.py:71}}
Jul 30 15:01:15.229725 np0000006140 devstack@g-api.service[99791]: DEBUG dbcounter [-] [99791] Writer thread running {{(pid=99791) stat_writer /opt/stack/data/venv/lib/python3.12/site-packages/dbcounter.py:102}}
Jul 30 15:01:15.232416 np0000006140 devstack@g-api.service[99791]: DEBUG glance.image_cache.drivers.centralized_db [None req-e279ffe2-76fd-4549-aea2-cacb26dc23ba None None] Node reference is already recorded, ignoring it {{(pid=99791) configure /opt/stack/glance/glance/image_cache/drivers/centralized_db.py:71}}
Jul 30 15:01:15.237223 np0000006140 devstack@g-api.service[99793]: INFO glance.image_cache [None req-f63fb80b-88fc-4550-a1cb-e1a22beffc96 None None] Image cache loaded driver 'centralized_db'.
Jul 30 15:01:15.237785 np0000006140 devstack@g-api.service[99791]: INFO glance.image_cache [None req-e279ffe2-76fd-4549-aea2-cacb26dc23ba None None] Image cache loaded driver 'centralized_db'.
Jul 30 15:01:15.248945 np0000006140 devstack@g-api.service[99791]: DEBUG glance.image_cache.drivers.centralized_db [None req-e279ffe2-76fd-4549-aea2-cacb26dc23ba None None] Node reference is already recorded, ignoring it {{(pid=99791) configure /opt/stack/glance/glance/image_cache/drivers/centralized_db.py:71}}
Jul 30 15:01:15.315152 np0000006140 devstack@g-api.service[99792]: INFO glance.image_cache [None req-a3e5b7ce-207a-41da-97fb-1894cf517995 None None] Image cache loaded driver 'centralized_db'.
Jul 30 15:01:15.323443 np0000006140 devstack@g-api.service[99792]: DEBUG glance.image_cache.drivers.centralized_db [None req-a3e5b7ce-207a-41da-97fb-1894cf517995 None None] Node reference is already recorded, ignoring it {{(pid=99792) configure /opt/stack/glance/glance/image_cache/drivers/centralized_db.py:71}}
Jul 30 15:01:15.326647 np0000006140 devstack@g-api.service[99793]: DEBUG glance.image_cache.drivers.centralized_db [None req-f63fb80b-88fc-4550-a1cb-e1a22beffc96 None None] Node reference is already recorded, ignoring it {{(pid=99793) configure /opt/stack/glance/glance/image_cache/drivers/centralized_db.py:71}}
Jul 30 15:01:15.327909 np0000006140 devstack@g-api.service[99792]: DEBUG glance.api.v2.cached_images [None req-a3e5b7ce-207a-41da-97fb-1894cf517995 None None] Started cache worker thread {{(pid=99792) __init__ /opt/stack/glance/glance/api/v2/cached_images.py:71}}
Jul 30 15:01:15.328571 np0000006140 devstack@g-api.service[99792]: INFO glance.image_cache [None req-a3e5b7ce-207a-41da-97fb-1894cf517995 None None] Image cache loaded driver 'centralized_db'.
Jul 30 15:01:15.331221 np0000006140 devstack@g-api.service[99793]: DEBUG glance.api.v2.cached_images [None req-f63fb80b-88fc-4550-a1cb-e1a22beffc96 None None] Started cache worker thread {{(pid=99793) __init__ /opt/stack/glance/glance/api/v2/cached_images.py:71}}
Jul 30 15:01:15.331810 np0000006140 devstack@g-api.service[99793]: INFO glance.image_cache [None req-f63fb80b-88fc-4550-a1cb-e1a22beffc96 None None] Image cache loaded driver 'centralized_db'.
Jul 30 15:01:15.335160 np0000006140 devstack@g-api.service[99792]: DEBUG glance.image_cache.drivers.centralized_db [None req-a3e5b7ce-207a-41da-97fb-1894cf517995 None None] Node reference is already recorded, ignoring it {{(pid=99792) configure /opt/stack/glance/glance/image_cache/drivers/centralized_db.py:71}}
Jul 30 15:01:15.337992 np0000006140 devstack@g-api.service[99793]: DEBUG glance.image_cache.drivers.centralized_db [None req-f63fb80b-88fc-4550-a1cb-e1a22beffc96 None None] Node reference is already recorded, ignoring it {{(pid=99793) configure /opt/stack/glance/glance/image_cache/drivers/centralized_db.py:71}}
Jul 30 15:01:15.339245 np0000006140 devstack@g-api.service[99792]: INFO glance.api.middleware.cache_manage [None req-a3e5b7ce-207a-41da-97fb-1894cf517995 None None] Initialized image cache management middleware
Jul 30 15:01:15.339372 np0000006140 devstack@g-api.service[99792]: INFO glance.image_cache [None req-a3e5b7ce-207a-41da-97fb-1894cf517995 None None] Image cache loaded driver 'centralized_db'.
Jul 30 15:01:15.342374 np0000006140 devstack@g-api.service[99793]: INFO glance.api.middleware.cache_manage [None req-f63fb80b-88fc-4550-a1cb-e1a22beffc96 None None] Initialized image cache management middleware
Jul 30 15:01:15.342527 np0000006140 devstack@g-api.service[99793]: INFO glance.image_cache [None req-f63fb80b-88fc-4550-a1cb-e1a22beffc96 None None] Image cache loaded driver 'centralized_db'.
Jul 30 15:01:15.345368 np0000006140 devstack@g-api.service[99792]: DEBUG glance.image_cache.drivers.centralized_db [None req-a3e5b7ce-207a-41da-97fb-1894cf517995 None None] Node reference is already recorded, ignoring it {{(pid=99792) configure /opt/stack/glance/glance/image_cache/drivers/centralized_db.py:71}}
Jul 30 15:01:15.345964 np0000006140 devstack@g-api.service[99791]: DEBUG glance.api.v2.cached_images [None req-e279ffe2-76fd-4549-aea2-cacb26dc23ba None None] Started cache worker thread {{(pid=99791) __init__ /opt/stack/glance/glance/api/v2/cached_images.py:71}}
Jul 30 15:01:15.346785 np0000006140 devstack@g-api.service[99791]: INFO glance.image_cache [None req-e279ffe2-76fd-4549-aea2-cacb26dc23ba None None] Image cache loaded driver 'centralized_db'.
Jul 30 15:01:15.349456 np0000006140 devstack@g-api.service[99792]: INFO glance.api.middleware.cache [None req-a3e5b7ce-207a-41da-97fb-1894cf517995 None None] Initialized image cache middleware
Jul 30 15:01:15.351847 np0000006140 devstack@g-api.service[99793]: DEBUG glance.image_cache.drivers.centralized_db [None req-f63fb80b-88fc-4550-a1cb-e1a22beffc96 None None] Node reference is already recorded, ignoring it {{(pid=99793) configure /opt/stack/glance/glance/image_cache/drivers/centralized_db.py:71}}
Jul 30 15:01:15.355303 np0000006140 devstack@g-api.service[99791]: DEBUG glance.image_cache.drivers.centralized_db [None req-e279ffe2-76fd-4549-aea2-cacb26dc23ba None None] Node reference is already recorded, ignoring it {{(pid=99791) configure /opt/stack/glance/glance/image_cache/drivers/centralized_db.py:71}}
Jul 30 15:01:15.356125 np0000006140 devstack@g-api.service[99793]: INFO glance.api.middleware.cache [None req-f63fb80b-88fc-4550-a1cb-e1a22beffc96 None None] Initialized image cache middleware
Jul 30 15:01:15.359059 np0000006140 devstack@g-api.service[99792]: DEBUG glance.common.config [None req-a3e5b7ce-207a-41da-97fb-1894cf517995 None None] ******************************************************************************** {{(pid=99792) log_opt_values /opt/stack/data/venv/lib/python3.12/site-packages/oslo_config/cfg.py:3226}}
Jul 30 15:01:15.359146 np0000006140 devstack@g-api.service[99792]: DEBUG glance.common.config [None req-a3e5b7ce-207a-41da-97fb-1894cf517995 None None] Configuration options gathered from: {{(pid=99792) log_opt_values /opt/stack/data/venv/lib/python3.12/site-packages/oslo_config/cfg.py:3227}}
Jul 30 15:01:15.359392 np0000006140 devstack@g-api.service[99792]: DEBUG glance.common.config [None req-a3e5b7ce-207a-41da-97fb-1894cf517995 None None] command line args: [] {{(pid=99792) log_opt_values /opt/stack/data/venv/lib/python3.12/site-packages/oslo_config/cfg.py:3228}}
Jul 30 15:01:15.359519 np0000006140 devstack@g-api.service[99792]: DEBUG glance.common.config [None req-a3e5b7ce-207a-41da-97fb-1894cf517995 None None] config files: ['/etc/glance/glance-image-import.conf', '/etc/glance/glance-api.conf'] {{(pid=99792) log_opt_values /opt/stack/data/venv/lib/python3.12/site-packages/oslo_config/cfg.py:3229}}
Jul 30 15:01:15.359607 np0000006140 devstack@g-api.service[99792]: DEBUG glance.common.config [None req-a3e5b7ce-207a-41da-97fb-1894cf517995 None None] ================================================================================ {{(pid=99792) log_opt_values /opt/stack/data/venv/lib/python3.12/site-packages/oslo_config/cfg.py:3234}}
Jul 30 15:01:15.359734 np0000006140 devstack@g-api.service[99792]: DEBUG glance.common.config [None req-a3e5b7ce-207a-41da-97fb-1894cf517995 None None] allow_anonymous_access = False {{(pid=99792) log_opt_values /opt/stack/data/venv/lib/python3.12/site-packages/oslo_config/cfg.py:3242}}
Jul 30 15:01:15.359779 np0000006140 devstack@g-api.service[99791]: INFO glance.api.middleware.cache_manage [None req-e279ffe2-76fd-4549-aea2-cacb26dc23ba None None] Initialized image cache management middleware
Jul 30 15:01:15.359832 np0000006140 devstack@g-api.service[99792]: DEBUG glance.common.config [None req-a3e5b7ce-207a-41da-97fb-1894cf517995 None None] api_limit_max = 1000 {{(pid=99792) log_opt_values /opt/stack/data/venv/lib/python3.12/site-packages/oslo_config/cfg.py:3242}}
Jul 30 15:01:15.359911 np0000006140 devstack@g-api.service[99791]: INFO glance.image_cache [None req-e279ffe2-76fd-4549-aea2-cacb26dc23ba None None] Image cache loaded driver 'centralized_db'.
Jul 30 15:01:15.359939 np0000006140 devstack@g-api.service[99792]: DEBUG glance.common.config [None req-a3e5b7ce-207a-41da-97fb-1894cf517995 None None] config_dir = [] {{(pid=99792) log_opt_values /opt/stack/data/venv/lib/python3.12/site-packages/oslo_config/cfg.py:3242}}
Jul 30 15:01:15.359994 np0000006140 devstack@g-api.service[99792]: DEBUG glance.common.config [None req-a3e5b7ce-207a-41da-97fb-1894cf517995 None None] config_file = ['/etc/glance/glance-image-import.conf', '/etc/glance/glance-api.conf'] {{(pid=99792) log_opt_values /opt/stack/data/venv/lib/python3.12/site-packages/oslo_config/cfg.py:3242}}
Jul 30 15:01:15.360085 np0000006140 devstack@g-api.service[99792]: DEBUG glance.common.config [None req-a3e5b7ce-207a-41da-97fb-1894cf517995 None None] config_source = [] {{(pid=99792) log_opt_values /opt/stack/data/venv/lib/python3.12/site-packages/oslo_config/cfg.py:3242}}
Jul 30 15:01:15.360189 np0000006140 devstack@g-api.service[99792]: DEBUG glance.common.config [None req-a3e5b7ce-207a-41da-97fb-1894cf517995 None None] control_exchange = glance {{(pid=99792) log_opt_values /opt/stack/data/venv/lib/python3.12/site-packages/oslo_config/cfg.py:3242}}
Jul 30 15:01:15.360258 np0000006140 devstack@g-api.service[99792]: DEBUG glance.common.config [None req-a3e5b7ce-207a-41da-97fb-1894cf517995 None None] debug = True {{(pid=99792) log_opt_values /opt/stack/data/venv/lib/python3.12/site-packages/oslo_config/cfg.py:3242}}
Jul 30 15:01:15.360416 np0000006140 devstack@g-api.service[99792]: DEBUG glance.common.config [None req-a3e5b7ce-207a-41da-97fb-1894cf517995 None None] default_log_levels = ['amqp=WARN', 'boto=WARN', 'sqlalchemy=WARN', 'suds=INFO', 'oslo.messaging=INFO', 'oslo_messaging=INFO', 'iso8601=WARN', 'requests.packages.urllib3.connectionpool=WARN', 'urllib3.connectionpool=WARN', 'websocket=WARN', 'requests.packages.urllib3.util.retry=WARN', 'urllib3.util.retry=WARN', 'keystonemiddleware=WARN', 'routes.middleware=WARN', 'stevedore=WARN', 'taskflow=WARN', 'keystoneauth=WARN', 'oslo.cache=INFO', 'oslo_policy=INFO', 'dogpile.core.dogpile=INFO'] {{(pid=99792) log_opt_values /opt/stack/data/venv/lib/python3.12/site-packages/oslo_config/cfg.py:3242}}
Jul 30 15:01:15.360509 np0000006140 devstack@g-api.service[99792]: DEBUG glance.common.config [None req-a3e5b7ce-207a-41da-97fb-1894cf517995 None None] default_publisher_id = image.localhost {{(pid=99792) log_opt_values /opt/stack/data/venv/lib/python3.12/site-packages/oslo_config/cfg.py:3242}}
Jul 30 15:01:15.360615 np0000006140 devstack@g-api.service[99792]: DEBUG glance.common.config [None req-a3e5b7ce-207a-41da-97fb-1894cf517995 None None] delayed_delete = False {{(pid=99792) log_opt_values /opt/stack/data/venv/lib/python3.12/site-packages/oslo_config/cfg.py:3242}}
Jul 30 15:01:15.360716 np0000006140 devstack@g-api.service[99792]: DEBUG glance.common.config [None req-a3e5b7ce-207a-41da-97fb-1894cf517995 None None] digest_algorithm = sha256 {{(pid=99792) log_opt_values /opt/stack/data/venv/lib/python3.12/site-packages/oslo_config/cfg.py:3242}}
Jul 30 15:01:15.360804 np0000006140 devstack@g-api.service[99792]: DEBUG glance.common.config [None req-a3e5b7ce-207a-41da-97fb-1894cf517995 None None] disabled_notifications = [] {{(pid=99792) log_opt_values /opt/stack/data/venv/lib/python3.12/site-packages/oslo_config/cfg.py:3242}}
Jul 30 15:01:15.360895 np0000006140 devstack@g-api.service[99792]: DEBUG glance.common.config [None req-a3e5b7ce-207a-41da-97fb-1894cf517995 None None] do_secure_hash = True {{(pid=99792) log_opt_values /opt/stack/data/venv/lib/python3.12/site-packages/oslo_config/cfg.py:3242}}
Jul 30 15:01:15.360981 np0000006140 devstack@g-api.service[99792]: DEBUG glance.common.config [None req-a3e5b7ce-207a-41da-97fb-1894cf517995 None None] enabled_backends = None {{(pid=99792) log_opt_values /opt/stack/data/venv/lib/python3.12/site-packages/oslo_config/cfg.py:3242}}
Jul 30 15:01:15.361141 np0000006140 devstack@g-api.service[99792]: DEBUG glance.common.config [None req-a3e5b7ce-207a-41da-97fb-1894cf517995 None None] enabled_import_methods = ['glance-direct', 'web-download', 'copy-image'] {{(pid=99792) log_opt_values /opt/stack/data/venv/lib/python3.12/site-packages/oslo_config/cfg.py:3242}}
Jul 30 15:01:15.361172 np0000006140 devstack@g-api.service[99792]: DEBUG glance.common.config [None req-a3e5b7ce-207a-41da-97fb-1894cf517995 None None] fatal_deprecations = False {{(pid=99792) log_opt_values /opt/stack/data/venv/lib/python3.12/site-packages/oslo_config/cfg.py:3242}}
Jul 30 15:01:15.361267 np0000006140 devstack@g-api.service[99792]: DEBUG glance.common.config [None req-a3e5b7ce-207a-41da-97fb-1894cf517995 None None] hashing_algorithm = sha512 {{(pid=99792) log_opt_values /opt/stack/data/venv/lib/python3.12/site-packages/oslo_config/cfg.py:3242}}
Jul 30 15:01:15.361354 np0000006140 devstack@g-api.service[99792]: DEBUG glance.common.config [None req-a3e5b7ce-207a-41da-97fb-1894cf517995 None None] http_retries = 3 {{(pid=99792) log_opt_values /opt/stack/data/venv/lib/python3.12/site-packages/oslo_config/cfg.py:3242}}
Jul 30 15:01:15.361447 np0000006140 devstack@g-api.service[99792]: DEBUG glance.common.config [None req-a3e5b7ce-207a-41da-97fb-1894cf517995 None None] image_cache_dir = /opt/stack/data/glance/cache/ {{(pid=99792) log_opt_values /opt/stack/data/venv/lib/python3.12/site-packages/oslo_config/cfg.py:3242}}
Jul 30 15:01:15.361540 np0000006140 devstack@g-api.service[99792]: DEBUG glance.common.config [None req-a3e5b7ce-207a-41da-97fb-1894cf517995 None None] image_cache_driver = centralized_db {{(pid=99792) log_opt_values /opt/stack/data/venv/lib/python3.12/site-packages/oslo_config/cfg.py:3242}}
Jul 30 15:01:15.361648 np0000006140 devstack@g-api.service[99792]: DEBUG glance.common.config [None req-a3e5b7ce-207a-41da-97fb-1894cf517995 None None] image_cache_max_size = 10737418240 {{(pid=99792) log_opt_values /opt/stack/data/venv/lib/python3.12/site-packages/oslo_config/cfg.py:3242}}
Jul 30 15:01:15.361742 np0000006140 devstack@g-api.service[99792]: DEBUG glance.common.config [None req-a3e5b7ce-207a-41da-97fb-1894cf517995 None None] image_cache_sqlite_db = cache.db {{(pid=99792) log_opt_values /opt/stack/data/venv/lib/python3.12/site-packages/oslo_config/cfg.py:3242}}
Jul 30 15:01:15.361827 np0000006140 devstack@g-api.service[99792]: DEBUG glance.common.config [None req-a3e5b7ce-207a-41da-97fb-1894cf517995 None None] image_cache_stall_time = 86400 {{(pid=99792) log_opt_values /opt/stack/data/venv/lib/python3.12/site-packages/oslo_config/cfg.py:3242}}
Jul 30 15:01:15.361913 np0000006140 devstack@g-api.service[99792]: DEBUG glance.common.config [None req-a3e5b7ce-207a-41da-97fb-1894cf517995 None None] image_location_quota = 10 {{(pid=99792) log_opt_values /opt/stack/data/venv/lib/python3.12/site-packages/oslo_config/cfg.py:3242}}
Jul 30 15:01:15.361998 np0000006140 devstack@g-api.service[99792]: DEBUG glance.common.config [None req-a3e5b7ce-207a-41da-97fb-1894cf517995 None None] image_member_quota = 128 {{(pid=99792) log_opt_values /opt/stack/data/venv/lib/python3.12/site-packages/oslo_config/cfg.py:3242}}
Jul 30 15:01:15.362086 np0000006140 devstack@g-api.service[99792]: DEBUG glance.common.config [None req-a3e5b7ce-207a-41da-97fb-1894cf517995 None None] image_property_quota = 128 {{(pid=99792) log_opt_values /opt/stack/data/venv/lib/python3.12/site-packages/oslo_config/cfg.py:3242}}
Jul 30 15:01:15.362187 np0000006140 devstack@g-api.service[99792]: DEBUG glance.common.config [None req-a3e5b7ce-207a-41da-97fb-1894cf517995 None None] image_size_cap = 1099511627776 {{(pid=99792) log_opt_values /opt/stack/data/venv/lib/python3.12/site-packages/oslo_config/cfg.py:3242}}
Jul 30 15:01:15.362273 np0000006140 devstack@g-api.service[99792]: DEBUG glance.common.config [None req-a3e5b7ce-207a-41da-97fb-1894cf517995 None None] image_tag_quota = 128 {{(pid=99792) log_opt_values /opt/stack/data/venv/lib/python3.12/site-packages/oslo_config/cfg.py:3242}}
Jul 30 15:01:15.362485 np0000006140 devstack@g-api.service[99792]: DEBUG glance.common.config [None req-a3e5b7ce-207a-41da-97fb-1894cf517995 None None] instance_format = [instance: %(uuid)s] {{(pid=99792) log_opt_values /opt/stack/data/venv/lib/python3.12/site-packages/oslo_config/cfg.py:3242}}
Jul 30 15:01:15.362485 np0000006140 devstack@g-api.service[99792]: DEBUG glance.common.config [None req-a3e5b7ce-207a-41da-97fb-1894cf517995 None None] instance_uuid_format = [instance: %(uuid)s] {{(pid=99792) log_opt_values /opt/stack/data/venv/lib/python3.12/site-packages/oslo_config/cfg.py:3242}}
Jul 30 15:01:15.362567 np0000006140 devstack@g-api.service[99792]: DEBUG glance.common.config [None req-a3e5b7ce-207a-41da-97fb-1894cf517995 None None] limit_param_default = 25 {{(pid=99792) log_opt_values /opt/stack/data/venv/lib/python3.12/site-packages/oslo_config/cfg.py:3242}}
Jul 30 15:01:15.362644 np0000006140 devstack@g-api.service[99792]: DEBUG glance.common.config [None req-a3e5b7ce-207a-41da-97fb-1894cf517995 None None] log_color = False {{(pid=99792) log_opt_values /opt/stack/data/venv/lib/python3.12/site-packages/oslo_config/cfg.py:3242}}
Jul 30 15:01:15.362740 np0000006140 devstack@g-api.service[99792]: DEBUG glance.common.config [None req-a3e5b7ce-207a-41da-97fb-1894cf517995 None None] log_config_append = None {{(pid=99792) log_opt_values /opt/stack/data/venv/lib/python3.12/site-packages/oslo_config/cfg.py:3242}}
Jul 30 15:01:15.362841 np0000006140 devstack@g-api.service[99792]: DEBUG glance.common.config [None req-a3e5b7ce-207a-41da-97fb-1894cf517995 None None] log_date_format = %Y-%m-%d %H:%M:%S {{(pid=99792) log_opt_values /opt/stack/data/venv/lib/python3.12/site-packages/oslo_config/cfg.py:3242}}
Jul 30 15:01:15.362915 np0000006140 devstack@g-api.service[99792]: DEBUG glance.common.config [None req-a3e5b7ce-207a-41da-97fb-1894cf517995 None None] log_dir = None {{(pid=99792) log_opt_values /opt/stack/data/venv/lib/python3.12/site-packages/oslo_config/cfg.py:3242}}
Jul 30 15:01:15.363001 np0000006140 devstack@g-api.service[99792]: DEBUG glance.common.config [None req-a3e5b7ce-207a-41da-97fb-1894cf517995 None None] log_file = None {{(pid=99792) log_opt_values /opt/stack/data/venv/lib/python3.12/site-packages/oslo_config/cfg.py:3242}}
Jul 30 15:01:15.363088 np0000006140 devstack@g-api.service[99792]: DEBUG glance.common.config [None req-a3e5b7ce-207a-41da-97fb-1894cf517995 None None] log_rotate_interval = 1 {{(pid=99792) log_opt_values /opt/stack/data/venv/lib/python3.12/site-packages/oslo_config/cfg.py:3242}}
Jul 30 15:01:15.363189 np0000006140 devstack@g-api.service[99792]: DEBUG glance.common.config [None req-a3e5b7ce-207a-41da-97fb-1894cf517995 None None] log_rotate_interval_type = days {{(pid=99792) log_opt_values /opt/stack/data/venv/lib/python3.12/site-packages/oslo_config/cfg.py:3242}}
Jul 30 15:01:15.363282 np0000006140 devstack@g-api.service[99792]: DEBUG glance.common.config [None req-a3e5b7ce-207a-41da-97fb-1894cf517995 None None] log_rotation_type = none {{(pid=99792) log_opt_values /opt/stack/data/venv/lib/python3.12/site-packages/oslo_config/cfg.py:3242}}
Jul 30 15:01:15.363348 np0000006140 devstack@g-api.service[99792]: DEBUG glance.common.config [None req-a3e5b7ce-207a-41da-97fb-1894cf517995 None None] logging_context_format_string = %(color)s%(levelname)s %(name)s [%(global_request_id)s %(request_id)s %(project_name)s %(user_name)s%(color)s] %(instance)s%(color)s%(message)s {{(pid=99792) log_opt_values /opt/stack/data/venv/lib/python3.12/site-packages/oslo_config/cfg.py:3242}}
Jul 30 15:01:15.363411 np0000006140 devstack@g-api.service[99792]: DEBUG glance.common.config [None req-a3e5b7ce-207a-41da-97fb-1894cf517995 None None] logging_debug_format_suffix = {{(pid=%(process)d) %(funcName)s %(pathname)s:%(lineno)d}} {{(pid=99792) log_opt_values /opt/stack/data/venv/lib/python3.12/site-packages/oslo_config/cfg.py:3242}}
Jul 30 15:01:15.363507 np0000006140 devstack@g-api.service[99792]: DEBUG glance.common.config [None req-a3e5b7ce-207a-41da-97fb-1894cf517995 None None] logging_default_format_string = %(color)s%(levelname)s %(name)s [-%(color)s] %(instance)s%(color)s%(message)s {{(pid=99792) log_opt_values /opt/stack/data/venv/lib/python3.12/site-packages/oslo_config/cfg.py:3242}}
Jul 30 15:01:15.363616 np0000006140 devstack@g-api.service[99792]: DEBUG glance.common.config [None req-a3e5b7ce-207a-41da-97fb-1894cf517995 None None] logging_exception_prefix = ERROR %(name)s %(instance)s {{(pid=99792) log_opt_values /opt/stack/data/venv/lib/python3.12/site-packages/oslo_config/cfg.py:3242}}
Jul 30 15:01:15.363760 np0000006140 devstack@g-api.service[99792]: DEBUG glance.common.config [None req-a3e5b7ce-207a-41da-97fb-1894cf517995 None None] logging_user_identity_format = %(user)s %(project)s %(domain)s %(system_scope)s %(user_domain)s %(project_domain)s {{(pid=99792) log_opt_values /opt/stack/data/venv/lib/python3.12/site-packages/oslo_config/cfg.py:3242}}
Jul 30 15:01:15.363760 np0000006140 devstack@g-api.service[99792]: DEBUG glance.common.config [None req-a3e5b7ce-207a-41da-97fb-1894cf517995 None None] max_logfile_count = 30 {{(pid=99792) log_opt_values /opt/stack/data/venv/lib/python3.12/site-packages/oslo_config/cfg.py:3242}}
Jul 30 15:01:15.363845 np0000006140 devstack@g-api.service[99792]: DEBUG glance.common.config [None req-a3e5b7ce-207a-41da-97fb-1894cf517995 None None] max_logfile_size_mb = 200 {{(pid=99792) log_opt_values /opt/stack/data/venv/lib/python3.12/site-packages/oslo_config/cfg.py:3242}}
Jul 30 15:01:15.363933 np0000006140 devstack@g-api.service[99792]: DEBUG glance.common.config [None req-a3e5b7ce-207a-41da-97fb-1894cf517995 None None] max_request_id_length = 64 {{(pid=99792) log_opt_values /opt/stack/data/venv/lib/python3.12/site-packages/oslo_config/cfg.py:3242}}
Jul 30 15:01:15.364023 np0000006140 devstack@g-api.service[99792]: DEBUG glance.common.config [None req-a3e5b7ce-207a-41da-97fb-1894cf517995 None None] metadata_encryption_key = **** {{(pid=99792) log_opt_values /opt/stack/data/venv/lib/python3.12/site-packages/oslo_config/cfg.py:3242}}
Jul 30 15:01:15.364113 np0000006140 devstack@g-api.service[99792]: DEBUG glance.common.config [None req-a3e5b7ce-207a-41da-97fb-1894cf517995 None None] node_staging_uri = file:///tmp/staging/ {{(pid=99792) log_opt_values /opt/stack/data/venv/lib/python3.12/site-packages/oslo_config/cfg.py:3242}}
Jul 30 15:01:15.364209 np0000006140 devstack@g-api.service[99792]: DEBUG glance.common.config [None req-a3e5b7ce-207a-41da-97fb-1894cf517995 None None] property_protection_file = None {{(pid=99792) log_opt_values /opt/stack/data/venv/lib/python3.12/site-packages/oslo_config/cfg.py:3242}}
Jul 30 15:01:15.364299 np0000006140 devstack@g-api.service[99792]: DEBUG glance.common.config [None req-a3e5b7ce-207a-41da-97fb-1894cf517995 None None] property_protection_rule_format = roles {{(pid=99792) log_opt_values /opt/stack/data/venv/lib/python3.12/site-packages/oslo_config/cfg.py:3242}}
Jul 30 15:01:15.364390 np0000006140 devstack@g-api.service[99792]: DEBUG glance.common.config [None req-a3e5b7ce-207a-41da-97fb-1894cf517995 None None] public_endpoint = https://10.4.3.220/image {{(pid=99792) log_opt_values /opt/stack/data/venv/lib/python3.12/site-packages/oslo_config/cfg.py:3242}}
Jul 30 15:01:15.364475 np0000006140 devstack@g-api.service[99792]: DEBUG glance.common.config [None req-a3e5b7ce-207a-41da-97fb-1894cf517995 None None] publish_errors = False {{(pid=99792) log_opt_values /opt/stack/data/venv/lib/python3.12/site-packages/oslo_config/cfg.py:3242}}
Jul 30 15:01:15.364561 np0000006140 devstack@g-api.service[99792]: DEBUG glance.common.config [None req-a3e5b7ce-207a-41da-97fb-1894cf517995 None None] pydev_worker_debug_host = None {{(pid=99792) log_opt_values /opt/stack/data/venv/lib/python3.12/site-packages/oslo_config/cfg.py:3242}}
Jul 30 15:01:15.364675 np0000006140 devstack@g-api.service[99792]: DEBUG glance.common.config [None req-a3e5b7ce-207a-41da-97fb-1894cf517995 None None] pydev_worker_debug_port = 5678 {{(pid=99792) log_opt_values /opt/stack/data/venv/lib/python3.12/site-packages/oslo_config/cfg.py:3242}}
Jul 30 15:01:15.364765 np0000006140 devstack@g-api.service[99792]: DEBUG glance.common.config [None req-a3e5b7ce-207a-41da-97fb-1894cf517995 None None] rate_limit_burst = 0 {{(pid=99792) log_opt_values /opt/stack/data/venv/lib/python3.12/site-packages/oslo_config/cfg.py:3242}}
Jul 30 15:01:15.364856 np0000006140 devstack@g-api.service[99792]: DEBUG glance.common.config [None req-a3e5b7ce-207a-41da-97fb-1894cf517995 None None] rate_limit_except_level = CRITICAL {{(pid=99792) log_opt_values /opt/stack/data/venv/lib/python3.12/site-packages/oslo_config/cfg.py:3242}}
Jul 30 15:01:15.364941 np0000006140 devstack@g-api.service[99792]: DEBUG glance.common.config [None req-a3e5b7ce-207a-41da-97fb-1894cf517995 None None] rate_limit_interval = 0 {{(pid=99792) log_opt_values /opt/stack/data/venv/lib/python3.12/site-packages/oslo_config/cfg.py:3242}}
Jul 30 15:01:15.365023 np0000006140 devstack@g-api.service[99792]: DEBUG glance.common.config [None req-a3e5b7ce-207a-41da-97fb-1894cf517995 None None] scrub_pool_size = 1 {{(pid=99792) log_opt_values /opt/stack/data/venv/lib/python3.12/site-packages/oslo_config/cfg.py:3242}}
Jul 30 15:01:15.365108 np0000006140 devstack@g-api.service[99792]: DEBUG glance.common.config [None req-a3e5b7ce-207a-41da-97fb-1894cf517995 None None] scrub_time = 0 {{(pid=99792) log_opt_values /opt/stack/data/venv/lib/python3.12/site-packages/oslo_config/cfg.py:3242}}
Jul 30 15:01:15.365206 np0000006140 devstack@g-api.service[99792]: DEBUG glance.common.config [None req-a3e5b7ce-207a-41da-97fb-1894cf517995 None None] shell_completion = None {{(pid=99792) log_opt_values /opt/stack/data/venv/lib/python3.12/site-packages/oslo_config/cfg.py:3242}}
Jul 30 15:01:15.365295 np0000006140 devstack@g-api.service[99792]: DEBUG glance.common.config [None req-a3e5b7ce-207a-41da-97fb-1894cf517995 None None] show_image_direct_url = False {{(pid=99792) log_opt_values /opt/stack/data/venv/lib/python3.12/site-packages/oslo_config/cfg.py:3242}}
Jul 30 15:01:15.365481 np0000006140 devstack@g-api.service[99792]: WARNING oslo_config.cfg [None req-a3e5b7ce-207a-41da-97fb-1894cf517995 None None] Deprecated: Option "show_multiple_locations" from group "DEFAULT" is deprecated for removal (Use of this option, deprecated since Newton, is a security risk and will be removed once we figure out a way to satisfy those use cases that currently require it. An earlier announcement that the same functionality can be achieved with greater granularity by using policies is incorrect. You cannot work around this option via policy configuration at the present time, though that is the direction we believe the fix will take. Please keep an eye on the Glance release notes to stay up to date on progress in addressing this issue.). Its value may be silently ignored in the future.
Jul 30 15:01:15.365595 np0000006140 devstack@g-api.service[99792]: DEBUG glance.common.config [None req-a3e5b7ce-207a-41da-97fb-1894cf517995 None None] show_multiple_locations = False {{(pid=99792) log_opt_values /opt/stack/data/venv/lib/python3.12/site-packages/oslo_config/cfg.py:3242}}
Jul 30 15:01:15.366532 np0000006140 devstack@g-api.service[99792]: DEBUG glance.common.config [None req-a3e5b7ce-207a-41da-97fb-1894cf517995 None None] syslog_log_facility = LOG_USER {{(pid=99792) log_opt_values /opt/stack/data/venv/lib/python3.12/site-packages/oslo_config/cfg.py:3242}}
Jul 30 15:01:15.366532 np0000006140 devstack@g-api.service[99792]: DEBUG glance.common.config [None req-a3e5b7ce-207a-41da-97fb-1894cf517995 None None] transport_url = **** {{(pid=99792) log_opt_values /opt/stack/data/venv/lib/python3.12/site-packages/oslo_config/cfg.py:3242}}
Jul 30 15:01:15.366532 np0000006140 devstack@g-api.service[99792]: DEBUG glance.common.config [None req-a3e5b7ce-207a-41da-97fb-1894cf517995 None None] use_journal = False {{(pid=99792) log_opt_values /opt/stack/data/venv/lib/python3.12/site-packages/oslo_config/cfg.py:3242}}
Jul 30 15:01:15.366532 np0000006140 devstack@g-api.service[99792]: DEBUG glance.common.config [None req-a3e5b7ce-207a-41da-97fb-1894cf517995 None None] use_json = False {{(pid=99792) log_opt_values /opt/stack/data/venv/lib/python3.12/site-packages/oslo_config/cfg.py:3242}}
Jul 30 15:01:15.366532 np0000006140 devstack@g-api.service[99792]: DEBUG glance.common.config [None req-a3e5b7ce-207a-41da-97fb-1894cf517995 None None] use_keystone_limits = True {{(pid=99792) log_opt_values /opt/stack/data/venv/lib/python3.12/site-packages/oslo_config/cfg.py:3242}}
Jul 30 15:01:15.366532 np0000006140 devstack@g-api.service[99792]: DEBUG glance.common.config [None req-a3e5b7ce-207a-41da-97fb-1894cf517995 None None] use_stderr = False {{(pid=99792) log_opt_values /opt/stack/data/venv/lib/python3.12/site-packages/oslo_config/cfg.py:3242}}
Jul 30 15:01:15.366532 np0000006140 devstack@g-api.service[99792]: DEBUG glance.common.config [None req-a3e5b7ce-207a-41da-97fb-1894cf517995 None None] use_syslog = False {{(pid=99792) log_opt_values /opt/stack/data/venv/lib/python3.12/site-packages/oslo_config/cfg.py:3242}}
Jul 30 15:01:15.366738 np0000006140 devstack@g-api.service[99792]: DEBUG glance.common.config [None req-a3e5b7ce-207a-41da-97fb-1894cf517995 None None] user_storage_quota = 0 {{(pid=99792) log_opt_values /opt/stack/data/venv/lib/python3.12/site-packages/oslo_config/cfg.py:3242}}
Jul 30 15:01:15.366738 np0000006140 devstack@g-api.service[99792]: DEBUG glance.common.config [None req-a3e5b7ce-207a-41da-97fb-1894cf517995 None None] worker_self_reference_url = http://127.0.0.1:60999 {{(pid=99792) log_opt_values /opt/stack/data/venv/lib/python3.12/site-packages/oslo_config/cfg.py:3242}}
Jul 30 15:01:15.366738 np0000006140 devstack@g-api.service[99792]: DEBUG glance.common.config [None req-a3e5b7ce-207a-41da-97fb-1894cf517995 None None] oslo_concurrency.disable_process_locking = False {{(pid=99792) log_opt_values /opt/stack/data/venv/lib/python3.12/site-packages/oslo_config/cfg.py:3253}}
Jul 30 15:01:15.366738 np0000006140 devstack@g-api.service[99792]: DEBUG glance.common.config [None req-a3e5b7ce-207a-41da-97fb-1894cf517995 None None] oslo_concurrency.lock_path = /opt/stack/data/glance/locks {{(pid=99792) log_opt_values /opt/stack/data/venv/lib/python3.12/site-packages/oslo_config/cfg.py:3253}}
Jul 30 15:01:15.366738 np0000006140 devstack@g-api.service[99792]: DEBUG glance.common.config [None req-a3e5b7ce-207a-41da-97fb-1894cf517995 None None] oslo_middleware.enable_proxy_headers_parsing = False {{(pid=99792) log_opt_values /opt/stack/data/venv/lib/python3.12/site-packages/oslo_config/cfg.py:3253}}
Jul 30 15:01:15.366738 np0000006140 devstack@g-api.service[99792]: DEBUG glance.common.config [None req-a3e5b7ce-207a-41da-97fb-1894cf517995 None None] oslo_middleware.http_basic_auth_user_file = /etc/htpasswd {{(pid=99792) log_opt_values /opt/stack/data/venv/lib/python3.12/site-packages/oslo_config/cfg.py:3253}}
Jul 30 15:01:15.366887 np0000006140 devstack@g-api.service[99792]: DEBUG glance.common.config [None req-a3e5b7ce-207a-41da-97fb-1894cf517995 None None] paste_deploy.config_file = None {{(pid=99792) log_opt_values /opt/stack/data/venv/lib/python3.12/site-packages/oslo_config/cfg.py:3253}}
Jul 30 15:01:15.366921 np0000006140 devstack@g-api.service[99792]: DEBUG glance.common.config [None req-a3e5b7ce-207a-41da-97fb-1894cf517995 None None] paste_deploy.flavor = keystone+cachemanagement {{(pid=99792) log_opt_values /opt/stack/data/venv/lib/python3.12/site-packages/oslo_config/cfg.py:3253}}
Jul 30 15:01:15.367050 np0000006140 devstack@g-api.service[99792]: DEBUG glance.common.config [None req-a3e5b7ce-207a-41da-97fb-1894cf517995 None None] image_format.container_formats = ['ami', 'ari', 'aki', 'bare', 'ovf', 'ova', 'docker', 'compressed'] {{(pid=99792) log_opt_values /opt/stack/data/venv/lib/python3.12/site-packages/oslo_config/cfg.py:3253}}
Jul 30 15:01:15.367246 np0000006140 devstack@g-api.service[99792]: DEBUG glance.common.config [None req-a3e5b7ce-207a-41da-97fb-1894cf517995 None None] image_format.disk_formats = ['ami', 'ari', 'aki', 'vhd', 'vhdx', 'vmdk', 'raw', 'qcow2', 'vdi', 'iso', 'ploop'] {{(pid=99792) log_opt_values /opt/stack/data/venv/lib/python3.12/site-packages/oslo_config/cfg.py:3253}}
Jul 30 15:01:15.367378 np0000006140 devstack@g-api.service[99792]: DEBUG glance.common.config [None req-a3e5b7ce-207a-41da-97fb-1894cf517995 None None] image_format.gpt_safety_checks_nonfatal = [] {{(pid=99792) log_opt_values /opt/stack/data/venv/lib/python3.12/site-packages/oslo_config/cfg.py:3253}}
Jul 30 15:01:15.367443 np0000006140 devstack@g-api.service[99792]: DEBUG glance.common.config [None req-a3e5b7ce-207a-41da-97fb-1894cf517995 None None] image_format.require_image_format_match = True {{(pid=99792) log_opt_values /opt/stack/data/venv/lib/python3.12/site-packages/oslo_config/cfg.py:3253}}
Jul 30 15:01:15.367559 np0000006140 devstack@g-api.service[99792]: DEBUG glance.common.config [None req-a3e5b7ce-207a-41da-97fb-1894cf517995 None None] image_format.vmdk_allowed_types = ['streamOptimized', 'monolithicSparse'] {{(pid=99792) log_opt_values /opt/stack/data/venv/lib/python3.12/site-packages/oslo_config/cfg.py:3253}}
Jul 30 15:01:15.367691 np0000006140 devstack@g-api.service[99792]: DEBUG glance.common.config [None req-a3e5b7ce-207a-41da-97fb-1894cf517995 None None] task.task_executor = taskflow {{(pid=99792) log_opt_values /opt/stack/data/venv/lib/python3.12/site-packages/oslo_config/cfg.py:3253}}
Jul 30 15:01:15.367786 np0000006140 devstack@g-api.service[99792]: DEBUG glance.common.config [None req-a3e5b7ce-207a-41da-97fb-1894cf517995 None None] task.task_time_to_live = 48 {{(pid=99792) log_opt_values /opt/stack/data/venv/lib/python3.12/site-packages/oslo_config/cfg.py:3253}}
Jul 30 15:01:15.367871 np0000006140 devstack@g-api.service[99792]: DEBUG glance.common.config [None req-a3e5b7ce-207a-41da-97fb-1894cf517995 None None] task.work_dir = None {{(pid=99792) log_opt_values /opt/stack/data/venv/lib/python3.12/site-packages/oslo_config/cfg.py:3253}}
Jul 30 15:01:15.367969 np0000006140 devstack@g-api.service[99792]: DEBUG glance.common.config [None req-a3e5b7ce-207a-41da-97fb-1894cf517995 None None] wsgi.python_interpreter = /opt/stack/data/venv/bin/python3 {{(pid=99792) log_opt_values /opt/stack/data/venv/lib/python3.12/site-packages/oslo_config/cfg.py:3253}}
Jul 30 15:01:15.368060 np0000006140 devstack@g-api.service[99792]: DEBUG glance.common.config [None req-a3e5b7ce-207a-41da-97fb-1894cf517995 None None] wsgi.task_pool_threads = 16 {{(pid=99792) log_opt_values /opt/stack/data/venv/lib/python3.12/site-packages/oslo_config/cfg.py:3253}}
Jul 30 15:01:15.368167 np0000006140 devstack@g-api.service[99792]: DEBUG glance.common.config [None req-a3e5b7ce-207a-41da-97fb-1894cf517995 None None] import_filtering_opts.allowed_hosts = [] {{(pid=99792) log_opt_values /opt/stack/data/venv/lib/python3.12/site-packages/oslo_config/cfg.py:3253}}
Jul 30 15:01:15.368264 np0000006140 devstack@g-api.service[99792]: DEBUG glance.common.config [None req-a3e5b7ce-207a-41da-97fb-1894cf517995 None None] import_filtering_opts.allowed_ports = [80, 443] {{(pid=99792) log_opt_values /opt/stack/data/venv/lib/python3.12/site-packages/oslo_config/cfg.py:3253}}
Jul 30 15:01:15.368367 np0000006140 devstack@g-api.service[99792]: DEBUG glance.common.config [None req-a3e5b7ce-207a-41da-97fb-1894cf517995 None None] import_filtering_opts.allowed_schemes = ['http', 'https'] {{(pid=99792) log_opt_values /opt/stack/data/venv/lib/python3.12/site-packages/oslo_config/cfg.py:3253}}
Jul 30 15:01:15.368457 np0000006140 devstack@g-api.service[99792]: DEBUG glance.common.config [None req-a3e5b7ce-207a-41da-97fb-1894cf517995 None None] import_filtering_opts.disallowed_hosts = [] {{(pid=99792) log_opt_values /opt/stack/data/venv/lib/python3.12/site-packages/oslo_config/cfg.py:3253}}
Jul 30 15:01:15.368545 np0000006140 devstack@g-api.service[99792]: DEBUG glance.common.config [None req-a3e5b7ce-207a-41da-97fb-1894cf517995 None None] import_filtering_opts.disallowed_ports = [] {{(pid=99792) log_opt_values /opt/stack/data/venv/lib/python3.12/site-packages/oslo_config/cfg.py:3253}}
Jul 30 15:01:15.368653 np0000006140 devstack@g-api.service[99792]: DEBUG glance.common.config [None req-a3e5b7ce-207a-41da-97fb-1894cf517995 None None] import_filtering_opts.disallowed_schemes = [] {{(pid=99792) log_opt_values /opt/stack/data/venv/lib/python3.12/site-packages/oslo_config/cfg.py:3253}}
Jul 30 15:01:15.368760 np0000006140 devstack@g-api.service[99792]: DEBUG glance.common.config [None req-a3e5b7ce-207a-41da-97fb-1894cf517995 None None] oslo_messaging_metrics.metrics_buffer_size = 1000 {{(pid=99792) log_opt_values /opt/stack/data/venv/lib/python3.12/site-packages/oslo_config/cfg.py:3253}}
Jul 30 15:01:15.369879 np0000006140 devstack@g-api.service[99792]: DEBUG glance.common.config [None req-a3e5b7ce-207a-41da-97fb-1894cf517995 None None] oslo_messaging_metrics.metrics_enabled = False {{(pid=99792) log_opt_values /opt/stack/data/venv/lib/python3.12/site-packages/oslo_config/cfg.py:3253}}
