Jul 30 15:05:53.293236 np0000006140 devstack@g-api.service[99791]: DEBUG glance.api.middleware.version_negotiation [None req-7894e1b9-a444-48c1-b744-252492da9338 tempest-ImageDependencyTests-927043167 tempest-ImageDependencyTests-927043167-project-reader] Using url versioning {{(pid=99791) process_request /opt/stack/glance/glance/api/middleware/version_negotiation.py:57}}
Jul 30 15:05:53.293307 np0000006140 devstack@g-api.service[99791]: DEBUG glance.api.middleware.version_negotiation [None req-7894e1b9-a444-48c1-b744-252492da9338 tempest-ImageDependencyTests-927043167 tempest-ImageDependencyTests-927043167-project-reader] Matched version: v2 {{(pid=99791) process_request /opt/stack/glance/glance/api/middleware/version_negotiation.py:69}}
Jul 30 15:05:53.293549 np0000006140 devstack@g-api.service[99791]: DEBUG glance.api.middleware.version_negotiation [None req-7894e1b9-a444-48c1-b744-252492da9338 tempest-ImageDependencyTests-927043167 tempest-ImageDependencyTests-927043167-project-reader] new path /v2/images {{(pid=99791) process_request /opt/stack/glance/glance/api/middleware/version_negotiation.py:70}}
Jul 30 15:05:54.011171 np0000006140 devstack@g-api.service[99791]: [pid: 99791|app: 0|req: 88/258] 127.0.0.1 () {42 vars in 786 bytes} [Thu Jul 30 15:05:53 2026] POST /v2/images => generated 658 bytes in 718 msecs (HTTP/1.1 201) 6 headers in 315 bytes (1 switches on core 0)
Jul 30 15:05:54.019307 np0000006140 devstack@g-api.service[99793]: DEBUG glance.api.middleware.version_negotiation [None req-7faa8a38-0c48-4e24-80d4-7622c4011906 tempest-ImageDependencyTests-927043167 tempest-ImageDependencyTests-927043167-project-member] Determining version of request: PUT /v2/images/5b1e2d7c-63d5-4848-a41a-eb461663282b/file Accept: {{(pid=99793) process_request /opt/stack/glance/glance/api/middleware/version_negotiation.py:44}}
Jul 30 15:05:54.019665 np0000006140 devstack@g-api.service[99793]: DEBUG glance.api.middleware.version_negotiation [None req-7faa8a38-0c48-4e24-80d4-7622c4011906 tempest-ImageDependencyTests-927043167 tempest-ImageDependencyTests-927043167-project-member] Using url versioning {{(pid=99793) process_request /opt/stack/glance/glance/api/middleware/version_negotiation.py:57}}
Jul 30 15:05:54.019665 np0000006140 devstack@g-api.service[99793]: DEBUG glance.api.middleware.version_negotiation [None req-7faa8a38-0c48-4e24-80d4-7622c4011906 tempest-ImageDependencyTests-927043167 tempest-ImageDependencyTests-927043167-project-member] Matched version: v2 {{(pid=99793) process_request /opt/stack/glance/glance/api/middleware/version_negotiation.py:69}}
Jul 30 15:05:54.019665 np0000006140 devstack@g-api.service[99793]: DEBUG glance.api.middleware.version_negotiation [None req-7faa8a38-0c48-4e24-80d4-7622c4011906 tempest-ImageDependencyTests-927043167 tempest-ImageDependencyTests-927043167-project-member] new path /v2/images/5b1e2d7c-63d5-4848-a41a-eb461663282b/file {{(pid=99793) process_request /opt/stack/glance/glance/api/middleware/version_negotiation.py:70}}
Jul 30 15:05:54.368223 np0000006140 devstack@g-api.service[99792]: DEBUG glance.api.middleware.version_negotiation [None req-88a3226d-50cb-4182-a15f-75e97d34fb7c tempest-ImageDependencyTests-927043167 tempest-ImageDependencyTests-927043167-project-member] Determining version of request: GET /v2/images/c83baa81-02a4-41de-9981-ee38528996fe Accept: */* {{(pid=99792) process_request /opt/stack/glance/glance/api/middleware/version_negotiation.py:44}}
Jul 30 15:05:54.368629 np0000006140 devstack@g-api.service[99792]: DEBUG glance.api.middleware.version_negotiation [None req-88a3226d-50cb-4182-a15f-75e97d34fb7c tempest-ImageDependencyTests-927043167 tempest-ImageDependencyTests-927043167-project-member] Using url versioning {{(pid=99792) process_request /opt/stack/glance/glance/api/middleware/version_negotiation.py:57}}
Jul 30 15:05:54.369571 np0000006140 devstack@g-api.service[99792]: DEBUG glance.api.middleware.version_negotiation [None req-88a3226d-50cb-4182-a15f-75e97d34fb7c tempest-ImageDependencyTests-927043167 tempest-ImageDependencyTests-927043167-project-member] Matched version: v2 {{(pid=99792) process_request /opt/stack/glance/glance/api/middleware/version_negotiation.py:69}}
Jul 30 15:05:54.369803 np0000006140 devstack@g-api.service[99792]: DEBUG glance.api.middleware.version_negotiation [None req-88a3226d-50cb-4182-a15f-75e97d34fb7c tempest-ImageDependencyTests-927043167 tempest-ImageDependencyTests-927043167-project-member] new path /v2/images/c83baa81-02a4-41de-9981-ee38528996fe {{(pid=99792) process_request /opt/stack/glance/glance/api/middleware/version_negotiation.py:70}}
Jul 30 15:05:54.382407 np0000006140 devstack@g-api.service[99792]: [pid: 99792|app: 0|req: 85/259] 127.0.0.1 () {44 vars in 1115 bytes} [Thu Jul 30 15:05:54 2026] GET /v2/images/c83baa81-02a4-41de-9981-ee38528996fe => generated 1044 bytes in 15 msecs (HTTP/1.1 200) 4 headers in 158 bytes (1 switches on core 0)
Jul 30 15:05:54.389900 np0000006140 devstack@g-api.service[99791]: DEBUG glance.api.middleware.version_negotiation [None req-585ecff6-2cab-4e17-84dc-277a73d066b9 tempest-VolumeImageDependencyTests-1538612185 tempest-VolumeImageDependencyTests-1538612185-project-member] Determining version of request: GET /v2/schemas/image Accept: */* {{(pid=99791) process_request /opt/stack/glance/glance/api/middleware/version_negotiation.py:44}}
Jul 30 15:05:54.389900 np0000006140 devstack@g-api.service[99791]: DEBUG glance.api.middleware.version_negotiation [None req-585ecff6-2cab-4e17-84dc-277a73d066b9 tempest-VolumeImageDependencyTests-1538612185 tempest-VolumeImageDependencyTests-1538612185-project-member] Using url versioning {{(pid=99791) process_request /opt/stack/glance/glance/api/middleware/version_negotiation.py:57}}
Jul 30 15:05:54.390373 np0000006140 devstack@g-api.service[99791]: DEBUG glance.api.middleware.version_negotiation [None req-585ecff6-2cab-4e17-84dc-277a73d066b9 tempest-VolumeImageDependencyTests-1538612185 tempest-VolumeImageDependencyTests-1538612185-project-member] Matched version: v2 {{(pid=99791) process_request /opt/stack/glance/glance/api/middleware/version_negotiation.py:69}}
Jul 30 15:05:54.390373 np0000006140 devstack@g-api.service[99791]: DEBUG glance.api.middleware.version_negotiation [None req-585ecff6-2cab-4e17-84dc-277a73d066b9 tempest-VolumeImageDependencyTests-1538612185 tempest-VolumeImageDependencyTests-1538612185-project-member] new path /v2/schemas/image {{(pid=99791) process_request /opt/stack/glance/glance/api/middleware/version_negotiation.py:70}}
Jul 30 15:05:54.394464 np0000006140 devstack@g-api.service[99791]: [pid: 99791|app: 0|req: 89/260] 127.0.0.1 () {44 vars in 1055 bytes} [Thu Jul 30 15:05:54 2026] GET /v2/schemas/image => generated 6083 bytes in 4 msecs (HTTP/1.1 200) 4 headers in 158 bytes (1 switches on core 0)
Jul 30 15:05:54.403672 np0000006140 devstack@g-api.service[99792]: DEBUG glance.api.middleware.version_negotiation [None req-10de6256-2996-4af1-ad46-6d195ea685c2 tempest-TestShelveInstance-412946390 tempest-TestShelveInstance-412946390-project-member] Determining version of request: GET /v2/schemas/image Accept: */* {{(pid=99792) process_request /opt/stack/glance/glance/api/middleware/version_negotiation.py:44}}
Jul 30 15:05:54.403960 np0000006140 devstack@g-api.service[99792]: DEBUG glance.api.middleware.version_negotiation [None req-10de6256-2996-4af1-ad46-6d195ea685c2 tempest-TestShelveInstance-412946390 tempest-TestShelveInstance-412946390-project-member] Using url versioning {{(pid=99792) process_request /opt/stack/glance/glance/api/middleware/version_negotiation.py:57}}
Jul 30 15:05:54.404021 np0000006140 devstack@g-api.service[99792]: DEBUG glance.api.middleware.version_negotiation [None req-10de6256-2996-4af1-ad46-6d195ea685c2 tempest-TestShelveInstance-412946390 tempest-TestShelveInstance-412946390-project-member] Matched version: v2 {{(pid=99792) process_request /opt/stack/glance/glance/api/middleware/version_negotiation.py:69}}
Jul 30 15:05:54.404145 np0000006140 devstack@g-api.service[99792]: DEBUG glance.api.middleware.version_negotiation [None req-10de6256-2996-4af1-ad46-6d195ea685c2 tempest-TestShelveInstance-412946390 tempest-TestShelveInstance-412946390-project-member] new path /v2/schemas/image {{(pid=99792) process_request /opt/stack/glance/glance/api/middleware/version_negotiation.py:70}}
Jul 30 15:05:54.409068 np0000006140 devstack@g-api.service[99792]: [pid: 99792|app: 0|req: 86/261] 127.0.0.1 () {44 vars in 1055 bytes} [Thu Jul 30 15:05:54 2026] GET /v2/schemas/image => generated 6083 bytes in 5 msecs (HTTP/1.1 200) 4 headers in 158 bytes (1 switches on core 0)
Jul 30 15:05:54.419036 np0000006140 devstack@g-api.service[99791]: DEBUG glance.api.middleware.version_negotiation [None req-10de6256-2996-4af1-ad46-6d195ea685c2 tempest-TestShelveInstance-412946390 tempest-TestShelveInstance-412946390-project-member] Determining version of request: GET /v2/images/c83baa81-02a4-41de-9981-ee38528996fe Accept: */* {{(pid=99791) process_request /opt/stack/glance/glance/api/middleware/version_negotiation.py:44}}
Jul 30 15:05:54.419036 np0000006140 devstack@g-api.service[99791]: DEBUG glance.api.middleware.version_negotiation [None req-10de6256-2996-4af1-ad46-6d195ea685c2 tempest-TestShelveInstance-412946390 tempest-TestShelveInstance-412946390-project-member] Using url versioning {{(pid=99791) process_request /opt/stack/glance/glance/api/middleware/version_negotiation.py:57}}
Jul 30 15:05:54.419036 np0000006140 devstack@g-api.service[99791]: DEBUG glance.api.middleware.version_negotiation [None req-10de6256-2996-4af1-ad46-6d195ea685c2 tempest-TestShelveInstance-412946390 tempest-TestShelveInstance-412946390-project-member] Matched version: v2 {{(pid=99791) process_request /opt/stack/glance/glance/api/middleware/version_negotiation.py:69}}
Jul 30 15:05:54.419036 np0000006140 devstack@g-api.service[99791]: DEBUG glance.api.middleware.version_negotiation [None req-10de6256-2996-4af1-ad46-6d195ea685c2 tempest-TestShelveInstance-412946390 tempest-TestShelveInstance-412946390-project-member] new path /v2/images/c83baa81-02a4-41de-9981-ee38528996fe {{(pid=99791) process_request /opt/stack/glance/glance/api/middleware/version_negotiation.py:70}}
Jul 30 15:05:54.437277 np0000006140 devstack@g-api.service[99791]: [pid: 99791|app: 0|req: 90/262] 127.0.0.1 () {44 vars in 1115 bytes} [Thu Jul 30 15:05:54 2026] GET /v2/images/c83baa81-02a4-41de-9981-ee38528996fe => generated 1044 bytes in 19 msecs (HTTP/1.1 200) 4 headers in 158 bytes (1 switches on core 0)
Jul 30 15:05:54.447312 np0000006140 devstack@g-api.service[99792]: DEBUG glance.api.middleware.version_negotiation [None req-10de6256-2996-4af1-ad46-6d195ea685c2 tempest-TestShelveInstance-412946390 tempest-TestShelveInstance-412946390-project-member] Determining version of request: GET /v2/schemas/image Accept: */* {{(pid=99792) process_request /opt/stack/glance/glance/api/middleware/version_negotiation.py:44}}
Jul 30 15:05:54.447482 np0000006140 devstack@g-api.service[99792]: DEBUG glance.api.middleware.version_negotiation [None req-10de6256-2996-4af1-ad46-6d195ea685c2 tempest-TestShelveInstance-412946390 tempest-TestShelveInstance-412946390-project-member] Using url versioning {{(pid=99792) process_request /opt/stack/glance/glance/api/middleware/version_negotiation.py:57}}
Jul 30 15:05:54.447677 np0000006140 devstack@g-api.service[99792]: DEBUG glance.api.middleware.version_negotiation [None req-10de6256-2996-4af1-ad46-6d195ea685c2 tempest-TestShelveInstance-412946390 tempest-TestShelveInstance-412946390-project-member] Matched version: v2 {{(pid=99792) process_request /opt/stack/glance/glance/api/middleware/version_negotiation.py:69}}
Jul 30 15:05:54.448449 np0000006140 devstack@g-api.service[99792]: DEBUG glance.api.middleware.version_negotiation [None req-10de6256-2996-4af1-ad46-6d195ea685c2 tempest-TestShelveInstance-412946390 tempest-TestShelveInstance-412946390-project-member] new path /v2/schemas/image {{(pid=99792) process_request /opt/stack/glance/glance/api/middleware/version_negotiation.py:70}}
Jul 30 15:05:54.450306 np0000006140 devstack@g-api.service[99792]: [pid: 99792|app: 0|req: 87/263] 127.0.0.1 () {44 vars in 1055 bytes} [Thu Jul 30 15:05:54 2026] GET /v2/schemas/image => generated 6083 bytes in 3 msecs (HTTP/1.1 200) 4 headers in 158 bytes (1 switches on core 0)
Jul 30 15:05:54.458681 np0000006140 devstack@g-api.service[99791]: DEBUG glance.api.middleware.version_negotiation [None req-10de6256-2996-4af1-ad46-6d195ea685c2 tempest-TestShelveInstance-412946390 tempest-TestShelveInstance-412946390-project-member] Determining version of request: GET /v2/schemas/image Accept: */* {{(pid=99791) process_request /opt/stack/glance/glance/api/middleware/version_negotiation.py:44}}
Jul 30 15:05:54.458901 np0000006140 devstack@g-api.service[99791]: DEBUG glance.api.middleware.version_negotiation [None req-10de6256-2996-4af1-ad46-6d195ea685c2 tempest-TestShelveInstance-412946390 tempest-TestShelveInstance-412946390-project-member] Using url versioning {{(pid=99791) process_request /opt/stack/glance/glance/api/middleware/version_negotiation.py:57}}
Jul 30 15:05:54.459073 np0000006140 devstack@g-api.service[99791]: DEBUG glance.api.middleware.version_negotiation [None req-10de6256-2996-4af1-ad46-6d195ea685c2 tempest-TestShelveInstance-412946390 tempest-TestShelveInstance-412946390-project-member] Matched version: v2 {{(pid=99791) process_request /opt/stack/glance/glance/api/middleware/version_negotiation.py:69}}
Jul 30 15:05:54.459202 np0000006140 devstack@g-api.service[99791]: DEBUG glance.api.middleware.version_negotiation [None req-10de6256-2996-4af1-ad46-6d195ea685c2 tempest-TestShelveInstance-412946390 tempest-TestShelveInstance-412946390-project-member] new path /v2/schemas/image {{(pid=99791) process_request /opt/stack/glance/glance/api/middleware/version_negotiation.py:70}}
Jul 30 15:05:54.461862 np0000006140 devstack@g-api.service[99791]: [pid: 99791|app: 0|req: 91/264] 127.0.0.1 () {44 vars in 1055 bytes} [Thu Jul 30 15:05:54 2026] GET /v2/schemas/image => generated 6083 bytes in 3 msecs (HTTP/1.1 200) 4 headers in 158 bytes (1 switches on core 0)
Jul 30 15:05:54.483827 np0000006140 devstack@g-api.service[99792]: DEBUG glance.api.middleware.version_negotiation [None req-10de6256-2996-4af1-ad46-6d195ea685c2 tempest-TestShelveInstance-412946390 tempest-TestShelveInstance-412946390-project-member] Determining version of request: GET /v2/images/c83baa81-02a4-41de-9981-ee38528996fe Accept: */* {{(pid=99792) process_request /opt/stack/glance/glance/api/middleware/version_negotiation.py:44}}
Jul 30 15:05:54.483993 np0000006140 devstack@g-api.service[99792]: DEBUG glance.api.middleware.version_negotiation [None req-10de6256-2996-4af1-ad46-6d195ea685c2 tempest-TestShelveInstance-412946390 tempest-TestShelveInstance-412946390-project-member] Using url versioning {{(pid=99792) process_request /opt/stack/glance/glance/api/middleware/version_negotiation.py:57}}
Jul 30 15:05:54.484240 np0000006140 devstack@g-api.service[99792]: DEBUG glance.api.middleware.version_negotiation [None req-10de6256-2996-4af1-ad46-6d195ea685c2 tempest-TestShelveInstance-412946390 tempest-TestShelveInstance-412946390-project-member] Matched version: v2 {{(pid=99792) process_request /opt/stack/glance/glance/api/middleware/version_negotiation.py:69}}
Jul 30 15:05:54.484376 np0000006140 devstack@g-api.service[99792]: DEBUG glance.api.middleware.version_negotiation [None req-10de6256-2996-4af1-ad46-6d195ea685c2 tempest-TestShelveInstance-412946390 tempest-TestShelveInstance-412946390-project-member] new path /v2/images/c83baa81-02a4-41de-9981-ee38528996fe {{(pid=99792) process_request /opt/stack/glance/glance/api/middleware/version_negotiation.py:70}}
Jul 30 15:05:54.494190 np0000006140 devstack@g-api.service[99792]: [pid: 99792|app: 0|req: 88/265] 127.0.0.1 () {44 vars in 1115 bytes} [Thu Jul 30 15:05:54 2026] GET /v2/images/c83baa81-02a4-41de-9981-ee38528996fe => generated 1044 bytes in 10 msecs (HTTP/1.1 200) 4 headers in 158 bytes (1 switches on core 0)
Jul 30 15:05:54.498918 np0000006140 devstack@g-api.service[99793]: INFO glance.api.v2.image_data [None req-46d2af06-9ea3-4e36-a9e4-86fbdf38c34a tempest-VolumeImageDependencyTests-1538612185 tempest-VolumeImageDependencyTests-1538612185-project-member] Unable to create trust: no such option collect_timing in group [keystone_authtoken] Use the existing user token.
Jul 30 15:05:54.502732 np0000006140 devstack@g-api.service[99791]: DEBUG glance.api.middleware.version_negotiation [None req-10de6256-2996-4af1-ad46-6d195ea685c2 tempest-TestShelveInstance-412946390 tempest-TestShelveInstance-412946390-project-member] Determining version of request: GET /v2/schemas/image Accept: */* {{(pid=99791) process_request /opt/stack/glance/glance/api/middleware/version_negotiation.py:44}}
Jul 30 15:05:54.502929 np0000006140 devstack@g-api.service[99791]: DEBUG glance.api.middleware.version_negotiation [None req-10de6256-2996-4af1-ad46-6d195ea685c2 tempest-TestShelveInstance-412946390 tempest-TestShelveInstance-412946390-project-member] Using url versioning {{(pid=99791) process_request /opt/stack/glance/glance/api/middleware/version_negotiation.py:57}}
Jul 30 15:05:54.503050 np0000006140 devstack@g-api.service[99791]: DEBUG glance.api.middleware.version_negotiation [None req-10de6256-2996-4af1-ad46-6d195ea685c2 tempest-TestShelveInstance-412946390 tempest-TestShelveInstance-412946390-project-member] Matched version: v2 {{(pid=99791) process_request /opt/stack/glance/glance/api/middleware/version_negotiation.py:69}}
Jul 30 15:05:54.503153 np0000006140 devstack@g-api.service[99791]: DEBUG glance.api.middleware.version_negotiation [None req-10de6256-2996-4af1-ad46-6d195ea685c2 tempest-TestShelveInstance-412946390 tempest-TestShelveInstance-412946390-project-member] new path /v2/schemas/image {{(pid=99791) process_request /opt/stack/glance/glance/api/middleware/version_negotiation.py:70}}
Jul 30 15:05:54.505908 np0000006140 devstack@g-api.service[99791]: [pid: 99791|app: 0|req: 92/266] 127.0.0.1 () {44 vars in 1055 bytes} [Thu Jul 30 15:05:54 2026] GET /v2/schemas/image => generated 6083 bytes in 3 msecs (HTTP/1.1 200) 4 headers in 158 bytes (1 switches on core 0)
Jul 30 15:05:54.942464 np0000006140 devstack@g-api.service[99792]: DEBUG glance.api.middleware.version_negotiation [None req-10de6256-2996-4af1-ad46-6d195ea685c2 tempest-TestShelveInstance-412946390 tempest-TestShelveInstance-412946390-project-member] Determining version of request: GET /versions Accept: */* {{(pid=99792) process_request /opt/stack/glance/glance/api/middleware/version_negotiation.py:44}}
Jul 30 15:05:54.943283 np0000006140 devstack@g-api.service[99792]: [pid: 99792|app: 0|req: 89/267] 127.0.0.1 () {44 vars in 1039 bytes} [Thu Jul 30 15:05:54 2026] GET /versions => generated 1515 bytes in 2 msecs (HTTP/1.1 200) 3 headers in 92 bytes (1 switches on core 0)
Jul 30 15:05:54.956632 np0000006140 devstack@g-api.service[99791]: DEBUG glance.api.middleware.version_negotiation [None req-10de6256-2996-4af1-ad46-6d195ea685c2 tempest-TestShelveInstance-412946390 tempest-TestShelveInstance-412946390-project-member] Determining version of request: GET /v2/images/c83baa81-02a4-41de-9981-ee38528996fe/locations Accept: */* {{(pid=99791) process_request /opt/stack/glance/glance/api/middleware/version_negotiation.py:44}}
Jul 30 15:05:54.956632 np0000006140 devstack@g-api.service[99791]: DEBUG glance.api.middleware.version_negotiation [None req-10de6256-2996-4af1-ad46-6d195ea685c2 tempest-TestShelveInstance-412946390 tempest-TestShelveInstance-412946390-project-member] Using url versioning {{(pid=99791) process_request /opt/stack/glance/glance/api/middleware/version_negotiation.py:57}}
Jul 30 15:05:54.956839 np0000006140 devstack@g-api.service[99791]: DEBUG glance.api.middleware.version_negotiation [None req-10de6256-2996-4af1-ad46-6d195ea685c2 tempest-TestShelveInstance-412946390 tempest-TestShelveInstance-412946390-project-member] Matched version: v2 {{(pid=99791) process_request /opt/stack/glance/glance/api/middleware/version_negotiation.py:69}}
Jul 30 15:05:54.956839 np0000006140 devstack@g-api.service[99791]: DEBUG glance.api.middleware.version_negotiation [None req-10de6256-2996-4af1-ad46-6d195ea685c2 tempest-TestShelveInstance-412946390 tempest-TestShelveInstance-412946390-project-member] new path /v2/images/c83baa81-02a4-41de-9981-ee38528996fe/locations {{(pid=99791) process_request /opt/stack/glance/glance/api/middleware/version_negotiation.py:70}}
Jul 30 15:05:55.025549 np0000006140 devstack@g-api.service[99791]: [pid: 99791|app: 0|req: 93/268] 127.0.0.1 () {44 vars in 1135 bytes} [Thu Jul 30 15:05:54 2026] GET /v2/images/c83baa81-02a4-41de-9981-ee38528996fe/locations => generated 92 bytes in 69 msecs (HTTP/1.1 200) 4 headers in 156 bytes (1 switches on core 0)
Jul 30 15:05:55.046781 np0000006140 devstack@g-api.service[99792]: DEBUG glance.api.middleware.version_negotiation [None req-10de6256-2996-4af1-ad46-6d195ea685c2 tempest-TestShelveInstance-412946390 tempest-TestShelveInstance-412946390-project-member] Determining version of request: GET /v2/images/c83baa81-02a4-41de-9981-ee38528996fe Accept: */* {{(pid=99792) process_request /opt/stack/glance/glance/api/middleware/version_negotiation.py:44}}
Jul 30 15:05:55.046995 np0000006140 devstack@g-api.service[99792]: DEBUG glance.api.middleware.version_negotiation [None req-10de6256-2996-4af1-ad46-6d195ea685c2 tempest-TestShelveInstance-412946390 tempest-TestShelveInstance-412946390-project-member] Using url versioning {{(pid=99792) process_request /opt/stack/glance/glance/api/middleware/version_negotiation.py:57}}
Jul 30 15:05:55.047173 np0000006140 devstack@g-api.service[99792]: DEBUG glance.api.middleware.version_negotiation [None req-10de6256-2996-4af1-ad46-6d195ea685c2 tempest-TestShelveInstance-412946390 tempest-TestShelveInstance-412946390-project-member] Matched version: v2 {{(pid=99792) process_request /opt/stack/glance/glance/api/middleware/version_negotiation.py:69}}
Jul 30 15:05:55.047308 np0000006140 devstack@g-api.service[99792]: DEBUG glance.api.middleware.version_negotiation [None req-10de6256-2996-4af1-ad46-6d195ea685c2 tempest-TestShelveInstance-412946390 tempest-TestShelveInstance-412946390-project-member] new path /v2/images/c83baa81-02a4-41de-9981-ee38528996fe {{(pid=99792) process_request /opt/stack/glance/glance/api/middleware/version_negotiation.py:70}}
Jul 30 15:05:55.061731 np0000006140 devstack@g-api.service[99792]: [pid: 99792|app: 0|req: 90/269] 127.0.0.1 () {44 vars in 1115 bytes} [Thu Jul 30 15:05:55 2026] GET /v2/images/c83baa81-02a4-41de-9981-ee38528996fe => generated 1044 bytes in 15 msecs (HTTP/1.1 200) 4 headers in 158 bytes (1 switches on core 0)
Jul 30 15:05:55.079632 np0000006140 devstack@g-api.service[99791]: DEBUG glance.api.middleware.version_negotiation [None req-10de6256-2996-4af1-ad46-6d195ea685c2 service glance] Determining version of request: GET /v2/schemas/image Accept: */* {{(pid=99791) process_request /opt/stack/glance/glance/api/middleware/version_negotiation.py:44}}
Jul 30 15:05:55.079854 np0000006140 devstack@g-api.service[99791]: DEBUG glance.api.middleware.version_negotiation [None req-10de6256-2996-4af1-ad46-6d195ea685c2 service glance] Using url versioning {{(pid=99791) process_request /opt/stack/glance/glance/api/middleware/version_negotiation.py:57}}
Jul 30 15:05:55.080049 np0000006140 devstack@g-api.service[99791]: DEBUG glance.api.middleware.version_negotiation [None req-10de6256-2996-4af1-ad46-6d195ea685c2 service glance] Matched version: v2 {{(pid=99791) process_request /opt/stack/glance/glance/api/middleware/version_negotiation.py:69}}
Jul 30 15:05:55.080177 np0000006140 devstack@g-api.service[99791]: DEBUG glance.api.middleware.version_negotiation [None req-10de6256-2996-4af1-ad46-6d195ea685c2 service glance] new path /v2/schemas/image {{(pid=99791) process_request /opt/stack/glance/glance/api/middleware/version_negotiation.py:70}}
Jul 30 15:05:55.083082 np0000006140 devstack@g-api.service[99791]: [pid: 99791|app: 0|req: 94/270] 127.0.0.1 () {44 vars in 1055 bytes} [Thu Jul 30 15:05:55 2026] GET /v2/schemas/image => generated 6083 bytes in 4 msecs (HTTP/1.1 200) 4 headers in 158 bytes (1 switches on core 0)
Jul 30 15:05:55.096857 np0000006140 devstack@g-api.service[99793]: DEBUG glance.location [None req-46d2af06-9ea3-4e36-a9e4-86fbdf38c34a tempest-VolumeImageDependencyTests-1538612185 tempest-VolumeImageDependencyTests-1538612185-project-member] Enabling in-flight format inspection for raw {{(pid=99793) set_data /opt/stack/glance/glance/location.py:596}}
Jul 30 15:05:55.097237 np0000006140 devstack@g-api.service[99792]: DEBUG glance.api.middleware.version_negotiation [None req-10de6256-2996-4af1-ad46-6d195ea685c2 tempest-TestShelveInstance-412946390 tempest-TestShelveInstance-412946390-project-member] Determining version of request: GET /v2/schemas/image Accept: */* {{(pid=99792) process_request /opt/stack/glance/glance/api/middleware/version_negotiation.py:44}}
Jul 30 15:05:55.097237 np0000006140 devstack@g-api.service[99792]: DEBUG glance.api.middleware.version_negotiation [None req-10de6256-2996-4af1-ad46-6d195ea685c2 tempest-TestShelveInstance-412946390 tempest-TestShelveInstance-412946390-project-member] Using url versioning {{(pid=99792) process_request /opt/stack/glance/glance/api/middleware/version_negotiation.py:57}}
Jul 30 15:05:55.097317 np0000006140 devstack@g-api.service[99793]: DEBUG glance_store.backend [None req-46d2af06-9ea3-4e36-a9e4-86fbdf38c34a tempest-VolumeImageDependencyTests-1538612185 tempest-VolumeImageDependencyTests-1538612185-project-member] Attempting to import store swift {{(pid=99793) _load_store /opt/stack/data/venv/lib/python3.12/site-packages/glance_store/backend.py:215}}
Jul 30 15:05:55.097363 np0000006140 devstack@g-api.service[99792]: DEBUG glance.api.middleware.version_negotiation [None req-10de6256-2996-4af1-ad46-6d195ea685c2 tempest-TestShelveInstance-412946390 tempest-TestShelveInstance-412946390-project-member] Matched version: v2 {{(pid=99792) process_request /opt/stack/glance/glance/api/middleware/version_negotiation.py:69}}
Jul 30 15:05:55.097363 np0000006140 devstack@g-api.service[99792]: DEBUG glance.api.middleware.version_negotiation [None req-10de6256-2996-4af1-ad46-6d195ea685c2 tempest-TestShelveInstance-412946390 tempest-TestShelveInstance-412946390-project-member] new path /v2/schemas/image {{(pid=99792) process_request /opt/stack/glance/glance/api/middleware/version_negotiation.py:70}}
Jul 30 15:05:55.098737 np0000006140 devstack@g-api.service[99793]: DEBUG glance_store.capabilities [None req-46d2af06-9ea3-4e36-a9e4-86fbdf38c34a tempest-VolumeImageDependencyTests-1538612185 tempest-VolumeImageDependencyTests-1538612185-project-member] Store glance_store._drivers.swift.store.SingleTenantStore doesn't support updating dynamic storage capabilities. Please overwrite 'update_capabilities' method of the store to implement updating logics if needed. {{(pid=99793) update_capabilities /opt/stack/data/venv/lib/python3.12/site-packages/glance_store/capabilities.py:91}}
Jul 30 15:05:55.098858 np0000006140 devstack@g-api.service[99793]: DEBUG glance_store.driver [None req-46d2af06-9ea3-4e36-a9e4-86fbdf38c34a tempest-VolumeImageDependencyTests-1538612185 tempest-VolumeImageDependencyTests-1538612185-project-member] Late loading location class glance_store._drivers.swift.store.StoreLocation {{(pid=99793) get_store_location_class /opt/stack/data/venv/lib/python3.12/site-packages/glance_store/driver.py:134}}
Jul 30 15:05:55.098988 np0000006140 devstack@g-api.service[99793]: DEBUG glance_store.location [None req-46d2af06-9ea3-4e36-a9e4-86fbdf38c34a tempest-VolumeImageDependencyTests-1538612185 tempest-VolumeImageDependencyTests-1538612185-project-member] Registering scheme swift+https with {'store': , 'location_class': , 'store_entry': 'swift'} {{(pid=99793) register_scheme_map /opt/stack/data/venv/lib/python3.12/site-packages/glance_store/location.py:146}}
Jul 30 15:05:55.099117 np0000006140 devstack@g-api.service[99793]: DEBUG glance_store.location [None req-46d2af06-9ea3-4e36-a9e4-86fbdf38c34a tempest-VolumeImageDependencyTests-1538612185 tempest-VolumeImageDependencyTests-1538612185-project-member] Registering scheme swift+https with {'store': , 'location_class': , 'store_entry': 'swift'} {{(pid=99793) register_scheme_map /opt/stack/data/venv/lib/python3.12/site-packages/glance_store/location.py:146}}
Jul 30 15:05:55.100360 np0000006140 devstack@g-api.service[99793]: DEBUG glance_store.location [None req-46d2af06-9ea3-4e36-a9e4-86fbdf38c34a tempest-VolumeImageDependencyTests-1538612185 tempest-VolumeImageDependencyTests-1538612185-project-member] Registering scheme swift with {'store': , 'location_class': , 'store_entry': 'swift'} {{(pid=99793) register_scheme_map /opt/stack/data/venv/lib/python3.12/site-packages/glance_store/location.py:146}}
Jul 30 15:05:55.100360 np0000006140 devstack@g-api.service[99793]: DEBUG glance_store.location [None req-46d2af06-9ea3-4e36-a9e4-86fbdf38c34a tempest-VolumeImageDependencyTests-1538612185 tempest-VolumeImageDependencyTests-1538612185-project-member] Registering scheme swift+https with {'store': , 'location_class': , 'store_entry': 'swift'} {{(pid=99793) register_scheme_map /opt/stack/data/venv/lib/python3.12/site-packages/glance_store/location.py:146}}
Jul 30 15:05:55.100360 np0000006140 devstack@g-api.service[99793]: DEBUG glance_store.location [None req-46d2af06-9ea3-4e36-a9e4-86fbdf38c34a tempest-VolumeImageDependencyTests-1538612185 tempest-VolumeImageDependencyTests-1538612185-project-member] Registering scheme swift with {'store': , 'location_class': , 'store_entry': 'swift'} {{(pid=99793) register_scheme_map /opt/stack/data/venv/lib/python3.12/site-packages/glance_store/location.py:146}}
Jul 30 15:05:55.100360 np0000006140 devstack@g-api.service[99793]: DEBUG glance_store.location [None req-46d2af06-9ea3-4e36-a9e4-86fbdf38c34a tempest-VolumeImageDependencyTests-1538612185 tempest-VolumeImageDependencyTests-1538612185-project-member] Registering scheme swift+http with {'store': , 'location_class': , 'store_entry': 'swift'} {{(pid=99793) register_scheme_map /opt/stack/data/venv/lib/python3.12/site-packages/glance_store/location.py:146}}
Jul 30 15:05:55.100360 np0000006140 devstack@g-api.service[99793]: DEBUG glance_store.location [None req-46d2af06-9ea3-4e36-a9e4-86fbdf38c34a tempest-VolumeImageDependencyTests-1538612185 tempest-VolumeImageDependencyTests-1538612185-project-member] Registering scheme swift+https with {'store': , 'location_class': , 'store_entry': 'swift'} {{(pid=99793) register_scheme_map /opt/stack/data/venv/lib/python3.12/site-packages/glance_store/location.py:146}}
Jul 30 15:05:55.100360 np0000006140 devstack@g-api.service[99793]: DEBUG glance_store.location [None req-46d2af06-9ea3-4e36-a9e4-86fbdf38c34a tempest-VolumeImageDependencyTests-1538612185 tempest-VolumeImageDependencyTests-1538612185-project-member] Registering scheme swift with {'store': , 'location_class': , 'store_entry': 'swift'} {{(pid=99793) register_scheme_map /opt/stack/data/venv/lib/python3.12/site-packages/glance_store/location.py:146}}
Jul 30 15:05:55.100360 np0000006140 devstack@g-api.service[99793]: DEBUG glance_store.location [None req-46d2af06-9ea3-4e36-a9e4-86fbdf38c34a tempest-VolumeImageDependencyTests-1538612185 tempest-VolumeImageDependencyTests-1538612185-project-member] Registering scheme swift+http with {'store': , 'location_class': , 'store_entry': 'swift'} {{(pid=99793) register_scheme_map /opt/stack/data/venv/lib/python3.12/site-packages/glance_store/location.py:146}}
Jul 30 15:05:55.100360 np0000006140 devstack@g-api.service[99793]: DEBUG glance_store.location [None req-46d2af06-9ea3-4e36-a9e4-86fbdf38c34a tempest-VolumeImageDependencyTests-1538612185 tempest-VolumeImageDependencyTests-1538612185-project-member] Registering scheme swift+config with {'store': , 'location_class': , 'store_entry': 'swift'} {{(pid=99793) register_scheme_map /opt/stack/data/venv/lib/python3.12/site-packages/glance_store/location.py:146}}
Jul 30 15:05:55.101672 np0000006140 devstack@g-api.service[99792]: [pid: 99792|app: 0|req: 91/271] 127.0.0.1 () {44 vars in 1055 bytes} [Thu Jul 30 15:05:55 2026] GET /v2/schemas/image => generated 6083 bytes in 5 msecs (HTTP/1.1 200) 4 headers in 158 bytes (1 switches on core 0)
Jul 30 15:05:55.377227 np0000006140 devstack@g-api.service[99793]: DEBUG swiftclient [None req-46d2af06-9ea3-4e36-a9e4-86fbdf38c34a tempest-VolumeImageDependencyTests-1538612185 tempest-VolumeImageDependencyTests-1538612185-project-member] REQ: curl -i https://10.4.3.220:8080/v1/AUTH_dcdbe0d9d56348058ce16c981bde77ce/glance -I -H "X-Auth-Token: gAAAAABqa2hTINvn..." {{(pid=99793) http_log /opt/stack/data/venv/lib/python3.12/site-packages/swiftclient/client.py:160}}
Jul 30 15:05:55.377227 np0000006140 devstack@g-api.service[99793]: DEBUG swiftclient [None req-46d2af06-9ea3-4e36-a9e4-86fbdf38c34a tempest-VolumeImageDependencyTests-1538612185 tempest-VolumeImageDependencyTests-1538612185-project-member] RESP STATUS: 204 No Content {{(pid=99793) http_log /opt/stack/data/venv/lib/python3.12/site-packages/swiftclient/client.py:161}}
Jul 30 15:05:55.377462 np0000006140 devstack@g-api.service[99793]: DEBUG swiftclient [None req-46d2af06-9ea3-4e36-a9e4-86fbdf38c34a tempest-VolumeImageDependencyTests-1538612185 tempest-VolumeImageDependencyTests-1538612185-project-member] RESP HEADERS: {'Date': 'Thu, 30 Jul 2026 15:05:55 GMT', 'Server': 'Apache/2.4.58 (Ubuntu)', 'Content-Type': 'text/plain; charset=utf-8', 'X-Container-Object-Count': '3', 'X-Container-Bytes-Used': '64356352', 'X-Timestamp': '1785423681.15929', 'Last-Modified': 'Thu, 30 Jul 2026 15:01:22 GMT', 'Accept-Ranges': 'bytes', 'X-Storage-Policy': 'Policy-0', 'X-Container-Sharding': 'False', 'Vary': 'Accept', 'X-Trans-Id': 'tx7ce6e879995d499797199-006a6b6853', 'X-Openstack-Request-Id': 'tx7ce6e879995d499797199-006a6b6853', 'Connection': 'close'} {{(pid=99793) http_log /opt/stack/data/venv/lib/python3.12/site-packages/swiftclient/client.py:162}}
Jul 30 15:05:55.377604 np0000006140 devstack@g-api.service[99793]: DEBUG glance_store._drivers.swift.store [None req-46d2af06-9ea3-4e36-a9e4-86fbdf38c34a tempest-VolumeImageDependencyTests-1538612185 tempest-VolumeImageDependencyTests-1538612185-project-member] Adding image object '5b1e2d7c-63d5-4848-a41a-eb461663282b' to Swift {{(pid=99793) add /opt/stack/data/venv/lib/python3.12/site-packages/glance_store/_drivers/swift/store.py:970}}
Jul 30 15:05:55.386013 np0000006140 devstack@g-api.service[99793]: DEBUG oslo_utils.imageutils.format_inspector [None req-46d2af06-9ea3-4e36-a9e4-86fbdf38c34a tempest-VolumeImageDependencyTests-1538612185 tempest-VolumeImageDependencyTests-1538612185-project-member] Format inspector for vmdk does not match, excluding from consideration (Signature KDMV not found: b'\xc8\xcb\x8c\xad') {{(pid=99793) _process_chunk /opt/stack/data/venv/lib/python3.12/site-packages/oslo_utils/imageutils/format_inspector.py:1758}}
Jul 30 15:05:55.415206 np0000006140 devstack@g-api.service[99793]: DEBUG swiftclient [None req-46d2af06-9ea3-4e36-a9e4-86fbdf38c34a tempest-VolumeImageDependencyTests-1538612185 tempest-VolumeImageDependencyTests-1538612185-project-member] REQ: curl -i https://10.4.3.220:8080/v1/AUTH_dcdbe0d9d56348058ce16c981bde77ce/glance/5b1e2d7c-63d5-4848-a41a-eb461663282b -X PUT -H "X-Auth-Token: gAAAAABqa2hTINvn..." -H "Content-Length: 1024" {{(pid=99793) http_log /opt/stack/data/venv/lib/python3.12/site-packages/swiftclient/client.py:160}}
Jul 30 15:05:55.415385 np0000006140 devstack@g-api.service[99793]: DEBUG swiftclient [None req-46d2af06-9ea3-4e36-a9e4-86fbdf38c34a tempest-VolumeImageDependencyTests-1538612185 tempest-VolumeImageDependencyTests-1538612185-project-member] RESP STATUS: 201 Created {{(pid=99793) http_log /opt/stack/data/venv/lib/python3.12/site-packages/swiftclient/client.py:161}}
Jul 30 15:05:55.415619 np0000006140 devstack@g-api.service[99793]: DEBUG swiftclient [None req-46d2af06-9ea3-4e36-a9e4-86fbdf38c34a tempest-VolumeImageDependencyTests-1538612185 tempest-VolumeImageDependencyTests-1538612185-project-member] RESP HEADERS: {'Date': 'Thu, 30 Jul 2026 15:05:55 GMT', 'Server': 'Apache/2.4.58 (Ubuntu)', 'Content-Type': 'text/html; charset=UTF-8', 'Content-Length': '0', 'Etag': 'df2f600171cede0d2c109f270fe3be98', 'Last-Modified': 'Thu, 30 Jul 2026 15:05:56 GMT', 'X-Trans-Id': 'tx2571c8bd53ae4f91b1866-006a6b6853', 'X-Openstack-Request-Id': 'tx2571c8bd53ae4f91b1866-006a6b6853', 'Connection': 'close'} {{(pid=99793) http_log /opt/stack/data/venv/lib/python3.12/site-packages/swiftclient/client.py:162}}
Jul 30 15:05:55.416070 np0000006140 devstack@g-api.service[99793]: INFO glance.location [None req-46d2af06-9ea3-4e36-a9e4-86fbdf38c34a tempest-VolumeImageDependencyTests-1538612185 tempest-VolumeImageDependencyTests-1538612185-project-member] Image format matched and virtual size computed: 1024
Jul 30 15:05:55.469203 np0000006140 devstack@g-api.service[99793]: DEBUG glance_store.backend [None req-46d2af06-9ea3-4e36-a9e4-86fbdf38c34a tempest-VolumeImageDependencyTests-1538612185 tempest-VolumeImageDependencyTests-1538612185-project-member] Attempting to import store swift {{(pid=99793) _load_store /opt/stack/data/venv/lib/python3.12/site-packages/glance_store/backend.py:215}}
Jul 30 15:05:55.470941 np0000006140 devstack@g-api.service[99793]: DEBUG glance_store.capabilities [None req-46d2af06-9ea3-4e36-a9e4-86fbdf38c34a tempest-VolumeImageDependencyTests-1538612185 tempest-VolumeImageDependencyTests-1538612185-project-member] Store glance_store._drivers.swift.store.SingleTenantStore doesn't support updating dynamic storage capabilities. Please overwrite 'update_capabilities' method of the store to implement updating logics if needed. {{(pid=99793) update_capabilities /opt/stack/data/venv/lib/python3.12/site-packages/glance_store/capabilities.py:91}}
Jul 30 15:05:55.471037 np0000006140 devstack@g-api.service[99793]: DEBUG glance_store.driver [None req-46d2af06-9ea3-4e36-a9e4-86fbdf38c34a tempest-VolumeImageDependencyTests-1538612185 tempest-VolumeImageDependencyTests-1538612185-project-member] Late loading location class glance_store._drivers.swift.store.StoreLocation {{(pid=99793) get_store_location_class /opt/stack/data/venv/lib/python3.12/site-packages/glance_store/driver.py:134}}
Jul 30 15:05:55.471140 np0000006140 devstack@g-api.service[99793]: DEBUG glance_store.location [None req-46d2af06-9ea3-4e36-a9e4-86fbdf38c34a tempest-VolumeImageDependencyTests-1538612185 tempest-VolumeImageDependencyTests-1538612185-project-member] Registering scheme swift+https with {'store': , 'location_class': , 'store_entry': 'swift'} {{(pid=99793) register_scheme_map /opt/stack/data/venv/lib/python3.12/site-packages/glance_store/location.py:146}}
Jul 30 15:05:55.471223 np0000006140 devstack@g-api.service[99793]: DEBUG glance_store.location [None req-46d2af06-9ea3-4e36-a9e4-86fbdf38c34a tempest-VolumeImageDependencyTests-1538612185 tempest-VolumeImageDependencyTests-1538612185-project-member] Registering scheme swift+https with {'store': , 'location_class': , 'store_entry': 'swift'} {{(pid=99793) register_scheme_map /opt/stack/data/venv/lib/python3.12/site-packages/glance_store/location.py:146}}
Jul 30 15:05:55.471276 np0000006140 devstack@g-api.service[99793]: DEBUG glance_store.location [None req-46d2af06-9ea3-4e36-a9e4-86fbdf38c34a tempest-VolumeImageDependencyTests-1538612185 tempest-VolumeImageDependencyTests-1538612185-project-member] Registering scheme swift with {'store': , 'location_class': , 'store_entry': 'swift'} {{(pid=99793) register_scheme_map /opt/stack/data/venv/lib/python3.12/site-packages/glance_store/location.py:146}}
Jul 30 15:05:55.471343 np0000006140 devstack@g-api.service[99793]: DEBUG glance_store.location [None req-46d2af06-9ea3-4e36-a9e4-86fbdf38c34a tempest-VolumeImageDependencyTests-1538612185 tempest-VolumeImageDependencyTests-1538612185-project-member] Registering scheme swift+https with {'store': , 'location_class': , 'store_entry': 'swift'} {{(pid=99793) register_scheme_map /opt/stack/data/venv/lib/python3.12/site-packages/glance_store/location.py:146}}
Jul 30 15:05:55.471412 np0000006140 devstack@g-api.service[99793]: DEBUG glance_store.location [None req-46d2af06-9ea3-4e36-a9e4-86fbdf38c34a tempest-VolumeImageDependencyTests-1538612185 tempest-VolumeImageDependencyTests-1538612185-project-member] Registering scheme swift with {'store': , 'location_class': , 'store_entry': 'swift'} {{(pid=99793) register_scheme_map /opt/stack/data/venv/lib/python3.12/site-packages/glance_store/location.py:146}}
Jul 30 15:05:55.471476 np0000006140 devstack@g-api.service[99793]: DEBUG glance_store.location [None req-46d2af06-9ea3-4e36-a9e4-86fbdf38c34a tempest-VolumeImageDependencyTests-1538612185 tempest-VolumeImageDependencyTests-1538612185-project-member] Registering scheme swift+http with {'store': , 'location_class': , 'store_entry': 'swift'} {{(pid=99793) register_scheme_map /opt/stack/data/venv/lib/python3.12/site-packages/glance_store/location.py:146}}
Jul 30 15:05:55.471542 np0000006140 devstack@g-api.service[99793]: DEBUG glance_store.location [None req-46d2af06-9ea3-4e36-a9e4-86fbdf38c34a tempest-VolumeImageDependencyTests-1538612185 tempest-VolumeImageDependencyTests-1538612185-project-member] Registering scheme swift+https with {'store': , 'location_class': , 'store_entry': 'swift'} {{(pid=99793) register_scheme_map /opt/stack/data/venv/lib/python3.12/site-packages/glance_store/location.py:146}}
Jul 30 15:05:55.471738 np0000006140 devstack@g-api.service[99793]: DEBUG glance_store.location [None req-46d2af06-9ea3-4e36-a9e4-86fbdf38c34a tempest-VolumeImageDependencyTests-1538612185 tempest-VolumeImageDependencyTests-1538612185-project-member] Registering scheme swift with {'store': , 'location_class': , 'store_entry': 'swift'} {{(pid=99793) register_scheme_map /opt/stack/data/venv/lib/python3.12/site-packages/glance_store/location.py:146}}
Jul 30 15:05:55.471871 np0000006140 devstack@g-api.service[99793]: DEBUG glance_store.location [None req-46d2af06-9ea3-4e36-a9e4-86fbdf38c34a tempest-VolumeImageDependencyTests-1538612185 tempest-VolumeImageDependencyTests-1538612185-project-member] Registering scheme swift+http with {'store': , 'location_class': , 'store_entry': 'swift'} {{(pid=99793) register_scheme_map /opt/stack/data/venv/lib/python3.12/site-packages/glance_store/location.py:146}}
Jul 30 15:05:55.471989 np0000006140 devstack@g-api.service[99793]: DEBUG glance_store.location [None req-46d2af06-9ea3-4e36-a9e4-86fbdf38c34a tempest-VolumeImageDependencyTests-1538612185 tempest-VolumeImageDependencyTests-1538612185-project-member] Registering scheme swift+config with {'store': , 'location_class': , 'store_entry': 'swift'} {{(pid=99793) register_scheme_map /opt/stack/data/venv/lib/python3.12/site-packages/glance_store/location.py:146}}
Jul 30 15:05:55.472232 np0000006140 devstack@g-api.service[99793]: DEBUG glance_store.backend [None req-46d2af06-9ea3-4e36-a9e4-86fbdf38c34a tempest-VolumeImageDependencyTests-1538612185 tempest-VolumeImageDependencyTests-1538612185-project-member] Skipping store.set_acls... not implemented. {{(pid=99793) set_acls /opt/stack/data/venv/lib/python3.12/site-packages/glance_store/backend.py:507}}
Jul 30 15:05:55.474095 np0000006140 devstack@g-api.service[99793]: [pid: 99793|app: 0|req: 87/272] 127.0.0.1 () {40 vars in 847 bytes} [Thu Jul 30 15:05:54 2026] PUT /v2/images/5b1e2d7c-63d5-4848-a41a-eb461663282b/file => generated 0 bytes in 1455 msecs (HTTP/1.1 204) 4 headers in 171 bytes (1 switches on core 0)
Jul 30 15:05:55.483073 np0000006140 devstack@g-api.service[99791]: DEBUG glance.api.middleware.version_negotiation [None req-10de6256-2996-4af1-ad46-6d195ea685c2 tempest-TestShelveInstance-412946390 tempest-TestShelveInstance-412946390-project-member] Determining version of request: GET /v2/images/5b1e2d7c-63d5-4848-a41a-eb461663282b Accept: application/json {{(pid=99791) process_request /opt/stack/glance/glance/api/middleware/version_negotiation.py:44}}
Jul 30 15:05:55.483073 np0000006140 devstack@g-api.service[99791]: DEBUG glance.api.middleware.version_negotiation [None req-10de6256-2996-4af1-ad46-6d195ea685c2 tempest-TestShelveInstance-412946390 tempest-TestShelveInstance-412946390-project-member] Using url versioning {{(pid=99791) process_request /opt/stack/glance/glance/api/middleware/version_negotiation.py:57}}
Jul 30 15:05:55.483073 np0000006140 devstack@g-api.service[99791]: DEBUG glance.api.middleware.version_negotiation [None req-10de6256-2996-4af1-ad46-6d195ea685c2 tempest-TestShelveInstance-412946390 tempest-TestShelveInstance-412946390-project-member] Matched version: v2 {{(pid=99791) process_request /opt/stack/glance/glance/api/middleware/version_negotiation.py:69}}
Jul 30 15:05:55.483073 np0000006140 devstack@g-api.service[99791]: DEBUG glance.api.middleware.version_negotiation [None req-10de6256-2996-4af1-ad46-6d195ea685c2 tempest-TestShelveInstance-412946390 tempest-TestShelveInstance-412946390-project-member] new path /v2/images/5b1e2d7c-63d5-4848-a41a-eb461663282b {{(pid=99791) process_request /opt/stack/glance/glance/api/middleware/version_negotiation.py:70}}
Jul 30 15:05:55.502449 np0000006140 devstack@g-api.service[99791]: [pid: 99791|app: 0|req: 95/273] 127.0.0.1 () {40 vars in 838 bytes} [Thu Jul 30 15:05:55 2026] GET /v2/images/5b1e2d7c-63d5-4848-a41a-eb461663282b => generated 818 bytes in 20 msecs (HTTP/1.1 200) 4 headers in 157 bytes (1 switches on core 0)
Jul 30 15:05:55.509085 np0000006140 devstack@g-api.service[99792]: DEBUG glance.api.middleware.version_negotiation [None req-10de6256-2996-4af1-ad46-6d195ea685c2 tempest-TestShelveInstance-412946390 tempest-TestShelveInstance-412946390-project-member] Determining version of request: GET /v2/images/5b1e2d7c-63d5-4848-a41a-eb461663282b Accept: application/json {{(pid=99792) process_request /opt/stack/glance/glance/api/middleware/version_negotiation.py:44}}
Jul 30 15:05:55.509444 np0000006140 devstack@g-api.service[99792]: DEBUG glance.api.middleware.version_negotiation [None req-10de6256-2996-4af1-ad46-6d195ea685c2 tempest-TestShelveInstance-412946390 tempest-TestShelveInstance-412946390-project-member] Using url versioning {{(pid=99792) process_request /opt/stack/glance/glance/api/middleware/version_negotiation.py:57}}
Jul 30 15:05:55.509444 np0000006140 devstack@g-api.service[99792]: DEBUG glance.api.middleware.version_negotiation [None req-10de6256-2996-4af1-ad46-6d195ea685c2 tempest-TestShelveInstance-412946390 tempest-TestShelveInstance-412946390-project-member] Matched version: v2 {{(pid=99792) process_request /opt/stack/glance/glance/api/middleware/version_negotiation.py:69}}
Jul 30 15:05:55.509444 np0000006140 devstack@g-api.service[99792]: DEBUG glance.api.middleware.version_negotiation [None req-10de6256-2996-4af1-ad46-6d195ea685c2 tempest-TestShelveInstance-412946390 tempest-TestShelveInstance-412946390-project-member] new path /v2/images/5b1e2d7c-63d5-4848-a41a-eb461663282b {{(pid=99792) process_request /opt/stack/glance/glance/api/middleware/version_negotiation.py:70}}
Jul 30 15:05:55.516640 np0000006140 devstack@g-api.service[99792]: [pid: 99792|app: 0|req: 92/274] 127.0.0.1 () {40 vars in 838 bytes} [Thu Jul 30 15:05:55 2026] GET /v2/images/5b1e2d7c-63d5-4848-a41a-eb461663282b => generated 818 bytes in 8 msecs (HTTP/1.1 200) 4 headers in 157 bytes (1 switches on core 0)
Jul 30 15:05:55.523987 np0000006140 devstack@g-api.service[99793]: DEBUG glance.api.middleware.version_negotiation [None req-46d2af06-9ea3-4e36-a9e4-86fbdf38c34a tempest-VolumeImageDependencyTests-1538612185 tempest-VolumeImageDependencyTests-1538612185-project-member] Determining version of request: GET /v2/images/5b1e2d7c-63d5-4848-a41a-eb461663282b Accept: application/json {{(pid=99793) process_request /opt/stack/glance/glance/api/middleware/version_negotiation.py:44}}
Jul 30 15:05:55.524148 np0000006140 devstack@g-api.service[99793]: DEBUG glance.api.middleware.version_negotiation [None req-46d2af06-9ea3-4e36-a9e4-86fbdf38c34a tempest-VolumeImageDependencyTests-1538612185 tempest-VolumeImageDependencyTests-1538612185-project-member] Using url versioning {{(pid=99793) process_request /opt/stack/glance/glance/api/middleware/version_negotiation.py:57}}
Jul 30 15:05:55.524329 np0000006140 devstack@g-api.service[99793]: DEBUG glance.api.middleware.version_negotiation [None req-46d2af06-9ea3-4e36-a9e4-86fbdf38c34a tempest-VolumeImageDependencyTests-1538612185 tempest-VolumeImageDependencyTests-1538612185-project-member] Matched version: v2 {{(pid=99793) process_request /opt/stack/glance/glance/api/middleware/version_negotiation.py:69}}
Jul 30 15:05:55.524382 np0000006140 devstack@g-api.service[99793]: DEBUG glance.api.middleware.version_negotiation [None req-46d2af06-9ea3-4e36-a9e4-86fbdf38c34a tempest-VolumeImageDependencyTests-1538612185 tempest-VolumeImageDependencyTests-1538612185-project-member] new path /v2/images/5b1e2d7c-63d5-4848-a41a-eb461663282b {{(pid=99793) process_request /opt/stack/glance/glance/api/middleware/version_negotiation.py:70}}
Jul 30 15:05:55.532520 np0000006140 devstack@g-api.service[99793]: [pid: 99793|app: 0|req: 88/275] 127.0.0.1 () {40 vars in 838 bytes} [Thu Jul 30 15:05:55 2026] GET /v2/images/5b1e2d7c-63d5-4848-a41a-eb461663282b => generated 818 bytes in 9 msecs (HTTP/1.1 200) 4 headers in 157 bytes (1 switches on core 0)
Jul 30 15:05:55.551993 np0000006140 devstack@g-api.service[99791]: DEBUG glance.api.middleware.version_negotiation [None req-977e9945-cc67-48ea-8d93-28566fa233f1 tempest-VolumeImageDependencyTests-1538612185 tempest-VolumeImageDependencyTests-1538612185-project-member] Determining version of request: GET /v2/images/5b1e2d7c-63d5-4848-a41a-eb461663282b Accept: */* {{(pid=99791) process_request /opt/stack/glance/glance/api/middleware/version_negotiation.py:44}}
