Jul 30 15:03:07.560738 np0000006140 nova-scheduler[93489]: DEBUG nova.scheduler.manager [None req-f5cf461f-0031-4825-922b-8db175743426 tempest-ServerRescueNegativeTestJSON-2006252372 tempest-ServerRescueNegativeTestJSON-2006252372-project-member] Weighed [WeighedHost [host: (np0000006140, np0000006140) ram: 62765MB disk: 74752MB io_ops: 0 instances: 0, allocation_candidates: 1, weight: 0.0]] {{(pid=93489) _get_sorted_hosts /opt/stack/nova/nova/scheduler/manager.py:764}}
Jul 30 15:03:07.560899 np0000006140 nova-scheduler[93489]: DEBUG nova.scheduler.utils [None req-f5cf461f-0031-4825-922b-8db175743426 tempest-ServerRescueNegativeTestJSON-2006252372 tempest-ServerRescueNegativeTestJSON-2006252372-project-member] Attempting to claim resources in the placement API for instance c127ee91-0627-4182-bbed-8e2af3d8c554 {{(pid=93489) claim_resources /opt/stack/nova/nova/scheduler/utils.py:1345}}
Jul 30 15:03:07.561019 np0000006140 nova-scheduler[93484]: DEBUG dbcounter [-] [93484] Writer thread running {{(pid=93484) stat_writer /opt/stack/data/venv/lib/python3.12/site-packages/dbcounter.py:102}}
Jul 30 15:03:07.563274 np0000006140 nova-scheduler[93484]: DEBUG oslo_concurrency.lockutils [None req-f58ef631-e7eb-4264-83a0-4e90b42595da tempest-DeleteServersTestJSON-943956183 tempest-DeleteServersTestJSON-943956183-project-member] Acquiring lock "ec4ffa1e-d1af-4bd4-ae2c-73fc1b9b8a02" by "nova.context.set_target_cell..get_or_set_cached_cell_and_set_connections" {{(pid=93484) inner /opt/stack/data/venv/lib/python3.12/site-packages/oslo_concurrency/lockutils.py:512}}
Jul 30 15:03:07.563620 np0000006140 nova-scheduler[93484]: DEBUG oslo_concurrency.lockutils [None req-f58ef631-e7eb-4264-83a0-4e90b42595da tempest-DeleteServersTestJSON-943956183 tempest-DeleteServersTestJSON-943956183-project-member] Lock "ec4ffa1e-d1af-4bd4-ae2c-73fc1b9b8a02" acquired by "nova.context.set_target_cell..get_or_set_cached_cell_and_set_connections" :: waited 0.000s {{(pid=93484) inner /opt/stack/data/venv/lib/python3.12/site-packages/oslo_concurrency/lockutils.py:525}}
Jul 30 15:03:07.563767 np0000006140 nova-scheduler[93484]: DEBUG oslo_concurrency.lockutils [None req-f58ef631-e7eb-4264-83a0-4e90b42595da tempest-DeleteServersTestJSON-943956183 tempest-DeleteServersTestJSON-943956183-project-member] Lock "ec4ffa1e-d1af-4bd4-ae2c-73fc1b9b8a02" "released" by "nova.context.set_target_cell..get_or_set_cached_cell_and_set_connections" :: held 0.000s {{(pid=93484) inner /opt/stack/data/venv/lib/python3.12/site-packages/oslo_concurrency/lockutils.py:544}}
Jul 30 15:03:07.566946 np0000006140 nova-scheduler[93484]: DEBUG oslo_concurrency.lockutils [None req-f58ef631-e7eb-4264-83a0-4e90b42595da tempest-DeleteServersTestJSON-943956183 tempest-DeleteServersTestJSON-943956183-project-member] Acquiring lock "np0000006140-np0000006140" by "nova.scheduler.host_manager.HostState.update.._locked_update" {{(pid=93484) inner /opt/stack/data/venv/lib/python3.12/site-packages/oslo_concurrency/lockutils.py:512}}
Jul 30 15:03:07.567152 np0000006140 nova-scheduler[93484]: DEBUG oslo_concurrency.lockutils [None req-f58ef631-e7eb-4264-83a0-4e90b42595da tempest-DeleteServersTestJSON-943956183 tempest-DeleteServersTestJSON-943956183-project-member] Lock "np0000006140-np0000006140" acquired by "nova.scheduler.host_manager.HostState.update.._locked_update" :: waited 0.000s {{(pid=93484) inner /opt/stack/data/venv/lib/python3.12/site-packages/oslo_concurrency/lockutils.py:525}}
Jul 30 15:03:07.568422 np0000006140 nova-scheduler[93484]: DEBUG nova.scheduler.host_manager [None req-f58ef631-e7eb-4264-83a0-4e90b42595da tempest-DeleteServersTestJSON-943956183 tempest-DeleteServersTestJSON-943956183-project-member] Update host state from compute node: ComputeNode(cpu_allocation_ratio=4.0,cpu_info='{"arch": "x86_64", "model": "EPYC-Milan", "vendor": "AMD", "topology": {"cells": 1, "sockets": 16, "cores": 1, "threads": 1}, "maxphysaddr": {"mode": "emulate", "bits": 40}, "features": ["rdtscp", "x2apic", "abm", "fsrm", "pschange-mc-no", "v-vmsave-vmload", "cx16", "xsaveerptr", "popcnt", "amd-psfd", "ssbd", "umip", "tsc-scale", "de", "xsaveopt", "avx2", "spec-ctrl", "stibp", "cr8legacy", "stibp-always-on", "npt", "lm", "mce", "pge", "avx", "vaes", "movbe", "sse4a", "pae", "vme", "amd-stibp", "mtrr", "apic", "rdpid", "sse4.1", "pause-filter", "fsgsbase", "lahf_lm", "lfence-always-serializing", "fxsr", "smep", "xgetbv1", "skip-l1dfl-vmentry", "erms", "ibpb", "svme-addr-chk", "pfthreshold", "osvw", "clwb", "svm", "pcid", "invpcid", "arch-capabilities", "sse", "perfctr_core", "cmov", "tsc", "misalignsse", "rdrand", "xsavec", "topoext", "aes", "gds-no", "virt-ssbd", "amd-ssbd", "cx8", "pku", "no-nested-data-bp", "sse4.2", "mmxext", "rdctl-no", "vpclmulqdq", "ibrs", "hypervisor", "pat", "bmi2", "fma", "mca", "fpu", "pni", "pdpe1gb", "clflushopt", "null-sel-clr-base", "pse", "mds-no", "ssse3", "xsaves", "mmx", "arat", "adx", "tsc_adjust", "sep", "tsc-deadline", "wbnoinvd", "sha-ni", "flushbyasid", "bmi1", "clzero", "vgif", "3dnowprefetch", "pclmuldq", "msr", "lbrv", "smap", "clflush", "cmp_legacy", "pse36", "fxsr_opt", "f16c", "sse2", "vmcb-clean", "nrip-save", "syscall", "rdseed", "xsave", "nx"]}',created_at=2026-07-30T15:01:13Z,current_workload=0,deleted=False,deleted_at=None,disk_allocation_ratio=1.0,disk_available_least=73,free_disk_gb=95,free_ram_mb=62765,host='np0000006140',host_ip=10.4.3.220,hypervisor_hostname='np0000006140',hypervisor_type='QEMU',hypervisor_version=8002002,id=1,local_gb=95,local_gb_used=0,mapped=1,memory_mb=63277,memory_mb_used=512,metrics='[]',numa_topology='{"nova_object.name": "NUMATopology", "nova_object.namespace": "nova", "nova_object.version": "1.2", "nova_object.data": {"cells": [{"nova_object.name": "NUMACell", "nova_object.namespace": "nova", "nova_object.version": "1.5", "nova_object.data": {"id": 0, "cpuset": [0, 1, 2, 3, 4, 5, 6, 7, 8, 9, 10, 11, 12, 13, 14, 15], "pcpuset": [0, 1, 2, 3, 4, 5, 6, 7, 8, 9, 10, 11, 12, 13, 14, 15], "memory": 63277, "cpu_usage": 0, "memory_usage": 0, "pinned_cpus": [], "siblings": [[6], [12], [2], [15], [5], [11], [8], [14], [4], [1], [7], [10], [0], [13], [3], [9]], "mempages": [{"nova_object.name": "NUMAPagesTopology", "nova_object.namespace": "nova", "nova_object.version": "1.1", "nova_object.data": {"size_kb": 4, "total": 16177929, "used": 0, "reserved": 0}, "nova_object.changes": ["used", "size_kb", "total", "reserved"]}, {"nova_object.name": "NUMAPagesTopology", "nova_object.namespace": "nova", "nova_object.version": "1.1", "nova_object.data": {"size_kb": 2048, "total": 41, "used": 0, "reserved": 0}, "nova_object.changes": ["used", "size_kb", "total", "reserved"]}, {"nova_object.name": "NUMAPagesTopology", "nova_object.namespace": "nova", "nova_object.version": "1.1", "nova_object.data": {"size_kb": 1048576, "total": 0, "used": 0, "reserved": 0}, "nova_object.changes": ["used", "size_kb", "total", "reserved"]}], "network_metadata": {"nova_object.name": "NetworkMetadata", "nova_object.namespace": "nova", "nova_object.version": "1.0", "nova_object.data": {"physnets": [], "tunneled": false}, "nova_object.changes": ["physnets", "tunneled"]}, "socket": null}, "nova_object.changes": ["siblings", "pcpuset", "socket", "cpu_usage", "cpuset", "memory", "network_metadata", "pinned_cpus", "id", "memory_usage", "mempages"]}]}, "nova_object.changes": ["cells"]}',pci_device_pools=PciDevicePoolList,ram_allocation_ratio=1.0,running_vms=0,service_id=3,stats={failed_builds='0',uptime=' 15:03:03 up 13 min, 2 users, load average: 2.26, 1.61, 0.88
Jul 30 15:03:07.568422 np0000006140 nova-scheduler[93484]: '},supported_hv_specs=[HVSpec,HVSpec,HVSpec,HVSpec,HVSpec,HVSpec,HVSpec,HVSpec,HVSpec,HVSpec,HVSpec,HVSpec,HVSpec,HVSpec,HVSpec,HVSpec,HVSpec,HVSpec,HVSpec,HVSpec,HVSpec,HVSpec,HVSpec,HVSpec,HVSpec],updated_at=2026-07-30T15:03:03Z,uuid=baf7be36-ef91-46aa-9ef0-ebf0e87f044b,vcpus=16,vcpus_used=0) {{(pid=93484) _locked_update /opt/stack/nova/nova/scheduler/host_manager.py:168}}
Jul 30 15:03:07.569288 np0000006140 nova-scheduler[93484]: DEBUG nova.scheduler.host_manager [None req-f58ef631-e7eb-4264-83a0-4e90b42595da tempest-DeleteServersTestJSON-943956183 tempest-DeleteServersTestJSON-943956183-project-member] Update host state with aggregates: [] {{(pid=93484) _locked_update /opt/stack/nova/nova/scheduler/host_manager.py:171}}
Jul 30 15:03:07.569438 np0000006140 nova-scheduler[93484]: DEBUG nova.scheduler.host_manager [None req-f58ef631-e7eb-4264-83a0-4e90b42595da tempest-DeleteServersTestJSON-943956183 tempest-DeleteServersTestJSON-943956183-project-member] Update host state with service dict: {'id': 3, 'uuid': '194c545c-08ae-485d-b5c3-6382c7ffd802', 'host': 'np0000006140', 'binary': 'nova-compute', 'topic': 'compute', 'report_count': 1, 'disabled': False, 'disabled_reason': None, 'last_seen_up': datetime.datetime(2026, 7, 30, 15, 1, 20, tzinfo=datetime.timezone.utc), 'forced_down': False, 'version': 72, 'created_at': datetime.datetime(2026, 7, 30, 15, 1, 13, tzinfo=datetime.timezone.utc), 'updated_at': datetime.datetime(2026, 7, 30, 15, 1, 20, tzinfo=datetime.timezone.utc), 'deleted_at': None, 'deleted': False} {{(pid=93484) _locked_update /opt/stack/nova/nova/scheduler/host_manager.py:174}}
Jul 30 15:03:07.569554 np0000006140 nova-scheduler[93484]: DEBUG nova.scheduler.host_manager [None req-f58ef631-e7eb-4264-83a0-4e90b42595da tempest-DeleteServersTestJSON-943956183 tempest-DeleteServersTestJSON-943956183-project-member] Update host state with instances: [] {{(pid=93484) _locked_update /opt/stack/nova/nova/scheduler/host_manager.py:177}}
Jul 30 15:03:07.569617 np0000006140 nova-scheduler[93484]: DEBUG oslo_concurrency.lockutils [None req-f58ef631-e7eb-4264-83a0-4e90b42595da tempest-DeleteServersTestJSON-943956183 tempest-DeleteServersTestJSON-943956183-project-member] Lock "np0000006140-np0000006140" "released" by "nova.scheduler.host_manager.HostState.update.._locked_update" :: held 0.003s {{(pid=93484) inner /opt/stack/data/venv/lib/python3.12/site-packages/oslo_concurrency/lockutils.py:544}}
Jul 30 15:03:07.569993 np0000006140 nova-scheduler[93484]: DEBUG nova.filters [None req-f58ef631-e7eb-4264-83a0-4e90b42595da tempest-DeleteServersTestJSON-943956183 tempest-DeleteServersTestJSON-943956183-project-member] Starting with 1 host(s) {{(pid=93484) get_filtered_objects /opt/stack/nova/nova/filters.py:70}}
Jul 30 15:03:07.570267 np0000006140 nova-scheduler[93484]: DEBUG nova.filters [None req-f58ef631-e7eb-4264-83a0-4e90b42595da tempest-DeleteServersTestJSON-943956183 tempest-DeleteServersTestJSON-943956183-project-member] Filter ComputeFilter returned 1 host(s) {{(pid=93484) get_filtered_objects /opt/stack/nova/nova/filters.py:102}}
Jul 30 15:03:07.570507 np0000006140 nova-scheduler[93484]: DEBUG nova.filters [None req-f58ef631-e7eb-4264-83a0-4e90b42595da tempest-DeleteServersTestJSON-943956183 tempest-DeleteServersTestJSON-943956183-project-member] Filter ComputeCapabilitiesFilter returned 1 host(s) {{(pid=93484) get_filtered_objects /opt/stack/nova/nova/filters.py:102}}
Jul 30 15:03:07.570707 np0000006140 nova-scheduler[93484]: DEBUG nova.filters [None req-f58ef631-e7eb-4264-83a0-4e90b42595da tempest-DeleteServersTestJSON-943956183 tempest-DeleteServersTestJSON-943956183-project-member] Filter ImagePropertiesFilter returned 1 host(s) {{(pid=93484) get_filtered_objects /opt/stack/nova/nova/filters.py:102}}
Jul 30 15:03:07.570815 np0000006140 nova-scheduler[93484]: DEBUG nova.filters [None req-f58ef631-e7eb-4264-83a0-4e90b42595da tempest-DeleteServersTestJSON-943956183 tempest-DeleteServersTestJSON-943956183-project-member] Filter ServerGroupAntiAffinityFilter returned 1 host(s) {{(pid=93484) get_filtered_objects /opt/stack/nova/nova/filters.py:102}}
Jul 30 15:03:07.570920 np0000006140 nova-scheduler[93484]: DEBUG nova.filters [None req-f58ef631-e7eb-4264-83a0-4e90b42595da tempest-DeleteServersTestJSON-943956183 tempest-DeleteServersTestJSON-943956183-project-member] Filter ServerGroupAffinityFilter returned 1 host(s) {{(pid=93484) get_filtered_objects /opt/stack/nova/nova/filters.py:102}}
Jul 30 15:03:07.571055 np0000006140 nova-scheduler[93484]: DEBUG nova.filters [None req-f58ef631-e7eb-4264-83a0-4e90b42595da tempest-DeleteServersTestJSON-943956183 tempest-DeleteServersTestJSON-943956183-project-member] Filter SameHostFilter returned 1 host(s) {{(pid=93484) get_filtered_objects /opt/stack/nova/nova/filters.py:102}}
Jul 30 15:03:07.571152 np0000006140 nova-scheduler[93484]: DEBUG nova.filters [None req-f58ef631-e7eb-4264-83a0-4e90b42595da tempest-DeleteServersTestJSON-943956183 tempest-DeleteServersTestJSON-943956183-project-member] Filter DifferentHostFilter returned 1 host(s) {{(pid=93484) get_filtered_objects /opt/stack/nova/nova/filters.py:102}}
Jul 30 15:03:07.571265 np0000006140 nova-scheduler[93484]: DEBUG nova.scheduler.manager [None req-f58ef631-e7eb-4264-83a0-4e90b42595da tempest-DeleteServersTestJSON-943956183 tempest-DeleteServersTestJSON-943956183-project-member] Filtered [(np0000006140, np0000006140) ram: 62765MB disk: 74752MB io_ops: 0 instances: 0, allocation_candidates: 1] {{(pid=93484) _get_sorted_hosts /opt/stack/nova/nova/scheduler/manager.py:742}}
Jul 30 15:03:07.571565 np0000006140 nova-scheduler[93484]: DEBUG nova.scheduler.manager [None req-f58ef631-e7eb-4264-83a0-4e90b42595da tempest-DeleteServersTestJSON-943956183 tempest-DeleteServersTestJSON-943956183-project-member] Weighed [WeighedHost [host: (np0000006140, np0000006140) ram: 62765MB disk: 74752MB io_ops: 0 instances: 0, allocation_candidates: 1, weight: 0.0]] {{(pid=93484) _get_sorted_hosts /opt/stack/nova/nova/scheduler/manager.py:764}}
Jul 30 15:03:07.571640 np0000006140 nova-scheduler[93484]: DEBUG nova.scheduler.utils [None req-f58ef631-e7eb-4264-83a0-4e90b42595da tempest-DeleteServersTestJSON-943956183 tempest-DeleteServersTestJSON-943956183-project-member] Attempting to claim resources in the placement API for instance cb8cf73a-23e1-4225-80ee-aafbb4741434 {{(pid=93484) claim_resources /opt/stack/nova/nova/scheduler/utils.py:1345}}
Jul 30 15:03:07.720296 np0000006140 nova-scheduler[93489]: DEBUG nova.scheduler.manager [None req-f5cf461f-0031-4825-922b-8db175743426 tempest-ServerRescueNegativeTestJSON-2006252372 tempest-ServerRescueNegativeTestJSON-2006252372-project-member] [instance: c127ee91-0627-4182-bbed-8e2af3d8c554] Selected host: (np0000006140, np0000006140) ram: 62765MB disk: 74752MB io_ops: 0 instances: 0, allocation_candidates: 1 {{(pid=93489) _consume_selected_host /opt/stack/nova/nova/scheduler/manager.py:624}}
Jul 30 15:03:07.720732 np0000006140 nova-scheduler[93489]: DEBUG oslo_concurrency.lockutils [None req-f5cf461f-0031-4825-922b-8db175743426 tempest-ServerRescueNegativeTestJSON-2006252372 tempest-ServerRescueNegativeTestJSON-2006252372-project-member] Acquiring lock "np0000006140-np0000006140" by "nova.scheduler.host_manager.HostState.consume_from_request.._locked" {{(pid=93489) inner /opt/stack/data/venv/lib/python3.12/site-packages/oslo_concurrency/lockutils.py:512}}
Jul 30 15:03:07.720894 np0000006140 nova-scheduler[93489]: DEBUG oslo_concurrency.lockutils [None req-f5cf461f-0031-4825-922b-8db175743426 tempest-ServerRescueNegativeTestJSON-2006252372 tempest-ServerRescueNegativeTestJSON-2006252372-project-member] Lock "np0000006140-np0000006140" acquired by "nova.scheduler.host_manager.HostState.consume_from_request.._locked" :: waited 0.000s {{(pid=93489) inner /opt/stack/data/venv/lib/python3.12/site-packages/oslo_concurrency/lockutils.py:525}}
Jul 30 15:03:07.721041 np0000006140 nova-scheduler[93489]: DEBUG oslo_concurrency.lockutils [None req-f5cf461f-0031-4825-922b-8db175743426 tempest-ServerRescueNegativeTestJSON-2006252372 tempest-ServerRescueNegativeTestJSON-2006252372-project-member] Lock "np0000006140-np0000006140" "released" by "nova.scheduler.host_manager.HostState.consume_from_request.._locked" :: held 0.000s {{(pid=93489) inner /opt/stack/data/venv/lib/python3.12/site-packages/oslo_concurrency/lockutils.py:544}}
Jul 30 15:03:08.605307 np0000006140 nova-scheduler[93484]: DEBUG dbcounter [-] [93484] Writing DB stats nova_cell0:SELECT=1,nova_cell0:UPDATE=1 {{(pid=93484) stat_writer /opt/stack/data/venv/lib/python3.12/site-packages/dbcounter.py:115}}
Jul 30 15:03:08.610290 np0000006140 nova-scheduler[93489]: DEBUG dbcounter [-] [93489] Writing DB stats nova_cell0:SELECT=1,nova_cell0:UPDATE=1 {{(pid=93489) stat_writer /opt/stack/data/venv/lib/python3.12/site-packages/dbcounter.py:115}}
Jul 30 15:03:08.632835 np0000006140 nova-scheduler[93491]: DEBUG dbcounter [-] [93491] Writing DB stats nova_cell0:SELECT=1 {{(pid=93491) stat_writer /opt/stack/data/venv/lib/python3.12/site-packages/dbcounter.py:115}}
Jul 30 15:03:08.793138 np0000006140 nova-scheduler[93484]: DEBUG nova.scheduler.manager [None req-f58ef631-e7eb-4264-83a0-4e90b42595da tempest-DeleteServersTestJSON-943956183 tempest-DeleteServersTestJSON-943956183-project-member] [instance: cb8cf73a-23e1-4225-80ee-aafbb4741434] Selected host: (np0000006140, np0000006140) ram: 62765MB disk: 74752MB io_ops: 0 instances: 0, allocation_candidates: 1 {{(pid=93484) _consume_selected_host /opt/stack/nova/nova/scheduler/manager.py:624}}
Jul 30 15:03:08.794078 np0000006140 nova-scheduler[93484]: DEBUG oslo_concurrency.lockutils [None req-f58ef631-e7eb-4264-83a0-4e90b42595da tempest-DeleteServersTestJSON-943956183 tempest-DeleteServersTestJSON-943956183-project-member] Acquiring lock "np0000006140-np0000006140" by "nova.scheduler.host_manager.HostState.consume_from_request.._locked" {{(pid=93484) inner /opt/stack/data/venv/lib/python3.12/site-packages/oslo_concurrency/lockutils.py:512}}
Jul 30 15:03:08.794078 np0000006140 nova-scheduler[93484]: DEBUG oslo_concurrency.lockutils [None req-f58ef631-e7eb-4264-83a0-4e90b42595da tempest-DeleteServersTestJSON-943956183 tempest-DeleteServersTestJSON-943956183-project-member] Lock "np0000006140-np0000006140" acquired by "nova.scheduler.host_manager.HostState.consume_from_request.._locked" :: waited 0.000s {{(pid=93484) inner /opt/stack/data/venv/lib/python3.12/site-packages/oslo_concurrency/lockutils.py:525}}
Jul 30 15:03:08.794078 np0000006140 nova-scheduler[93484]: DEBUG oslo_concurrency.lockutils [None req-f58ef631-e7eb-4264-83a0-4e90b42595da tempest-DeleteServersTestJSON-943956183 tempest-DeleteServersTestJSON-943956183-project-member] Lock "np0000006140-np0000006140" "released" by "nova.scheduler.host_manager.HostState.consume_from_request.._locked" :: held 0.000s {{(pid=93484) inner /opt/stack/data/venv/lib/python3.12/site-packages/oslo_concurrency/lockutils.py:544}}
Jul 30 15:03:10.424570 np0000006140 nova-scheduler[93484]: DEBUG nova.scheduler.manager [None req-58fbc876-6a7c-4fb6-850b-4de99c06c3f2 tempest-ServerRescueNegativeTestJSON-2006252372 tempest-ServerRescueNegativeTestJSON-2006252372-project-member] Starting to schedule for instances: ['64aef78f-db38-413c-a10e-7afc608f22d6'] {{(pid=93484) select_destinations /opt/stack/nova/nova/scheduler/manager.py:209}}
Jul 30 15:03:10.426083 np0000006140 nova-scheduler[93491]: DEBUG nova.scheduler.manager [None req-75718235-c271-4176-9920-777776c5d863 tempest-ServerStableDeviceRescueTest-48888041 tempest-ServerStableDeviceRescueTest-48888041-project-member] Starting to schedule for instances: ['89a46829-d03c-47a2-8bde-b863064742aa'] {{(pid=93491) select_destinations /opt/stack/nova/nova/scheduler/manager.py:209}}
Jul 30 15:03:10.426733 np0000006140 nova-scheduler[93484]: DEBUG nova.scheduler.request_filter [None req-58fbc876-6a7c-4fb6-850b-4de99c06c3f2 tempest-ServerRescueNegativeTestJSON-2006252372 tempest-ServerRescueNegativeTestJSON-2006252372-project-member] compute_status_filter request filter added forbidden trait COMPUTE_STATUS_DISABLED {{(pid=93484) compute_status_filter /opt/stack/nova/nova/scheduler/request_filter.py:253}}
Jul 30 15:03:10.426733 np0000006140 nova-scheduler[93484]: DEBUG nova.scheduler.request_filter [None req-58fbc876-6a7c-4fb6-850b-4de99c06c3f2 tempest-ServerRescueNegativeTestJSON-2006252372 tempest-ServerRescueNegativeTestJSON-2006252372-project-member] Request filter 'compute_status_filter' took 0.0 seconds {{(pid=93484) wrapper /opt/stack/nova/nova/scheduler/request_filter.py:46}}
Jul 30 15:03:10.426733 np0000006140 nova-scheduler[93484]: DEBUG nova.scheduler.request_filter [None req-58fbc876-6a7c-4fb6-850b-4de99c06c3f2 tempest-ServerRescueNegativeTestJSON-2006252372 tempest-ServerRescueNegativeTestJSON-2006252372-project-member] Request filter 'accelerators_filter' took 0.0 seconds {{(pid=93484) wrapper /opt/stack/nova/nova/scheduler/request_filter.py:46}}
Jul 30 15:03:10.426733 np0000006140 nova-scheduler[93484]: DEBUG nova.scheduler.request_filter [None req-58fbc876-6a7c-4fb6-850b-4de99c06c3f2 tempest-ServerRescueNegativeTestJSON-2006252372 tempest-ServerRescueNegativeTestJSON-2006252372-project-member] Request filter 'packed_virtqueue_filter' took 0.0 seconds {{(pid=93484) wrapper /opt/stack/nova/nova/scheduler/request_filter.py:46}}
Jul 30 15:03:10.426733 np0000006140 nova-scheduler[93484]: DEBUG nova.scheduler.request_filter [None req-58fbc876-6a7c-4fb6-850b-4de99c06c3f2 tempest-ServerRescueNegativeTestJSON-2006252372 tempest-ServerRescueNegativeTestJSON-2006252372-project-member] Request filter 'remote_managed_ports_filter' took 0.0 seconds {{(pid=93484) wrapper /opt/stack/nova/nova/scheduler/request_filter.py:46}}
Jul 30 15:03:10.426941 np0000006140 nova-scheduler[93491]: DEBUG nova.scheduler.request_filter [None req-75718235-c271-4176-9920-777776c5d863 tempest-ServerStableDeviceRescueTest-48888041 tempest-ServerStableDeviceRescueTest-48888041-project-member] compute_status_filter request filter added forbidden trait COMPUTE_STATUS_DISABLED {{(pid=93491) compute_status_filter /opt/stack/nova/nova/scheduler/request_filter.py:253}}
Jul 30 15:03:10.427036 np0000006140 nova-scheduler[93484]: DEBUG nova.scheduler.request_filter [None req-58fbc876-6a7c-4fb6-850b-4de99c06c3f2 tempest-ServerRescueNegativeTestJSON-2006252372 tempest-ServerRescueNegativeTestJSON-2006252372-project-member] ephemeral_encryption_filter skipped {{(pid=93484) ephemeral_encryption_filter /opt/stack/nova/nova/scheduler/request_filter.py:426}}
Jul 30 15:03:10.427167 np0000006140 nova-scheduler[93491]: DEBUG nova.scheduler.request_filter [None req-75718235-c271-4176-9920-777776c5d863 tempest-ServerStableDeviceRescueTest-48888041 tempest-ServerStableDeviceRescueTest-48888041-project-member] Request filter 'compute_status_filter' took 0.0 seconds {{(pid=93491) wrapper /opt/stack/nova/nova/scheduler/request_filter.py:46}}
Jul 30 15:03:10.427263 np0000006140 nova-scheduler[93484]: DEBUG nova.scheduler.request_filter [None req-58fbc876-6a7c-4fb6-850b-4de99c06c3f2 tempest-ServerRescueNegativeTestJSON-2006252372 tempest-ServerRescueNegativeTestJSON-2006252372-project-member] virtio_sound_filter skipped {{(pid=93484) virtio_sound_filter /opt/stack/nova/nova/scheduler/request_filter.py:460}}
Jul 30 15:03:10.427263 np0000006140 nova-scheduler[93484]: DEBUG nova.scheduler.request_filter [None req-58fbc876-6a7c-4fb6-850b-4de99c06c3f2 tempest-ServerRescueNegativeTestJSON-2006252372 tempest-ServerRescueNegativeTestJSON-2006252372-project-member] tpm_secret_security_filter skipped {{(pid=93484) tpm_secret_security_filter /opt/stack/nova/nova/scheduler/request_filter.py:477}}
Jul 30 15:03:10.427377 np0000006140 nova-scheduler[93491]: DEBUG nova.scheduler.request_filter [None req-75718235-c271-4176-9920-777776c5d863 tempest-ServerStableDeviceRescueTest-48888041 tempest-ServerStableDeviceRescueTest-48888041-project-member] Request filter 'accelerators_filter' took 0.0 seconds {{(pid=93491) wrapper /opt/stack/nova/nova/scheduler/request_filter.py:46}}
Jul 30 15:03:10.427377 np0000006140 nova-scheduler[93491]: DEBUG nova.scheduler.request_filter [None req-75718235-c271-4176-9920-777776c5d863 tempest-ServerStableDeviceRescueTest-48888041 tempest-ServerStableDeviceRescueTest-48888041-project-member] Request filter 'packed_virtqueue_filter' took 0.0 seconds {{(pid=93491) wrapper /opt/stack/nova/nova/scheduler/request_filter.py:46}}
Jul 30 15:03:10.427377 np0000006140 nova-scheduler[93491]: DEBUG nova.scheduler.request_filter [None req-75718235-c271-4176-9920-777776c5d863 tempest-ServerStableDeviceRescueTest-48888041 tempest-ServerStableDeviceRescueTest-48888041-project-member] Request filter 'remote_managed_ports_filter' took 0.0 seconds {{(pid=93491) wrapper /opt/stack/nova/nova/scheduler/request_filter.py:46}}
Jul 30 15:03:10.427377 np0000006140 nova-scheduler[93491]: DEBUG nova.scheduler.request_filter [None req-75718235-c271-4176-9920-777776c5d863 tempest-ServerStableDeviceRescueTest-48888041 tempest-ServerStableDeviceRescueTest-48888041-project-member] ephemeral_encryption_filter skipped {{(pid=93491) ephemeral_encryption_filter /opt/stack/nova/nova/scheduler/request_filter.py:426}}
Jul 30 15:03:10.427377 np0000006140 nova-scheduler[93491]: DEBUG nova.scheduler.request_filter [None req-75718235-c271-4176-9920-777776c5d863 tempest-ServerStableDeviceRescueTest-48888041 tempest-ServerStableDeviceRescueTest-48888041-project-member] virtio_sound_filter skipped {{(pid=93491) virtio_sound_filter /opt/stack/nova/nova/scheduler/request_filter.py:460}}
Jul 30 15:03:10.427377 np0000006140 nova-scheduler[93491]: DEBUG nova.scheduler.request_filter [None req-75718235-c271-4176-9920-777776c5d863 tempest-ServerStableDeviceRescueTest-48888041 tempest-ServerStableDeviceRescueTest-48888041-project-member] tpm_secret_security_filter skipped {{(pid=93491) tpm_secret_security_filter /opt/stack/nova/nova/scheduler/request_filter.py:477}}
Jul 30 15:03:10.529783 np0000006140 nova-scheduler[93484]: DEBUG oslo_concurrency.lockutils [None req-58fbc876-6a7c-4fb6-850b-4de99c06c3f2 tempest-ServerRescueNegativeTestJSON-2006252372 tempest-ServerRescueNegativeTestJSON-2006252372-project-member] Acquiring lock "ec4ffa1e-d1af-4bd4-ae2c-73fc1b9b8a02" by "nova.context.set_target_cell..get_or_set_cached_cell_and_set_connections" {{(pid=93484) inner /opt/stack/data/venv/lib/python3.12/site-packages/oslo_concurrency/lockutils.py:512}}
Jul 30 15:03:10.530074 np0000006140 nova-scheduler[93484]: DEBUG oslo_concurrency.lockutils [None req-58fbc876-6a7c-4fb6-850b-4de99c06c3f2 tempest-ServerRescueNegativeTestJSON-2006252372 tempest-ServerRescueNegativeTestJSON-2006252372-project-member] Lock "ec4ffa1e-d1af-4bd4-ae2c-73fc1b9b8a02" acquired by "nova.context.set_target_cell..get_or_set_cached_cell_and_set_connections" :: waited 0.000s {{(pid=93484) inner /opt/stack/data/venv/lib/python3.12/site-packages/oslo_concurrency/lockutils.py:525}}
Jul 30 15:03:10.530189 np0000006140 nova-scheduler[93484]: DEBUG oslo_concurrency.lockutils [None req-58fbc876-6a7c-4fb6-850b-4de99c06c3f2 tempest-ServerRescueNegativeTestJSON-2006252372 tempest-ServerRescueNegativeTestJSON-2006252372-project-member] Lock "ec4ffa1e-d1af-4bd4-ae2c-73fc1b9b8a02" "released" by "nova.context.set_target_cell..get_or_set_cached_cell_and_set_connections" :: held 0.000s {{(pid=93484) inner /opt/stack/data/venv/lib/python3.12/site-packages/oslo_concurrency/lockutils.py:544}}
Jul 30 15:03:10.543272 np0000006140 nova-scheduler[93484]: DEBUG oslo_concurrency.lockutils [None req-58fbc876-6a7c-4fb6-850b-4de99c06c3f2 tempest-ServerRescueNegativeTestJSON-2006252372 tempest-ServerRescueNegativeTestJSON-2006252372-project-member] Acquiring lock "ec4ffa1e-d1af-4bd4-ae2c-73fc1b9b8a02" by "nova.context.set_target_cell..get_or_set_cached_cell_and_set_connections" {{(pid=93484) inner /opt/stack/data/venv/lib/python3.12/site-packages/oslo_concurrency/lockutils.py:512}}
Jul 30 15:03:10.543454 np0000006140 nova-scheduler[93484]: DEBUG oslo_concurrency.lockutils [None req-58fbc876-6a7c-4fb6-850b-4de99c06c3f2 tempest-ServerRescueNegativeTestJSON-2006252372 tempest-ServerRescueNegativeTestJSON-2006252372-project-member] Lock "ec4ffa1e-d1af-4bd4-ae2c-73fc1b9b8a02" acquired by "nova.context.set_target_cell..get_or_set_cached_cell_and_set_connections" :: waited 0.000s {{(pid=93484) inner /opt/stack/data/venv/lib/python3.12/site-packages/oslo_concurrency/lockutils.py:525}}
Jul 30 15:03:10.543604 np0000006140 nova-scheduler[93484]: DEBUG oslo_concurrency.lockutils [None req-58fbc876-6a7c-4fb6-850b-4de99c06c3f2 tempest-ServerRescueNegativeTestJSON-2006252372 tempest-ServerRescueNegativeTestJSON-2006252372-project-member] Lock "ec4ffa1e-d1af-4bd4-ae2c-73fc1b9b8a02" "released" by "nova.context.set_target_cell..get_or_set_cached_cell_and_set_connections" :: held 0.000s {{(pid=93484) inner /opt/stack/data/venv/lib/python3.12/site-packages/oslo_concurrency/lockutils.py:544}}
Jul 30 15:03:10.546008 np0000006140 nova-scheduler[93484]: DEBUG oslo_concurrency.lockutils [None req-58fbc876-6a7c-4fb6-850b-4de99c06c3f2 tempest-ServerRescueNegativeTestJSON-2006252372 tempest-ServerRescueNegativeTestJSON-2006252372-project-member] Acquiring lock "np0000006140-np0000006140" by "nova.scheduler.host_manager.HostState.update.._locked_update" {{(pid=93484) inner /opt/stack/data/venv/lib/python3.12/site-packages/oslo_concurrency/lockutils.py:512}}
Jul 30 15:03:10.546122 np0000006140 nova-scheduler[93484]: DEBUG oslo_concurrency.lockutils [None req-58fbc876-6a7c-4fb6-850b-4de99c06c3f2 tempest-ServerRescueNegativeTestJSON-2006252372 tempest-ServerRescueNegativeTestJSON-2006252372-project-member] Lock "np0000006140-np0000006140" acquired by "nova.scheduler.host_manager.HostState.update.._locked_update" :: waited 0.000s {{(pid=93484) inner /opt/stack/data/venv/lib/python3.12/site-packages/oslo_concurrency/lockutils.py:525}}
Jul 30 15:03:10.546451 np0000006140 nova-scheduler[93484]: DEBUG nova.scheduler.host_manager [None req-58fbc876-6a7c-4fb6-850b-4de99c06c3f2 tempest-ServerRescueNegativeTestJSON-2006252372 tempest-ServerRescueNegativeTestJSON-2006252372-project-member] Update host state from compute node: ComputeNode(cpu_allocation_ratio=4.0,cpu_info='{"arch": "x86_64", "model": "EPYC-Milan", "vendor": "AMD", "topology": {"cells": 1, "sockets": 16, "cores": 1, "threads": 1}, "maxphysaddr": {"mode": "emulate", "bits": 40}, "features": ["rdtscp", "x2apic", "abm", "fsrm", "pschange-mc-no", "v-vmsave-vmload", "cx16", "xsaveerptr", "popcnt", "amd-psfd", "ssbd", "umip", "tsc-scale", "de", "xsaveopt", "avx2", "spec-ctrl", "stibp", "cr8legacy", "stibp-always-on", "npt", "lm", "mce", "pge", "avx", "vaes", "movbe", "sse4a", "pae", "vme", "amd-stibp", "mtrr", "apic", "rdpid", "sse4.1", "pause-filter", "fsgsbase", "lahf_lm", "lfence-always-serializing", "fxsr", "smep", "xgetbv1", "skip-l1dfl-vmentry", "erms", "ibpb", "svme-addr-chk", "pfthreshold", "osvw", "clwb", "svm", "pcid", "invpcid", "arch-capabilities", "sse", "perfctr_core", "cmov", "tsc", "misalignsse", "rdrand", "xsavec", "topoext", "aes", "gds-no", "virt-ssbd", "amd-ssbd", "cx8", "pku", "no-nested-data-bp", "sse4.2", "mmxext", "rdctl-no", "vpclmulqdq", "ibrs", "hypervisor", "pat", "bmi2", "fma", "mca", "fpu", "pni", "pdpe1gb", "clflushopt", "null-sel-clr-base", "pse", "mds-no", "ssse3", "xsaves", "mmx", "arat", "adx", "tsc_adjust", "sep", "tsc-deadline", "wbnoinvd", "sha-ni", "flushbyasid", "bmi1", "clzero", "vgif", "3dnowprefetch", "pclmuldq", "msr", "lbrv", "smap", "clflush", "cmp_legacy", "pse36", "fxsr_opt", "f16c", "sse2", "vmcb-clean", "nrip-save", "syscall", "rdseed", "xsave", "nx"]}',created_at=2026-07-30T15:01:13Z,current_workload=0,deleted=False,deleted_at=None,disk_allocation_ratio=1.0,disk_available_least=73,free_disk_gb=93,free_ram_mb=62381,host='np0000006140',host_ip=10.4.3.220,hypervisor_hostname='np0000006140',hypervisor_type='QEMU',hypervisor_version=8002002,id=1,local_gb=95,local_gb_used=2,mapped=1,memory_mb=63277,memory_mb_used=896,metrics='[]',numa_topology='{"nova_object.name": "NUMATopology", "nova_object.namespace": "nova", "nova_object.version": "1.2", "nova_object.data": {"cells": [{"nova_object.name": "NUMACell", "nova_object.namespace": "nova", "nova_object.version": "1.5", "nova_object.data": {"id": 0, "cpuset": [0, 1, 2, 3, 4, 5, 6, 7, 8, 9, 10, 11, 12, 13, 14, 15], "pcpuset": [0, 1, 2, 3, 4, 5, 6, 7, 8, 9, 10, 11, 12, 13, 14, 15], "memory": 63277, "cpu_usage": 0, "memory_usage": 0, "pinned_cpus": [], "siblings": [[6], [12], [2], [15], [5], [11], [8], [14], [4], [1], [7], [10], [0], [13], [3], [9]], "mempages": [{"nova_object.name": "NUMAPagesTopology", "nova_object.namespace": "nova", "nova_object.version": "1.1", "nova_object.data": {"size_kb": 4, "total": 16177929, "used": 0, "reserved": 0}, "nova_object.changes": ["used", "size_kb", "total", "reserved"]}, {"nova_object.name": "NUMAPagesTopology", "nova_object.namespace": "nova", "nova_object.version": "1.1", "nova_object.data": {"size_kb": 2048, "total": 41, "used": 0, "reserved": 0}, "nova_object.changes": ["used", "size_kb", "total", "reserved"]}, {"nova_object.name": "NUMAPagesTopology", "nova_object.namespace": "nova", "nova_object.version": "1.1", "nova_object.data": {"size_kb": 1048576, "total": 0, "used": 0, "reserved": 0}, "nova_object.changes": ["used", "size_kb", "total", "reserved"]}], "network_metadata": {"nova_object.name": "NetworkMetadata", "nova_object.namespace": "nova", "nova_object.version": "1.0", "nova_object.data": {"physnets": [], "tunneled": false}, "nova_object.changes": ["physnets", "tunneled"]}, "socket": null}, "nova_object.changes": ["siblings", "pcpuset", "socket", "cpu_usage", "cpuset", "memory", "network_metadata", "pinned_cpus", "id", "memory_usage", "mempages"]}]}, "nova_object.changes": ["cells"]}',pci_device_pools=PciDevicePoolList,ram_allocation_ratio=1.0,running_vms=2,service_id=3,stats={failed_builds='0',io_workload='2',num_instances='2',num_os_type_None='2',num_proj_9d7fc550e9124609939ada39a2e78732='1',num_proj_d94994d0f8354b9bb8eede8915c7d2da='1',num_task_None='2',num_vm_building='2',uptime=' 15:03:03 up 13 min, 2 users, load average: 2.26, 1.61, 0.88
Jul 30 15:03:10.546451 np0000006140 nova-scheduler[93484]: '},supported_hv_specs=[HVSpec,HVSpec,HVSpec,HVSpec,HVSpec,HVSpec,HVSpec,HVSpec,HVSpec,HVSpec,HVSpec,HVSpec,HVSpec,HVSpec,HVSpec,HVSpec,HVSpec,HVSpec,HVSpec,HVSpec,HVSpec,HVSpec,HVSpec,HVSpec,HVSpec],updated_at=2026-07-30T15:03:10Z,uuid=baf7be36-ef91-46aa-9ef0-ebf0e87f044b,vcpus=16,vcpus_used=2) {{(pid=93484) _locked_update /opt/stack/nova/nova/scheduler/host_manager.py:168}}
Jul 30 15:03:10.547420 np0000006140 nova-scheduler[93484]: DEBUG nova.scheduler.host_manager [None req-58fbc876-6a7c-4fb6-850b-4de99c06c3f2 tempest-ServerRescueNegativeTestJSON-2006252372 tempest-ServerRescueNegativeTestJSON-2006252372-project-member] Update host state with aggregates: [] {{(pid=93484) _locked_update /opt/stack/nova/nova/scheduler/host_manager.py:171}}
Jul 30 15:03:10.547526 np0000006140 nova-scheduler[93484]: DEBUG nova.scheduler.host_manager [None req-58fbc876-6a7c-4fb6-850b-4de99c06c3f2 tempest-ServerRescueNegativeTestJSON-2006252372 tempest-ServerRescueNegativeTestJSON-2006252372-project-member] Update host state with service dict: {'id': 3, 'uuid': '194c545c-08ae-485d-b5c3-6382c7ffd802', 'host': 'np0000006140', 'binary': 'nova-compute', 'topic': 'compute', 'report_count': 1, 'disabled': False, 'disabled_reason': None, 'last_seen_up': datetime.datetime(2026, 7, 30, 15, 1, 20, tzinfo=datetime.timezone.utc), 'forced_down': False, 'version': 72, 'created_at': datetime.datetime(2026, 7, 30, 15, 1, 13, tzinfo=datetime.timezone.utc), 'updated_at': datetime.datetime(2026, 7, 30, 15, 1, 20, tzinfo=datetime.timezone.utc), 'deleted_at': None, 'deleted': False} {{(pid=93484) _locked_update /opt/stack/nova/nova/scheduler/host_manager.py:174}}
Jul 30 15:03:10.547634 np0000006140 nova-scheduler[93484]: DEBUG nova.scheduler.host_manager [None req-58fbc876-6a7c-4fb6-850b-4de99c06c3f2 tempest-ServerRescueNegativeTestJSON-2006252372 tempest-ServerRescueNegativeTestJSON-2006252372-project-member] Update host state with instances: ['c127ee91-0627-4182-bbed-8e2af3d8c554', 'cb8cf73a-23e1-4225-80ee-aafbb4741434'] {{(pid=93484) _locked_update /opt/stack/nova/nova/scheduler/host_manager.py:177}}
Jul 30 15:03:10.547741 np0000006140 nova-scheduler[93484]: DEBUG oslo_concurrency.lockutils [None req-58fbc876-6a7c-4fb6-850b-4de99c06c3f2 tempest-ServerRescueNegativeTestJSON-2006252372 tempest-ServerRescueNegativeTestJSON-2006252372-project-member] Lock "np0000006140-np0000006140" "released" by "nova.scheduler.host_manager.HostState.update.._locked_update" :: held 0.002s {{(pid=93484) inner /opt/stack/data/venv/lib/python3.12/site-packages/oslo_concurrency/lockutils.py:544}}
Jul 30 15:03:10.547986 np0000006140 nova-scheduler[93484]: DEBUG nova.filters [None req-58fbc876-6a7c-4fb6-850b-4de99c06c3f2 tempest-ServerRescueNegativeTestJSON-2006252372 tempest-ServerRescueNegativeTestJSON-2006252372-project-member] Starting with 1 host(s) {{(pid=93484) get_filtered_objects /opt/stack/nova/nova/filters.py:70}}
Jul 30 15:03:10.548136 np0000006140 nova-scheduler[93484]: DEBUG nova.filters [None req-58fbc876-6a7c-4fb6-850b-4de99c06c3f2 tempest-ServerRescueNegativeTestJSON-2006252372 tempest-ServerRescueNegativeTestJSON-2006252372-project-member] Filter ComputeFilter returned 1 host(s) {{(pid=93484) get_filtered_objects /opt/stack/nova/nova/filters.py:102}}
Jul 30 15:03:10.548693 np0000006140 nova-scheduler[93484]: DEBUG nova.filters [None req-58fbc876-6a7c-4fb6-850b-4de99c06c3f2 tempest-ServerRescueNegativeTestJSON-2006252372 tempest-ServerRescueNegativeTestJSON-2006252372-project-member] Filter ComputeCapabilitiesFilter returned 1 host(s) {{(pid=93484) get_filtered_objects /opt/stack/nova/nova/filters.py:102}}
Jul 30 15:03:10.548859 np0000006140 nova-scheduler[93484]: DEBUG nova.filters [None req-58fbc876-6a7c-4fb6-850b-4de99c06c3f2 tempest-ServerRescueNegativeTestJSON-2006252372 tempest-ServerRescueNegativeTestJSON-2006252372-project-member] Filter ImagePropertiesFilter returned 1 host(s) {{(pid=93484) get_filtered_objects /opt/stack/nova/nova/filters.py:102}}
Jul 30 15:03:10.549035 np0000006140 nova-scheduler[93484]: DEBUG nova.filters [None req-58fbc876-6a7c-4fb6-850b-4de99c06c3f2 tempest-ServerRescueNegativeTestJSON-2006252372 tempest-ServerRescueNegativeTestJSON-2006252372-project-member] Filter ServerGroupAntiAffinityFilter returned 1 host(s) {{(pid=93484) get_filtered_objects /opt/stack/nova/nova/filters.py:102}}
Jul 30 15:03:10.549129 np0000006140 nova-scheduler[93484]: DEBUG nova.filters [None req-58fbc876-6a7c-4fb6-850b-4de99c06c3f2 tempest-ServerRescueNegativeTestJSON-2006252372 tempest-ServerRescueNegativeTestJSON-2006252372-project-member] Filter ServerGroupAffinityFilter returned 1 host(s) {{(pid=93484) get_filtered_objects /opt/stack/nova/nova/filters.py:102}}
Jul 30 15:03:10.549353 np0000006140 nova-scheduler[93484]: DEBUG nova.filters [None req-58fbc876-6a7c-4fb6-850b-4de99c06c3f2 tempest-ServerRescueNegativeTestJSON-2006252372 tempest-ServerRescueNegativeTestJSON-2006252372-project-member] Filter SameHostFilter returned 1 host(s) {{(pid=93484) get_filtered_objects /opt/stack/nova/nova/filters.py:102}}
Jul 30 15:03:10.549444 np0000006140 nova-scheduler[93484]: DEBUG nova.filters [None req-58fbc876-6a7c-4fb6-850b-4de99c06c3f2 tempest-ServerRescueNegativeTestJSON-2006252372 tempest-ServerRescueNegativeTestJSON-2006252372-project-member] Filter DifferentHostFilter returned 1 host(s) {{(pid=93484) get_filtered_objects /opt/stack/nova/nova/filters.py:102}}
Jul 30 15:03:10.549539 np0000006140 nova-scheduler[93484]: DEBUG nova.scheduler.manager [None req-58fbc876-6a7c-4fb6-850b-4de99c06c3f2 tempest-ServerRescueNegativeTestJSON-2006252372 tempest-ServerRescueNegativeTestJSON-2006252372-project-member] Filtered [(np0000006140, np0000006140) ram: 62381MB disk: 74752MB io_ops: 2 instances: 2, allocation_candidates: 1] {{(pid=93484) _get_sorted_hosts /opt/stack/nova/nova/scheduler/manager.py:742}}
Jul 30 15:03:10.549694 np0000006140 nova-scheduler[93484]: DEBUG nova.scheduler.manager [None req-58fbc876-6a7c-4fb6-850b-4de99c06c3f2 tempest-ServerRescueNegativeTestJSON-2006252372 tempest-ServerRescueNegativeTestJSON-2006252372-project-member] Weighed [WeighedHost [host: (np0000006140, np0000006140) ram: 62381MB disk: 74752MB io_ops: 2 instances: 2, allocation_candidates: 1, weight: 0.0]] {{(pid=93484) _get_sorted_hosts /opt/stack/nova/nova/scheduler/manager.py:764}}
Jul 30 15:03:10.550110 np0000006140 nova-scheduler[93484]: DEBUG nova.scheduler.utils [None req-58fbc876-6a7c-4fb6-850b-4de99c06c3f2 tempest-ServerRescueNegativeTestJSON-2006252372 tempest-ServerRescueNegativeTestJSON-2006252372-project-member] Attempting to claim resources in the placement API for instance 64aef78f-db38-413c-a10e-7afc608f22d6 {{(pid=93484) claim_resources /opt/stack/nova/nova/scheduler/utils.py:1345}}
Jul 30 15:03:10.553640 np0000006140 nova-scheduler[93491]: INFO nova.utils [None req-75718235-c271-4176-9920-777776c5d863 tempest-ServerStableDeviceRescueTest-48888041 tempest-ServerStableDeviceRescueTest-48888041-project-member] The cell worker thread pool ForkProcess-3.cell_worker is initialized
Jul 30 15:03:10.554303 np0000006140 nova-scheduler[93491]: DEBUG oslo_concurrency.lockutils [None req-75718235-c271-4176-9920-777776c5d863 tempest-ServerStableDeviceRescueTest-48888041 tempest-ServerStableDeviceRescueTest-48888041-project-member] Acquiring lock "ec4ffa1e-d1af-4bd4-ae2c-73fc1b9b8a02" by "nova.context.set_target_cell..get_or_set_cached_cell_and_set_connections" {{(pid=93491) inner /opt/stack/data/venv/lib/python3.12/site-packages/oslo_concurrency/lockutils.py:512}}
Jul 30 15:03:10.554303 np0000006140 nova-scheduler[93491]: DEBUG oslo_concurrency.lockutils [None req-75718235-c271-4176-9920-777776c5d863 tempest-ServerStableDeviceRescueTest-48888041 tempest-ServerStableDeviceRescueTest-48888041-project-member] Lock "ec4ffa1e-d1af-4bd4-ae2c-73fc1b9b8a02" acquired by "nova.context.set_target_cell..get_or_set_cached_cell_and_set_connections" :: waited 0.000s {{(pid=93491) inner /opt/stack/data/venv/lib/python3.12/site-packages/oslo_concurrency/lockutils.py:525}}
Jul 30 15:03:10.555575 np0000006140 nova-scheduler[93491]: DEBUG oslo_concurrency.lockutils [None req-75718235-c271-4176-9920-777776c5d863 tempest-ServerStableDeviceRescueTest-48888041 tempest-ServerStableDeviceRescueTest-48888041-project-member] Lock "ec4ffa1e-d1af-4bd4-ae2c-73fc1b9b8a02" "released" by "nova.context.set_target_cell..get_or_set_cached_cell_and_set_connections" :: held 0.001s {{(pid=93491) inner /opt/stack/data/venv/lib/python3.12/site-packages/oslo_concurrency/lockutils.py:544}}
Jul 30 15:03:10.557182 np0000006140 nova-scheduler[93491]: INFO dbcounter [None req-75718235-c271-4176-9920-777776c5d863 tempest-ServerStableDeviceRescueTest-48888041 tempest-ServerStableDeviceRescueTest-48888041-project-member] Registered counter for database nova_cell1
Jul 30 15:03:10.596754 np0000006140 nova-scheduler[93491]: DEBUG oslo_db.sqlalchemy.engines [None req-75718235-c271-4176-9920-777776c5d863 tempest-ServerStableDeviceRescueTest-48888041 tempest-ServerStableDeviceRescueTest-48888041-project-member] MySQL server mode set to STRICT_TRANS_TABLES,STRICT_ALL_TABLES,NO_ZERO_IN_DATE,NO_ZERO_DATE,ERROR_FOR_DIVISION_BY_ZERO,TRADITIONAL,NO_ENGINE_SUBSTITUTION {{(pid=93491) _check_effective_sql_mode /opt/stack/data/venv/lib/python3.12/site-packages/oslo_db/sqlalchemy/engines.py:325}}
Jul 30 15:03:10.603605 np0000006140 nova-scheduler[93491]: DEBUG dbcounter [-] [93491] Writer thread running {{(pid=93491) stat_writer /opt/stack/data/venv/lib/python3.12/site-packages/dbcounter.py:102}}
Jul 30 15:03:10.669130 np0000006140 nova-scheduler[93491]: DEBUG dbcounter [-] [93491] Writer thread running {{(pid=93491) stat_writer /opt/stack/data/venv/lib/python3.12/site-packages/dbcounter.py:102}}
Jul 30 15:03:10.671861 np0000006140 nova-scheduler[93491]: DEBUG oslo_concurrency.lockutils [None req-75718235-c271-4176-9920-777776c5d863 tempest-ServerStableDeviceRescueTest-48888041 tempest-ServerStableDeviceRescueTest-48888041-project-member] Acquiring lock "ec4ffa1e-d1af-4bd4-ae2c-73fc1b9b8a02" by "nova.context.set_target_cell..get_or_set_cached_cell_and_set_connections" {{(pid=93491) inner /opt/stack/data/venv/lib/python3.12/site-packages/oslo_concurrency/lockutils.py:512}}
Jul 30 15:03:10.672105 np0000006140 nova-scheduler[93491]: DEBUG oslo_concurrency.lockutils [None req-75718235-c271-4176-9920-777776c5d863 tempest-ServerStableDeviceRescueTest-48888041 tempest-ServerStableDeviceRescueTest-48888041-project-member] Lock "ec4ffa1e-d1af-4bd4-ae2c-73fc1b9b8a02" acquired by "nova.context.set_target_cell..get_or_set_cached_cell_and_set_connections" :: waited 0.001s {{(pid=93491) inner /opt/stack/data/venv/lib/python3.12/site-packages/oslo_concurrency/lockutils.py:525}}
Jul 30 15:03:10.672413 np0000006140 nova-scheduler[93491]: DEBUG oslo_concurrency.lockutils [None req-75718235-c271-4176-9920-777776c5d863 tempest-ServerStableDeviceRescueTest-48888041 tempest-ServerStableDeviceRescueTest-48888041-project-member] Lock "ec4ffa1e-d1af-4bd4-ae2c-73fc1b9b8a02" "released" by "nova.context.set_target_cell..get_or_set_cached_cell_and_set_connections" :: held 0.000s {{(pid=93491) inner /opt/stack/data/venv/lib/python3.12/site-packages/oslo_concurrency/lockutils.py:544}}
Jul 30 15:03:10.672859 np0000006140 nova-scheduler[93484]: DEBUG nova.scheduler.manager [None req-58fbc876-6a7c-4fb6-850b-4de99c06c3f2 tempest-ServerRescueNegativeTestJSON-2006252372 tempest-ServerRescueNegativeTestJSON-2006252372-project-member] [instance: 64aef78f-db38-413c-a10e-7afc608f22d6] Selected host: (np0000006140, np0000006140) ram: 62381MB disk: 74752MB io_ops: 2 instances: 2, allocation_candidates: 1 {{(pid=93484) _consume_selected_host /opt/stack/nova/nova/scheduler/manager.py:624}}
Jul 30 15:03:10.673121 np0000006140 nova-scheduler[93484]: DEBUG oslo_concurrency.lockutils [None req-58fbc876-6a7c-4fb6-850b-4de99c06c3f2 tempest-ServerRescueNegativeTestJSON-2006252372 tempest-ServerRescueNegativeTestJSON-2006252372-project-member] Acquiring lock "np0000006140-np0000006140" by "nova.scheduler.host_manager.HostState.consume_from_request.._locked" {{(pid=93484) inner /opt/stack/data/venv/lib/python3.12/site-packages/oslo_concurrency/lockutils.py:512}}
Jul 30 15:03:10.673304 np0000006140 nova-scheduler[93484]: DEBUG oslo_concurrency.lockutils [None req-58fbc876-6a7c-4fb6-850b-4de99c06c3f2 tempest-ServerRescueNegativeTestJSON-2006252372 tempest-ServerRescueNegativeTestJSON-2006252372-project-member] Lock "np0000006140-np0000006140" acquired by "nova.scheduler.host_manager.HostState.consume_from_request.._locked" :: waited 0.000s {{(pid=93484) inner /opt/stack/data/venv/lib/python3.12/site-packages/oslo_concurrency/lockutils.py:525}}
Jul 30 15:03:10.673504 np0000006140 nova-scheduler[93484]: DEBUG oslo_concurrency.lockutils [None req-58fbc876-6a7c-4fb6-850b-4de99c06c3f2 tempest-ServerRescueNegativeTestJSON-2006252372 tempest-ServerRescueNegativeTestJSON-2006252372-project-member] Lock "np0000006140-np0000006140" "released" by "nova.scheduler.host_manager.HostState.consume_from_request.._locked" :: held 0.000s {{(pid=93484) inner /opt/stack/data/venv/lib/python3.12/site-packages/oslo_concurrency/lockutils.py:544}}
Jul 30 15:03:10.678430 np0000006140 nova-scheduler[93491]: DEBUG oslo_concurrency.lockutils [None req-75718235-c271-4176-9920-777776c5d863 tempest-ServerStableDeviceRescueTest-48888041 tempest-ServerStableDeviceRescueTest-48888041-project-member] Acquiring lock "np0000006140-np0000006140" by "nova.scheduler.host_manager.HostState.update.._locked_update" {{(pid=93491) inner /opt/stack/data/venv/lib/python3.12/site-packages/oslo_concurrency/lockutils.py:512}}
Jul 30 15:03:10.678663 np0000006140 nova-scheduler[93491]: DEBUG oslo_concurrency.lockutils [None req-75718235-c271-4176-9920-777776c5d863 tempest-ServerStableDeviceRescueTest-48888041 tempest-ServerStableDeviceRescueTest-48888041-project-member] Lock "np0000006140-np0000006140" acquired by "nova.scheduler.host_manager.HostState.update.._locked_update" :: waited 0.000s {{(pid=93491) inner /opt/stack/data/venv/lib/python3.12/site-packages/oslo_concurrency/lockutils.py:525}}
