Jul 30 15:00:53.540379 np0000006140 nova-scheduler[93491]: DEBUG cotyledon.oslo_config_glue [-] oslo_messaging_rabbit.rabbit_quorum_max_memory_bytes = 0 {{(pid=93491) log_opt_values /opt/stack/data/venv/lib/python3.12/site-packages/oslo_config/cfg.py:3253}}
Jul 30 15:00:53.540411 np0000006140 nova-scheduler[93491]: DEBUG cotyledon.oslo_config_glue [-] oslo_messaging_rabbit.rabbit_quorum_max_memory_length = 0 {{(pid=93491) log_opt_values /opt/stack/data/venv/lib/python3.12/site-packages/oslo_config/cfg.py:3253}}
Jul 30 15:00:53.540448 np0000006140 nova-scheduler[93491]: DEBUG cotyledon.oslo_config_glue [-] oslo_messaging_rabbit.rabbit_quorum_queue = False {{(pid=93491) log_opt_values /opt/stack/data/venv/lib/python3.12/site-packages/oslo_config/cfg.py:3253}}
Jul 30 15:00:53.540483 np0000006140 nova-scheduler[93491]: DEBUG cotyledon.oslo_config_glue [-] oslo_messaging_rabbit.rabbit_retry_backoff = 2 {{(pid=93491) log_opt_values /opt/stack/data/venv/lib/python3.12/site-packages/oslo_config/cfg.py:3253}}
Jul 30 15:00:53.540519 np0000006140 nova-scheduler[93491]: DEBUG cotyledon.oslo_config_glue [-] oslo_messaging_rabbit.rabbit_retry_interval = 1 {{(pid=93491) log_opt_values /opt/stack/data/venv/lib/python3.12/site-packages/oslo_config/cfg.py:3253}}
Jul 30 15:00:53.540554 np0000006140 nova-scheduler[93491]: DEBUG cotyledon.oslo_config_glue [-] oslo_messaging_rabbit.rabbit_stream_fanout = False {{(pid=93491) log_opt_values /opt/stack/data/venv/lib/python3.12/site-packages/oslo_config/cfg.py:3253}}
Jul 30 15:00:53.540605 np0000006140 nova-scheduler[93491]: DEBUG cotyledon.oslo_config_glue [-] oslo_messaging_rabbit.rabbit_transient_queues_ttl = 1800 {{(pid=93491) log_opt_values /opt/stack/data/venv/lib/python3.12/site-packages/oslo_config/cfg.py:3253}}
Jul 30 15:00:53.540646 np0000006140 nova-scheduler[93491]: DEBUG cotyledon.oslo_config_glue [-] oslo_messaging_rabbit.rabbit_transient_quorum_queue = False {{(pid=93491) log_opt_values /opt/stack/data/venv/lib/python3.12/site-packages/oslo_config/cfg.py:3253}}
Jul 30 15:00:53.540683 np0000006140 nova-scheduler[93491]: DEBUG cotyledon.oslo_config_glue [-] oslo_messaging_rabbit.rpc_conn_pool_size = 30 {{(pid=93491) log_opt_values /opt/stack/data/venv/lib/python3.12/site-packages/oslo_config/cfg.py:3253}}
Jul 30 15:00:53.540725 np0000006140 nova-scheduler[93491]: DEBUG cotyledon.oslo_config_glue [-] oslo_messaging_rabbit.ssl = False {{(pid=93491) log_opt_values /opt/stack/data/venv/lib/python3.12/site-packages/oslo_config/cfg.py:3253}}
Jul 30 15:00:53.540763 np0000006140 nova-scheduler[93491]: DEBUG cotyledon.oslo_config_glue [-] oslo_messaging_rabbit.ssl_ca_file = {{(pid=93491) log_opt_values /opt/stack/data/venv/lib/python3.12/site-packages/oslo_config/cfg.py:3253}}
Jul 30 15:00:53.540790 np0000006140 nova-scheduler[93491]: DEBUG cotyledon.oslo_config_glue [-] oslo_messaging_rabbit.ssl_cert_file = {{(pid=93491) log_opt_values /opt/stack/data/venv/lib/python3.12/site-packages/oslo_config/cfg.py:3253}}
Jul 30 15:00:53.540825 np0000006140 nova-scheduler[93491]: DEBUG cotyledon.oslo_config_glue [-] oslo_messaging_rabbit.ssl_enforce_fips_mode = False {{(pid=93491) log_opt_values /opt/stack/data/venv/lib/python3.12/site-packages/oslo_config/cfg.py:3253}}
Jul 30 15:00:53.540857 np0000006140 nova-scheduler[93491]: DEBUG cotyledon.oslo_config_glue [-] oslo_messaging_rabbit.ssl_enforce_hostname_verification = True {{(pid=93491) log_opt_values /opt/stack/data/venv/lib/python3.12/site-packages/oslo_config/cfg.py:3253}}
Jul 30 15:00:53.540892 np0000006140 nova-scheduler[93491]: DEBUG cotyledon.oslo_config_glue [-] oslo_messaging_rabbit.ssl_key_file = {{(pid=93491) log_opt_values /opt/stack/data/venv/lib/python3.12/site-packages/oslo_config/cfg.py:3253}}
Jul 30 15:00:53.540940 np0000006140 nova-scheduler[93491]: DEBUG cotyledon.oslo_config_glue [-] oslo_messaging_rabbit.ssl_version = {{(pid=93491) log_opt_values /opt/stack/data/venv/lib/python3.12/site-packages/oslo_config/cfg.py:3253}}
Jul 30 15:00:53.540977 np0000006140 nova-scheduler[93491]: DEBUG cotyledon.oslo_config_glue [-] oslo_messaging_rabbit.use_queue_manager = False {{(pid=93491) log_opt_values /opt/stack/data/venv/lib/python3.12/site-packages/oslo_config/cfg.py:3253}}
Jul 30 15:00:53.541061 np0000006140 nova-scheduler[93491]: DEBUG cotyledon.oslo_config_glue [-] oslo_messaging_notifications.driver = ['messagingv2'] {{(pid=93491) log_opt_values /opt/stack/data/venv/lib/python3.12/site-packages/oslo_config/cfg.py:3253}}
Jul 30 15:00:53.541108 np0000006140 nova-scheduler[93491]: DEBUG cotyledon.oslo_config_glue [-] oslo_messaging_notifications.retry = -1 {{(pid=93491) log_opt_values /opt/stack/data/venv/lib/python3.12/site-packages/oslo_config/cfg.py:3253}}
Jul 30 15:00:53.541156 np0000006140 nova-scheduler[93491]: DEBUG cotyledon.oslo_config_glue [-] oslo_messaging_notifications.topics = ['notifications'] {{(pid=93491) log_opt_values /opt/stack/data/venv/lib/python3.12/site-packages/oslo_config/cfg.py:3253}}
Jul 30 15:00:53.541224 np0000006140 nova-scheduler[93491]: DEBUG cotyledon.oslo_config_glue [-] oslo_messaging_notifications.transport_url = **** {{(pid=93491) log_opt_values /opt/stack/data/venv/lib/python3.12/site-packages/oslo_config/cfg.py:3253}}
Jul 30 15:00:53.541297 np0000006140 nova-scheduler[93491]: DEBUG cotyledon.oslo_config_glue [-] oslo_limit.auth_section = None {{(pid=93491) log_opt_values /opt/stack/data/venv/lib/python3.12/site-packages/oslo_config/cfg.py:3253}}
Jul 30 15:00:53.541338 np0000006140 nova-scheduler[93491]: DEBUG cotyledon.oslo_config_glue [-] oslo_limit.auth_type = None {{(pid=93491) log_opt_values /opt/stack/data/venv/lib/python3.12/site-packages/oslo_config/cfg.py:3253}}
Jul 30 15:00:53.541398 np0000006140 nova-scheduler[93491]: DEBUG cotyledon.oslo_config_glue [-] oslo_limit.cafile = None {{(pid=93491) log_opt_values /opt/stack/data/venv/lib/python3.12/site-packages/oslo_config/cfg.py:3253}}
Jul 30 15:00:53.541437 np0000006140 nova-scheduler[93491]: DEBUG cotyledon.oslo_config_glue [-] oslo_limit.certfile = None {{(pid=93491) log_opt_values /opt/stack/data/venv/lib/python3.12/site-packages/oslo_config/cfg.py:3253}}
Jul 30 15:00:53.541480 np0000006140 nova-scheduler[93491]: DEBUG cotyledon.oslo_config_glue [-] oslo_limit.collect_timing = False {{(pid=93491) log_opt_values /opt/stack/data/venv/lib/python3.12/site-packages/oslo_config/cfg.py:3253}}
Jul 30 15:00:53.541518 np0000006140 nova-scheduler[93491]: DEBUG cotyledon.oslo_config_glue [-] oslo_limit.connect_retries = None {{(pid=93491) log_opt_values /opt/stack/data/venv/lib/python3.12/site-packages/oslo_config/cfg.py:3253}}
Jul 30 15:00:53.541554 np0000006140 nova-scheduler[93491]: DEBUG cotyledon.oslo_config_glue [-] oslo_limit.connect_retry_delay = None {{(pid=93491) log_opt_values /opt/stack/data/venv/lib/python3.12/site-packages/oslo_config/cfg.py:3253}}
Jul 30 15:00:53.541603 np0000006140 nova-scheduler[93491]: DEBUG cotyledon.oslo_config_glue [-] oslo_limit.endpoint_id = None {{(pid=93491) log_opt_values /opt/stack/data/venv/lib/python3.12/site-packages/oslo_config/cfg.py:3253}}
Jul 30 15:00:53.541652 np0000006140 nova-scheduler[93491]: DEBUG cotyledon.oslo_config_glue [-] oslo_limit.endpoint_interface = public {{(pid=93491) log_opt_values /opt/stack/data/venv/lib/python3.12/site-packages/oslo_config/cfg.py:3253}}
Jul 30 15:00:53.541687 np0000006140 nova-scheduler[93491]: DEBUG cotyledon.oslo_config_glue [-] oslo_limit.endpoint_override = None {{(pid=93491) log_opt_values /opt/stack/data/venv/lib/python3.12/site-packages/oslo_config/cfg.py:3253}}
Jul 30 15:00:53.541723 np0000006140 nova-scheduler[93491]: DEBUG cotyledon.oslo_config_glue [-] oslo_limit.endpoint_region_name = None {{(pid=93491) log_opt_values /opt/stack/data/venv/lib/python3.12/site-packages/oslo_config/cfg.py:3253}}
Jul 30 15:00:53.541760 np0000006140 nova-scheduler[93491]: DEBUG cotyledon.oslo_config_glue [-] oslo_limit.endpoint_service_name = None {{(pid=93491) log_opt_values /opt/stack/data/venv/lib/python3.12/site-packages/oslo_config/cfg.py:3253}}
Jul 30 15:00:53.541786 np0000006140 nova-scheduler[93491]: DEBUG cotyledon.oslo_config_glue [-] oslo_limit.endpoint_service_type = None {{(pid=93491) log_opt_values /opt/stack/data/venv/lib/python3.12/site-packages/oslo_config/cfg.py:3253}}
Jul 30 15:00:53.541824 np0000006140 nova-scheduler[93491]: DEBUG cotyledon.oslo_config_glue [-] oslo_limit.insecure = False {{(pid=93491) log_opt_values /opt/stack/data/venv/lib/python3.12/site-packages/oslo_config/cfg.py:3253}}
Jul 30 15:00:53.541885 np0000006140 nova-scheduler[93491]: DEBUG cotyledon.oslo_config_glue [-] oslo_limit.keyfile = None {{(pid=93491) log_opt_values /opt/stack/data/venv/lib/python3.12/site-packages/oslo_config/cfg.py:3253}}
Jul 30 15:00:53.541936 np0000006140 nova-scheduler[93491]: DEBUG cotyledon.oslo_config_glue [-] oslo_limit.max_version = None {{(pid=93491) log_opt_values /opt/stack/data/venv/lib/python3.12/site-packages/oslo_config/cfg.py:3253}}
Jul 30 15:00:53.541969 np0000006140 nova-scheduler[93491]: DEBUG cotyledon.oslo_config_glue [-] oslo_limit.min_version = None {{(pid=93491) log_opt_values /opt/stack/data/venv/lib/python3.12/site-packages/oslo_config/cfg.py:3253}}
Jul 30 15:00:53.542008 np0000006140 nova-scheduler[93491]: DEBUG cotyledon.oslo_config_glue [-] oslo_limit.region_name = None {{(pid=93491) log_opt_values /opt/stack/data/venv/lib/python3.12/site-packages/oslo_config/cfg.py:3253}}
Jul 30 15:00:53.542043 np0000006140 nova-scheduler[93491]: DEBUG cotyledon.oslo_config_glue [-] oslo_limit.retriable_status_codes = None {{(pid=93491) log_opt_values /opt/stack/data/venv/lib/python3.12/site-packages/oslo_config/cfg.py:3253}}
Jul 30 15:00:53.542087 np0000006140 nova-scheduler[93491]: DEBUG cotyledon.oslo_config_glue [-] oslo_limit.service_name = None {{(pid=93491) log_opt_values /opt/stack/data/venv/lib/python3.12/site-packages/oslo_config/cfg.py:3253}}
Jul 30 15:00:53.542123 np0000006140 nova-scheduler[93491]: DEBUG cotyledon.oslo_config_glue [-] oslo_limit.service_type = None {{(pid=93491) log_opt_values /opt/stack/data/venv/lib/python3.12/site-packages/oslo_config/cfg.py:3253}}
Jul 30 15:00:53.542163 np0000006140 nova-scheduler[93491]: DEBUG cotyledon.oslo_config_glue [-] oslo_limit.split_loggers = False {{(pid=93491) log_opt_values /opt/stack/data/venv/lib/python3.12/site-packages/oslo_config/cfg.py:3253}}
Jul 30 15:00:53.542210 np0000006140 nova-scheduler[93491]: DEBUG cotyledon.oslo_config_glue [-] oslo_limit.status_code_retries = None {{(pid=93491) log_opt_values /opt/stack/data/venv/lib/python3.12/site-packages/oslo_config/cfg.py:3253}}
Jul 30 15:00:53.542267 np0000006140 nova-scheduler[93491]: DEBUG cotyledon.oslo_config_glue [-] oslo_limit.status_code_retry_delay = None {{(pid=93491) log_opt_values /opt/stack/data/venv/lib/python3.12/site-packages/oslo_config/cfg.py:3253}}
Jul 30 15:00:53.542312 np0000006140 nova-scheduler[93491]: DEBUG cotyledon.oslo_config_glue [-] oslo_limit.timeout = None {{(pid=93491) log_opt_values /opt/stack/data/venv/lib/python3.12/site-packages/oslo_config/cfg.py:3253}}
Jul 30 15:00:53.542352 np0000006140 nova-scheduler[93491]: DEBUG cotyledon.oslo_config_glue [-] oslo_limit.valid_interfaces = None {{(pid=93491) log_opt_values /opt/stack/data/venv/lib/python3.12/site-packages/oslo_config/cfg.py:3253}}
Jul 30 15:00:53.542385 np0000006140 nova-scheduler[93491]: DEBUG cotyledon.oslo_config_glue [-] oslo_limit.version = None {{(pid=93491) log_opt_values /opt/stack/data/venv/lib/python3.12/site-packages/oslo_config/cfg.py:3253}}
Jul 30 15:00:53.542435 np0000006140 nova-scheduler[93491]: DEBUG cotyledon.oslo_config_glue [-] oslo_reports.file_event_handler = None {{(pid=93491) log_opt_values /opt/stack/data/venv/lib/python3.12/site-packages/oslo_config/cfg.py:3253}}
Jul 30 15:00:53.542480 np0000006140 nova-scheduler[93491]: DEBUG cotyledon.oslo_config_glue [-] oslo_reports.file_event_handler_interval = 1 {{(pid=93491) log_opt_values /opt/stack/data/venv/lib/python3.12/site-packages/oslo_config/cfg.py:3253}}
Jul 30 15:00:53.542522 np0000006140 nova-scheduler[93491]: DEBUG cotyledon.oslo_config_glue [-] oslo_reports.log_dir = None {{(pid=93491) log_opt_values /opt/stack/data/venv/lib/python3.12/site-packages/oslo_config/cfg.py:3253}}
Jul 30 15:00:53.542560 np0000006140 nova-scheduler[93491]: DEBUG cotyledon.oslo_config_glue [-] ******************************************************************************** {{(pid=93491) log_opt_values /opt/stack/data/venv/lib/python3.12/site-packages/oslo_config/cfg.py:3260}}
Jul 30 15:00:53.542742 np0000006140 nova-scheduler[93491]: DEBUG cotyledon._service_worker [-] Run service ServiceWrapper(2) [93491] {{(pid=93491) wait_forever /opt/stack/data/venv/lib/python3.12/site-packages/cotyledon/_service_worker.py:218}}
Jul 30 15:00:53.543965 np0000006140 nova-scheduler[93491]: INFO nova.service [-] Starting scheduler node (version 33.1.0)
Jul 30 15:00:53.544605 np0000006140 nova-scheduler[93484]: DEBUG oslo_db.sqlalchemy.engines [None req-7fe85fb2-6d9e-43d8-bea9-97af85e31fa9 None None] MySQL server mode set to STRICT_TRANS_TABLES,STRICT_ALL_TABLES,NO_ZERO_IN_DATE,NO_ZERO_DATE,ERROR_FOR_DIVISION_BY_ZERO,TRADITIONAL,NO_ENGINE_SUBSTITUTION {{(pid=93484) _check_effective_sql_mode /opt/stack/data/venv/lib/python3.12/site-packages/oslo_db/sqlalchemy/engines.py:325}}
Jul 30 15:00:53.548284 np0000006140 nova-scheduler[93491]: INFO dbcounter [None req-bdb61557-300c-4c29-93a6-83e920949535 None None] Registered counter for database nova_cell0
Jul 30 15:00:53.556763 np0000006140 nova-scheduler[93484]: DEBUG dbcounter [-] [93484] Writer thread running {{(pid=93484) stat_writer /opt/stack/data/venv/lib/python3.12/site-packages/dbcounter.py:102}}
Jul 30 15:00:53.574168 np0000006140 nova-scheduler[93489]: DEBUG oslo_db.sqlalchemy.engines [None req-753cbc16-48ad-4938-a6be-a3470c5828d6 None None] MySQL server mode set to STRICT_TRANS_TABLES,STRICT_ALL_TABLES,NO_ZERO_IN_DATE,NO_ZERO_DATE,ERROR_FOR_DIVISION_BY_ZERO,TRADITIONAL,NO_ENGINE_SUBSTITUTION {{(pid=93489) _check_effective_sql_mode /opt/stack/data/venv/lib/python3.12/site-packages/oslo_db/sqlalchemy/engines.py:325}}
Jul 30 15:00:53.577109 np0000006140 nova-scheduler[93484]: DEBUG nova.service [None req-7fe85fb2-6d9e-43d8-bea9-97af85e31fa9 None None] Creating RPC server for service: nova-scheduler on topic: scheduler {{(pid=93484) start /opt/stack/nova/nova/service.py:196}}
Jul 30 15:00:53.583729 np0000006140 nova-scheduler[93489]: DEBUG dbcounter [-] [93489] Writer thread running {{(pid=93489) stat_writer /opt/stack/data/venv/lib/python3.12/site-packages/dbcounter.py:102}}
Jul 30 15:00:53.586734 np0000006140 nova-scheduler[93489]: DEBUG nova.service [None req-753cbc16-48ad-4938-a6be-a3470c5828d6 None None] Creating RPC server for service: nova-scheduler on topic: scheduler {{(pid=93489) start /opt/stack/nova/nova/service.py:196}}
Jul 30 15:00:53.595122 np0000006140 nova-scheduler[93491]: DEBUG oslo_db.sqlalchemy.engines [None req-bdb61557-300c-4c29-93a6-83e920949535 None None] MySQL server mode set to STRICT_TRANS_TABLES,STRICT_ALL_TABLES,NO_ZERO_IN_DATE,NO_ZERO_DATE,ERROR_FOR_DIVISION_BY_ZERO,TRADITIONAL,NO_ENGINE_SUBSTITUTION {{(pid=93491) _check_effective_sql_mode /opt/stack/data/venv/lib/python3.12/site-packages/oslo_db/sqlalchemy/engines.py:325}}
Jul 30 15:00:53.600399 np0000006140 nova-scheduler[93484]: DEBUG nova.service [None req-7fe85fb2-6d9e-43d8-bea9-97af85e31fa9 None None] Join ServiceGroup membership for this service scheduler {{(pid=93484) start /opt/stack/nova/nova/service.py:222}}
Jul 30 15:00:53.600669 np0000006140 nova-scheduler[93484]: DEBUG nova.servicegroup.drivers.db [None req-7fe85fb2-6d9e-43d8-bea9-97af85e31fa9 None None] DB_Driver: join new ServiceGroup member np0000006140 to the scheduler group, service = {{(pid=93484) join /opt/stack/nova/nova/servicegroup/drivers/db.py:44}}
Jul 30 15:00:53.604524 np0000006140 nova-scheduler[93489]: DEBUG nova.service [None req-753cbc16-48ad-4938-a6be-a3470c5828d6 None None] Join ServiceGroup membership for this service scheduler {{(pid=93489) start /opt/stack/nova/nova/service.py:222}}
Jul 30 15:00:53.604766 np0000006140 nova-scheduler[93489]: DEBUG nova.servicegroup.drivers.db [None req-753cbc16-48ad-4938-a6be-a3470c5828d6 None None] DB_Driver: join new ServiceGroup member np0000006140 to the scheduler group, service = {{(pid=93489) join /opt/stack/nova/nova/servicegroup/drivers/db.py:44}}
Jul 30 15:00:53.605418 np0000006140 nova-scheduler[93491]: DEBUG dbcounter [-] [93491] Writer thread running {{(pid=93491) stat_writer /opt/stack/data/venv/lib/python3.12/site-packages/dbcounter.py:102}}
Jul 30 15:00:53.608246 np0000006140 nova-scheduler[93491]: DEBUG nova.service [None req-bdb61557-300c-4c29-93a6-83e920949535 None None] Creating RPC server for service: nova-scheduler on topic: scheduler {{(pid=93491) start /opt/stack/nova/nova/service.py:196}}
Jul 30 15:00:53.624226 np0000006140 nova-scheduler[93491]: DEBUG nova.service [None req-bdb61557-300c-4c29-93a6-83e920949535 None None] Join ServiceGroup membership for this service scheduler {{(pid=93491) start /opt/stack/nova/nova/service.py:222}}
Jul 30 15:00:53.624455 np0000006140 nova-scheduler[93491]: DEBUG nova.servicegroup.drivers.db [None req-bdb61557-300c-4c29-93a6-83e920949535 None None] DB_Driver: join new ServiceGroup member np0000006140 to the scheduler group, service = {{(pid=93491) join /opt/stack/nova/nova/servicegroup/drivers/db.py:44}}
Jul 30 15:00:53.626661 np0000006140 nova-scheduler[93491]: DEBUG oslo.service.backend._threading.loopingcall [None req-70567ab8-ae82-49b1-b6b7-4c777d95661d None None] Dynamic interval looping call 'nova.service.Service.periodic_tasks' sleeping for 60.00 seconds {{(pid=93491) _run_loop /opt/stack/data/venv/lib/python3.12/site-packages/oslo_service/backend/_threading/loopingcall.py:125}}
Jul 30 15:00:58.612411 np0000006140 nova-scheduler[93484]: DEBUG oslo.service.backend._threading.loopingcall [-] Fixed interval looping call 'nova.servicegroup.drivers.db.DbDriver._report_state' sleeping for 119.99 seconds {{(pid=93484) _run_loop /opt/stack/data/venv/lib/python3.12/site-packages/oslo_service/backend/_threading/loopingcall.py:125}}
Jul 30 15:00:58.615842 np0000006140 nova-scheduler[93489]: DEBUG oslo.service.backend._threading.loopingcall [-] Fixed interval looping call 'nova.servicegroup.drivers.db.DbDriver._report_state' sleeping for 119.99 seconds {{(pid=93489) _run_loop /opt/stack/data/venv/lib/python3.12/site-packages/oslo_service/backend/_threading/loopingcall.py:125}}
Jul 30 15:00:58.638719 np0000006140 nova-scheduler[93491]: DEBUG oslo.service.backend._threading.loopingcall [-] Fixed interval looping call 'nova.servicegroup.drivers.db.DbDriver._report_state' sleeping for 119.99 seconds {{(pid=93491) _run_loop /opt/stack/data/venv/lib/python3.12/site-packages/oslo_service/backend/_threading/loopingcall.py:125}}
Jul 30 15:01:02.180661 np0000006140 nova-scheduler[92276]: DEBUG dbcounter [-] [92276] Writing DB stats nova_api:SELECT=3 {{(pid=92276) stat_writer /opt/stack/data/venv/lib/python3.12/site-packages/dbcounter.py:115}}
Jul 30 15:01:02.305285 np0000006140 nova-scheduler[92276]: DEBUG dbcounter [-] [92276] Writing DB stats nova_cell1:SELECT=1 {{(pid=92276) stat_writer /opt/stack/data/venv/lib/python3.12/site-packages/dbcounter.py:115}}
Jul 30 15:01:02.309914 np0000006140 nova-scheduler[92276]: DEBUG dbcounter [-] [92276] Writing DB stats nova_cell0:SELECT=1 {{(pid=92276) stat_writer /opt/stack/data/venv/lib/python3.12/site-packages/dbcounter.py:115}}
Jul 30 15:01:06.606784 np0000006140 nova-scheduler[93489]: DEBUG oslo.service.backend._threading.loopingcall [None req-3db26bc9-9124-4110-83f0-a0fb2dfe8c89 None None] Dynamic interval looping call 'nova.service.Service.periodic_tasks' sleeping for 60.00 seconds {{(pid=93489) _run_loop /opt/stack/data/venv/lib/python3.12/site-packages/oslo_service/backend/_threading/loopingcall.py:125}}
Jul 30 15:01:08.609821 np0000006140 nova-scheduler[93484]: DEBUG dbcounter [-] [93484] Writing DB stats nova_cell0:SELECT=4,nova_cell0:INSERT=1,nova_cell0:UPDATE=1 {{(pid=93484) stat_writer /opt/stack/data/venv/lib/python3.12/site-packages/dbcounter.py:115}}
Jul 30 15:01:08.614823 np0000006140 nova-scheduler[93489]: DEBUG dbcounter [-] [93489] Writing DB stats nova_cell0:SELECT=3,nova_cell0:UPDATE=1 {{(pid=93489) stat_writer /opt/stack/data/venv/lib/python3.12/site-packages/dbcounter.py:115}}
Jul 30 15:01:08.635195 np0000006140 nova-scheduler[93491]: DEBUG dbcounter [-] [93491] Writing DB stats nova_cell0:SELECT=3 {{(pid=93491) stat_writer /opt/stack/data/venv/lib/python3.12/site-packages/dbcounter.py:115}}
Jul 30 15:01:39.602908 np0000006140 nova-scheduler[93484]: DEBUG oslo.service.backend._threading.loopingcall [None req-09bb3a24-5d1b-4423-bfef-a159ce5be4f5 None None] Dynamic interval looping call 'nova.service.Service.periodic_tasks' sleeping for 60.00 seconds {{(pid=93484) _run_loop /opt/stack/data/venv/lib/python3.12/site-packages/oslo_service/backend/_threading/loopingcall.py:125}}
Jul 30 15:01:53.628041 np0000006140 nova-scheduler[93491]: DEBUG oslo.service.backend._threading.loopingcall [None req-70567ab8-ae82-49b1-b6b7-4c777d95661d None None] Dynamic interval looping call 'nova.service.Service.periodic_tasks' sleeping for 60.00 seconds {{(pid=93491) _run_loop /opt/stack/data/venv/lib/python3.12/site-packages/oslo_service/backend/_threading/loopingcall.py:125}}
Jul 30 15:02:06.607200 np0000006140 nova-scheduler[93489]: DEBUG oslo.service.backend._threading.loopingcall [None req-3db26bc9-9124-4110-83f0-a0fb2dfe8c89 None None] Dynamic interval looping call 'nova.service.Service.periodic_tasks' sleeping for 60.00 seconds {{(pid=93489) _run_loop /opt/stack/data/venv/lib/python3.12/site-packages/oslo_service/backend/_threading/loopingcall.py:125}}
Jul 30 15:02:39.603379 np0000006140 nova-scheduler[93484]: DEBUG oslo.service.backend._threading.loopingcall [None req-09bb3a24-5d1b-4423-bfef-a159ce5be4f5 None None] Dynamic interval looping call 'nova.service.Service.periodic_tasks' sleeping for 60.00 seconds {{(pid=93484) _run_loop /opt/stack/data/venv/lib/python3.12/site-packages/oslo_service/backend/_threading/loopingcall.py:125}}
Jul 30 15:02:53.628759 np0000006140 nova-scheduler[93491]: DEBUG oslo.service.backend._threading.loopingcall [None req-70567ab8-ae82-49b1-b6b7-4c777d95661d None None] Dynamic interval looping call 'nova.service.Service.periodic_tasks' sleeping for 60.00 seconds {{(pid=93491) _run_loop /opt/stack/data/venv/lib/python3.12/site-packages/oslo_service/backend/_threading/loopingcall.py:125}}
Jul 30 15:02:58.609191 np0000006140 nova-scheduler[93484]: DEBUG oslo.service.backend._threading.loopingcall [-] Fixed interval looping call 'nova.servicegroup.drivers.db.DbDriver._report_state' sleeping for 119.99 seconds {{(pid=93484) _run_loop /opt/stack/data/venv/lib/python3.12/site-packages/oslo_service/backend/_threading/loopingcall.py:125}}
Jul 30 15:02:58.610870 np0000006140 nova-scheduler[93489]: DEBUG oslo.service.backend._threading.loopingcall [-] Fixed interval looping call 'nova.servicegroup.drivers.db.DbDriver._report_state' sleeping for 120.00 seconds {{(pid=93489) _run_loop /opt/stack/data/venv/lib/python3.12/site-packages/oslo_service/backend/_threading/loopingcall.py:125}}
Jul 30 15:02:58.633272 np0000006140 nova-scheduler[93491]: DEBUG oslo.service.backend._threading.loopingcall [-] Fixed interval looping call 'nova.servicegroup.drivers.db.DbDriver._report_state' sleeping for 120.00 seconds {{(pid=93491) _run_loop /opt/stack/data/venv/lib/python3.12/site-packages/oslo_service/backend/_threading/loopingcall.py:125}}
Jul 30 15:03:06.608692 np0000006140 nova-scheduler[93489]: DEBUG oslo.service.backend._threading.loopingcall [None req-3db26bc9-9124-4110-83f0-a0fb2dfe8c89 None None] Dynamic interval looping call 'nova.service.Service.periodic_tasks' sleeping for 60.00 seconds {{(pid=93489) _run_loop /opt/stack/data/venv/lib/python3.12/site-packages/oslo_service/backend/_threading/loopingcall.py:125}}
Jul 30 15:03:06.941487 np0000006140 nova-scheduler[93484]: DEBUG nova.scheduler.manager [None req-f58ef631-e7eb-4264-83a0-4e90b42595da tempest-DeleteServersTestJSON-943956183 tempest-DeleteServersTestJSON-943956183-project-member] Starting to schedule for instances: ['cb8cf73a-23e1-4225-80ee-aafbb4741434'] {{(pid=93484) select_destinations /opt/stack/nova/nova/scheduler/manager.py:209}}
Jul 30 15:03:06.944884 np0000006140 nova-scheduler[93484]: DEBUG nova.scheduler.request_filter [None req-f58ef631-e7eb-4264-83a0-4e90b42595da tempest-DeleteServersTestJSON-943956183 tempest-DeleteServersTestJSON-943956183-project-member] compute_status_filter request filter added forbidden trait COMPUTE_STATUS_DISABLED {{(pid=93484) compute_status_filter /opt/stack/nova/nova/scheduler/request_filter.py:253}}
Jul 30 15:03:06.944996 np0000006140 nova-scheduler[93484]: DEBUG nova.scheduler.request_filter [None req-f58ef631-e7eb-4264-83a0-4e90b42595da tempest-DeleteServersTestJSON-943956183 tempest-DeleteServersTestJSON-943956183-project-member] Request filter 'compute_status_filter' took 0.0 seconds {{(pid=93484) wrapper /opt/stack/nova/nova/scheduler/request_filter.py:46}}
Jul 30 15:03:06.945208 np0000006140 nova-scheduler[93484]: DEBUG nova.scheduler.request_filter [None req-f58ef631-e7eb-4264-83a0-4e90b42595da tempest-DeleteServersTestJSON-943956183 tempest-DeleteServersTestJSON-943956183-project-member] Request filter 'accelerators_filter' took 0.0 seconds {{(pid=93484) wrapper /opt/stack/nova/nova/scheduler/request_filter.py:46}}
Jul 30 15:03:06.945591 np0000006140 nova-scheduler[93484]: DEBUG nova.scheduler.request_filter [None req-f58ef631-e7eb-4264-83a0-4e90b42595da tempest-DeleteServersTestJSON-943956183 tempest-DeleteServersTestJSON-943956183-project-member] Request filter 'packed_virtqueue_filter' took 0.0 seconds {{(pid=93484) wrapper /opt/stack/nova/nova/scheduler/request_filter.py:46}}
Jul 30 15:03:06.945859 np0000006140 nova-scheduler[93484]: DEBUG nova.scheduler.request_filter [None req-f58ef631-e7eb-4264-83a0-4e90b42595da tempest-DeleteServersTestJSON-943956183 tempest-DeleteServersTestJSON-943956183-project-member] Request filter 'remote_managed_ports_filter' took 0.0 seconds {{(pid=93484) wrapper /opt/stack/nova/nova/scheduler/request_filter.py:46}}
Jul 30 15:03:06.946018 np0000006140 nova-scheduler[93484]: DEBUG nova.scheduler.request_filter [None req-f58ef631-e7eb-4264-83a0-4e90b42595da tempest-DeleteServersTestJSON-943956183 tempest-DeleteServersTestJSON-943956183-project-member] ephemeral_encryption_filter skipped {{(pid=93484) ephemeral_encryption_filter /opt/stack/nova/nova/scheduler/request_filter.py:426}}
Jul 30 15:03:06.946149 np0000006140 nova-scheduler[93484]: DEBUG nova.scheduler.request_filter [None req-f58ef631-e7eb-4264-83a0-4e90b42595da tempest-DeleteServersTestJSON-943956183 tempest-DeleteServersTestJSON-943956183-project-member] virtio_sound_filter skipped {{(pid=93484) virtio_sound_filter /opt/stack/nova/nova/scheduler/request_filter.py:460}}
Jul 30 15:03:06.946264 np0000006140 nova-scheduler[93484]: DEBUG nova.scheduler.request_filter [None req-f58ef631-e7eb-4264-83a0-4e90b42595da tempest-DeleteServersTestJSON-943956183 tempest-DeleteServersTestJSON-943956183-project-member] tpm_secret_security_filter skipped {{(pid=93484) tpm_secret_security_filter /opt/stack/nova/nova/scheduler/request_filter.py:477}}
Jul 30 15:03:06.987029 np0000006140 nova-scheduler[93489]: DEBUG nova.scheduler.manager [None req-f5cf461f-0031-4825-922b-8db175743426 tempest-ServerRescueNegativeTestJSON-2006252372 tempest-ServerRescueNegativeTestJSON-2006252372-project-member] Starting to schedule for instances: ['c127ee91-0627-4182-bbed-8e2af3d8c554'] {{(pid=93489) select_destinations /opt/stack/nova/nova/scheduler/manager.py:209}}
Jul 30 15:03:06.987157 np0000006140 nova-scheduler[93489]: DEBUG nova.scheduler.request_filter [None req-f5cf461f-0031-4825-922b-8db175743426 tempest-ServerRescueNegativeTestJSON-2006252372 tempest-ServerRescueNegativeTestJSON-2006252372-project-member] compute_status_filter request filter added forbidden trait COMPUTE_STATUS_DISABLED {{(pid=93489) compute_status_filter /opt/stack/nova/nova/scheduler/request_filter.py:253}}
Jul 30 15:03:06.987267 np0000006140 nova-scheduler[93489]: DEBUG nova.scheduler.request_filter [None req-f5cf461f-0031-4825-922b-8db175743426 tempest-ServerRescueNegativeTestJSON-2006252372 tempest-ServerRescueNegativeTestJSON-2006252372-project-member] Request filter 'compute_status_filter' took 0.0 seconds {{(pid=93489) wrapper /opt/stack/nova/nova/scheduler/request_filter.py:46}}
Jul 30 15:03:06.987459 np0000006140 nova-scheduler[93489]: DEBUG nova.scheduler.request_filter [None req-f5cf461f-0031-4825-922b-8db175743426 tempest-ServerRescueNegativeTestJSON-2006252372 tempest-ServerRescueNegativeTestJSON-2006252372-project-member] Request filter 'accelerators_filter' took 0.0 seconds {{(pid=93489) wrapper /opt/stack/nova/nova/scheduler/request_filter.py:46}}
Jul 30 15:03:06.987660 np0000006140 nova-scheduler[93489]: DEBUG nova.scheduler.request_filter [None req-f5cf461f-0031-4825-922b-8db175743426 tempest-ServerRescueNegativeTestJSON-2006252372 tempest-ServerRescueNegativeTestJSON-2006252372-project-member] Request filter 'packed_virtqueue_filter' took 0.0 seconds {{(pid=93489) wrapper /opt/stack/nova/nova/scheduler/request_filter.py:46}}
Jul 30 15:03:06.987921 np0000006140 nova-scheduler[93489]: DEBUG nova.scheduler.request_filter [None req-f5cf461f-0031-4825-922b-8db175743426 tempest-ServerRescueNegativeTestJSON-2006252372 tempest-ServerRescueNegativeTestJSON-2006252372-project-member] Request filter 'remote_managed_ports_filter' took 0.0 seconds {{(pid=93489) wrapper /opt/stack/nova/nova/scheduler/request_filter.py:46}}
Jul 30 15:03:06.988072 np0000006140 nova-scheduler[93489]: DEBUG nova.scheduler.request_filter [None req-f5cf461f-0031-4825-922b-8db175743426 tempest-ServerRescueNegativeTestJSON-2006252372 tempest-ServerRescueNegativeTestJSON-2006252372-project-member] ephemeral_encryption_filter skipped {{(pid=93489) ephemeral_encryption_filter /opt/stack/nova/nova/scheduler/request_filter.py:426}}
Jul 30 15:03:06.988417 np0000006140 nova-scheduler[93489]: DEBUG nova.scheduler.request_filter [None req-f5cf461f-0031-4825-922b-8db175743426 tempest-ServerRescueNegativeTestJSON-2006252372 tempest-ServerRescueNegativeTestJSON-2006252372-project-member] virtio_sound_filter skipped {{(pid=93489) virtio_sound_filter /opt/stack/nova/nova/scheduler/request_filter.py:460}}
Jul 30 15:03:06.988417 np0000006140 nova-scheduler[93489]: DEBUG nova.scheduler.request_filter [None req-f5cf461f-0031-4825-922b-8db175743426 tempest-ServerRescueNegativeTestJSON-2006252372 tempest-ServerRescueNegativeTestJSON-2006252372-project-member] tpm_secret_security_filter skipped {{(pid=93489) tpm_secret_security_filter /opt/stack/nova/nova/scheduler/request_filter.py:477}}
Jul 30 15:03:07.439642 np0000006140 nova-scheduler[93489]: INFO nova.utils [None req-f5cf461f-0031-4825-922b-8db175743426 tempest-ServerRescueNegativeTestJSON-2006252372 tempest-ServerRescueNegativeTestJSON-2006252372-project-member] The cell worker thread pool ForkProcess-2.cell_worker is initialized
Jul 30 15:03:07.440356 np0000006140 nova-scheduler[93489]: DEBUG oslo_concurrency.lockutils [None req-f5cf461f-0031-4825-922b-8db175743426 tempest-ServerRescueNegativeTestJSON-2006252372 tempest-ServerRescueNegativeTestJSON-2006252372-project-member] Acquiring lock "ec4ffa1e-d1af-4bd4-ae2c-73fc1b9b8a02" by "nova.context.set_target_cell..get_or_set_cached_cell_and_set_connections" {{(pid=93489) inner /opt/stack/data/venv/lib/python3.12/site-packages/oslo_concurrency/lockutils.py:512}}
Jul 30 15:03:07.440577 np0000006140 nova-scheduler[93489]: DEBUG oslo_concurrency.lockutils [None req-f5cf461f-0031-4825-922b-8db175743426 tempest-ServerRescueNegativeTestJSON-2006252372 tempest-ServerRescueNegativeTestJSON-2006252372-project-member] Lock "ec4ffa1e-d1af-4bd4-ae2c-73fc1b9b8a02" acquired by "nova.context.set_target_cell..get_or_set_cached_cell_and_set_connections" :: waited 0.000s {{(pid=93489) inner /opt/stack/data/venv/lib/python3.12/site-packages/oslo_concurrency/lockutils.py:525}}
Jul 30 15:03:07.442675 np0000006140 nova-scheduler[93489]: DEBUG oslo_concurrency.lockutils [None req-f5cf461f-0031-4825-922b-8db175743426 tempest-ServerRescueNegativeTestJSON-2006252372 tempest-ServerRescueNegativeTestJSON-2006252372-project-member] Lock "ec4ffa1e-d1af-4bd4-ae2c-73fc1b9b8a02" "released" by "nova.context.set_target_cell..get_or_set_cached_cell_and_set_connections" :: held 0.002s {{(pid=93489) inner /opt/stack/data/venv/lib/python3.12/site-packages/oslo_concurrency/lockutils.py:544}}
Jul 30 15:03:07.445081 np0000006140 nova-scheduler[93489]: INFO dbcounter [None req-f5cf461f-0031-4825-922b-8db175743426 tempest-ServerRescueNegativeTestJSON-2006252372 tempest-ServerRescueNegativeTestJSON-2006252372-project-member] Registered counter for database nova_cell1
Jul 30 15:03:07.465321 np0000006140 nova-scheduler[93484]: INFO nova.utils [None req-f58ef631-e7eb-4264-83a0-4e90b42595da tempest-DeleteServersTestJSON-943956183 tempest-DeleteServersTestJSON-943956183-project-member] The cell worker thread pool ForkProcess-1.cell_worker is initialized
Jul 30 15:03:07.465850 np0000006140 nova-scheduler[93484]: DEBUG oslo_concurrency.lockutils [None req-f58ef631-e7eb-4264-83a0-4e90b42595da tempest-DeleteServersTestJSON-943956183 tempest-DeleteServersTestJSON-943956183-project-member] Acquiring lock "ec4ffa1e-d1af-4bd4-ae2c-73fc1b9b8a02" by "nova.context.set_target_cell..get_or_set_cached_cell_and_set_connections" {{(pid=93484) inner /opt/stack/data/venv/lib/python3.12/site-packages/oslo_concurrency/lockutils.py:512}}
Jul 30 15:03:07.466121 np0000006140 nova-scheduler[93484]: DEBUG oslo_concurrency.lockutils [None req-f58ef631-e7eb-4264-83a0-4e90b42595da tempest-DeleteServersTestJSON-943956183 tempest-DeleteServersTestJSON-943956183-project-member] Lock "ec4ffa1e-d1af-4bd4-ae2c-73fc1b9b8a02" acquired by "nova.context.set_target_cell..get_or_set_cached_cell_and_set_connections" :: waited 0.000s {{(pid=93484) inner /opt/stack/data/venv/lib/python3.12/site-packages/oslo_concurrency/lockutils.py:525}}
Jul 30 15:03:07.468242 np0000006140 nova-scheduler[93484]: DEBUG oslo_concurrency.lockutils [None req-f58ef631-e7eb-4264-83a0-4e90b42595da tempest-DeleteServersTestJSON-943956183 tempest-DeleteServersTestJSON-943956183-project-member] Lock "ec4ffa1e-d1af-4bd4-ae2c-73fc1b9b8a02" "released" by "nova.context.set_target_cell..get_or_set_cached_cell_and_set_connections" :: held 0.002s {{(pid=93484) inner /opt/stack/data/venv/lib/python3.12/site-packages/oslo_concurrency/lockutils.py:544}}
Jul 30 15:03:07.470384 np0000006140 nova-scheduler[93484]: INFO dbcounter [None req-f58ef631-e7eb-4264-83a0-4e90b42595da tempest-DeleteServersTestJSON-943956183 tempest-DeleteServersTestJSON-943956183-project-member] Registered counter for database nova_cell1
Jul 30 15:03:07.486364 np0000006140 nova-scheduler[93489]: DEBUG oslo_db.sqlalchemy.engines [None req-f5cf461f-0031-4825-922b-8db175743426 tempest-ServerRescueNegativeTestJSON-2006252372 tempest-ServerRescueNegativeTestJSON-2006252372-project-member] MySQL server mode set to STRICT_TRANS_TABLES,STRICT_ALL_TABLES,NO_ZERO_IN_DATE,NO_ZERO_DATE,ERROR_FOR_DIVISION_BY_ZERO,TRADITIONAL,NO_ENGINE_SUBSTITUTION {{(pid=93489) _check_effective_sql_mode /opt/stack/data/venv/lib/python3.12/site-packages/oslo_db/sqlalchemy/engines.py:325}}
Jul 30 15:03:07.493274 np0000006140 nova-scheduler[93489]: DEBUG dbcounter [-] [93489] Writer thread running {{(pid=93489) stat_writer /opt/stack/data/venv/lib/python3.12/site-packages/dbcounter.py:102}}
Jul 30 15:03:07.502935 np0000006140 nova-scheduler[93484]: DEBUG oslo_db.sqlalchemy.engines [None req-f58ef631-e7eb-4264-83a0-4e90b42595da tempest-DeleteServersTestJSON-943956183 tempest-DeleteServersTestJSON-943956183-project-member] MySQL server mode set to STRICT_TRANS_TABLES,STRICT_ALL_TABLES,NO_ZERO_IN_DATE,NO_ZERO_DATE,ERROR_FOR_DIVISION_BY_ZERO,TRADITIONAL,NO_ENGINE_SUBSTITUTION {{(pid=93484) _check_effective_sql_mode /opt/stack/data/venv/lib/python3.12/site-packages/oslo_db/sqlalchemy/engines.py:325}}
Jul 30 15:03:07.504080 np0000006140 nova-scheduler[93489]: DEBUG oslo_db.sqlalchemy.engines [None req-f5cf461f-0031-4825-922b-8db175743426 tempest-ServerRescueNegativeTestJSON-2006252372 tempest-ServerRescueNegativeTestJSON-2006252372-project-member] Parent process 92276 forked (93489) with an open database connection, which is being discarded and recreated. {{(pid=93489) checkout /opt/stack/data/venv/lib/python3.12/site-packages/oslo_db/sqlalchemy/engines.py:402}}
Jul 30 15:03:07.507933 np0000006140 nova-scheduler[93484]: DEBUG dbcounter [-] [93484] Writer thread running {{(pid=93484) stat_writer /opt/stack/data/venv/lib/python3.12/site-packages/dbcounter.py:102}}
Jul 30 15:03:07.549723 np0000006140 nova-scheduler[93489]: DEBUG dbcounter [-] [93489] Writer thread running {{(pid=93489) stat_writer /opt/stack/data/venv/lib/python3.12/site-packages/dbcounter.py:102}}
Jul 30 15:03:07.552241 np0000006140 nova-scheduler[93489]: DEBUG oslo_concurrency.lockutils [None req-f5cf461f-0031-4825-922b-8db175743426 tempest-ServerRescueNegativeTestJSON-2006252372 tempest-ServerRescueNegativeTestJSON-2006252372-project-member] Acquiring lock "ec4ffa1e-d1af-4bd4-ae2c-73fc1b9b8a02" by "nova.context.set_target_cell..get_or_set_cached_cell_and_set_connections" {{(pid=93489) inner /opt/stack/data/venv/lib/python3.12/site-packages/oslo_concurrency/lockutils.py:512}}
Jul 30 15:03:07.552414 np0000006140 nova-scheduler[93489]: DEBUG oslo_concurrency.lockutils [None req-f5cf461f-0031-4825-922b-8db175743426 tempest-ServerRescueNegativeTestJSON-2006252372 tempest-ServerRescueNegativeTestJSON-2006252372-project-member] Lock "ec4ffa1e-d1af-4bd4-ae2c-73fc1b9b8a02" acquired by "nova.context.set_target_cell..get_or_set_cached_cell_and_set_connections" :: waited 0.000s {{(pid=93489) inner /opt/stack/data/venv/lib/python3.12/site-packages/oslo_concurrency/lockutils.py:525}}
Jul 30 15:03:07.552757 np0000006140 nova-scheduler[93489]: DEBUG oslo_concurrency.lockutils [None req-f5cf461f-0031-4825-922b-8db175743426 tempest-ServerRescueNegativeTestJSON-2006252372 tempest-ServerRescueNegativeTestJSON-2006252372-project-member] Lock "ec4ffa1e-d1af-4bd4-ae2c-73fc1b9b8a02" "released" by "nova.context.set_target_cell..get_or_set_cached_cell_and_set_connections" :: held 0.000s {{(pid=93489) inner /opt/stack/data/venv/lib/python3.12/site-packages/oslo_concurrency/lockutils.py:544}}
Jul 30 15:03:07.556096 np0000006140 nova-scheduler[93489]: DEBUG oslo_concurrency.lockutils [None req-f5cf461f-0031-4825-922b-8db175743426 tempest-ServerRescueNegativeTestJSON-2006252372 tempest-ServerRescueNegativeTestJSON-2006252372-project-member] Acquiring lock "np0000006140-np0000006140" by "nova.scheduler.host_manager.HostState.update.._locked_update" {{(pid=93489) inner /opt/stack/data/venv/lib/python3.12/site-packages/oslo_concurrency/lockutils.py:512}}
Jul 30 15:03:07.556485 np0000006140 nova-scheduler[93489]: DEBUG oslo_concurrency.lockutils [None req-f5cf461f-0031-4825-922b-8db175743426 tempest-ServerRescueNegativeTestJSON-2006252372 tempest-ServerRescueNegativeTestJSON-2006252372-project-member] Lock "np0000006140-np0000006140" acquired by "nova.scheduler.host_manager.HostState.update.._locked_update" :: waited 0.000s {{(pid=93489) inner /opt/stack/data/venv/lib/python3.12/site-packages/oslo_concurrency/lockutils.py:525}}
Jul 30 15:03:07.557256 np0000006140 nova-scheduler[93489]: DEBUG nova.scheduler.host_manager [None req-f5cf461f-0031-4825-922b-8db175743426 tempest-ServerRescueNegativeTestJSON-2006252372 tempest-ServerRescueNegativeTestJSON-2006252372-project-member] Update host state from compute node: ComputeNode(cpu_allocation_ratio=4.0,cpu_info='{"arch": "x86_64", "model": "EPYC-Milan", "vendor": "AMD", "topology": {"cells": 1, "sockets": 16, "cores": 1, "threads": 1}, "maxphysaddr": {"mode": "emulate", "bits": 40}, "features": ["rdtscp", "x2apic", "abm", "fsrm", "pschange-mc-no", "v-vmsave-vmload", "cx16", "xsaveerptr", "popcnt", "amd-psfd", "ssbd", "umip", "tsc-scale", "de", "xsaveopt", "avx2", "spec-ctrl", "stibp", "cr8legacy", "stibp-always-on", "npt", "lm", "mce", "pge", "avx", "vaes", "movbe", "sse4a", "pae", "vme", "amd-stibp", "mtrr", "apic", "rdpid", "sse4.1", "pause-filter", "fsgsbase", "lahf_lm", "lfence-always-serializing", "fxsr", "smep", "xgetbv1", "skip-l1dfl-vmentry", "erms", "ibpb", "svme-addr-chk", "pfthreshold", "osvw", "clwb", "svm", "pcid", "invpcid", "arch-capabilities", "sse", "perfctr_core", "cmov", "tsc", "misalignsse", "rdrand", "xsavec", "topoext", "aes", "gds-no", "virt-ssbd", "amd-ssbd", "cx8", "pku", "no-nested-data-bp", "sse4.2", "mmxext", "rdctl-no", "vpclmulqdq", "ibrs", "hypervisor", "pat", "bmi2", "fma", "mca", "fpu", "pni", "pdpe1gb", "clflushopt", "null-sel-clr-base", "pse", "mds-no", "ssse3", "xsaves", "mmx", "arat", "adx", "tsc_adjust", "sep", "tsc-deadline", "wbnoinvd", "sha-ni", "flushbyasid", "bmi1", "clzero", "vgif", "3dnowprefetch", "pclmuldq", "msr", "lbrv", "smap", "clflush", "cmp_legacy", "pse36", "fxsr_opt", "f16c", "sse2", "vmcb-clean", "nrip-save", "syscall", "rdseed", "xsave", "nx"]}',created_at=2026-07-30T15:01:13Z,current_workload=0,deleted=False,deleted_at=None,disk_allocation_ratio=1.0,disk_available_least=73,free_disk_gb=95,free_ram_mb=62765,host='np0000006140',host_ip=10.4.3.220,hypervisor_hostname='np0000006140',hypervisor_type='QEMU',hypervisor_version=8002002,id=1,local_gb=95,local_gb_used=0,mapped=1,memory_mb=63277,memory_mb_used=512,metrics='[]',numa_topology='{"nova_object.name": "NUMATopology", "nova_object.namespace": "nova", "nova_object.version": "1.2", "nova_object.data": {"cells": [{"nova_object.name": "NUMACell", "nova_object.namespace": "nova", "nova_object.version": "1.5", "nova_object.data": {"id": 0, "cpuset": [0, 1, 2, 3, 4, 5, 6, 7, 8, 9, 10, 11, 12, 13, 14, 15], "pcpuset": [0, 1, 2, 3, 4, 5, 6, 7, 8, 9, 10, 11, 12, 13, 14, 15], "memory": 63277, "cpu_usage": 0, "memory_usage": 0, "pinned_cpus": [], "siblings": [[6], [12], [2], [15], [5], [11], [8], [14], [4], [1], [7], [10], [0], [13], [3], [9]], "mempages": [{"nova_object.name": "NUMAPagesTopology", "nova_object.namespace": "nova", "nova_object.version": "1.1", "nova_object.data": {"size_kb": 4, "total": 16177929, "used": 0, "reserved": 0}, "nova_object.changes": ["used", "size_kb", "total", "reserved"]}, {"nova_object.name": "NUMAPagesTopology", "nova_object.namespace": "nova", "nova_object.version": "1.1", "nova_object.data": {"size_kb": 2048, "total": 41, "used": 0, "reserved": 0}, "nova_object.changes": ["used", "size_kb", "total", "reserved"]}, {"nova_object.name": "NUMAPagesTopology", "nova_object.namespace": "nova", "nova_object.version": "1.1", "nova_object.data": {"size_kb": 1048576, "total": 0, "used": 0, "reserved": 0}, "nova_object.changes": ["used", "size_kb", "total", "reserved"]}], "network_metadata": {"nova_object.name": "NetworkMetadata", "nova_object.namespace": "nova", "nova_object.version": "1.0", "nova_object.data": {"physnets": [], "tunneled": false}, "nova_object.changes": ["physnets", "tunneled"]}, "socket": null}, "nova_object.changes": ["siblings", "pcpuset", "socket", "cpu_usage", "cpuset", "memory", "network_metadata", "pinned_cpus", "id", "memory_usage", "mempages"]}]}, "nova_object.changes": ["cells"]}',pci_device_pools=PciDevicePoolList,ram_allocation_ratio=1.0,running_vms=0,service_id=3,stats={failed_builds='0',uptime=' 15:03:03 up 13 min, 2 users, load average: 2.26, 1.61, 0.88
Jul 30 15:03:07.557256 np0000006140 nova-scheduler[93489]: '},supported_hv_specs=[HVSpec,HVSpec,HVSpec,HVSpec,HVSpec,HVSpec,HVSpec,HVSpec,HVSpec,HVSpec,HVSpec,HVSpec,HVSpec,HVSpec,HVSpec,HVSpec,HVSpec,HVSpec,HVSpec,HVSpec,HVSpec,HVSpec,HVSpec,HVSpec,HVSpec],updated_at=2026-07-30T15:03:03Z,uuid=baf7be36-ef91-46aa-9ef0-ebf0e87f044b,vcpus=16,vcpus_used=0) {{(pid=93489) _locked_update /opt/stack/nova/nova/scheduler/host_manager.py:168}}
Jul 30 15:03:07.557930 np0000006140 nova-scheduler[93489]: DEBUG nova.scheduler.host_manager [None req-f5cf461f-0031-4825-922b-8db175743426 tempest-ServerRescueNegativeTestJSON-2006252372 tempest-ServerRescueNegativeTestJSON-2006252372-project-member] Update host state with aggregates: [] {{(pid=93489) _locked_update /opt/stack/nova/nova/scheduler/host_manager.py:171}}
Jul 30 15:03:07.558043 np0000006140 nova-scheduler[93489]: DEBUG nova.scheduler.host_manager [None req-f5cf461f-0031-4825-922b-8db175743426 tempest-ServerRescueNegativeTestJSON-2006252372 tempest-ServerRescueNegativeTestJSON-2006252372-project-member] Update host state with service dict: {'id': 3, 'uuid': '194c545c-08ae-485d-b5c3-6382c7ffd802', 'host': 'np0000006140', 'binary': 'nova-compute', 'topic': 'compute', 'report_count': 1, 'disabled': False, 'disabled_reason': None, 'last_seen_up': datetime.datetime(2026, 7, 30, 15, 1, 20, tzinfo=datetime.timezone.utc), 'forced_down': False, 'version': 72, 'created_at': datetime.datetime(2026, 7, 30, 15, 1, 13, tzinfo=datetime.timezone.utc), 'updated_at': datetime.datetime(2026, 7, 30, 15, 1, 20, tzinfo=datetime.timezone.utc), 'deleted_at': None, 'deleted': False} {{(pid=93489) _locked_update /opt/stack/nova/nova/scheduler/host_manager.py:174}}
Jul 30 15:03:07.558161 np0000006140 nova-scheduler[93489]: DEBUG nova.scheduler.host_manager [None req-f5cf461f-0031-4825-922b-8db175743426 tempest-ServerRescueNegativeTestJSON-2006252372 tempest-ServerRescueNegativeTestJSON-2006252372-project-member] Update host state with instances: [] {{(pid=93489) _locked_update /opt/stack/nova/nova/scheduler/host_manager.py:177}}
Jul 30 15:03:07.558256 np0000006140 nova-scheduler[93489]: DEBUG oslo_concurrency.lockutils [None req-f5cf461f-0031-4825-922b-8db175743426 tempest-ServerRescueNegativeTestJSON-2006252372 tempest-ServerRescueNegativeTestJSON-2006252372-project-member] Lock "np0000006140-np0000006140" "released" by "nova.scheduler.host_manager.HostState.update.._locked_update" :: held 0.002s {{(pid=93489) inner /opt/stack/data/venv/lib/python3.12/site-packages/oslo_concurrency/lockutils.py:544}}
Jul 30 15:03:07.558914 np0000006140 nova-scheduler[93489]: DEBUG nova.filters [None req-f5cf461f-0031-4825-922b-8db175743426 tempest-ServerRescueNegativeTestJSON-2006252372 tempest-ServerRescueNegativeTestJSON-2006252372-project-member] Starting with 1 host(s) {{(pid=93489) get_filtered_objects /opt/stack/nova/nova/filters.py:70}}
Jul 30 15:03:07.559184 np0000006140 nova-scheduler[93489]: DEBUG nova.filters [None req-f5cf461f-0031-4825-922b-8db175743426 tempest-ServerRescueNegativeTestJSON-2006252372 tempest-ServerRescueNegativeTestJSON-2006252372-project-member] Filter ComputeFilter returned 1 host(s) {{(pid=93489) get_filtered_objects /opt/stack/nova/nova/filters.py:102}}
Jul 30 15:03:07.559378 np0000006140 nova-scheduler[93489]: DEBUG nova.filters [None req-f5cf461f-0031-4825-922b-8db175743426 tempest-ServerRescueNegativeTestJSON-2006252372 tempest-ServerRescueNegativeTestJSON-2006252372-project-member] Filter ComputeCapabilitiesFilter returned 1 host(s) {{(pid=93489) get_filtered_objects /opt/stack/nova/nova/filters.py:102}}
Jul 30 15:03:07.559646 np0000006140 nova-scheduler[93489]: DEBUG nova.filters [None req-f5cf461f-0031-4825-922b-8db175743426 tempest-ServerRescueNegativeTestJSON-2006252372 tempest-ServerRescueNegativeTestJSON-2006252372-project-member] Filter ImagePropertiesFilter returned 1 host(s) {{(pid=93489) get_filtered_objects /opt/stack/nova/nova/filters.py:102}}
Jul 30 15:03:07.560000 np0000006140 nova-scheduler[93489]: DEBUG nova.filters [None req-f5cf461f-0031-4825-922b-8db175743426 tempest-ServerRescueNegativeTestJSON-2006252372 tempest-ServerRescueNegativeTestJSON-2006252372-project-member] Filter ServerGroupAntiAffinityFilter returned 1 host(s) {{(pid=93489) get_filtered_objects /opt/stack/nova/nova/filters.py:102}}
Jul 30 15:03:07.560000 np0000006140 nova-scheduler[93489]: DEBUG nova.filters [None req-f5cf461f-0031-4825-922b-8db175743426 tempest-ServerRescueNegativeTestJSON-2006252372 tempest-ServerRescueNegativeTestJSON-2006252372-project-member] Filter ServerGroupAffinityFilter returned 1 host(s) {{(pid=93489) get_filtered_objects /opt/stack/nova/nova/filters.py:102}}
Jul 30 15:03:07.560159 np0000006140 nova-scheduler[93489]: DEBUG nova.filters [None req-f5cf461f-0031-4825-922b-8db175743426 tempest-ServerRescueNegativeTestJSON-2006252372 tempest-ServerRescueNegativeTestJSON-2006252372-project-member] Filter SameHostFilter returned 1 host(s) {{(pid=93489) get_filtered_objects /opt/stack/nova/nova/filters.py:102}}
Jul 30 15:03:07.560320 np0000006140 nova-scheduler[93489]: DEBUG nova.filters [None req-f5cf461f-0031-4825-922b-8db175743426 tempest-ServerRescueNegativeTestJSON-2006252372 tempest-ServerRescueNegativeTestJSON-2006252372-project-member] Filter DifferentHostFilter returned 1 host(s) {{(pid=93489) get_filtered_objects /opt/stack/nova/nova/filters.py:102}}
Jul 30 15:03:07.560501 np0000006140 nova-scheduler[93489]: DEBUG nova.scheduler.manager [None req-f5cf461f-0031-4825-922b-8db175743426 tempest-ServerRescueNegativeTestJSON-2006252372 tempest-ServerRescueNegativeTestJSON-2006252372-project-member] Filtered [(np0000006140, np0000006140) ram: 62765MB disk: 74752MB io_ops: 0 instances: 0, allocation_candidates: 1] {{(pid=93489) _get_sorted_hosts /opt/stack/nova/nova/scheduler/manager.py:742}}
