Jul 30 15:00:58.511832 np0000006140 nova-conductor[95922]: DEBUG cotyledon.oslo_config_glue [-] oslo_messaging_rabbit.rabbit_qos_prefetch_count = 0 {{(pid=95922) log_opt_values /opt/stack/data/venv/lib/python3.12/site-packages/oslo_config/cfg.py:3253}}
Jul 30 15:00:58.511832 np0000006140 nova-conductor[95922]: DEBUG cotyledon.oslo_config_glue [-] oslo_messaging_rabbit.rabbit_quorum_delivery_limit = 0 {{(pid=95922) log_opt_values /opt/stack/data/venv/lib/python3.12/site-packages/oslo_config/cfg.py:3253}}
Jul 30 15:00:58.511832 np0000006140 nova-conductor[95922]: DEBUG cotyledon.oslo_config_glue [-] oslo_messaging_rabbit.rabbit_quorum_max_memory_bytes = 0 {{(pid=95922) log_opt_values /opt/stack/data/venv/lib/python3.12/site-packages/oslo_config/cfg.py:3253}}
Jul 30 15:00:58.511832 np0000006140 nova-conductor[95922]: DEBUG cotyledon.oslo_config_glue [-] oslo_messaging_rabbit.rabbit_quorum_max_memory_length = 0 {{(pid=95922) log_opt_values /opt/stack/data/venv/lib/python3.12/site-packages/oslo_config/cfg.py:3253}}
Jul 30 15:00:58.511832 np0000006140 nova-conductor[95922]: DEBUG cotyledon.oslo_config_glue [-] oslo_messaging_rabbit.rabbit_quorum_queue = False {{(pid=95922) log_opt_values /opt/stack/data/venv/lib/python3.12/site-packages/oslo_config/cfg.py:3253}}
Jul 30 15:00:58.511832 np0000006140 nova-conductor[95922]: DEBUG cotyledon.oslo_config_glue [-] oslo_messaging_rabbit.rabbit_retry_backoff = 2 {{(pid=95922) log_opt_values /opt/stack/data/venv/lib/python3.12/site-packages/oslo_config/cfg.py:3253}}
Jul 30 15:00:58.511832 np0000006140 nova-conductor[95922]: DEBUG cotyledon.oslo_config_glue [-] oslo_messaging_rabbit.rabbit_retry_interval = 1 {{(pid=95922) log_opt_values /opt/stack/data/venv/lib/python3.12/site-packages/oslo_config/cfg.py:3253}}
Jul 30 15:00:58.511832 np0000006140 nova-conductor[95922]: DEBUG cotyledon.oslo_config_glue [-] oslo_messaging_rabbit.rabbit_stream_fanout = False {{(pid=95922) log_opt_values /opt/stack/data/venv/lib/python3.12/site-packages/oslo_config/cfg.py:3253}}
Jul 30 15:00:58.511998 np0000006140 nova-conductor[95922]: DEBUG cotyledon.oslo_config_glue [-] oslo_messaging_rabbit.rabbit_transient_queues_ttl = 1800 {{(pid=95922) log_opt_values /opt/stack/data/venv/lib/python3.12/site-packages/oslo_config/cfg.py:3253}}
Jul 30 15:00:58.511998 np0000006140 nova-conductor[95922]: DEBUG cotyledon.oslo_config_glue [-] oslo_messaging_rabbit.rabbit_transient_quorum_queue = False {{(pid=95922) log_opt_values /opt/stack/data/venv/lib/python3.12/site-packages/oslo_config/cfg.py:3253}}
Jul 30 15:00:58.511998 np0000006140 nova-conductor[95922]: DEBUG cotyledon.oslo_config_glue [-] oslo_messaging_rabbit.rpc_conn_pool_size = 30 {{(pid=95922) log_opt_values /opt/stack/data/venv/lib/python3.12/site-packages/oslo_config/cfg.py:3253}}
Jul 30 15:00:58.511998 np0000006140 nova-conductor[95922]: DEBUG cotyledon.oslo_config_glue [-] oslo_messaging_rabbit.ssl = False {{(pid=95922) log_opt_values /opt/stack/data/venv/lib/python3.12/site-packages/oslo_config/cfg.py:3253}}
Jul 30 15:00:58.511998 np0000006140 nova-conductor[95922]: DEBUG cotyledon.oslo_config_glue [-] oslo_messaging_rabbit.ssl_ca_file = {{(pid=95922) log_opt_values /opt/stack/data/venv/lib/python3.12/site-packages/oslo_config/cfg.py:3253}}
Jul 30 15:00:58.511998 np0000006140 nova-conductor[95922]: DEBUG cotyledon.oslo_config_glue [-] oslo_messaging_rabbit.ssl_cert_file = {{(pid=95922) log_opt_values /opt/stack/data/venv/lib/python3.12/site-packages/oslo_config/cfg.py:3253}}
Jul 30 15:00:58.511998 np0000006140 nova-conductor[95922]: DEBUG cotyledon.oslo_config_glue [-] oslo_messaging_rabbit.ssl_enforce_fips_mode = False {{(pid=95922) log_opt_values /opt/stack/data/venv/lib/python3.12/site-packages/oslo_config/cfg.py:3253}}
Jul 30 15:00:58.511998 np0000006140 nova-conductor[95922]: DEBUG cotyledon.oslo_config_glue [-] oslo_messaging_rabbit.ssl_enforce_hostname_verification = True {{(pid=95922) log_opt_values /opt/stack/data/venv/lib/python3.12/site-packages/oslo_config/cfg.py:3253}}
Jul 30 15:00:58.511998 np0000006140 nova-conductor[95922]: DEBUG cotyledon.oslo_config_glue [-] oslo_messaging_rabbit.ssl_key_file = {{(pid=95922) log_opt_values /opt/stack/data/venv/lib/python3.12/site-packages/oslo_config/cfg.py:3253}}
Jul 30 15:00:58.512222 np0000006140 nova-conductor[95922]: DEBUG cotyledon.oslo_config_glue [-] oslo_messaging_rabbit.ssl_version = {{(pid=95922) log_opt_values /opt/stack/data/venv/lib/python3.12/site-packages/oslo_config/cfg.py:3253}}
Jul 30 15:00:58.512222 np0000006140 nova-conductor[95922]: DEBUG cotyledon.oslo_config_glue [-] oslo_messaging_rabbit.use_queue_manager = False {{(pid=95922) log_opt_values /opt/stack/data/venv/lib/python3.12/site-packages/oslo_config/cfg.py:3253}}
Jul 30 15:00:58.512222 np0000006140 nova-conductor[95922]: DEBUG cotyledon.oslo_config_glue [-] oslo_messaging_notifications.driver = ['messagingv2'] {{(pid=95922) log_opt_values /opt/stack/data/venv/lib/python3.12/site-packages/oslo_config/cfg.py:3253}}
Jul 30 15:00:58.512222 np0000006140 nova-conductor[95922]: DEBUG cotyledon.oslo_config_glue [-] oslo_messaging_notifications.retry = -1 {{(pid=95922) log_opt_values /opt/stack/data/venv/lib/python3.12/site-packages/oslo_config/cfg.py:3253}}
Jul 30 15:00:58.512222 np0000006140 nova-conductor[95922]: DEBUG cotyledon.oslo_config_glue [-] oslo_messaging_notifications.topics = ['notifications'] {{(pid=95922) log_opt_values /opt/stack/data/venv/lib/python3.12/site-packages/oslo_config/cfg.py:3253}}
Jul 30 15:00:58.512222 np0000006140 nova-conductor[95922]: DEBUG cotyledon.oslo_config_glue [-] oslo_messaging_notifications.transport_url = **** {{(pid=95922) log_opt_values /opt/stack/data/venv/lib/python3.12/site-packages/oslo_config/cfg.py:3253}}
Jul 30 15:00:58.512222 np0000006140 nova-conductor[95922]: DEBUG cotyledon.oslo_config_glue [-] oslo_limit.auth_section = None {{(pid=95922) log_opt_values /opt/stack/data/venv/lib/python3.12/site-packages/oslo_config/cfg.py:3253}}
Jul 30 15:00:58.512222 np0000006140 nova-conductor[95922]: DEBUG cotyledon.oslo_config_glue [-] oslo_limit.auth_type = None {{(pid=95922) log_opt_values /opt/stack/data/venv/lib/python3.12/site-packages/oslo_config/cfg.py:3253}}
Jul 30 15:00:58.512222 np0000006140 nova-conductor[95922]: DEBUG cotyledon.oslo_config_glue [-] oslo_limit.cafile = None {{(pid=95922) log_opt_values /opt/stack/data/venv/lib/python3.12/site-packages/oslo_config/cfg.py:3253}}
Jul 30 15:00:58.512418 np0000006140 nova-conductor[95922]: DEBUG cotyledon.oslo_config_glue [-] oslo_limit.certfile = None {{(pid=95922) log_opt_values /opt/stack/data/venv/lib/python3.12/site-packages/oslo_config/cfg.py:3253}}
Jul 30 15:00:58.512418 np0000006140 nova-conductor[95922]: DEBUG cotyledon.oslo_config_glue [-] oslo_limit.collect_timing = False {{(pid=95922) log_opt_values /opt/stack/data/venv/lib/python3.12/site-packages/oslo_config/cfg.py:3253}}
Jul 30 15:00:58.512418 np0000006140 nova-conductor[95922]: DEBUG cotyledon.oslo_config_glue [-] oslo_limit.connect_retries = None {{(pid=95922) log_opt_values /opt/stack/data/venv/lib/python3.12/site-packages/oslo_config/cfg.py:3253}}
Jul 30 15:00:58.512418 np0000006140 nova-conductor[95922]: DEBUG cotyledon.oslo_config_glue [-] oslo_limit.connect_retry_delay = None {{(pid=95922) log_opt_values /opt/stack/data/venv/lib/python3.12/site-packages/oslo_config/cfg.py:3253}}
Jul 30 15:00:58.512418 np0000006140 nova-conductor[95922]: DEBUG cotyledon.oslo_config_glue [-] oslo_limit.endpoint_id = None {{(pid=95922) log_opt_values /opt/stack/data/venv/lib/python3.12/site-packages/oslo_config/cfg.py:3253}}
Jul 30 15:00:58.512418 np0000006140 nova-conductor[95922]: DEBUG cotyledon.oslo_config_glue [-] oslo_limit.endpoint_interface = public {{(pid=95922) log_opt_values /opt/stack/data/venv/lib/python3.12/site-packages/oslo_config/cfg.py:3253}}
Jul 30 15:00:58.512418 np0000006140 nova-conductor[95922]: DEBUG cotyledon.oslo_config_glue [-] oslo_limit.endpoint_override = None {{(pid=95922) log_opt_values /opt/stack/data/venv/lib/python3.12/site-packages/oslo_config/cfg.py:3253}}
Jul 30 15:00:58.512418 np0000006140 nova-conductor[95922]: DEBUG cotyledon.oslo_config_glue [-] oslo_limit.endpoint_region_name = None {{(pid=95922) log_opt_values /opt/stack/data/venv/lib/python3.12/site-packages/oslo_config/cfg.py:3253}}
Jul 30 15:00:58.512418 np0000006140 nova-conductor[95922]: DEBUG cotyledon.oslo_config_glue [-] oslo_limit.endpoint_service_name = None {{(pid=95922) log_opt_values /opt/stack/data/venv/lib/python3.12/site-packages/oslo_config/cfg.py:3253}}
Jul 30 15:00:58.512721 np0000006140 nova-conductor[95922]: DEBUG cotyledon.oslo_config_glue [-] oslo_limit.endpoint_service_type = None {{(pid=95922) log_opt_values /opt/stack/data/venv/lib/python3.12/site-packages/oslo_config/cfg.py:3253}}
Jul 30 15:00:58.512721 np0000006140 nova-conductor[95922]: DEBUG cotyledon.oslo_config_glue [-] oslo_limit.insecure = False {{(pid=95922) log_opt_values /opt/stack/data/venv/lib/python3.12/site-packages/oslo_config/cfg.py:3253}}
Jul 30 15:00:58.512721 np0000006140 nova-conductor[95922]: DEBUG cotyledon.oslo_config_glue [-] oslo_limit.keyfile = None {{(pid=95922) log_opt_values /opt/stack/data/venv/lib/python3.12/site-packages/oslo_config/cfg.py:3253}}
Jul 30 15:00:58.512721 np0000006140 nova-conductor[95922]: DEBUG cotyledon.oslo_config_glue [-] oslo_limit.max_version = None {{(pid=95922) log_opt_values /opt/stack/data/venv/lib/python3.12/site-packages/oslo_config/cfg.py:3253}}
Jul 30 15:00:58.512721 np0000006140 nova-conductor[95922]: DEBUG cotyledon.oslo_config_glue [-] oslo_limit.min_version = None {{(pid=95922) log_opt_values /opt/stack/data/venv/lib/python3.12/site-packages/oslo_config/cfg.py:3253}}
Jul 30 15:00:58.512721 np0000006140 nova-conductor[95922]: DEBUG cotyledon.oslo_config_glue [-] oslo_limit.region_name = None {{(pid=95922) log_opt_values /opt/stack/data/venv/lib/python3.12/site-packages/oslo_config/cfg.py:3253}}
Jul 30 15:00:58.512721 np0000006140 nova-conductor[95922]: DEBUG cotyledon.oslo_config_glue [-] oslo_limit.retriable_status_codes = None {{(pid=95922) log_opt_values /opt/stack/data/venv/lib/python3.12/site-packages/oslo_config/cfg.py:3253}}
Jul 30 15:00:58.512721 np0000006140 nova-conductor[95922]: DEBUG cotyledon.oslo_config_glue [-] oslo_limit.service_name = None {{(pid=95922) log_opt_values /opt/stack/data/venv/lib/python3.12/site-packages/oslo_config/cfg.py:3253}}
Jul 30 15:00:58.512721 np0000006140 nova-conductor[95922]: DEBUG cotyledon.oslo_config_glue [-] oslo_limit.service_type = None {{(pid=95922) log_opt_values /opt/stack/data/venv/lib/python3.12/site-packages/oslo_config/cfg.py:3253}}
Jul 30 15:00:58.513029 np0000006140 nova-conductor[95922]: DEBUG cotyledon.oslo_config_glue [-] oslo_limit.split_loggers = False {{(pid=95922) log_opt_values /opt/stack/data/venv/lib/python3.12/site-packages/oslo_config/cfg.py:3253}}
Jul 30 15:00:58.513029 np0000006140 nova-conductor[95922]: DEBUG cotyledon.oslo_config_glue [-] oslo_limit.status_code_retries = None {{(pid=95922) log_opt_values /opt/stack/data/venv/lib/python3.12/site-packages/oslo_config/cfg.py:3253}}
Jul 30 15:00:58.513029 np0000006140 nova-conductor[95922]: DEBUG cotyledon.oslo_config_glue [-] oslo_limit.status_code_retry_delay = None {{(pid=95922) log_opt_values /opt/stack/data/venv/lib/python3.12/site-packages/oslo_config/cfg.py:3253}}
Jul 30 15:00:58.513029 np0000006140 nova-conductor[95922]: DEBUG cotyledon.oslo_config_glue [-] oslo_limit.timeout = None {{(pid=95922) log_opt_values /opt/stack/data/venv/lib/python3.12/site-packages/oslo_config/cfg.py:3253}}
Jul 30 15:00:58.513029 np0000006140 nova-conductor[95922]: DEBUG cotyledon.oslo_config_glue [-] oslo_limit.valid_interfaces = None {{(pid=95922) log_opt_values /opt/stack/data/venv/lib/python3.12/site-packages/oslo_config/cfg.py:3253}}
Jul 30 15:00:58.513029 np0000006140 nova-conductor[95922]: DEBUG cotyledon.oslo_config_glue [-] oslo_limit.version = None {{(pid=95922) log_opt_values /opt/stack/data/venv/lib/python3.12/site-packages/oslo_config/cfg.py:3253}}
Jul 30 15:00:58.513029 np0000006140 nova-conductor[95922]: DEBUG cotyledon.oslo_config_glue [-] oslo_reports.file_event_handler = None {{(pid=95922) log_opt_values /opt/stack/data/venv/lib/python3.12/site-packages/oslo_config/cfg.py:3253}}
Jul 30 15:00:58.513029 np0000006140 nova-conductor[95922]: DEBUG cotyledon.oslo_config_glue [-] oslo_reports.file_event_handler_interval = 1 {{(pid=95922) log_opt_values /opt/stack/data/venv/lib/python3.12/site-packages/oslo_config/cfg.py:3253}}
Jul 30 15:00:58.513029 np0000006140 nova-conductor[95922]: DEBUG cotyledon.oslo_config_glue [-] oslo_reports.log_dir = None {{(pid=95922) log_opt_values /opt/stack/data/venv/lib/python3.12/site-packages/oslo_config/cfg.py:3253}}
Jul 30 15:00:58.513335 np0000006140 nova-conductor[95922]: DEBUG cotyledon.oslo_config_glue [-] ******************************************************************************** {{(pid=95922) log_opt_values /opt/stack/data/venv/lib/python3.12/site-packages/oslo_config/cfg.py:3260}}
Jul 30 15:00:58.513335 np0000006140 nova-conductor[95922]: DEBUG cotyledon._service_worker [-] Run service ServiceWrapper(2) [95922] {{(pid=95922) wait_forever /opt/stack/data/venv/lib/python3.12/site-packages/cotyledon/_service_worker.py:218}}
Jul 30 15:00:58.513335 np0000006140 nova-conductor[95922]: INFO nova.service [-] Starting conductor node (version 33.1.0)
Jul 30 15:00:58.513335 np0000006140 nova-conductor[95922]: INFO dbcounter [None req-755f2fc0-1635-4c3c-a2d0-083f3cc5126f None None] Registered counter for database nova_cell0
Jul 30 15:00:58.528223 np0000006140 nova-conductor[95911]: DEBUG oslo_db.sqlalchemy.engines [None req-28d3a942-13b1-4489-9112-d718612db111 None None] MySQL server mode set to STRICT_TRANS_TABLES,STRICT_ALL_TABLES,NO_ZERO_IN_DATE,NO_ZERO_DATE,ERROR_FOR_DIVISION_BY_ZERO,TRADITIONAL,NO_ENGINE_SUBSTITUTION {{(pid=95911) _check_effective_sql_mode /opt/stack/data/venv/lib/python3.12/site-packages/oslo_db/sqlalchemy/engines.py:325}}
Jul 30 15:00:58.544120 np0000006140 nova-conductor[95922]: DEBUG oslo_db.sqlalchemy.engines [None req-755f2fc0-1635-4c3c-a2d0-083f3cc5126f None None] MySQL server mode set to STRICT_TRANS_TABLES,STRICT_ALL_TABLES,NO_ZERO_IN_DATE,NO_ZERO_DATE,ERROR_FOR_DIVISION_BY_ZERO,TRADITIONAL,NO_ENGINE_SUBSTITUTION {{(pid=95922) _check_effective_sql_mode /opt/stack/data/venv/lib/python3.12/site-packages/oslo_db/sqlalchemy/engines.py:325}}
Jul 30 15:00:58.544574 np0000006140 nova-conductor[95911]: DEBUG dbcounter [-] [95911] Writer thread running {{(pid=95911) stat_writer /opt/stack/data/venv/lib/python3.12/site-packages/dbcounter.py:102}}
Jul 30 15:00:58.547103 np0000006140 nova-conductor[95918]: DEBUG oslo_db.sqlalchemy.engines [None req-55f263de-6faa-4e44-823c-dc0ababaabe0 None None] MySQL server mode set to STRICT_TRANS_TABLES,STRICT_ALL_TABLES,NO_ZERO_IN_DATE,NO_ZERO_DATE,ERROR_FOR_DIVISION_BY_ZERO,TRADITIONAL,NO_ENGINE_SUBSTITUTION {{(pid=95918) _check_effective_sql_mode /opt/stack/data/venv/lib/python3.12/site-packages/oslo_db/sqlalchemy/engines.py:325}}
Jul 30 15:00:58.552987 np0000006140 nova-conductor[95922]: DEBUG dbcounter [-] [95922] Writer thread running {{(pid=95922) stat_writer /opt/stack/data/venv/lib/python3.12/site-packages/dbcounter.py:102}}
Jul 30 15:00:58.557395 np0000006140 nova-conductor[95918]: DEBUG dbcounter [-] [95918] Writer thread running {{(pid=95918) stat_writer /opt/stack/data/venv/lib/python3.12/site-packages/dbcounter.py:102}}
Jul 30 15:00:58.557950 np0000006140 nova-conductor[95911]: DEBUG nova.service [None req-28d3a942-13b1-4489-9112-d718612db111 None None] Creating RPC server for service: nova-conductor on topic: conductor {{(pid=95911) start /opt/stack/nova/nova/service.py:196}}
Jul 30 15:00:58.559896 np0000006140 nova-conductor[95918]: DEBUG nova.service [None req-55f263de-6faa-4e44-823c-dc0ababaabe0 None None] Creating RPC server for service: nova-conductor on topic: conductor {{(pid=95918) start /opt/stack/nova/nova/service.py:196}}
Jul 30 15:00:58.567890 np0000006140 nova-conductor[95922]: DEBUG nova.service [None req-755f2fc0-1635-4c3c-a2d0-083f3cc5126f None None] Creating RPC server for service: nova-conductor on topic: conductor {{(pid=95922) start /opt/stack/nova/nova/service.py:196}}
Jul 30 15:00:58.579768 np0000006140 nova-conductor[95911]: DEBUG nova.service [None req-28d3a942-13b1-4489-9112-d718612db111 None None] Join ServiceGroup membership for this service conductor {{(pid=95911) start /opt/stack/nova/nova/service.py:222}}
Jul 30 15:00:58.579980 np0000006140 nova-conductor[95911]: DEBUG nova.servicegroup.drivers.db [None req-28d3a942-13b1-4489-9112-d718612db111 None None] DB_Driver: join new ServiceGroup member np0000006140 to the conductor group, service = {{(pid=95911) join /opt/stack/nova/nova/servicegroup/drivers/db.py:44}}
Jul 30 15:00:58.582216 np0000006140 nova-conductor[95918]: DEBUG nova.service [None req-55f263de-6faa-4e44-823c-dc0ababaabe0 None None] Join ServiceGroup membership for this service conductor {{(pid=95918) start /opt/stack/nova/nova/service.py:222}}
Jul 30 15:00:58.582390 np0000006140 nova-conductor[95918]: DEBUG nova.servicegroup.drivers.db [None req-55f263de-6faa-4e44-823c-dc0ababaabe0 None None] DB_Driver: join new ServiceGroup member np0000006140 to the conductor group, service = {{(pid=95918) join /opt/stack/nova/nova/servicegroup/drivers/db.py:44}}
Jul 30 15:00:58.585028 np0000006140 nova-conductor[95922]: DEBUG nova.service [None req-755f2fc0-1635-4c3c-a2d0-083f3cc5126f None None] Join ServiceGroup membership for this service conductor {{(pid=95922) start /opt/stack/nova/nova/service.py:222}}
Jul 30 15:00:58.585232 np0000006140 nova-conductor[95922]: DEBUG nova.servicegroup.drivers.db [None req-755f2fc0-1635-4c3c-a2d0-083f3cc5126f None None] DB_Driver: join new ServiceGroup member np0000006140 to the conductor group, service = {{(pid=95922) join /opt/stack/nova/nova/servicegroup/drivers/db.py:44}}
Jul 30 15:01:03.592393 np0000006140 nova-conductor[95911]: DEBUG oslo.service.backend._threading.loopingcall [-] Fixed interval looping call 'nova.servicegroup.drivers.db.DbDriver._report_state' sleeping for 119.99 seconds {{(pid=95911) _run_loop /opt/stack/data/venv/lib/python3.12/site-packages/oslo_service/backend/_threading/loopingcall.py:125}}
Jul 30 15:01:03.593832 np0000006140 nova-conductor[95918]: DEBUG oslo.service.backend._threading.loopingcall [-] Fixed interval looping call 'nova.servicegroup.drivers.db.DbDriver._report_state' sleeping for 119.99 seconds {{(pid=95918) _run_loop /opt/stack/data/venv/lib/python3.12/site-packages/oslo_service/backend/_threading/loopingcall.py:125}}
Jul 30 15:01:03.594607 np0000006140 nova-conductor[95922]: DEBUG oslo.service.backend._threading.loopingcall [-] Fixed interval looping call 'nova.servicegroup.drivers.db.DbDriver._report_state' sleeping for 119.99 seconds {{(pid=95922) _run_loop /opt/stack/data/venv/lib/python3.12/site-packages/oslo_service/backend/_threading/loopingcall.py:125}}
Jul 30 15:01:07.170416 np0000006140 nova-conductor[94412]: DEBUG dbcounter [-] [94412] Writing DB stats nova_api:SELECT=1 {{(pid=94412) stat_writer /opt/stack/data/venv/lib/python3.12/site-packages/dbcounter.py:115}}
Jul 30 15:01:07.296767 np0000006140 nova-conductor[94412]: DEBUG dbcounter [-] [94412] Writing DB stats nova_cell0:SELECT=1 {{(pid=94412) stat_writer /opt/stack/data/venv/lib/python3.12/site-packages/dbcounter.py:115}}
Jul 30 15:01:07.299808 np0000006140 nova-conductor[94412]: DEBUG dbcounter [-] [94412] Writing DB stats nova_cell1:SELECT=1 {{(pid=94412) stat_writer /opt/stack/data/venv/lib/python3.12/site-packages/dbcounter.py:115}}
Jul 30 15:01:07.584240 np0000006140 nova-conductor[95918]: DEBUG oslo.service.backend._threading.loopingcall [None req-7fbc06ad-5dd7-48fd-b655-9618391a1010 None None] Dynamic interval looping call 'nova.service.Service.periodic_tasks' sleeping for 60.00 seconds {{(pid=95918) _run_loop /opt/stack/data/venv/lib/python3.12/site-packages/oslo_service/backend/_threading/loopingcall.py:125}}
Jul 30 15:01:08.587028 np0000006140 nova-conductor[95922]: DEBUG oslo.service.backend._threading.loopingcall [None req-2819f3a0-5ea0-4f01-a452-742ec87507b3 None None] Dynamic interval looping call 'nova.service.Service.periodic_tasks' sleeping for 60.00 seconds {{(pid=95922) _run_loop /opt/stack/data/venv/lib/python3.12/site-packages/oslo_service/backend/_threading/loopingcall.py:125}}
Jul 30 15:01:13.588287 np0000006140 nova-conductor[95911]: DEBUG dbcounter [-] [95911] Writing DB stats nova_cell0:SELECT=4,nova_cell0:INSERT=1,nova_cell0:UPDATE=1 {{(pid=95911) stat_writer /opt/stack/data/venv/lib/python3.12/site-packages/dbcounter.py:115}}
Jul 30 15:01:13.593391 np0000006140 nova-conductor[95922]: DEBUG dbcounter [-] [95922] Writing DB stats nova_cell0:SELECT=4,nova_cell0:INSERT=1,nova_cell0:UPDATE=1 {{(pid=95922) stat_writer /opt/stack/data/venv/lib/python3.12/site-packages/dbcounter.py:115}}
Jul 30 15:01:13.593850 np0000006140 nova-conductor[95918]: DEBUG dbcounter [-] [95918] Writing DB stats nova_cell0:SELECT=3,nova_cell0:UPDATE=1 {{(pid=95918) stat_writer /opt/stack/data/venv/lib/python3.12/site-packages/dbcounter.py:115}}
Jul 30 15:01:26.581662 np0000006140 nova-conductor[95911]: DEBUG oslo.service.backend._threading.loopingcall [None req-9023f70e-76af-4df4-937e-b68ddbcd55b5 None None] Dynamic interval looping call 'nova.service.Service.periodic_tasks' sleeping for 60.00 seconds {{(pid=95911) _run_loop /opt/stack/data/venv/lib/python3.12/site-packages/oslo_service/backend/_threading/loopingcall.py:125}}
Jul 30 15:02:07.584762 np0000006140 nova-conductor[95918]: DEBUG oslo.service.backend._threading.loopingcall [None req-7fbc06ad-5dd7-48fd-b655-9618391a1010 None None] Dynamic interval looping call 'nova.service.Service.periodic_tasks' sleeping for 60.00 seconds {{(pid=95918) _run_loop /opt/stack/data/venv/lib/python3.12/site-packages/oslo_service/backend/_threading/loopingcall.py:125}}
Jul 30 15:02:08.587614 np0000006140 nova-conductor[95922]: DEBUG oslo.service.backend._threading.loopingcall [None req-2819f3a0-5ea0-4f01-a452-742ec87507b3 None None] Dynamic interval looping call 'nova.service.Service.periodic_tasks' sleeping for 60.00 seconds {{(pid=95922) _run_loop /opt/stack/data/venv/lib/python3.12/site-packages/oslo_service/backend/_threading/loopingcall.py:125}}
Jul 30 15:02:26.582162 np0000006140 nova-conductor[95911]: DEBUG oslo.service.backend._threading.loopingcall [None req-9023f70e-76af-4df4-937e-b68ddbcd55b5 None None] Dynamic interval looping call 'nova.service.Service.periodic_tasks' sleeping for 60.00 seconds {{(pid=95911) _run_loop /opt/stack/data/venv/lib/python3.12/site-packages/oslo_service/backend/_threading/loopingcall.py:125}}
Jul 30 15:03:03.593726 np0000006140 nova-conductor[95918]: DEBUG oslo.service.backend._threading.loopingcall [-] Fixed interval looping call 'nova.servicegroup.drivers.db.DbDriver._report_state' sleeping for 119.99 seconds {{(pid=95918) _run_loop /opt/stack/data/venv/lib/python3.12/site-packages/oslo_service/backend/_threading/loopingcall.py:125}}
Jul 30 15:03:03.594147 np0000006140 nova-conductor[95911]: DEBUG oslo.service.backend._threading.loopingcall [-] Fixed interval looping call 'nova.servicegroup.drivers.db.DbDriver._report_state' sleeping for 119.99 seconds {{(pid=95911) _run_loop /opt/stack/data/venv/lib/python3.12/site-packages/oslo_service/backend/_threading/loopingcall.py:125}}
Jul 30 15:03:03.594606 np0000006140 nova-conductor[95922]: DEBUG oslo.service.backend._threading.loopingcall [-] Fixed interval looping call 'nova.servicegroup.drivers.db.DbDriver._report_state' sleeping for 119.99 seconds {{(pid=95922) _run_loop /opt/stack/data/venv/lib/python3.12/site-packages/oslo_service/backend/_threading/loopingcall.py:125}}
Jul 30 15:03:06.880284 np0000006140 nova-conductor[95911]: DEBUG oslo_db.sqlalchemy.engines [None req-f58ef631-e7eb-4264-83a0-4e90b42595da tempest-DeleteServersTestJSON-943956183 tempest-DeleteServersTestJSON-943956183-project-member] Parent process 94412 forked (95911) with an open database connection, which is being discarded and recreated. {{(pid=95911) checkout /opt/stack/data/venv/lib/python3.12/site-packages/oslo_db/sqlalchemy/engines.py:402}}
Jul 30 15:03:06.913104 np0000006140 nova-conductor[95911]: DEBUG dbcounter [-] [95911] Writer thread running {{(pid=95911) stat_writer /opt/stack/data/venv/lib/python3.12/site-packages/dbcounter.py:102}}
Jul 30 15:03:06.961681 np0000006140 nova-conductor[95918]: DEBUG dbcounter [-] [95918] Writer thread running {{(pid=95918) stat_writer /opt/stack/data/venv/lib/python3.12/site-packages/dbcounter.py:102}}
Jul 30 15:03:07.586016 np0000006140 nova-conductor[95918]: DEBUG oslo.service.backend._threading.loopingcall [None req-7fbc06ad-5dd7-48fd-b655-9618391a1010 None None] Dynamic interval looping call 'nova.service.Service.periodic_tasks' sleeping for 60.00 seconds {{(pid=95918) _run_loop /opt/stack/data/venv/lib/python3.12/site-packages/oslo_service/backend/_threading/loopingcall.py:125}}
Jul 30 15:03:07.732357 np0000006140 nova-conductor[95918]: DEBUG nova.conductor.manager [None req-f5cf461f-0031-4825-922b-8db175743426 tempest-ServerRescueNegativeTestJSON-2006252372 tempest-ServerRescueNegativeTestJSON-2006252372-project-member] Took 0.77 seconds to select destinations for 1 instance(s). {{(pid=95918) _schedule_instances /opt/stack/nova/nova/conductor/manager.py:968}}
Jul 30 15:03:07.768050 np0000006140 nova-conductor[95918]: DEBUG oslo_concurrency.lockutils [None req-f5cf461f-0031-4825-922b-8db175743426 tempest-ServerRescueNegativeTestJSON-2006252372 tempest-ServerRescueNegativeTestJSON-2006252372-project-member] Acquiring lock "ec4ffa1e-d1af-4bd4-ae2c-73fc1b9b8a02" by "nova.context.set_target_cell..get_or_set_cached_cell_and_set_connections" {{(pid=95918) inner /opt/stack/data/venv/lib/python3.12/site-packages/oslo_concurrency/lockutils.py:512}}
Jul 30 15:03:07.770605 np0000006140 nova-conductor[95918]: DEBUG oslo_concurrency.lockutils [None req-f5cf461f-0031-4825-922b-8db175743426 tempest-ServerRescueNegativeTestJSON-2006252372 tempest-ServerRescueNegativeTestJSON-2006252372-project-member] Lock "ec4ffa1e-d1af-4bd4-ae2c-73fc1b9b8a02" acquired by "nova.context.set_target_cell..get_or_set_cached_cell_and_set_connections" :: waited 0.001s {{(pid=95918) inner /opt/stack/data/venv/lib/python3.12/site-packages/oslo_concurrency/lockutils.py:525}}
Jul 30 15:03:07.770605 np0000006140 nova-conductor[95918]: DEBUG oslo_concurrency.lockutils [None req-f5cf461f-0031-4825-922b-8db175743426 tempest-ServerRescueNegativeTestJSON-2006252372 tempest-ServerRescueNegativeTestJSON-2006252372-project-member] Lock "ec4ffa1e-d1af-4bd4-ae2c-73fc1b9b8a02" "released" by "nova.context.set_target_cell..get_or_set_cached_cell_and_set_connections" :: held 0.002s {{(pid=95918) inner /opt/stack/data/venv/lib/python3.12/site-packages/oslo_concurrency/lockutils.py:544}}
Jul 30 15:03:07.772663 np0000006140 nova-conductor[95918]: INFO dbcounter [None req-f5cf461f-0031-4825-922b-8db175743426 tempest-ServerRescueNegativeTestJSON-2006252372 tempest-ServerRescueNegativeTestJSON-2006252372-project-member] Registered counter for database nova_cell1
Jul 30 15:03:07.823118 np0000006140 nova-conductor[95918]: DEBUG oslo_db.sqlalchemy.engines [None req-f5cf461f-0031-4825-922b-8db175743426 tempest-ServerRescueNegativeTestJSON-2006252372 tempest-ServerRescueNegativeTestJSON-2006252372-project-member] MySQL server mode set to STRICT_TRANS_TABLES,STRICT_ALL_TABLES,NO_ZERO_IN_DATE,NO_ZERO_DATE,ERROR_FOR_DIVISION_BY_ZERO,TRADITIONAL,NO_ENGINE_SUBSTITUTION {{(pid=95918) _check_effective_sql_mode /opt/stack/data/venv/lib/python3.12/site-packages/oslo_db/sqlalchemy/engines.py:325}}
Jul 30 15:03:07.830792 np0000006140 nova-conductor[95918]: DEBUG dbcounter [-] [95918] Writer thread running {{(pid=95918) stat_writer /opt/stack/data/venv/lib/python3.12/site-packages/dbcounter.py:102}}
Jul 30 15:03:07.927615 np0000006140 nova-conductor[95918]: INFO nova.utils [None req-f5cf461f-0031-4825-922b-8db175743426 tempest-ServerRescueNegativeTestJSON-2006252372 tempest-ServerRescueNegativeTestJSON-2006252372-project-member] The cell worker thread pool ForkProcess-2.cell_worker is initialized
Jul 30 15:03:07.928065 np0000006140 nova-conductor[95918]: DEBUG oslo_concurrency.lockutils [None req-f5cf461f-0031-4825-922b-8db175743426 tempest-ServerRescueNegativeTestJSON-2006252372 tempest-ServerRescueNegativeTestJSON-2006252372-project-member] Acquiring lock "00000000-0000-0000-0000-000000000000" by "nova.context.set_target_cell..get_or_set_cached_cell_and_set_connections" {{(pid=95918) inner /opt/stack/data/venv/lib/python3.12/site-packages/oslo_concurrency/lockutils.py:512}}
Jul 30 15:03:07.928282 np0000006140 nova-conductor[95918]: DEBUG oslo_concurrency.lockutils [None req-f5cf461f-0031-4825-922b-8db175743426 tempest-ServerRescueNegativeTestJSON-2006252372 tempest-ServerRescueNegativeTestJSON-2006252372-project-member] Lock "00000000-0000-0000-0000-000000000000" acquired by "nova.context.set_target_cell..get_or_set_cached_cell_and_set_connections" :: waited 0.000s {{(pid=95918) inner /opt/stack/data/venv/lib/python3.12/site-packages/oslo_concurrency/lockutils.py:525}}
Jul 30 15:03:07.928605 np0000006140 nova-conductor[95918]: DEBUG oslo_concurrency.lockutils [None req-f5cf461f-0031-4825-922b-8db175743426 tempest-ServerRescueNegativeTestJSON-2006252372 tempest-ServerRescueNegativeTestJSON-2006252372-project-member] Lock "00000000-0000-0000-0000-000000000000" "released" by "nova.context.set_target_cell..get_or_set_cached_cell_and_set_connections" :: held 0.000s {{(pid=95918) inner /opt/stack/data/venv/lib/python3.12/site-packages/oslo_concurrency/lockutils.py:544}}
Jul 30 15:03:07.929278 np0000006140 nova-conductor[95918]: DEBUG oslo_concurrency.lockutils [None req-f5cf461f-0031-4825-922b-8db175743426 tempest-ServerRescueNegativeTestJSON-2006252372 tempest-ServerRescueNegativeTestJSON-2006252372-project-member] Acquiring lock "ec4ffa1e-d1af-4bd4-ae2c-73fc1b9b8a02" by "nova.context.set_target_cell..get_or_set_cached_cell_and_set_connections" {{(pid=95918) inner /opt/stack/data/venv/lib/python3.12/site-packages/oslo_concurrency/lockutils.py:512}}
Jul 30 15:03:07.929414 np0000006140 nova-conductor[95918]: DEBUG oslo_concurrency.lockutils [None req-f5cf461f-0031-4825-922b-8db175743426 tempest-ServerRescueNegativeTestJSON-2006252372 tempest-ServerRescueNegativeTestJSON-2006252372-project-member] Lock "ec4ffa1e-d1af-4bd4-ae2c-73fc1b9b8a02" acquired by "nova.context.set_target_cell..get_or_set_cached_cell_and_set_connections" :: waited 0.000s {{(pid=95918) inner /opt/stack/data/venv/lib/python3.12/site-packages/oslo_concurrency/lockutils.py:525}}
Jul 30 15:03:07.929481 np0000006140 nova-conductor[95918]: DEBUG oslo_concurrency.lockutils [None req-f5cf461f-0031-4825-922b-8db175743426 tempest-ServerRescueNegativeTestJSON-2006252372 tempest-ServerRescueNegativeTestJSON-2006252372-project-member] Lock "ec4ffa1e-d1af-4bd4-ae2c-73fc1b9b8a02" "released" by "nova.context.set_target_cell..get_or_set_cached_cell_and_set_connections" :: held 0.000s {{(pid=95918) inner /opt/stack/data/venv/lib/python3.12/site-packages/oslo_concurrency/lockutils.py:544}}
Jul 30 15:03:07.930812 np0000006140 nova-conductor[95918]: INFO dbcounter [None req-f5cf461f-0031-4825-922b-8db175743426 tempest-ServerRescueNegativeTestJSON-2006252372 tempest-ServerRescueNegativeTestJSON-2006252372-project-member] Registered counter for database nova_cell0
Jul 30 15:03:07.977873 np0000006140 nova-conductor[95918]: DEBUG oslo_db.sqlalchemy.engines [None req-f5cf461f-0031-4825-922b-8db175743426 tempest-ServerRescueNegativeTestJSON-2006252372 tempest-ServerRescueNegativeTestJSON-2006252372-project-member] MySQL server mode set to STRICT_TRANS_TABLES,STRICT_ALL_TABLES,NO_ZERO_IN_DATE,NO_ZERO_DATE,ERROR_FOR_DIVISION_BY_ZERO,TRADITIONAL,NO_ENGINE_SUBSTITUTION {{(pid=95918) _check_effective_sql_mode /opt/stack/data/venv/lib/python3.12/site-packages/oslo_db/sqlalchemy/engines.py:325}}
Jul 30 15:03:07.982304 np0000006140 nova-conductor[95918]: DEBUG dbcounter [-] [95918] Writer thread running {{(pid=95918) stat_writer /opt/stack/data/venv/lib/python3.12/site-packages/dbcounter.py:102}}
Jul 30 15:03:07.989925 np0000006140 nova-conductor[95918]: DEBUG nova.quota [None req-f5cf461f-0031-4825-922b-8db175743426 tempest-ServerRescueNegativeTestJSON-2006252372 tempest-ServerRescueNegativeTestJSON-2006252372-project-member] Getting quotas for project d94994d0f8354b9bb8eede8915c7d2da. Resources: {'instances', 'cores', 'ram'} {{(pid=95918) _get_quotas /opt/stack/nova/nova/quota.py:389}}
Jul 30 15:03:07.992797 np0000006140 nova-conductor[95918]: DEBUG nova.quota [None req-f5cf461f-0031-4825-922b-8db175743426 tempest-ServerRescueNegativeTestJSON-2006252372 tempest-ServerRescueNegativeTestJSON-2006252372-project-member] Getting quotas for user 3b6abe0b5efc4322ad1200b171026294 and project d94994d0f8354b9bb8eede8915c7d2da. Resources: {'instances', 'cores', 'ram'} {{(pid=95918) _get_quotas /opt/stack/nova/nova/quota.py:379}}
Jul 30 15:03:07.999275 np0000006140 nova-conductor[95918]: DEBUG nova.conductor.manager [None req-f5cf461f-0031-4825-922b-8db175743426 tempest-ServerRescueNegativeTestJSON-2006252372 tempest-ServerRescueNegativeTestJSON-2006252372-project-member] [instance: c127ee91-0627-4182-bbed-8e2af3d8c554] Selected host: np0000006140; Selected node: np0000006140; Alternates: [] {{(pid=95918) schedule_and_build_instances /opt/stack/nova/nova/conductor/manager.py:1784}}
Jul 30 15:03:07.999659 np0000006140 nova-conductor[95918]: DEBUG oslo_concurrency.lockutils [None req-f5cf461f-0031-4825-922b-8db175743426 tempest-ServerRescueNegativeTestJSON-2006252372 tempest-ServerRescueNegativeTestJSON-2006252372-project-member] Acquiring lock "ec4ffa1e-d1af-4bd4-ae2c-73fc1b9b8a02" by "nova.context.set_target_cell..get_or_set_cached_cell_and_set_connections" {{(pid=95918) inner /opt/stack/data/venv/lib/python3.12/site-packages/oslo_concurrency/lockutils.py:512}}
Jul 30 15:03:07.999803 np0000006140 nova-conductor[95918]: DEBUG oslo_concurrency.lockutils [None req-f5cf461f-0031-4825-922b-8db175743426 tempest-ServerRescueNegativeTestJSON-2006252372 tempest-ServerRescueNegativeTestJSON-2006252372-project-member] Lock "ec4ffa1e-d1af-4bd4-ae2c-73fc1b9b8a02" acquired by "nova.context.set_target_cell..get_or_set_cached_cell_and_set_connections" :: waited 0.000s {{(pid=95918) inner /opt/stack/data/venv/lib/python3.12/site-packages/oslo_concurrency/lockutils.py:525}}
Jul 30 15:03:07.999903 np0000006140 nova-conductor[95918]: DEBUG oslo_concurrency.lockutils [None req-f5cf461f-0031-4825-922b-8db175743426 tempest-ServerRescueNegativeTestJSON-2006252372 tempest-ServerRescueNegativeTestJSON-2006252372-project-member] Lock "ec4ffa1e-d1af-4bd4-ae2c-73fc1b9b8a02" "released" by "nova.context.set_target_cell..get_or_set_cached_cell_and_set_connections" :: held 0.000s {{(pid=95918) inner /opt/stack/data/venv/lib/python3.12/site-packages/oslo_concurrency/lockutils.py:544}}
Jul 30 15:03:08.008832 np0000006140 nova-conductor[95918]: DEBUG nova.conductor.manager [None req-f5cf461f-0031-4825-922b-8db175743426 tempest-ServerRescueNegativeTestJSON-2006252372 tempest-ServerRescueNegativeTestJSON-2006252372-project-member] [instance: c127ee91-0627-4182-bbed-8e2af3d8c554] block_device_mapping [BlockDeviceMapping(attachment_id=,boot_index=0,connection_info=None,created_at=,delete_on_termination=True,deleted=,deleted_at=,destination_type='local',device_name=None,device_type='disk',disk_bus=None,encrypted=False,encryption_format=None,encryption_options=None,encryption_secret_uuid=None,guest_format=None,id=,image_id='c83baa81-02a4-41de-9981-ee38528996fe',instance=,instance_uuid=,no_device=False,snapshot_id=None,source_type='image',tag=None,updated_at=,uuid=,volume_id=None,volume_size=None,volume_type=None)] {{(pid=95918) _create_block_device_mapping /opt/stack/nova/nova/conductor/manager.py:1529}}
Jul 30 15:03:08.010165 np0000006140 nova-conductor[95918]: DEBUG oslo_concurrency.lockutils [None req-f5cf461f-0031-4825-922b-8db175743426 tempest-ServerRescueNegativeTestJSON-2006252372 tempest-ServerRescueNegativeTestJSON-2006252372-project-member] Acquiring lock "ec4ffa1e-d1af-4bd4-ae2c-73fc1b9b8a02" by "nova.context.set_target_cell..get_or_set_cached_cell_and_set_connections" {{(pid=95918) inner /opt/stack/data/venv/lib/python3.12/site-packages/oslo_concurrency/lockutils.py:512}}
Jul 30 15:03:08.010165 np0000006140 nova-conductor[95918]: DEBUG oslo_concurrency.lockutils [None req-f5cf461f-0031-4825-922b-8db175743426 tempest-ServerRescueNegativeTestJSON-2006252372 tempest-ServerRescueNegativeTestJSON-2006252372-project-member] Lock "ec4ffa1e-d1af-4bd4-ae2c-73fc1b9b8a02" acquired by "nova.context.set_target_cell..get_or_set_cached_cell_and_set_connections" :: waited 0.000s {{(pid=95918) inner /opt/stack/data/venv/lib/python3.12/site-packages/oslo_concurrency/lockutils.py:525}}
Jul 30 15:03:08.010280 np0000006140 nova-conductor[95918]: DEBUG oslo_concurrency.lockutils [None req-f5cf461f-0031-4825-922b-8db175743426 tempest-ServerRescueNegativeTestJSON-2006252372 tempest-ServerRescueNegativeTestJSON-2006252372-project-member] Lock "ec4ffa1e-d1af-4bd4-ae2c-73fc1b9b8a02" "released" by "nova.context.set_target_cell..get_or_set_cached_cell_and_set_connections" :: held 0.000s {{(pid=95918) inner /opt/stack/data/venv/lib/python3.12/site-packages/oslo_concurrency/lockutils.py:544}}
Jul 30 15:03:08.041139 np0000006140 nova-conductor[95918]: DEBUG oslo_concurrency.lockutils [None req-f5cf461f-0031-4825-922b-8db175743426 tempest-ServerRescueNegativeTestJSON-2006252372 tempest-ServerRescueNegativeTestJSON-2006252372-project-member] Acquiring lock "ec4ffa1e-d1af-4bd4-ae2c-73fc1b9b8a02" by "nova.context.set_target_cell..get_or_set_cached_cell_and_set_connections" {{(pid=95918) inner /opt/stack/data/venv/lib/python3.12/site-packages/oslo_concurrency/lockutils.py:512}}
Jul 30 15:03:08.041286 np0000006140 nova-conductor[95918]: DEBUG oslo_concurrency.lockutils [None req-f5cf461f-0031-4825-922b-8db175743426 tempest-ServerRescueNegativeTestJSON-2006252372 tempest-ServerRescueNegativeTestJSON-2006252372-project-member] Lock "ec4ffa1e-d1af-4bd4-ae2c-73fc1b9b8a02" acquired by "nova.context.set_target_cell..get_or_set_cached_cell_and_set_connections" :: waited 0.000s {{(pid=95918) inner /opt/stack/data/venv/lib/python3.12/site-packages/oslo_concurrency/lockutils.py:525}}
Jul 30 15:03:08.041431 np0000006140 nova-conductor[95918]: DEBUG oslo_concurrency.lockutils [None req-f5cf461f-0031-4825-922b-8db175743426 tempest-ServerRescueNegativeTestJSON-2006252372 tempest-ServerRescueNegativeTestJSON-2006252372-project-member] Lock "ec4ffa1e-d1af-4bd4-ae2c-73fc1b9b8a02" "released" by "nova.context.set_target_cell..get_or_set_cached_cell_and_set_connections" :: held 0.000s {{(pid=95918) inner /opt/stack/data/venv/lib/python3.12/site-packages/oslo_concurrency/lockutils.py:544}}
Jul 30 15:03:08.041644 np0000006140 nova-conductor[95918]: DEBUG oslo_concurrency.lockutils [None req-f5cf461f-0031-4825-922b-8db175743426 tempest-ServerRescueNegativeTestJSON-2006252372 tempest-ServerRescueNegativeTestJSON-2006252372-project-member] Acquiring lock "compute-rpcapi-router" {{(pid=95918) lock /opt/stack/data/venv/lib/python3.12/site-packages/oslo_concurrency/lockutils.py:396}}
Jul 30 15:03:08.041746 np0000006140 nova-conductor[95918]: DEBUG oslo_concurrency.lockutils [None req-f5cf461f-0031-4825-922b-8db175743426 tempest-ServerRescueNegativeTestJSON-2006252372 tempest-ServerRescueNegativeTestJSON-2006252372-project-member] Acquired lock "compute-rpcapi-router" {{(pid=95918) lock /opt/stack/data/venv/lib/python3.12/site-packages/oslo_concurrency/lockutils.py:399}}
Jul 30 15:03:08.042061 np0000006140 nova-conductor[95918]: DEBUG oslo_concurrency.lockutils [None req-533e13d7-ffb0-4e2f-9e8c-9c5fa2c73527 None None] Acquiring lock "00000000-0000-0000-0000-000000000000" by "nova.context.set_target_cell..get_or_set_cached_cell_and_set_connections" {{(pid=95918) inner /opt/stack/data/venv/lib/python3.12/site-packages/oslo_concurrency/lockutils.py:512}}
Jul 30 15:03:08.042180 np0000006140 nova-conductor[95918]: DEBUG oslo_concurrency.lockutils [None req-533e13d7-ffb0-4e2f-9e8c-9c5fa2c73527 None None] Lock "00000000-0000-0000-0000-000000000000" acquired by "nova.context.set_target_cell..get_or_set_cached_cell_and_set_connections" :: waited 0.000s {{(pid=95918) inner /opt/stack/data/venv/lib/python3.12/site-packages/oslo_concurrency/lockutils.py:525}}
Jul 30 15:03:08.042295 np0000006140 nova-conductor[95918]: DEBUG oslo_concurrency.lockutils [None req-533e13d7-ffb0-4e2f-9e8c-9c5fa2c73527 None None] Lock "00000000-0000-0000-0000-000000000000" "released" by "nova.context.set_target_cell..get_or_set_cached_cell_and_set_connections" :: held 0.000s {{(pid=95918) inner /opt/stack/data/venv/lib/python3.12/site-packages/oslo_concurrency/lockutils.py:544}}
Jul 30 15:03:08.043104 np0000006140 nova-conductor[95918]: DEBUG oslo_concurrency.lockutils [None req-533e13d7-ffb0-4e2f-9e8c-9c5fa2c73527 None None] Acquiring lock "ec4ffa1e-d1af-4bd4-ae2c-73fc1b9b8a02" by "nova.context.set_target_cell..get_or_set_cached_cell_and_set_connections" {{(pid=95918) inner /opt/stack/data/venv/lib/python3.12/site-packages/oslo_concurrency/lockutils.py:512}}
Jul 30 15:03:08.043302 np0000006140 nova-conductor[95918]: DEBUG oslo_concurrency.lockutils [None req-533e13d7-ffb0-4e2f-9e8c-9c5fa2c73527 None None] Lock "ec4ffa1e-d1af-4bd4-ae2c-73fc1b9b8a02" acquired by "nova.context.set_target_cell..get_or_set_cached_cell_and_set_connections" :: waited 0.000s {{(pid=95918) inner /opt/stack/data/venv/lib/python3.12/site-packages/oslo_concurrency/lockutils.py:525}}
Jul 30 15:03:08.043405 np0000006140 nova-conductor[95918]: DEBUG oslo_concurrency.lockutils [None req-533e13d7-ffb0-4e2f-9e8c-9c5fa2c73527 None None] Lock "ec4ffa1e-d1af-4bd4-ae2c-73fc1b9b8a02" "released" by "nova.context.set_target_cell..get_or_set_cached_cell_and_set_connections" :: held 0.000s {{(pid=95918) inner /opt/stack/data/venv/lib/python3.12/site-packages/oslo_concurrency/lockutils.py:544}}
Jul 30 15:03:08.052357 np0000006140 nova-conductor[95918]: INFO nova.compute.rpcapi [None req-533e13d7-ffb0-4e2f-9e8c-9c5fa2c73527 None None] Automatically selected compute RPC version 6.5 from minimum service version 72
Jul 30 15:03:08.052357 np0000006140 nova-conductor[95918]: DEBUG oslo_concurrency.lockutils [None req-533e13d7-ffb0-4e2f-9e8c-9c5fa2c73527 None None] Releasing lock "compute-rpcapi-router" {{(pid=95918) lock /opt/stack/data/venv/lib/python3.12/site-packages/oslo_concurrency/lockutils.py:419}}
Jul 30 15:03:08.588970 np0000006140 nova-conductor[95922]: DEBUG oslo.service.backend._threading.loopingcall [None req-2819f3a0-5ea0-4f01-a452-742ec87507b3 None None] Dynamic interval looping call 'nova.service.Service.periodic_tasks' sleeping for 60.00 seconds {{(pid=95922) _run_loop /opt/stack/data/venv/lib/python3.12/site-packages/oslo_service/backend/_threading/loopingcall.py:125}}
Jul 30 15:03:08.807669 np0000006140 nova-conductor[95911]: DEBUG nova.conductor.manager [None req-f58ef631-e7eb-4264-83a0-4e90b42595da tempest-DeleteServersTestJSON-943956183 tempest-DeleteServersTestJSON-943956183-project-member] Took 1.89 seconds to select destinations for 1 instance(s). {{(pid=95911) _schedule_instances /opt/stack/nova/nova/conductor/manager.py:968}}
Jul 30 15:03:08.842815 np0000006140 nova-conductor[95911]: DEBUG oslo_concurrency.lockutils [None req-f58ef631-e7eb-4264-83a0-4e90b42595da tempest-DeleteServersTestJSON-943956183 tempest-DeleteServersTestJSON-943956183-project-member] Acquiring lock "ec4ffa1e-d1af-4bd4-ae2c-73fc1b9b8a02" by "nova.context.set_target_cell..get_or_set_cached_cell_and_set_connections" {{(pid=95911) inner /opt/stack/data/venv/lib/python3.12/site-packages/oslo_concurrency/lockutils.py:512}}
Jul 30 15:03:08.843116 np0000006140 nova-conductor[95911]: DEBUG oslo_concurrency.lockutils [None req-f58ef631-e7eb-4264-83a0-4e90b42595da tempest-DeleteServersTestJSON-943956183 tempest-DeleteServersTestJSON-943956183-project-member] Lock "ec4ffa1e-d1af-4bd4-ae2c-73fc1b9b8a02" acquired by "nova.context.set_target_cell..get_or_set_cached_cell_and_set_connections" :: waited 0.000s {{(pid=95911) inner /opt/stack/data/venv/lib/python3.12/site-packages/oslo_concurrency/lockutils.py:525}}
Jul 30 15:03:08.848303 np0000006140 nova-conductor[95911]: DEBUG oslo_concurrency.lockutils [None req-f58ef631-e7eb-4264-83a0-4e90b42595da tempest-DeleteServersTestJSON-943956183 tempest-DeleteServersTestJSON-943956183-project-member] Lock "ec4ffa1e-d1af-4bd4-ae2c-73fc1b9b8a02" "released" by "nova.context.set_target_cell..get_or_set_cached_cell_and_set_connections" :: held 0.004s {{(pid=95911) inner /opt/stack/data/venv/lib/python3.12/site-packages/oslo_concurrency/lockutils.py:544}}
Jul 30 15:03:08.851522 np0000006140 nova-conductor[95911]: INFO dbcounter [None req-f58ef631-e7eb-4264-83a0-4e90b42595da tempest-DeleteServersTestJSON-943956183 tempest-DeleteServersTestJSON-943956183-project-member] Registered counter for database nova_cell1
Jul 30 15:03:08.888701 np0000006140 nova-conductor[95911]: DEBUG oslo_db.sqlalchemy.engines [None req-f58ef631-e7eb-4264-83a0-4e90b42595da tempest-DeleteServersTestJSON-943956183 tempest-DeleteServersTestJSON-943956183-project-member] MySQL server mode set to STRICT_TRANS_TABLES,STRICT_ALL_TABLES,NO_ZERO_IN_DATE,NO_ZERO_DATE,ERROR_FOR_DIVISION_BY_ZERO,TRADITIONAL,NO_ENGINE_SUBSTITUTION {{(pid=95911) _check_effective_sql_mode /opt/stack/data/venv/lib/python3.12/site-packages/oslo_db/sqlalchemy/engines.py:325}}
Jul 30 15:03:08.896386 np0000006140 nova-conductor[95911]: DEBUG dbcounter [-] [95911] Writer thread running {{(pid=95911) stat_writer /opt/stack/data/venv/lib/python3.12/site-packages/dbcounter.py:102}}
Jul 30 15:03:08.964937 np0000006140 nova-conductor[95911]: INFO nova.utils [None req-f58ef631-e7eb-4264-83a0-4e90b42595da tempest-DeleteServersTestJSON-943956183 tempest-DeleteServersTestJSON-943956183-project-member] The cell worker thread pool ForkProcess-1.cell_worker is initialized
Jul 30 15:03:08.965442 np0000006140 nova-conductor[95911]: DEBUG oslo_concurrency.lockutils [None req-f58ef631-e7eb-4264-83a0-4e90b42595da tempest-DeleteServersTestJSON-943956183 tempest-DeleteServersTestJSON-943956183-project-member] Acquiring lock "00000000-0000-0000-0000-000000000000" by "nova.context.set_target_cell..get_or_set_cached_cell_and_set_connections" {{(pid=95911) inner /opt/stack/data/venv/lib/python3.12/site-packages/oslo_concurrency/lockutils.py:512}}
Jul 30 15:03:08.965695 np0000006140 nova-conductor[95911]: DEBUG oslo_concurrency.lockutils [None req-f58ef631-e7eb-4264-83a0-4e90b42595da tempest-DeleteServersTestJSON-943956183 tempest-DeleteServersTestJSON-943956183-project-member] Lock "00000000-0000-0000-0000-000000000000" acquired by "nova.context.set_target_cell..get_or_set_cached_cell_and_set_connections" :: waited 0.000s {{(pid=95911) inner /opt/stack/data/venv/lib/python3.12/site-packages/oslo_concurrency/lockutils.py:525}}
Jul 30 15:03:08.966148 np0000006140 nova-conductor[95911]: DEBUG oslo_concurrency.lockutils [None req-f58ef631-e7eb-4264-83a0-4e90b42595da tempest-DeleteServersTestJSON-943956183 tempest-DeleteServersTestJSON-943956183-project-member] Lock "00000000-0000-0000-0000-000000000000" "released" by "nova.context.set_target_cell..get_or_set_cached_cell_and_set_connections" :: held 0.000s {{(pid=95911) inner /opt/stack/data/venv/lib/python3.12/site-packages/oslo_concurrency/lockutils.py:544}}
Jul 30 15:03:08.966959 np0000006140 nova-conductor[95911]: DEBUG oslo_concurrency.lockutils [None req-f58ef631-e7eb-4264-83a0-4e90b42595da tempest-DeleteServersTestJSON-943956183 tempest-DeleteServersTestJSON-943956183-project-member] Acquiring lock "ec4ffa1e-d1af-4bd4-ae2c-73fc1b9b8a02" by "nova.context.set_target_cell..get_or_set_cached_cell_and_set_connections" {{(pid=95911) inner /opt/stack/data/venv/lib/python3.12/site-packages/oslo_concurrency/lockutils.py:512}}
Jul 30 15:03:08.967160 np0000006140 nova-conductor[95911]: DEBUG oslo_concurrency.lockutils [None req-f58ef631-e7eb-4264-83a0-4e90b42595da tempest-DeleteServersTestJSON-943956183 tempest-DeleteServersTestJSON-943956183-project-member] Lock "ec4ffa1e-d1af-4bd4-ae2c-73fc1b9b8a02" acquired by "nova.context.set_target_cell..get_or_set_cached_cell_and_set_connections" :: waited 0.000s {{(pid=95911) inner /opt/stack/data/venv/lib/python3.12/site-packages/oslo_concurrency/lockutils.py:525}}
Jul 30 15:03:08.967360 np0000006140 nova-conductor[95911]: DEBUG oslo_concurrency.lockutils [None req-f58ef631-e7eb-4264-83a0-4e90b42595da tempest-DeleteServersTestJSON-943956183 tempest-DeleteServersTestJSON-943956183-project-member] Lock "ec4ffa1e-d1af-4bd4-ae2c-73fc1b9b8a02" "released" by "nova.context.set_target_cell..get_or_set_cached_cell_and_set_connections" :: held 0.000s {{(pid=95911) inner /opt/stack/data/venv/lib/python3.12/site-packages/oslo_concurrency/lockutils.py:544}}
Jul 30 15:03:08.969177 np0000006140 nova-conductor[95911]: INFO dbcounter [None req-f58ef631-e7eb-4264-83a0-4e90b42595da tempest-DeleteServersTestJSON-943956183 tempest-DeleteServersTestJSON-943956183-project-member] Registered counter for database nova_cell0
Jul 30 15:03:09.012235 np0000006140 nova-conductor[95911]: DEBUG oslo_db.sqlalchemy.engines [None req-f58ef631-e7eb-4264-83a0-4e90b42595da tempest-DeleteServersTestJSON-943956183 tempest-DeleteServersTestJSON-943956183-project-member] MySQL server mode set to STRICT_TRANS_TABLES,STRICT_ALL_TABLES,NO_ZERO_IN_DATE,NO_ZERO_DATE,ERROR_FOR_DIVISION_BY_ZERO,TRADITIONAL,NO_ENGINE_SUBSTITUTION {{(pid=95911) _check_effective_sql_mode /opt/stack/data/venv/lib/python3.12/site-packages/oslo_db/sqlalchemy/engines.py:325}}
