Aug 01 13:47:29.454435 np0000006305 devstack@g-api.service[99754]: DEBUG glance.api.middleware.version_negotiation [None req-2a7bf1db-2f16-4396-bcfd-bdcfea534606 tempest-ServerActionsTestOtherA-2120901399 tempest-ServerActionsTestOtherA-2120901399-project-member] Matched version: v2 {{(pid=99754) process_request /opt/stack/glance/glance/api/middleware/version_negotiation.py:69}}
Aug 01 13:47:29.454435 np0000006305 devstack@g-api.service[99754]: DEBUG glance.api.middleware.version_negotiation [None req-2a7bf1db-2f16-4396-bcfd-bdcfea534606 tempest-ServerActionsTestOtherA-2120901399 tempest-ServerActionsTestOtherA-2120901399-project-member] new path /v2/images {{(pid=99754) process_request /opt/stack/glance/glance/api/middleware/version_negotiation.py:70}}
Aug 01 13:47:29.905373 np0000006305 devstack@g-api.service[99754]: DEBUG dbcounter [-] [99754] Writing DB stats glance:SELECT=3 {{(pid=99754) stat_writer /opt/stack/data/venv/lib/python3.12/site-packages/dbcounter.py:115}}
Aug 01 13:47:30.051128 np0000006305 devstack@g-api.service[99754]: [pid: 99754|app: 0|req: 94/285] 127.0.0.1 () {46 vars in 1055 bytes} [Sat Aug 1 13:47:29 2026] POST /v2/images => generated 650 bytes in 597 msecs (HTTP/1.1 201) 6 headers in 315 bytes (1 switches on core 0)
Aug 01 13:47:30.061710 np0000006305 devstack@g-api.service[99753]: DEBUG glance.api.middleware.version_negotiation [None req-2a7bf1db-2f16-4396-bcfd-bdcfea534606 tempest-ServerActionsTestOtherA-2120901399 tempest-ServerActionsTestOtherA-2120901399-project-member] Determining version of request: GET /v2/schemas/image Accept: */* {{(pid=99753) process_request /opt/stack/glance/glance/api/middleware/version_negotiation.py:44}}
Aug 01 13:47:30.062469 np0000006305 devstack@g-api.service[99753]: DEBUG glance.api.middleware.version_negotiation [None req-2a7bf1db-2f16-4396-bcfd-bdcfea534606 tempest-ServerActionsTestOtherA-2120901399 tempest-ServerActionsTestOtherA-2120901399-project-member] Using url versioning {{(pid=99753) process_request /opt/stack/glance/glance/api/middleware/version_negotiation.py:57}}
Aug 01 13:47:30.064928 np0000006305 devstack@g-api.service[99753]: DEBUG glance.api.middleware.version_negotiation [None req-2a7bf1db-2f16-4396-bcfd-bdcfea534606 tempest-ServerActionsTestOtherA-2120901399 tempest-ServerActionsTestOtherA-2120901399-project-member] Matched version: v2 {{(pid=99753) process_request /opt/stack/glance/glance/api/middleware/version_negotiation.py:69}}
Aug 01 13:47:30.064928 np0000006305 devstack@g-api.service[99753]: DEBUG glance.api.middleware.version_negotiation [None req-2a7bf1db-2f16-4396-bcfd-bdcfea534606 tempest-ServerActionsTestOtherA-2120901399 tempest-ServerActionsTestOtherA-2120901399-project-member] new path /v2/schemas/image {{(pid=99753) process_request /opt/stack/glance/glance/api/middleware/version_negotiation.py:70}}
Aug 01 13:47:30.067653 np0000006305 devstack@g-api.service[99753]: [pid: 99753|app: 0|req: 87/286] 127.0.0.1 () {44 vars in 1055 bytes} [Sat Aug 1 13:47:30 2026] GET /v2/schemas/image => generated 6083 bytes in 6 msecs (HTTP/1.1 200) 4 headers in 158 bytes (1 switches on core 0)
Aug 01 13:47:30.080329 np0000006305 devstack@g-api.service[99752]: DEBUG glance.api.middleware.version_negotiation [None req-04e8d875-e124-4779-aed8-e359eef74958 tempest-VolumesActionsTest-247021062 tempest-VolumesActionsTest-247021062-project-member] Determining version of request: GET /v2/images/f1ddc91d-c193-4824-a80c-b70f74641c97 Accept: application/json {{(pid=99752) process_request /opt/stack/glance/glance/api/middleware/version_negotiation.py:44}}
Aug 01 13:47:30.080694 np0000006305 devstack@g-api.service[99752]: DEBUG glance.api.middleware.version_negotiation [None req-04e8d875-e124-4779-aed8-e359eef74958 tempest-VolumesActionsTest-247021062 tempest-VolumesActionsTest-247021062-project-member] Using url versioning {{(pid=99752) process_request /opt/stack/glance/glance/api/middleware/version_negotiation.py:57}}
Aug 01 13:47:30.080857 np0000006305 devstack@g-api.service[99752]: DEBUG glance.api.middleware.version_negotiation [None req-04e8d875-e124-4779-aed8-e359eef74958 tempest-VolumesActionsTest-247021062 tempest-VolumesActionsTest-247021062-project-member] Matched version: v2 {{(pid=99752) process_request /opt/stack/glance/glance/api/middleware/version_negotiation.py:69}}
Aug 01 13:47:30.080953 np0000006305 devstack@g-api.service[99752]: DEBUG glance.api.middleware.version_negotiation [None req-04e8d875-e124-4779-aed8-e359eef74958 tempest-VolumesActionsTest-247021062 tempest-VolumesActionsTest-247021062-project-member] new path /v2/images/f1ddc91d-c193-4824-a80c-b70f74641c97 {{(pid=99752) process_request /opt/stack/glance/glance/api/middleware/version_negotiation.py:70}}
Aug 01 13:47:30.096367 np0000006305 devstack@g-api.service[99752]: [pid: 99752|app: 0|req: 106/287] 127.0.0.1 () {40 vars in 838 bytes} [Sat Aug 1 13:47:30 2026] GET /v2/images/f1ddc91d-c193-4824-a80c-b70f74641c97 => generated 650 bytes in 16 msecs (HTTP/1.1 200) 4 headers in 157 bytes (1 switches on core 0)
Aug 01 13:47:30.409305 np0000006305 devstack@g-api.service[99754]: DEBUG glance.api.middleware.version_negotiation [None req-04e8d875-e124-4779-aed8-e359eef74958 tempest-VolumesActionsTest-247021062 tempest-VolumesActionsTest-247021062-project-member] Determining version of request: PUT /v2/images/f1ddc91d-c193-4824-a80c-b70f74641c97/file Accept: */* {{(pid=99754) process_request /opt/stack/glance/glance/api/middleware/version_negotiation.py:44}}
Aug 01 13:47:30.409763 np0000006305 devstack@g-api.service[99754]: DEBUG glance.api.middleware.version_negotiation [None req-04e8d875-e124-4779-aed8-e359eef74958 tempest-VolumesActionsTest-247021062 tempest-VolumesActionsTest-247021062-project-member] Using url versioning {{(pid=99754) process_request /opt/stack/glance/glance/api/middleware/version_negotiation.py:57}}
Aug 01 13:47:30.410274 np0000006305 devstack@g-api.service[99754]: DEBUG glance.api.middleware.version_negotiation [None req-04e8d875-e124-4779-aed8-e359eef74958 tempest-VolumesActionsTest-247021062 tempest-VolumesActionsTest-247021062-project-member] Matched version: v2 {{(pid=99754) process_request /opt/stack/glance/glance/api/middleware/version_negotiation.py:69}}
Aug 01 13:47:30.410469 np0000006305 devstack@g-api.service[99754]: DEBUG glance.api.middleware.version_negotiation [None req-04e8d875-e124-4779-aed8-e359eef74958 tempest-VolumesActionsTest-247021062 tempest-VolumesActionsTest-247021062-project-member] new path /v2/images/f1ddc91d-c193-4824-a80c-b70f74641c97/file {{(pid=99754) process_request /opt/stack/glance/glance/api/middleware/version_negotiation.py:70}}
Aug 01 13:47:30.959278 np0000006305 devstack@g-api.service[99754]: INFO glance.api.v2.image_data [None req-04e8d875-e124-4779-aed8-e359eef74958 tempest-VolumesActionsTest-247021062 tempest-VolumesActionsTest-247021062-project-member] Unable to create trust: no such option collect_timing in group [keystone_authtoken] Use the existing user token.
Aug 01 13:47:31.107602 np0000006305 devstack@g-api.service[99753]: DEBUG glance.api.middleware.version_negotiation [None req-04e8d875-e124-4779-aed8-e359eef74958 tempest-VolumesActionsTest-247021062 tempest-VolumesActionsTest-247021062-project-member] Determining version of request: GET /v2/images/f1ddc91d-c193-4824-a80c-b70f74641c97 Accept: application/json {{(pid=99753) process_request /opt/stack/glance/glance/api/middleware/version_negotiation.py:44}}
Aug 01 13:47:31.107986 np0000006305 devstack@g-api.service[99753]: DEBUG glance.api.middleware.version_negotiation [None req-04e8d875-e124-4779-aed8-e359eef74958 tempest-VolumesActionsTest-247021062 tempest-VolumesActionsTest-247021062-project-member] Using url versioning {{(pid=99753) process_request /opt/stack/glance/glance/api/middleware/version_negotiation.py:57}}
Aug 01 13:47:31.107986 np0000006305 devstack@g-api.service[99753]: DEBUG glance.api.middleware.version_negotiation [None req-04e8d875-e124-4779-aed8-e359eef74958 tempest-VolumesActionsTest-247021062 tempest-VolumesActionsTest-247021062-project-member] Matched version: v2 {{(pid=99753) process_request /opt/stack/glance/glance/api/middleware/version_negotiation.py:69}}
Aug 01 13:47:31.107986 np0000006305 devstack@g-api.service[99753]: DEBUG glance.api.middleware.version_negotiation [None req-04e8d875-e124-4779-aed8-e359eef74958 tempest-VolumesActionsTest-247021062 tempest-VolumesActionsTest-247021062-project-member] new path /v2/images/f1ddc91d-c193-4824-a80c-b70f74641c97 {{(pid=99753) process_request /opt/stack/glance/glance/api/middleware/version_negotiation.py:70}}
Aug 01 13:47:31.125935 np0000006305 devstack@g-api.service[99753]: [pid: 99753|app: 0|req: 88/288] 127.0.0.1 () {40 vars in 838 bytes} [Sat Aug 1 13:47:31 2026] GET /v2/images/f1ddc91d-c193-4824-a80c-b70f74641c97 => generated 650 bytes in 17 msecs (HTTP/1.1 200) 4 headers in 157 bytes (1 switches on core 0)
Aug 01 13:47:31.560121 np0000006305 devstack@g-api.service[99754]: DEBUG glance.location [None req-04e8d875-e124-4779-aed8-e359eef74958 tempest-VolumesActionsTest-247021062 tempest-VolumesActionsTest-247021062-project-member] Enabling in-flight format inspection for raw {{(pid=99754) set_data /opt/stack/glance/glance/location.py:596}}
Aug 01 13:47:31.560851 np0000006305 devstack@g-api.service[99754]: DEBUG glance_store.backend [None req-04e8d875-e124-4779-aed8-e359eef74958 tempest-VolumesActionsTest-247021062 tempest-VolumesActionsTest-247021062-project-member] Attempting to import store swift {{(pid=99754) _load_store /opt/stack/data/venv/lib/python3.12/site-packages/glance_store/backend.py:215}}
Aug 01 13:47:31.562739 np0000006305 devstack@g-api.service[99754]: DEBUG glance_store.capabilities [None req-04e8d875-e124-4779-aed8-e359eef74958 tempest-VolumesActionsTest-247021062 tempest-VolumesActionsTest-247021062-project-member] Store glance_store._drivers.swift.store.SingleTenantStore doesn't support updating dynamic storage capabilities. Please overwrite 'update_capabilities' method of the store to implement updating logics if needed. {{(pid=99754) update_capabilities /opt/stack/data/venv/lib/python3.12/site-packages/glance_store/capabilities.py:91}}
Aug 01 13:47:31.562878 np0000006305 devstack@g-api.service[99754]: DEBUG glance_store.driver [None req-04e8d875-e124-4779-aed8-e359eef74958 tempest-VolumesActionsTest-247021062 tempest-VolumesActionsTest-247021062-project-member] Late loading location class glance_store._drivers.swift.store.StoreLocation {{(pid=99754) get_store_location_class /opt/stack/data/venv/lib/python3.12/site-packages/glance_store/driver.py:134}}
Aug 01 13:47:31.563002 np0000006305 devstack@g-api.service[99754]: DEBUG glance_store.location [None req-04e8d875-e124-4779-aed8-e359eef74958 tempest-VolumesActionsTest-247021062 tempest-VolumesActionsTest-247021062-project-member] Registering scheme swift+https with {'store': , 'location_class': , 'store_entry': 'swift'} {{(pid=99754) register_scheme_map /opt/stack/data/venv/lib/python3.12/site-packages/glance_store/location.py:146}}
Aug 01 13:47:31.563149 np0000006305 devstack@g-api.service[99754]: DEBUG glance_store.location [None req-04e8d875-e124-4779-aed8-e359eef74958 tempest-VolumesActionsTest-247021062 tempest-VolumesActionsTest-247021062-project-member] Registering scheme swift+https with {'store': , 'location_class': , 'store_entry': 'swift'} {{(pid=99754) register_scheme_map /opt/stack/data/venv/lib/python3.12/site-packages/glance_store/location.py:146}}
Aug 01 13:47:31.563270 np0000006305 devstack@g-api.service[99754]: DEBUG glance_store.location [None req-04e8d875-e124-4779-aed8-e359eef74958 tempest-VolumesActionsTest-247021062 tempest-VolumesActionsTest-247021062-project-member] Registering scheme swift with {'store': , 'location_class': , 'store_entry': 'swift'} {{(pid=99754) register_scheme_map /opt/stack/data/venv/lib/python3.12/site-packages/glance_store/location.py:146}}
Aug 01 13:47:31.563733 np0000006305 devstack@g-api.service[99754]: DEBUG glance_store.location [None req-04e8d875-e124-4779-aed8-e359eef74958 tempest-VolumesActionsTest-247021062 tempest-VolumesActionsTest-247021062-project-member] Registering scheme swift+https with {'store': , 'location_class': , 'store_entry': 'swift'} {{(pid=99754) register_scheme_map /opt/stack/data/venv/lib/python3.12/site-packages/glance_store/location.py:146}}
Aug 01 13:47:31.563911 np0000006305 devstack@g-api.service[99754]: DEBUG glance_store.location [None req-04e8d875-e124-4779-aed8-e359eef74958 tempest-VolumesActionsTest-247021062 tempest-VolumesActionsTest-247021062-project-member] Registering scheme swift with {'store': , 'location_class': , 'store_entry': 'swift'} {{(pid=99754) register_scheme_map /opt/stack/data/venv/lib/python3.12/site-packages/glance_store/location.py:146}}
Aug 01 13:47:31.563974 np0000006305 devstack@g-api.service[99754]: DEBUG glance_store.location [None req-04e8d875-e124-4779-aed8-e359eef74958 tempest-VolumesActionsTest-247021062 tempest-VolumesActionsTest-247021062-project-member] Registering scheme swift+http with {'store': , 'location_class': , 'store_entry': 'swift'} {{(pid=99754) register_scheme_map /opt/stack/data/venv/lib/python3.12/site-packages/glance_store/location.py:146}}
Aug 01 13:47:31.564081 np0000006305 devstack@g-api.service[99754]: DEBUG glance_store.location [None req-04e8d875-e124-4779-aed8-e359eef74958 tempest-VolumesActionsTest-247021062 tempest-VolumesActionsTest-247021062-project-member] Registering scheme swift+https with {'store': , 'location_class': , 'store_entry': 'swift'} {{(pid=99754) register_scheme_map /opt/stack/data/venv/lib/python3.12/site-packages/glance_store/location.py:146}}
Aug 01 13:47:31.564453 np0000006305 devstack@g-api.service[99754]: DEBUG glance_store.location [None req-04e8d875-e124-4779-aed8-e359eef74958 tempest-VolumesActionsTest-247021062 tempest-VolumesActionsTest-247021062-project-member] Registering scheme swift with {'store': , 'location_class': , 'store_entry': 'swift'} {{(pid=99754) register_scheme_map /opt/stack/data/venv/lib/python3.12/site-packages/glance_store/location.py:146}}
Aug 01 13:47:31.564453 np0000006305 devstack@g-api.service[99754]: DEBUG glance_store.location [None req-04e8d875-e124-4779-aed8-e359eef74958 tempest-VolumesActionsTest-247021062 tempest-VolumesActionsTest-247021062-project-member] Registering scheme swift+http with {'store': , 'location_class': , 'store_entry': 'swift'} {{(pid=99754) register_scheme_map /opt/stack/data/venv/lib/python3.12/site-packages/glance_store/location.py:146}}
Aug 01 13:47:31.564568 np0000006305 devstack@g-api.service[99754]: DEBUG glance_store.location [None req-04e8d875-e124-4779-aed8-e359eef74958 tempest-VolumesActionsTest-247021062 tempest-VolumesActionsTest-247021062-project-member] Registering scheme swift+config with {'store': , 'location_class': , 'store_entry': 'swift'} {{(pid=99754) register_scheme_map /opt/stack/data/venv/lib/python3.12/site-packages/glance_store/location.py:146}}
Aug 01 13:47:31.832587 np0000006305 devstack@g-api.service[99754]: DEBUG swiftclient [None req-04e8d875-e124-4779-aed8-e359eef74958 tempest-VolumesActionsTest-247021062 tempest-VolumesActionsTest-247021062-project-member] REQ: curl -i https://10.4.3.228:8080/v1/AUTH_29a569fc689648d09ec17972fc89cc19/glance -I -H "X-Auth-Token: gAAAAABqbfjzZWvE..." {{(pid=99754) http_log /opt/stack/data/venv/lib/python3.12/site-packages/swiftclient/client.py:160}}
Aug 01 13:47:31.832719 np0000006305 devstack@g-api.service[99754]: DEBUG swiftclient [None req-04e8d875-e124-4779-aed8-e359eef74958 tempest-VolumesActionsTest-247021062 tempest-VolumesActionsTest-247021062-project-member] RESP STATUS: 204 No Content {{(pid=99754) http_log /opt/stack/data/venv/lib/python3.12/site-packages/swiftclient/client.py:161}}
Aug 01 13:47:31.833248 np0000006305 devstack@g-api.service[99754]: DEBUG swiftclient [None req-04e8d875-e124-4779-aed8-e359eef74958 tempest-VolumesActionsTest-247021062 tempest-VolumesActionsTest-247021062-project-member] RESP HEADERS: {'Date': 'Sat, 01 Aug 2026 13:47:31 GMT', 'Server': 'Apache/2.4.58 (Ubuntu)', 'Content-Type': 'text/plain; charset=utf-8', 'X-Container-Object-Count': '3', 'X-Container-Bytes-Used': '64356352', 'X-Timestamp': '1785591760.11256', 'Last-Modified': 'Sat, 01 Aug 2026 13:42:41 GMT', 'Accept-Ranges': 'bytes', 'X-Storage-Policy': 'Policy-0', 'X-Container-Sharding': 'False', 'Vary': 'Accept', 'X-Trans-Id': 'txab5080a24d614048be8ce-006a6df8f3', 'X-Openstack-Request-Id': 'txab5080a24d614048be8ce-006a6df8f3', 'Connection': 'close'} {{(pid=99754) http_log /opt/stack/data/venv/lib/python3.12/site-packages/swiftclient/client.py:162}}
Aug 01 13:47:31.833483 np0000006305 devstack@g-api.service[99754]: DEBUG glance_store._drivers.swift.store [None req-04e8d875-e124-4779-aed8-e359eef74958 tempest-VolumesActionsTest-247021062 tempest-VolumesActionsTest-247021062-project-member] Adding image object 'f1ddc91d-c193-4824-a80c-b70f74641c97' to Swift {{(pid=99754) add /opt/stack/data/venv/lib/python3.12/site-packages/glance_store/_drivers/swift/store.py:970}}
Aug 01 13:47:31.833575 np0000006305 devstack@g-api.service[99754]: DEBUG glance_store._drivers.swift.store [None req-04e8d875-e124-4779-aed8-e359eef74958 tempest-VolumesActionsTest-247021062 tempest-VolumesActionsTest-247021062-project-member] Cannot determine image size because it is either not provided in the request or chunked-transfer encoding is used. Adding image as a segmented object to Swift. {{(pid=99754) add /opt/stack/data/venv/lib/python3.12/site-packages/glance_store/_drivers/swift/store.py:994}}
Aug 01 13:47:31.840541 np0000006305 devstack@g-api.service[99754]: DEBUG oslo_utils.imageutils.format_inspector [None req-04e8d875-e124-4779-aed8-e359eef74958 tempest-VolumesActionsTest-247021062 tempest-VolumesActionsTest-247021062-project-member] Format inspector for vmdk does not match, excluding from consideration (Signature KDMV not found: b'\x00\x00\x00\x00') {{(pid=99754) _process_chunk /opt/stack/data/venv/lib/python3.12/site-packages/oslo_utils/imageutils/format_inspector.py:1758}}
Aug 01 13:47:31.845314 np0000006305 devstack@g-api.service[99754]: DEBUG oslo_utils.imageutils.format_inspector [None req-04e8d875-e124-4779-aed8-e359eef74958 tempest-VolumesActionsTest-247021062 tempest-VolumesActionsTest-247021062-project-member] Format inspector for vhdx does not match, excluding from consideration (Region signature not found at 30000) {{(pid=99754) _process_chunk /opt/stack/data/venv/lib/python3.12/site-packages/oslo_utils/imageutils/format_inspector.py:1758}}
Aug 01 13:47:32.145005 np0000006305 devstack@g-api.service[99752]: DEBUG glance.api.middleware.version_negotiation [None req-2972a9c4-7e4f-4bbe-ae71-ca0a9872754d tempest-VolumesActionsTest-247021062 tempest-VolumesActionsTest-247021062-project-member] Determining version of request: GET /v2/images/f1ddc91d-c193-4824-a80c-b70f74641c97 Accept: application/json {{(pid=99752) process_request /opt/stack/glance/glance/api/middleware/version_negotiation.py:44}}
Aug 01 13:47:32.145005 np0000006305 devstack@g-api.service[99752]: DEBUG glance.api.middleware.version_negotiation [None req-2972a9c4-7e4f-4bbe-ae71-ca0a9872754d tempest-VolumesActionsTest-247021062 tempest-VolumesActionsTest-247021062-project-member] Using url versioning {{(pid=99752) process_request /opt/stack/glance/glance/api/middleware/version_negotiation.py:57}}
Aug 01 13:47:32.145574 np0000006305 devstack@g-api.service[99752]: DEBUG glance.api.middleware.version_negotiation [None req-2972a9c4-7e4f-4bbe-ae71-ca0a9872754d tempest-VolumesActionsTest-247021062 tempest-VolumesActionsTest-247021062-project-member] Matched version: v2 {{(pid=99752) process_request /opt/stack/glance/glance/api/middleware/version_negotiation.py:69}}
Aug 01 13:47:32.145574 np0000006305 devstack@g-api.service[99752]: DEBUG glance.api.middleware.version_negotiation [None req-2972a9c4-7e4f-4bbe-ae71-ca0a9872754d tempest-VolumesActionsTest-247021062 tempest-VolumesActionsTest-247021062-project-member] new path /v2/images/f1ddc91d-c193-4824-a80c-b70f74641c97 {{(pid=99752) process_request /opt/stack/glance/glance/api/middleware/version_negotiation.py:70}}
Aug 01 13:47:32.159833 np0000006305 devstack@g-api.service[99752]: [pid: 99752|app: 0|req: 107/289] 127.0.0.1 () {40 vars in 838 bytes} [Sat Aug 1 13:47:32 2026] GET /v2/images/f1ddc91d-c193-4824-a80c-b70f74641c97 => generated 650 bytes in 16 msecs (HTTP/1.1 200) 4 headers in 157 bytes (1 switches on core 0)
Aug 01 13:47:33.171870 np0000006305 devstack@g-api.service[99753]: DEBUG glance.api.middleware.version_negotiation [None req-05960b9b-3693-4422-8a88-c84bde4cd3e5 tempest-VolumesActionsTest-247021062 tempest-VolumesActionsTest-247021062-project-member] Determining version of request: GET /v2/images/f1ddc91d-c193-4824-a80c-b70f74641c97 Accept: application/json {{(pid=99753) process_request /opt/stack/glance/glance/api/middleware/version_negotiation.py:44}}
Aug 01 13:47:33.172927 np0000006305 devstack@g-api.service[99753]: DEBUG glance.api.middleware.version_negotiation [None req-05960b9b-3693-4422-8a88-c84bde4cd3e5 tempest-VolumesActionsTest-247021062 tempest-VolumesActionsTest-247021062-project-member] Using url versioning {{(pid=99753) process_request /opt/stack/glance/glance/api/middleware/version_negotiation.py:57}}
Aug 01 13:47:33.172927 np0000006305 devstack@g-api.service[99753]: DEBUG glance.api.middleware.version_negotiation [None req-05960b9b-3693-4422-8a88-c84bde4cd3e5 tempest-VolumesActionsTest-247021062 tempest-VolumesActionsTest-247021062-project-member] Matched version: v2 {{(pid=99753) process_request /opt/stack/glance/glance/api/middleware/version_negotiation.py:69}}
Aug 01 13:47:33.172927 np0000006305 devstack@g-api.service[99753]: DEBUG glance.api.middleware.version_negotiation [None req-05960b9b-3693-4422-8a88-c84bde4cd3e5 tempest-VolumesActionsTest-247021062 tempest-VolumesActionsTest-247021062-project-member] new path /v2/images/f1ddc91d-c193-4824-a80c-b70f74641c97 {{(pid=99753) process_request /opt/stack/glance/glance/api/middleware/version_negotiation.py:70}}
Aug 01 13:47:33.183157 np0000006305 devstack@g-api.service[99753]: [pid: 99753|app: 0|req: 89/290] 127.0.0.1 () {40 vars in 838 bytes} [Sat Aug 1 13:47:33 2026] GET /v2/images/f1ddc91d-c193-4824-a80c-b70f74641c97 => generated 650 bytes in 11 msecs (HTTP/1.1 200) 4 headers in 157 bytes (1 switches on core 0)
Aug 01 13:47:34.186703 np0000006305 devstack@g-api.service[99754]: DEBUG swiftclient [None req-04e8d875-e124-4779-aed8-e359eef74958 tempest-VolumesActionsTest-247021062 tempest-VolumesActionsTest-247021062-project-member] REQ: curl -i https://10.4.3.228:8080/v1/AUTH_29a569fc689648d09ec17972fc89cc19/glance/f1ddc91d-c193-4824-a80c-b70f74641c97-00001 -X PUT -H "X-Auth-Token: gAAAAABqbfjzZWvE..." {{(pid=99754) http_log /opt/stack/data/venv/lib/python3.12/site-packages/swiftclient/client.py:160}}
Aug 01 13:47:34.186970 np0000006305 devstack@g-api.service[99754]: DEBUG swiftclient [None req-04e8d875-e124-4779-aed8-e359eef74958 tempest-VolumesActionsTest-247021062 tempest-VolumesActionsTest-247021062-project-member] RESP STATUS: 201 Created {{(pid=99754) http_log /opt/stack/data/venv/lib/python3.12/site-packages/swiftclient/client.py:161}}
Aug 01 13:47:34.186970 np0000006305 devstack@g-api.service[99754]: DEBUG swiftclient [None req-04e8d875-e124-4779-aed8-e359eef74958 tempest-VolumesActionsTest-247021062 tempest-VolumesActionsTest-247021062-project-member] RESP HEADERS: {'Date': 'Sat, 01 Aug 2026 13:47:34 GMT', 'Server': 'Apache/2.4.58 (Ubuntu)', 'Content-Type': 'text/html; charset=UTF-8', 'Content-Length': '0', 'Etag': 'eda9a9889837ac4bc81d6387d92c1bec', 'Last-Modified': 'Sat, 01 Aug 2026 13:47:32 GMT', 'X-Trans-Id': 'txe68d2798e4bc47f98a0a9-006a6df8f3', 'X-Openstack-Request-Id': 'txe68d2798e4bc47f98a0a9-006a6df8f3', 'Connection': 'close'} {{(pid=99754) http_log /opt/stack/data/venv/lib/python3.12/site-packages/swiftclient/client.py:162}}
Aug 01 13:47:34.187052 np0000006305 devstack@g-api.service[99754]: DEBUG glance_store._drivers.swift.store [None req-04e8d875-e124-4779-aed8-e359eef74958 tempest-VolumesActionsTest-247021062 tempest-VolumesActionsTest-247021062-project-member] Wrote chunk f1ddc91d-c193-4824-a80c-b70f74641c97-00001 (1/?) of length 204800000 to Swift returning MD5 of content: eda9a9889837ac4bc81d6387d92c1bec {{(pid=99754) add /opt/stack/data/venv/lib/python3.12/site-packages/glance_store/_drivers/swift/store.py:1059}}
Aug 01 13:47:34.196307 np0000006305 devstack@g-api.service[99752]: DEBUG glance.api.middleware.version_negotiation [None req-fee88d75-c5a1-43ab-8a72-27528d84ed2b tempest-VolumesActionsTest-247021062 tempest-VolumesActionsTest-247021062-project-member] Determining version of request: GET /v2/images/f1ddc91d-c193-4824-a80c-b70f74641c97 Accept: application/json {{(pid=99752) process_request /opt/stack/glance/glance/api/middleware/version_negotiation.py:44}}
Aug 01 13:47:34.196718 np0000006305 devstack@g-api.service[99752]: DEBUG glance.api.middleware.version_negotiation [None req-fee88d75-c5a1-43ab-8a72-27528d84ed2b tempest-VolumesActionsTest-247021062 tempest-VolumesActionsTest-247021062-project-member] Using url versioning {{(pid=99752) process_request /opt/stack/glance/glance/api/middleware/version_negotiation.py:57}}
Aug 01 13:47:34.196718 np0000006305 devstack@g-api.service[99752]: DEBUG glance.api.middleware.version_negotiation [None req-fee88d75-c5a1-43ab-8a72-27528d84ed2b tempest-VolumesActionsTest-247021062 tempest-VolumesActionsTest-247021062-project-member] Matched version: v2 {{(pid=99752) process_request /opt/stack/glance/glance/api/middleware/version_negotiation.py:69}}
Aug 01 13:47:34.196718 np0000006305 devstack@g-api.service[99752]: DEBUG glance.api.middleware.version_negotiation [None req-fee88d75-c5a1-43ab-8a72-27528d84ed2b tempest-VolumesActionsTest-247021062 tempest-VolumesActionsTest-247021062-project-member] new path /v2/images/f1ddc91d-c193-4824-a80c-b70f74641c97 {{(pid=99752) process_request /opt/stack/glance/glance/api/middleware/version_negotiation.py:70}}
Aug 01 13:47:34.211788 np0000006305 devstack@g-api.service[99752]: [pid: 99752|app: 0|req: 108/291] 127.0.0.1 () {40 vars in 838 bytes} [Sat Aug 1 13:47:34 2026] GET /v2/images/f1ddc91d-c193-4824-a80c-b70f74641c97 => generated 650 bytes in 16 msecs (HTTP/1.1 200) 4 headers in 157 bytes (1 switches on core 0)
Aug 01 13:47:35.221310 np0000006305 devstack@g-api.service[99753]: DEBUG glance.api.middleware.version_negotiation [None req-f55bbc80-91b3-45f5-94a2-9447fdcce67d tempest-VolumesActionsTest-247021062 tempest-VolumesActionsTest-247021062-project-member] Determining version of request: GET /v2/images/f1ddc91d-c193-4824-a80c-b70f74641c97 Accept: application/json {{(pid=99753) process_request /opt/stack/glance/glance/api/middleware/version_negotiation.py:44}}
Aug 01 13:47:35.224752 np0000006305 devstack@g-api.service[99753]: DEBUG glance.api.middleware.version_negotiation [None req-f55bbc80-91b3-45f5-94a2-9447fdcce67d tempest-VolumesActionsTest-247021062 tempest-VolumesActionsTest-247021062-project-member] Using url versioning {{(pid=99753) process_request /opt/stack/glance/glance/api/middleware/version_negotiation.py:57}}
Aug 01 13:47:35.224951 np0000006305 devstack@g-api.service[99753]: DEBUG glance.api.middleware.version_negotiation [None req-f55bbc80-91b3-45f5-94a2-9447fdcce67d tempest-VolumesActionsTest-247021062 tempest-VolumesActionsTest-247021062-project-member] Matched version: v2 {{(pid=99753) process_request /opt/stack/glance/glance/api/middleware/version_negotiation.py:69}}
Aug 01 13:47:35.225117 np0000006305 devstack@g-api.service[99753]: DEBUG glance.api.middleware.version_negotiation [None req-f55bbc80-91b3-45f5-94a2-9447fdcce67d tempest-VolumesActionsTest-247021062 tempest-VolumesActionsTest-247021062-project-member] new path /v2/images/f1ddc91d-c193-4824-a80c-b70f74641c97 {{(pid=99753) process_request /opt/stack/glance/glance/api/middleware/version_negotiation.py:70}}
Aug 01 13:47:35.245994 np0000006305 devstack@g-api.service[99753]: [pid: 99753|app: 0|req: 90/292] 127.0.0.1 () {40 vars in 838 bytes} [Sat Aug 1 13:47:35 2026] GET /v2/images/f1ddc91d-c193-4824-a80c-b70f74641c97 => generated 650 bytes in 25 msecs (HTTP/1.1 200) 4 headers in 157 bytes (1 switches on core 0)
Aug 01 13:47:36.257846 np0000006305 devstack@g-api.service[99752]: DEBUG glance.api.middleware.version_negotiation [None req-68abf4ee-ec79-423c-84cd-1891dfdfde1e tempest-VolumesActionsTest-247021062 tempest-VolumesActionsTest-247021062-project-member] Determining version of request: GET /v2/images/f1ddc91d-c193-4824-a80c-b70f74641c97 Accept: application/json {{(pid=99752) process_request /opt/stack/glance/glance/api/middleware/version_negotiation.py:44}}
Aug 01 13:47:36.258804 np0000006305 devstack@g-api.service[99752]: DEBUG glance.api.middleware.version_negotiation [None req-68abf4ee-ec79-423c-84cd-1891dfdfde1e tempest-VolumesActionsTest-247021062 tempest-VolumesActionsTest-247021062-project-member] Using url versioning {{(pid=99752) process_request /opt/stack/glance/glance/api/middleware/version_negotiation.py:57}}
Aug 01 13:47:36.259011 np0000006305 devstack@g-api.service[99752]: DEBUG glance.api.middleware.version_negotiation [None req-68abf4ee-ec79-423c-84cd-1891dfdfde1e tempest-VolumesActionsTest-247021062 tempest-VolumesActionsTest-247021062-project-member] Matched version: v2 {{(pid=99752) process_request /opt/stack/glance/glance/api/middleware/version_negotiation.py:69}}
Aug 01 13:47:36.259216 np0000006305 devstack@g-api.service[99752]: DEBUG glance.api.middleware.version_negotiation [None req-68abf4ee-ec79-423c-84cd-1891dfdfde1e tempest-VolumesActionsTest-247021062 tempest-VolumesActionsTest-247021062-project-member] new path /v2/images/f1ddc91d-c193-4824-a80c-b70f74641c97 {{(pid=99752) process_request /opt/stack/glance/glance/api/middleware/version_negotiation.py:70}}
Aug 01 13:47:36.273682 np0000006305 devstack@g-api.service[99752]: [pid: 99752|app: 0|req: 109/293] 127.0.0.1 () {40 vars in 838 bytes} [Sat Aug 1 13:47:36 2026] GET /v2/images/f1ddc91d-c193-4824-a80c-b70f74641c97 => generated 650 bytes in 17 msecs (HTTP/1.1 200) 4 headers in 157 bytes (1 switches on core 0)
Aug 01 13:47:36.657843 np0000006305 devstack@g-api.service[99754]: DEBUG swiftclient [None req-04e8d875-e124-4779-aed8-e359eef74958 tempest-VolumesActionsTest-247021062 tempest-VolumesActionsTest-247021062-project-member] REQ: curl -i https://10.4.3.228:8080/v1/AUTH_29a569fc689648d09ec17972fc89cc19/glance/f1ddc91d-c193-4824-a80c-b70f74641c97-00002 -X PUT -H "X-Auth-Token: gAAAAABqbfjzZWvE..." {{(pid=99754) http_log /opt/stack/data/venv/lib/python3.12/site-packages/swiftclient/client.py:160}}
Aug 01 13:47:36.658239 np0000006305 devstack@g-api.service[99754]: DEBUG swiftclient [None req-04e8d875-e124-4779-aed8-e359eef74958 tempest-VolumesActionsTest-247021062 tempest-VolumesActionsTest-247021062-project-member] RESP STATUS: 201 Created {{(pid=99754) http_log /opt/stack/data/venv/lib/python3.12/site-packages/swiftclient/client.py:161}}
Aug 01 13:47:36.658239 np0000006305 devstack@g-api.service[99754]: DEBUG swiftclient [None req-04e8d875-e124-4779-aed8-e359eef74958 tempest-VolumesActionsTest-247021062 tempest-VolumesActionsTest-247021062-project-member] RESP HEADERS: {'Date': 'Sat, 01 Aug 2026 13:47:36 GMT', 'Server': 'Apache/2.4.58 (Ubuntu)', 'Content-Type': 'text/html; charset=UTF-8', 'Content-Length': '0', 'Etag': 'eda9a9889837ac4bc81d6387d92c1bec', 'Last-Modified': 'Sat, 01 Aug 2026 13:47:35 GMT', 'X-Trans-Id': 'tx255c6eca9fbf4e03be952-006a6df8f6', 'X-Openstack-Request-Id': 'tx255c6eca9fbf4e03be952-006a6df8f6', 'Connection': 'close'} {{(pid=99754) http_log /opt/stack/data/venv/lib/python3.12/site-packages/swiftclient/client.py:162}}
Aug 01 13:47:36.658239 np0000006305 devstack@g-api.service[99754]: DEBUG glance_store._drivers.swift.store [None req-04e8d875-e124-4779-aed8-e359eef74958 tempest-VolumesActionsTest-247021062 tempest-VolumesActionsTest-247021062-project-member] Wrote chunk f1ddc91d-c193-4824-a80c-b70f74641c97-00002 (2/?) of length 204800000 to Swift returning MD5 of content: eda9a9889837ac4bc81d6387d92c1bec {{(pid=99754) add /opt/stack/data/venv/lib/python3.12/site-packages/glance_store/_drivers/swift/store.py:1059}}
Aug 01 13:47:36.782791 np0000006305 devstack@g-api.service[99753]: DEBUG glance.api.middleware.version_negotiation [None req-05ff75f0-09e0-451d-8f99-080c3af2e811 tempest-VolumesActionsTest-247021062 tempest-VolumesActionsTest-247021062-project-member] Determining version of request: GET /v2/images/1f6f5e15-d292-43ea-ab11-06e2815af0fb Accept: */* {{(pid=99753) process_request /opt/stack/glance/glance/api/middleware/version_negotiation.py:44}}
Aug 01 13:47:36.783395 np0000006305 devstack@g-api.service[99753]: DEBUG glance.api.middleware.version_negotiation [None req-05ff75f0-09e0-451d-8f99-080c3af2e811 tempest-VolumesActionsTest-247021062 tempest-VolumesActionsTest-247021062-project-member] Using url versioning {{(pid=99753) process_request /opt/stack/glance/glance/api/middleware/version_negotiation.py:57}}
Aug 01 13:47:36.783395 np0000006305 devstack@g-api.service[99753]: DEBUG glance.api.middleware.version_negotiation [None req-05ff75f0-09e0-451d-8f99-080c3af2e811 tempest-VolumesActionsTest-247021062 tempest-VolumesActionsTest-247021062-project-member] Matched version: v2 {{(pid=99753) process_request /opt/stack/glance/glance/api/middleware/version_negotiation.py:69}}
Aug 01 13:47:36.784910 np0000006305 devstack@g-api.service[99753]: DEBUG glance.api.middleware.version_negotiation [None req-05ff75f0-09e0-451d-8f99-080c3af2e811 tempest-VolumesActionsTest-247021062 tempest-VolumesActionsTest-247021062-project-member] new path /v2/images/1f6f5e15-d292-43ea-ab11-06e2815af0fb {{(pid=99753) process_request /opt/stack/glance/glance/api/middleware/version_negotiation.py:70}}
Aug 01 13:47:36.813365 np0000006305 devstack@g-api.service[99753]: [pid: 99753|app: 0|req: 91/294] 127.0.0.1 () {44 vars in 1115 bytes} [Sat Aug 1 13:47:36 2026] GET /v2/images/1f6f5e15-d292-43ea-ab11-06e2815af0fb => generated 1044 bytes in 29 msecs (HTTP/1.1 200) 4 headers in 158 bytes (1 switches on core 0)
Aug 01 13:47:36.820735 np0000006305 devstack@g-api.service[99752]: DEBUG glance.api.middleware.version_negotiation [None req-ead12799-b174-4d95-982f-1d978461edd1 tempest-VolumesActionsTest-247021062 tempest-VolumesActionsTest-247021062-project-member] Determining version of request: GET /v2/schemas/image Accept: */* {{(pid=99752) process_request /opt/stack/glance/glance/api/middleware/version_negotiation.py:44}}
Aug 01 13:47:36.820992 np0000006305 devstack@g-api.service[99752]: DEBUG glance.api.middleware.version_negotiation [None req-ead12799-b174-4d95-982f-1d978461edd1 tempest-VolumesActionsTest-247021062 tempest-VolumesActionsTest-247021062-project-member] Using url versioning {{(pid=99752) process_request /opt/stack/glance/glance/api/middleware/version_negotiation.py:57}}
Aug 01 13:47:36.821145 np0000006305 devstack@g-api.service[99752]: DEBUG glance.api.middleware.version_negotiation [None req-ead12799-b174-4d95-982f-1d978461edd1 tempest-VolumesActionsTest-247021062 tempest-VolumesActionsTest-247021062-project-member] Matched version: v2 {{(pid=99752) process_request /opt/stack/glance/glance/api/middleware/version_negotiation.py:69}}
Aug 01 13:47:36.821250 np0000006305 devstack@g-api.service[99752]: DEBUG glance.api.middleware.version_negotiation [None req-ead12799-b174-4d95-982f-1d978461edd1 tempest-VolumesActionsTest-247021062 tempest-VolumesActionsTest-247021062-project-member] new path /v2/schemas/image {{(pid=99752) process_request /opt/stack/glance/glance/api/middleware/version_negotiation.py:70}}
Aug 01 13:47:36.828515 np0000006305 devstack@g-api.service[99752]: [pid: 99752|app: 0|req: 110/295] 127.0.0.1 () {44 vars in 1055 bytes} [Sat Aug 1 13:47:36 2026] GET /v2/schemas/image => generated 6083 bytes in 9 msecs (HTTP/1.1 200) 4 headers in 158 bytes (1 switches on core 0)
Aug 01 13:47:36.844962 np0000006305 devstack@g-api.service[99753]: DEBUG glance.api.middleware.version_negotiation [None req-47ddedae-42b2-4974-b3bb-b13438926bfd tempest-ServerActionsV293TestJSON-1835736836 tempest-ServerActionsV293TestJSON-1835736836-project-member] Determining version of request: GET /v2/schemas/image Accept: */* {{(pid=99753) process_request /opt/stack/glance/glance/api/middleware/version_negotiation.py:44}}
Aug 01 13:47:36.845262 np0000006305 devstack@g-api.service[99753]: DEBUG glance.api.middleware.version_negotiation [None req-47ddedae-42b2-4974-b3bb-b13438926bfd tempest-ServerActionsV293TestJSON-1835736836 tempest-ServerActionsV293TestJSON-1835736836-project-member] Using url versioning {{(pid=99753) process_request /opt/stack/glance/glance/api/middleware/version_negotiation.py:57}}
Aug 01 13:47:36.845420 np0000006305 devstack@g-api.service[99753]: DEBUG glance.api.middleware.version_negotiation [None req-47ddedae-42b2-4974-b3bb-b13438926bfd tempest-ServerActionsV293TestJSON-1835736836 tempest-ServerActionsV293TestJSON-1835736836-project-member] Matched version: v2 {{(pid=99753) process_request /opt/stack/glance/glance/api/middleware/version_negotiation.py:69}}
Aug 01 13:47:36.845561 np0000006305 devstack@g-api.service[99753]: DEBUG glance.api.middleware.version_negotiation [None req-47ddedae-42b2-4974-b3bb-b13438926bfd tempest-ServerActionsV293TestJSON-1835736836 tempest-ServerActionsV293TestJSON-1835736836-project-member] new path /v2/schemas/image {{(pid=99753) process_request /opt/stack/glance/glance/api/middleware/version_negotiation.py:70}}
Aug 01 13:47:36.849991 np0000006305 devstack@g-api.service[99753]: [pid: 99753|app: 0|req: 92/296] 127.0.0.1 () {44 vars in 1055 bytes} [Sat Aug 1 13:47:36 2026] GET /v2/schemas/image => generated 6083 bytes in 5 msecs (HTTP/1.1 200) 4 headers in 158 bytes (1 switches on core 0)
Aug 01 13:47:36.871846 np0000006305 devstack@g-api.service[99752]: DEBUG glance.api.middleware.version_negotiation [None req-47ddedae-42b2-4974-b3bb-b13438926bfd tempest-ServerActionsV293TestJSON-1835736836 tempest-ServerActionsV293TestJSON-1835736836-project-member] Determining version of request: GET /v2/images/1f6f5e15-d292-43ea-ab11-06e2815af0fb Accept: */* {{(pid=99752) process_request /opt/stack/glance/glance/api/middleware/version_negotiation.py:44}}
Aug 01 13:47:36.872080 np0000006305 devstack@g-api.service[99752]: DEBUG glance.api.middleware.version_negotiation [None req-47ddedae-42b2-4974-b3bb-b13438926bfd tempest-ServerActionsV293TestJSON-1835736836 tempest-ServerActionsV293TestJSON-1835736836-project-member] Using url versioning {{(pid=99752) process_request /opt/stack/glance/glance/api/middleware/version_negotiation.py:57}}
Aug 01 13:47:36.872276 np0000006305 devstack@g-api.service[99752]: DEBUG glance.api.middleware.version_negotiation [None req-47ddedae-42b2-4974-b3bb-b13438926bfd tempest-ServerActionsV293TestJSON-1835736836 tempest-ServerActionsV293TestJSON-1835736836-project-member] Matched version: v2 {{(pid=99752) process_request /opt/stack/glance/glance/api/middleware/version_negotiation.py:69}}
Aug 01 13:47:36.872431 np0000006305 devstack@g-api.service[99752]: DEBUG glance.api.middleware.version_negotiation [None req-47ddedae-42b2-4974-b3bb-b13438926bfd tempest-ServerActionsV293TestJSON-1835736836 tempest-ServerActionsV293TestJSON-1835736836-project-member] new path /v2/images/1f6f5e15-d292-43ea-ab11-06e2815af0fb {{(pid=99752) process_request /opt/stack/glance/glance/api/middleware/version_negotiation.py:70}}
Aug 01 13:47:36.885300 np0000006305 devstack@g-api.service[99752]: [pid: 99752|app: 0|req: 111/297] 127.0.0.1 () {44 vars in 1115 bytes} [Sat Aug 1 13:47:36 2026] GET /v2/images/1f6f5e15-d292-43ea-ab11-06e2815af0fb => generated 1044 bytes in 13 msecs (HTTP/1.1 200) 4 headers in 158 bytes (1 switches on core 0)
Aug 01 13:47:36.900255 np0000006305 devstack@g-api.service[99753]: DEBUG glance.api.middleware.version_negotiation [None req-47ddedae-42b2-4974-b3bb-b13438926bfd tempest-ServerActionsV293TestJSON-1835736836 tempest-ServerActionsV293TestJSON-1835736836-project-member] Determining version of request: GET /v2/schemas/image Accept: */* {{(pid=99753) process_request /opt/stack/glance/glance/api/middleware/version_negotiation.py:44}}
Aug 01 13:47:36.900493 np0000006305 devstack@g-api.service[99753]: DEBUG glance.api.middleware.version_negotiation [None req-47ddedae-42b2-4974-b3bb-b13438926bfd tempest-ServerActionsV293TestJSON-1835736836 tempest-ServerActionsV293TestJSON-1835736836-project-member] Using url versioning {{(pid=99753) process_request /opt/stack/glance/glance/api/middleware/version_negotiation.py:57}}
Aug 01 13:47:36.900589 np0000006305 devstack@g-api.service[99753]: DEBUG glance.api.middleware.version_negotiation [None req-47ddedae-42b2-4974-b3bb-b13438926bfd tempest-ServerActionsV293TestJSON-1835736836 tempest-ServerActionsV293TestJSON-1835736836-project-member] Matched version: v2 {{(pid=99753) process_request /opt/stack/glance/glance/api/middleware/version_negotiation.py:69}}
Aug 01 13:47:36.901117 np0000006305 devstack@g-api.service[99753]: DEBUG glance.api.middleware.version_negotiation [None req-47ddedae-42b2-4974-b3bb-b13438926bfd tempest-ServerActionsV293TestJSON-1835736836 tempest-ServerActionsV293TestJSON-1835736836-project-member] new path /v2/schemas/image {{(pid=99753) process_request /opt/stack/glance/glance/api/middleware/version_negotiation.py:70}}
Aug 01 13:47:36.904880 np0000006305 devstack@g-api.service[99753]: [pid: 99753|app: 0|req: 93/298] 127.0.0.1 () {44 vars in 1055 bytes} [Sat Aug 1 13:47:36 2026] GET /v2/schemas/image => generated 6083 bytes in 5 msecs (HTTP/1.1 200) 4 headers in 158 bytes (1 switches on core 0)
Aug 01 13:47:36.917037 np0000006305 devstack@g-api.service[99752]: DEBUG glance.api.middleware.version_negotiation [None req-47ddedae-42b2-4974-b3bb-b13438926bfd tempest-ServerActionsV293TestJSON-1835736836 tempest-ServerActionsV293TestJSON-1835736836-project-member] Determining version of request: GET /v2/schemas/image Accept: */* {{(pid=99752) process_request /opt/stack/glance/glance/api/middleware/version_negotiation.py:44}}
Aug 01 13:47:36.917719 np0000006305 devstack@g-api.service[99752]: DEBUG glance.api.middleware.version_negotiation [None req-47ddedae-42b2-4974-b3bb-b13438926bfd tempest-ServerActionsV293TestJSON-1835736836 tempest-ServerActionsV293TestJSON-1835736836-project-member] Using url versioning {{(pid=99752) process_request /opt/stack/glance/glance/api/middleware/version_negotiation.py:57}}
Aug 01 13:47:36.918304 np0000006305 devstack@g-api.service[99752]: DEBUG glance.api.middleware.version_negotiation [None req-47ddedae-42b2-4974-b3bb-b13438926bfd tempest-ServerActionsV293TestJSON-1835736836 tempest-ServerActionsV293TestJSON-1835736836-project-member] Matched version: v2 {{(pid=99752) process_request /opt/stack/glance/glance/api/middleware/version_negotiation.py:69}}
Aug 01 13:47:36.918546 np0000006305 devstack@g-api.service[99752]: DEBUG glance.api.middleware.version_negotiation [None req-47ddedae-42b2-4974-b3bb-b13438926bfd tempest-ServerActionsV293TestJSON-1835736836 tempest-ServerActionsV293TestJSON-1835736836-project-member] new path /v2/schemas/image {{(pid=99752) process_request /opt/stack/glance/glance/api/middleware/version_negotiation.py:70}}
Aug 01 13:47:36.922227 np0000006305 devstack@g-api.service[99752]: [pid: 99752|app: 0|req: 112/299] 127.0.0.1 () {44 vars in 1055 bytes} [Sat Aug 1 13:47:36 2026] GET /v2/schemas/image => generated 6083 bytes in 6 msecs (HTTP/1.1 200) 4 headers in 158 bytes (1 switches on core 0)
Aug 01 13:47:36.948965 np0000006305 devstack@g-api.service[99753]: DEBUG glance.api.middleware.version_negotiation [None req-47ddedae-42b2-4974-b3bb-b13438926bfd tempest-ServerActionsV293TestJSON-1835736836 tempest-ServerActionsV293TestJSON-1835736836-project-member] Determining version of request: GET /v2/images/1f6f5e15-d292-43ea-ab11-06e2815af0fb Accept: */* {{(pid=99753) process_request /opt/stack/glance/glance/api/middleware/version_negotiation.py:44}}
Aug 01 13:47:36.949305 np0000006305 devstack@g-api.service[99753]: DEBUG glance.api.middleware.version_negotiation [None req-47ddedae-42b2-4974-b3bb-b13438926bfd tempest-ServerActionsV293TestJSON-1835736836 tempest-ServerActionsV293TestJSON-1835736836-project-member] Using url versioning {{(pid=99753) process_request /opt/stack/glance/glance/api/middleware/version_negotiation.py:57}}
Aug 01 13:47:36.949305 np0000006305 devstack@g-api.service[99753]: DEBUG glance.api.middleware.version_negotiation [None req-47ddedae-42b2-4974-b3bb-b13438926bfd tempest-ServerActionsV293TestJSON-1835736836 tempest-ServerActionsV293TestJSON-1835736836-project-member] Matched version: v2 {{(pid=99753) process_request /opt/stack/glance/glance/api/middleware/version_negotiation.py:69}}
Aug 01 13:47:36.949450 np0000006305 devstack@g-api.service[99753]: DEBUG glance.api.middleware.version_negotiation [None req-47ddedae-42b2-4974-b3bb-b13438926bfd tempest-ServerActionsV293TestJSON-1835736836 tempest-ServerActionsV293TestJSON-1835736836-project-member] new path /v2/images/1f6f5e15-d292-43ea-ab11-06e2815af0fb {{(pid=99753) process_request /opt/stack/glance/glance/api/middleware/version_negotiation.py:70}}
Aug 01 13:47:36.967318 np0000006305 devstack@g-api.service[99753]: [pid: 99753|app: 0|req: 94/300] 127.0.0.1 () {44 vars in 1115 bytes} [Sat Aug 1 13:47:36 2026] GET /v2/images/1f6f5e15-d292-43ea-ab11-06e2815af0fb => generated 1044 bytes in 18 msecs (HTTP/1.1 200) 4 headers in 158 bytes (1 switches on core 0)
Aug 01 13:47:36.986389 np0000006305 devstack@g-api.service[99752]: DEBUG glance.api.middleware.version_negotiation [None req-47ddedae-42b2-4974-b3bb-b13438926bfd tempest-ServerActionsV293TestJSON-1835736836 tempest-ServerActionsV293TestJSON-1835736836-project-member] Determining version of request: GET /v2/schemas/image Accept: */* {{(pid=99752) process_request /opt/stack/glance/glance/api/middleware/version_negotiation.py:44}}
Aug 01 13:47:36.987283 np0000006305 devstack@g-api.service[99752]: DEBUG glance.api.middleware.version_negotiation [None req-47ddedae-42b2-4974-b3bb-b13438926bfd tempest-ServerActionsV293TestJSON-1835736836 tempest-ServerActionsV293TestJSON-1835736836-project-member] Using url versioning {{(pid=99752) process_request /opt/stack/glance/glance/api/middleware/version_negotiation.py:57}}
Aug 01 13:47:36.987617 np0000006305 devstack@g-api.service[99752]: DEBUG glance.api.middleware.version_negotiation [None req-47ddedae-42b2-4974-b3bb-b13438926bfd tempest-ServerActionsV293TestJSON-1835736836 tempest-ServerActionsV293TestJSON-1835736836-project-member] Matched version: v2 {{(pid=99752) process_request /opt/stack/glance/glance/api/middleware/version_negotiation.py:69}}
Aug 01 13:47:36.988329 np0000006305 devstack@g-api.service[99752]: DEBUG glance.api.middleware.version_negotiation [None req-47ddedae-42b2-4974-b3bb-b13438926bfd tempest-ServerActionsV293TestJSON-1835736836 tempest-ServerActionsV293TestJSON-1835736836-project-member] new path /v2/schemas/image {{(pid=99752) process_request /opt/stack/glance/glance/api/middleware/version_negotiation.py:70}}
Aug 01 13:47:36.991952 np0000006305 devstack@g-api.service[99752]: [pid: 99752|app: 0|req: 113/301] 127.0.0.1 () {44 vars in 1055 bytes} [Sat Aug 1 13:47:36 2026] GET /v2/schemas/image => generated 6083 bytes in 6 msecs (HTTP/1.1 200) 4 headers in 158 bytes (1 switches on core 0)
Aug 01 13:47:37.284370 np0000006305 devstack@g-api.service[99753]: DEBUG glance.api.middleware.version_negotiation [None req-47ddedae-42b2-4974-b3bb-b13438926bfd tempest-ServerActionsV293TestJSON-1835736836 tempest-ServerActionsV293TestJSON-1835736836-project-member] Determining version of request: GET /v2/images/f1ddc91d-c193-4824-a80c-b70f74641c97 Accept: application/json {{(pid=99753) process_request /opt/stack/glance/glance/api/middleware/version_negotiation.py:44}}
Aug 01 13:47:37.284370 np0000006305 devstack@g-api.service[99753]: DEBUG glance.api.middleware.version_negotiation [None req-47ddedae-42b2-4974-b3bb-b13438926bfd tempest-ServerActionsV293TestJSON-1835736836 tempest-ServerActionsV293TestJSON-1835736836-project-member] Using url versioning {{(pid=99753) process_request /opt/stack/glance/glance/api/middleware/version_negotiation.py:57}}
Aug 01 13:47:37.284370 np0000006305 devstack@g-api.service[99753]: DEBUG glance.api.middleware.version_negotiation [None req-47ddedae-42b2-4974-b3bb-b13438926bfd tempest-ServerActionsV293TestJSON-1835736836 tempest-ServerActionsV293TestJSON-1835736836-project-member] Matched version: v2 {{(pid=99753) process_request /opt/stack/glance/glance/api/middleware/version_negotiation.py:69}}
Aug 01 13:47:37.284370 np0000006305 devstack@g-api.service[99753]: DEBUG glance.api.middleware.version_negotiation [None req-47ddedae-42b2-4974-b3bb-b13438926bfd tempest-ServerActionsV293TestJSON-1835736836 tempest-ServerActionsV293TestJSON-1835736836-project-member] new path /v2/images/f1ddc91d-c193-4824-a80c-b70f74641c97 {{(pid=99753) process_request /opt/stack/glance/glance/api/middleware/version_negotiation.py:70}}
Aug 01 13:47:37.302530 np0000006305 devstack@g-api.service[99753]: [pid: 99753|app: 0|req: 95/302] 127.0.0.1 () {40 vars in 838 bytes} [Sat Aug 1 13:47:37 2026] GET /v2/images/f1ddc91d-c193-4824-a80c-b70f74641c97 => generated 650 bytes in 20 msecs (HTTP/1.1 200) 4 headers in 157 bytes (1 switches on core 0)
Aug 01 13:47:37.534863 np0000006305 devstack@g-api.service[99752]: DEBUG glance.api.middleware.version_negotiation [None req-47ddedae-42b2-4974-b3bb-b13438926bfd tempest-ServerActionsV293TestJSON-1835736836 tempest-ServerActionsV293TestJSON-1835736836-project-member] Determining version of request: GET /versions Accept: */* {{(pid=99752) process_request /opt/stack/glance/glance/api/middleware/version_negotiation.py:44}}
