Aug 01 13:42:17.059693 np0000006305 nova-conductor[95886]: DEBUG cotyledon.oslo_config_glue [-] oslo_messaging_rabbit.rabbit_quorum_delivery_limit = 0 {{(pid=95886) log_opt_values /opt/stack/data/venv/lib/python3.12/site-packages/oslo_config/cfg.py:3253}}
Aug 01 13:42:17.059693 np0000006305 nova-conductor[95886]: DEBUG cotyledon.oslo_config_glue [-] oslo_messaging_rabbit.rabbit_quorum_max_memory_bytes = 0 {{(pid=95886) log_opt_values /opt/stack/data/venv/lib/python3.12/site-packages/oslo_config/cfg.py:3253}}
Aug 01 13:42:17.059864 np0000006305 nova-conductor[95886]: DEBUG cotyledon.oslo_config_glue [-] oslo_messaging_rabbit.rabbit_quorum_max_memory_length = 0 {{(pid=95886) log_opt_values /opt/stack/data/venv/lib/python3.12/site-packages/oslo_config/cfg.py:3253}}
Aug 01 13:42:17.059864 np0000006305 nova-conductor[95886]: DEBUG cotyledon.oslo_config_glue [-] oslo_messaging_rabbit.rabbit_quorum_queue = False {{(pid=95886) log_opt_values /opt/stack/data/venv/lib/python3.12/site-packages/oslo_config/cfg.py:3253}}
Aug 01 13:42:17.059864 np0000006305 nova-conductor[95886]: DEBUG cotyledon.oslo_config_glue [-] oslo_messaging_rabbit.rabbit_retry_backoff = 2 {{(pid=95886) log_opt_values /opt/stack/data/venv/lib/python3.12/site-packages/oslo_config/cfg.py:3253}}
Aug 01 13:42:17.059864 np0000006305 nova-conductor[95886]: DEBUG cotyledon.oslo_config_glue [-] oslo_messaging_rabbit.rabbit_retry_interval = 1 {{(pid=95886) log_opt_values /opt/stack/data/venv/lib/python3.12/site-packages/oslo_config/cfg.py:3253}}
Aug 01 13:42:17.059864 np0000006305 nova-conductor[95886]: DEBUG cotyledon.oslo_config_glue [-] oslo_messaging_rabbit.rabbit_stream_fanout = False {{(pid=95886) log_opt_values /opt/stack/data/venv/lib/python3.12/site-packages/oslo_config/cfg.py:3253}}
Aug 01 13:42:17.059864 np0000006305 nova-conductor[95886]: DEBUG cotyledon.oslo_config_glue [-] oslo_messaging_rabbit.rabbit_transient_queues_ttl = 1800 {{(pid=95886) log_opt_values /opt/stack/data/venv/lib/python3.12/site-packages/oslo_config/cfg.py:3253}}
Aug 01 13:42:17.059864 np0000006305 nova-conductor[95886]: DEBUG cotyledon.oslo_config_glue [-] oslo_messaging_rabbit.rabbit_transient_quorum_queue = False {{(pid=95886) log_opt_values /opt/stack/data/venv/lib/python3.12/site-packages/oslo_config/cfg.py:3253}}
Aug 01 13:42:17.059864 np0000006305 nova-conductor[95886]: DEBUG cotyledon.oslo_config_glue [-] oslo_messaging_rabbit.rpc_conn_pool_size = 30 {{(pid=95886) log_opt_values /opt/stack/data/venv/lib/python3.12/site-packages/oslo_config/cfg.py:3253}}
Aug 01 13:42:17.059864 np0000006305 nova-conductor[95886]: DEBUG cotyledon.oslo_config_glue [-] oslo_messaging_rabbit.ssl = False {{(pid=95886) log_opt_values /opt/stack/data/venv/lib/python3.12/site-packages/oslo_config/cfg.py:3253}}
Aug 01 13:42:17.060044 np0000006305 nova-conductor[95886]: DEBUG cotyledon.oslo_config_glue [-] oslo_messaging_rabbit.ssl_ca_file = {{(pid=95886) log_opt_values /opt/stack/data/venv/lib/python3.12/site-packages/oslo_config/cfg.py:3253}}
Aug 01 13:42:17.060068 np0000006305 nova-conductor[95880]: INFO nova.service [-] Starting conductor node (version 33.1.0)
Aug 01 13:42:17.060091 np0000006305 nova-conductor[95886]: DEBUG cotyledon.oslo_config_glue [-] oslo_messaging_rabbit.ssl_cert_file = {{(pid=95886) log_opt_values /opt/stack/data/venv/lib/python3.12/site-packages/oslo_config/cfg.py:3253}}
Aug 01 13:42:17.060091 np0000006305 nova-conductor[95886]: DEBUG cotyledon.oslo_config_glue [-] oslo_messaging_rabbit.ssl_enforce_fips_mode = False {{(pid=95886) log_opt_values /opt/stack/data/venv/lib/python3.12/site-packages/oslo_config/cfg.py:3253}}
Aug 01 13:42:17.060091 np0000006305 nova-conductor[95886]: DEBUG cotyledon.oslo_config_glue [-] oslo_messaging_rabbit.ssl_enforce_hostname_verification = True {{(pid=95886) log_opt_values /opt/stack/data/venv/lib/python3.12/site-packages/oslo_config/cfg.py:3253}}
Aug 01 13:42:17.060091 np0000006305 nova-conductor[95886]: DEBUG cotyledon.oslo_config_glue [-] oslo_messaging_rabbit.ssl_key_file = {{(pid=95886) log_opt_values /opt/stack/data/venv/lib/python3.12/site-packages/oslo_config/cfg.py:3253}}
Aug 01 13:42:17.060091 np0000006305 nova-conductor[95886]: DEBUG cotyledon.oslo_config_glue [-] oslo_messaging_rabbit.ssl_version = {{(pid=95886) log_opt_values /opt/stack/data/venv/lib/python3.12/site-packages/oslo_config/cfg.py:3253}}
Aug 01 13:42:17.060091 np0000006305 nova-conductor[95886]: DEBUG cotyledon.oslo_config_glue [-] oslo_messaging_rabbit.use_queue_manager = False {{(pid=95886) log_opt_values /opt/stack/data/venv/lib/python3.12/site-packages/oslo_config/cfg.py:3253}}
Aug 01 13:42:17.060091 np0000006305 nova-conductor[95886]: DEBUG cotyledon.oslo_config_glue [-] oslo_messaging_notifications.driver = ['messagingv2'] {{(pid=95886) log_opt_values /opt/stack/data/venv/lib/python3.12/site-packages/oslo_config/cfg.py:3253}}
Aug 01 13:42:17.060091 np0000006305 nova-conductor[95886]: DEBUG cotyledon.oslo_config_glue [-] oslo_messaging_notifications.retry = -1 {{(pid=95886) log_opt_values /opt/stack/data/venv/lib/python3.12/site-packages/oslo_config/cfg.py:3253}}
Aug 01 13:42:17.060091 np0000006305 nova-conductor[95886]: DEBUG cotyledon.oslo_config_glue [-] oslo_messaging_notifications.topics = ['notifications'] {{(pid=95886) log_opt_values /opt/stack/data/venv/lib/python3.12/site-packages/oslo_config/cfg.py:3253}}
Aug 01 13:42:17.060262 np0000006305 nova-conductor[95886]: DEBUG cotyledon.oslo_config_glue [-] oslo_messaging_notifications.transport_url = **** {{(pid=95886) log_opt_values /opt/stack/data/venv/lib/python3.12/site-packages/oslo_config/cfg.py:3253}}
Aug 01 13:42:17.060262 np0000006305 nova-conductor[95886]: DEBUG cotyledon.oslo_config_glue [-] oslo_limit.auth_section = None {{(pid=95886) log_opt_values /opt/stack/data/venv/lib/python3.12/site-packages/oslo_config/cfg.py:3253}}
Aug 01 13:42:17.060262 np0000006305 nova-conductor[95886]: DEBUG cotyledon.oslo_config_glue [-] oslo_limit.auth_type = None {{(pid=95886) log_opt_values /opt/stack/data/venv/lib/python3.12/site-packages/oslo_config/cfg.py:3253}}
Aug 01 13:42:17.060262 np0000006305 nova-conductor[95886]: DEBUG cotyledon.oslo_config_glue [-] oslo_limit.cafile = None {{(pid=95886) log_opt_values /opt/stack/data/venv/lib/python3.12/site-packages/oslo_config/cfg.py:3253}}
Aug 01 13:42:17.060262 np0000006305 nova-conductor[95886]: DEBUG cotyledon.oslo_config_glue [-] oslo_limit.certfile = None {{(pid=95886) log_opt_values /opt/stack/data/venv/lib/python3.12/site-packages/oslo_config/cfg.py:3253}}
Aug 01 13:42:17.060262 np0000006305 nova-conductor[95886]: DEBUG cotyledon.oslo_config_glue [-] oslo_limit.collect_timing = False {{(pid=95886) log_opt_values /opt/stack/data/venv/lib/python3.12/site-packages/oslo_config/cfg.py:3253}}
Aug 01 13:42:17.060262 np0000006305 nova-conductor[95886]: DEBUG cotyledon.oslo_config_glue [-] oslo_limit.connect_retries = None {{(pid=95886) log_opt_values /opt/stack/data/venv/lib/python3.12/site-packages/oslo_config/cfg.py:3253}}
Aug 01 13:42:17.060262 np0000006305 nova-conductor[95886]: DEBUG cotyledon.oslo_config_glue [-] oslo_limit.connect_retry_delay = None {{(pid=95886) log_opt_values /opt/stack/data/venv/lib/python3.12/site-packages/oslo_config/cfg.py:3253}}
Aug 01 13:42:17.060262 np0000006305 nova-conductor[95886]: DEBUG cotyledon.oslo_config_glue [-] oslo_limit.endpoint_id = None {{(pid=95886) log_opt_values /opt/stack/data/venv/lib/python3.12/site-packages/oslo_config/cfg.py:3253}}
Aug 01 13:42:17.060468 np0000006305 nova-conductor[95886]: DEBUG cotyledon.oslo_config_glue [-] oslo_limit.endpoint_interface = public {{(pid=95886) log_opt_values /opt/stack/data/venv/lib/python3.12/site-packages/oslo_config/cfg.py:3253}}
Aug 01 13:42:17.060468 np0000006305 nova-conductor[95886]: DEBUG cotyledon.oslo_config_glue [-] oslo_limit.endpoint_override = None {{(pid=95886) log_opt_values /opt/stack/data/venv/lib/python3.12/site-packages/oslo_config/cfg.py:3253}}
Aug 01 13:42:17.060468 np0000006305 nova-conductor[95886]: DEBUG cotyledon.oslo_config_glue [-] oslo_limit.endpoint_region_name = None {{(pid=95886) log_opt_values /opt/stack/data/venv/lib/python3.12/site-packages/oslo_config/cfg.py:3253}}
Aug 01 13:42:17.060468 np0000006305 nova-conductor[95886]: DEBUG cotyledon.oslo_config_glue [-] oslo_limit.endpoint_service_name = None {{(pid=95886) log_opt_values /opt/stack/data/venv/lib/python3.12/site-packages/oslo_config/cfg.py:3253}}
Aug 01 13:42:17.060468 np0000006305 nova-conductor[95886]: DEBUG cotyledon.oslo_config_glue [-] oslo_limit.endpoint_service_type = None {{(pid=95886) log_opt_values /opt/stack/data/venv/lib/python3.12/site-packages/oslo_config/cfg.py:3253}}
Aug 01 13:42:17.060468 np0000006305 nova-conductor[95886]: DEBUG cotyledon.oslo_config_glue [-] oslo_limit.insecure = False {{(pid=95886) log_opt_values /opt/stack/data/venv/lib/python3.12/site-packages/oslo_config/cfg.py:3253}}
Aug 01 13:42:17.060468 np0000006305 nova-conductor[95886]: DEBUG cotyledon.oslo_config_glue [-] oslo_limit.keyfile = None {{(pid=95886) log_opt_values /opt/stack/data/venv/lib/python3.12/site-packages/oslo_config/cfg.py:3253}}
Aug 01 13:42:17.060468 np0000006305 nova-conductor[95886]: DEBUG cotyledon.oslo_config_glue [-] oslo_limit.max_version = None {{(pid=95886) log_opt_values /opt/stack/data/venv/lib/python3.12/site-packages/oslo_config/cfg.py:3253}}
Aug 01 13:42:17.060468 np0000006305 nova-conductor[95886]: DEBUG cotyledon.oslo_config_glue [-] oslo_limit.min_version = None {{(pid=95886) log_opt_values /opt/stack/data/venv/lib/python3.12/site-packages/oslo_config/cfg.py:3253}}
Aug 01 13:42:17.060668 np0000006305 nova-conductor[95886]: DEBUG cotyledon.oslo_config_glue [-] oslo_limit.region_name = None {{(pid=95886) log_opt_values /opt/stack/data/venv/lib/python3.12/site-packages/oslo_config/cfg.py:3253}}
Aug 01 13:42:17.060668 np0000006305 nova-conductor[95886]: DEBUG cotyledon.oslo_config_glue [-] oslo_limit.retriable_status_codes = None {{(pid=95886) log_opt_values /opt/stack/data/venv/lib/python3.12/site-packages/oslo_config/cfg.py:3253}}
Aug 01 13:42:17.060668 np0000006305 nova-conductor[95886]: DEBUG cotyledon.oslo_config_glue [-] oslo_limit.service_name = None {{(pid=95886) log_opt_values /opt/stack/data/venv/lib/python3.12/site-packages/oslo_config/cfg.py:3253}}
Aug 01 13:42:17.060668 np0000006305 nova-conductor[95886]: DEBUG cotyledon.oslo_config_glue [-] oslo_limit.service_type = None {{(pid=95886) log_opt_values /opt/stack/data/venv/lib/python3.12/site-packages/oslo_config/cfg.py:3253}}
Aug 01 13:42:17.060668 np0000006305 nova-conductor[95886]: DEBUG cotyledon.oslo_config_glue [-] oslo_limit.split_loggers = False {{(pid=95886) log_opt_values /opt/stack/data/venv/lib/python3.12/site-packages/oslo_config/cfg.py:3253}}
Aug 01 13:42:17.060668 np0000006305 nova-conductor[95886]: DEBUG cotyledon.oslo_config_glue [-] oslo_limit.status_code_retries = None {{(pid=95886) log_opt_values /opt/stack/data/venv/lib/python3.12/site-packages/oslo_config/cfg.py:3253}}
Aug 01 13:42:17.060668 np0000006305 nova-conductor[95886]: DEBUG cotyledon.oslo_config_glue [-] oslo_limit.status_code_retry_delay = None {{(pid=95886) log_opt_values /opt/stack/data/venv/lib/python3.12/site-packages/oslo_config/cfg.py:3253}}
Aug 01 13:42:17.060668 np0000006305 nova-conductor[95886]: DEBUG cotyledon.oslo_config_glue [-] oslo_limit.timeout = None {{(pid=95886) log_opt_values /opt/stack/data/venv/lib/python3.12/site-packages/oslo_config/cfg.py:3253}}
Aug 01 13:42:17.060668 np0000006305 nova-conductor[95886]: DEBUG cotyledon.oslo_config_glue [-] oslo_limit.valid_interfaces = None {{(pid=95886) log_opt_values /opt/stack/data/venv/lib/python3.12/site-packages/oslo_config/cfg.py:3253}}
Aug 01 13:42:17.060858 np0000006305 nova-conductor[95886]: DEBUG cotyledon.oslo_config_glue [-] oslo_limit.version = None {{(pid=95886) log_opt_values /opt/stack/data/venv/lib/python3.12/site-packages/oslo_config/cfg.py:3253}}
Aug 01 13:42:17.060858 np0000006305 nova-conductor[95886]: DEBUG cotyledon.oslo_config_glue [-] oslo_reports.file_event_handler = None {{(pid=95886) log_opt_values /opt/stack/data/venv/lib/python3.12/site-packages/oslo_config/cfg.py:3253}}
Aug 01 13:42:17.060858 np0000006305 nova-conductor[95886]: DEBUG cotyledon.oslo_config_glue [-] oslo_reports.file_event_handler_interval = 1 {{(pid=95886) log_opt_values /opt/stack/data/venv/lib/python3.12/site-packages/oslo_config/cfg.py:3253}}
Aug 01 13:42:17.060858 np0000006305 nova-conductor[95886]: DEBUG cotyledon.oslo_config_glue [-] oslo_reports.log_dir = None {{(pid=95886) log_opt_values /opt/stack/data/venv/lib/python3.12/site-packages/oslo_config/cfg.py:3253}}
Aug 01 13:42:17.060858 np0000006305 nova-conductor[95886]: DEBUG cotyledon.oslo_config_glue [-] ******************************************************************************** {{(pid=95886) log_opt_values /opt/stack/data/venv/lib/python3.12/site-packages/oslo_config/cfg.py:3260}}
Aug 01 13:42:17.060858 np0000006305 nova-conductor[95886]: DEBUG cotyledon._service_worker [-] Run service ServiceWrapper(2) [95886] {{(pid=95886) wait_forever /opt/stack/data/venv/lib/python3.12/site-packages/cotyledon/_service_worker.py:218}}
Aug 01 13:42:17.060858 np0000006305 nova-conductor[95886]: INFO nova.service [-] Starting conductor node (version 33.1.0)
Aug 01 13:42:17.061011 np0000006305 nova-conductor[95880]: INFO dbcounter [None req-dbe18cf2-8c90-4843-b346-8640192f3aad None None] Registered counter for database nova_cell0
Aug 01 13:42:17.061035 np0000006305 nova-conductor[95886]: INFO dbcounter [None req-91c5892d-35ca-4344-b497-94abc22e4805 None None] Registered counter for database nova_cell0
Aug 01 13:42:17.089011 np0000006305 nova-conductor[95880]: DEBUG oslo_db.sqlalchemy.engines [None req-dbe18cf2-8c90-4843-b346-8640192f3aad None None] MySQL server mode set to STRICT_TRANS_TABLES,STRICT_ALL_TABLES,NO_ZERO_IN_DATE,NO_ZERO_DATE,ERROR_FOR_DIVISION_BY_ZERO,TRADITIONAL,NO_ENGINE_SUBSTITUTION {{(pid=95880) _check_effective_sql_mode /opt/stack/data/venv/lib/python3.12/site-packages/oslo_db/sqlalchemy/engines.py:325}}
Aug 01 13:42:17.093320 np0000006305 nova-conductor[95886]: DEBUG oslo_db.sqlalchemy.engines [None req-91c5892d-35ca-4344-b497-94abc22e4805 None None] MySQL server mode set to STRICT_TRANS_TABLES,STRICT_ALL_TABLES,NO_ZERO_IN_DATE,NO_ZERO_DATE,ERROR_FOR_DIVISION_BY_ZERO,TRADITIONAL,NO_ENGINE_SUBSTITUTION {{(pid=95886) _check_effective_sql_mode /opt/stack/data/venv/lib/python3.12/site-packages/oslo_db/sqlalchemy/engines.py:325}}
Aug 01 13:42:17.098236 np0000006305 nova-conductor[95880]: DEBUG dbcounter [-] [95880] Writer thread running {{(pid=95880) stat_writer /opt/stack/data/venv/lib/python3.12/site-packages/dbcounter.py:102}}
Aug 01 13:42:17.103668 np0000006305 nova-conductor[95886]: DEBUG dbcounter [-] [95886] Writer thread running {{(pid=95886) stat_writer /opt/stack/data/venv/lib/python3.12/site-packages/dbcounter.py:102}}
Aug 01 13:42:17.107419 np0000006305 nova-conductor[95876]: DEBUG oslo_db.sqlalchemy.engines [None req-47a5e316-95b9-42a5-be12-07aa0b11b4cc None None] MySQL server mode set to STRICT_TRANS_TABLES,STRICT_ALL_TABLES,NO_ZERO_IN_DATE,NO_ZERO_DATE,ERROR_FOR_DIVISION_BY_ZERO,TRADITIONAL,NO_ENGINE_SUBSTITUTION {{(pid=95876) _check_effective_sql_mode /opt/stack/data/venv/lib/python3.12/site-packages/oslo_db/sqlalchemy/engines.py:325}}
Aug 01 13:42:17.111600 np0000006305 nova-conductor[95880]: DEBUG nova.service [None req-dbe18cf2-8c90-4843-b346-8640192f3aad None None] Creating RPC server for service: nova-conductor on topic: conductor {{(pid=95880) start /opt/stack/nova/nova/service.py:196}}
Aug 01 13:42:17.117313 np0000006305 nova-conductor[95876]: DEBUG dbcounter [-] [95876] Writer thread running {{(pid=95876) stat_writer /opt/stack/data/venv/lib/python3.12/site-packages/dbcounter.py:102}}
Aug 01 13:42:17.118697 np0000006305 nova-conductor[95886]: DEBUG nova.service [None req-91c5892d-35ca-4344-b497-94abc22e4805 None None] Creating RPC server for service: nova-conductor on topic: conductor {{(pid=95886) start /opt/stack/nova/nova/service.py:196}}
Aug 01 13:42:17.120035 np0000006305 nova-conductor[95876]: DEBUG nova.service [None req-47a5e316-95b9-42a5-be12-07aa0b11b4cc None None] Creating RPC server for service: nova-conductor on topic: conductor {{(pid=95876) start /opt/stack/nova/nova/service.py:196}}
Aug 01 13:42:17.136352 np0000006305 nova-conductor[95880]: DEBUG nova.service [None req-dbe18cf2-8c90-4843-b346-8640192f3aad None None] Join ServiceGroup membership for this service conductor {{(pid=95880) start /opt/stack/nova/nova/service.py:222}}
Aug 01 13:42:17.136634 np0000006305 nova-conductor[95880]: DEBUG nova.servicegroup.drivers.db [None req-dbe18cf2-8c90-4843-b346-8640192f3aad None None] DB_Driver: join new ServiceGroup member np0000006305 to the conductor group, service = {{(pid=95880) join /opt/stack/nova/nova/servicegroup/drivers/db.py:44}}
Aug 01 13:42:17.137184 np0000006305 nova-conductor[95876]: DEBUG nova.service [None req-47a5e316-95b9-42a5-be12-07aa0b11b4cc None None] Join ServiceGroup membership for this service conductor {{(pid=95876) start /opt/stack/nova/nova/service.py:222}}
Aug 01 13:42:17.137438 np0000006305 nova-conductor[95876]: DEBUG nova.servicegroup.drivers.db [None req-47a5e316-95b9-42a5-be12-07aa0b11b4cc None None] DB_Driver: join new ServiceGroup member np0000006305 to the conductor group, service = {{(pid=95876) join /opt/stack/nova/nova/servicegroup/drivers/db.py:44}}
Aug 01 13:42:17.139335 np0000006305 nova-conductor[95886]: DEBUG nova.service [None req-91c5892d-35ca-4344-b497-94abc22e4805 None None] Join ServiceGroup membership for this service conductor {{(pid=95886) start /opt/stack/nova/nova/service.py:222}}
Aug 01 13:42:17.139720 np0000006305 nova-conductor[95886]: DEBUG nova.servicegroup.drivers.db [None req-91c5892d-35ca-4344-b497-94abc22e4805 None None] DB_Driver: join new ServiceGroup member np0000006305 to the conductor group, service = {{(pid=95886) join /opt/stack/nova/nova/servicegroup/drivers/db.py:44}}
Aug 01 13:42:22.140276 np0000006305 nova-conductor[95880]: DEBUG oslo.service.backend._threading.loopingcall [None req-f6a1ba45-889f-4ef9-8b58-adaafc60945c None None] Dynamic interval looping call 'nova.service.Service.periodic_tasks' sleeping for 60.00 seconds {{(pid=95880) _run_loop /opt/stack/data/venv/lib/python3.12/site-packages/oslo_service/backend/_threading/loopingcall.py:125}}
Aug 01 13:42:22.152820 np0000006305 nova-conductor[95880]: DEBUG oslo.service.backend._threading.loopingcall [-] Fixed interval looping call 'nova.servicegroup.drivers.db.DbDriver._report_state' sleeping for 119.99 seconds {{(pid=95880) _run_loop /opt/stack/data/venv/lib/python3.12/site-packages/oslo_service/backend/_threading/loopingcall.py:125}}
Aug 01 13:42:22.154161 np0000006305 nova-conductor[95876]: DEBUG oslo.service.backend._threading.loopingcall [-] Fixed interval looping call 'nova.servicegroup.drivers.db.DbDriver._report_state' sleeping for 119.98 seconds {{(pid=95876) _run_loop /opt/stack/data/venv/lib/python3.12/site-packages/oslo_service/backend/_threading/loopingcall.py:125}}
Aug 01 13:42:22.155878 np0000006305 nova-conductor[95886]: DEBUG oslo.service.backend._threading.loopingcall [-] Fixed interval looping call 'nova.servicegroup.drivers.db.DbDriver._report_state' sleeping for 119.99 seconds {{(pid=95886) _run_loop /opt/stack/data/venv/lib/python3.12/site-packages/oslo_service/backend/_threading/loopingcall.py:125}}
Aug 01 13:42:25.719630 np0000006305 nova-conductor[94371]: DEBUG dbcounter [-] [94371] Writing DB stats nova_api:SELECT=1 {{(pid=94371) stat_writer /opt/stack/data/venv/lib/python3.12/site-packages/dbcounter.py:115}}
Aug 01 13:42:25.847291 np0000006305 nova-conductor[94371]: DEBUG dbcounter [-] [94371] Writing DB stats nova_cell0:SELECT=1 {{(pid=94371) stat_writer /opt/stack/data/venv/lib/python3.12/site-packages/dbcounter.py:115}}
Aug 01 13:42:25.847825 np0000006305 nova-conductor[94371]: DEBUG dbcounter [-] [94371] Writing DB stats nova_cell1:SELECT=1 {{(pid=94371) stat_writer /opt/stack/data/venv/lib/python3.12/site-packages/dbcounter.py:115}}
Aug 01 13:42:32.149273 np0000006305 nova-conductor[95876]: DEBUG dbcounter [-] [95876] Writing DB stats nova_cell0:SELECT=3,nova_cell0:UPDATE=1 {{(pid=95876) stat_writer /opt/stack/data/venv/lib/python3.12/site-packages/dbcounter.py:115}}
Aug 01 13:42:32.150682 np0000006305 nova-conductor[95880]: DEBUG dbcounter [-] [95880] Writing DB stats nova_cell0:SELECT=4,nova_cell0:INSERT=1,nova_cell0:UPDATE=1 {{(pid=95880) stat_writer /opt/stack/data/venv/lib/python3.12/site-packages/dbcounter.py:115}}
Aug 01 13:42:32.154329 np0000006305 nova-conductor[95886]: DEBUG dbcounter [-] [95886] Writing DB stats nova_cell0:SELECT=5,nova_cell0:INSERT=1,nova_cell0:UPDATE=1 {{(pid=95886) stat_writer /opt/stack/data/venv/lib/python3.12/site-packages/dbcounter.py:115}}
Aug 01 13:42:33.141978 np0000006305 nova-conductor[95886]: DEBUG oslo.service.backend._threading.loopingcall [None req-19374dc7-cda7-42af-9b15-0ce089ef7652 None None] Dynamic interval looping call 'nova.service.Service.periodic_tasks' sleeping for 60.00 seconds {{(pid=95886) _run_loop /opt/stack/data/venv/lib/python3.12/site-packages/oslo_service/backend/_threading/loopingcall.py:125}}
Aug 01 13:42:40.139584 np0000006305 nova-conductor[95876]: DEBUG oslo.service.backend._threading.loopingcall [None req-bad7fee7-0a63-4eb5-b46f-b1c665e12650 None None] Dynamic interval looping call 'nova.service.Service.periodic_tasks' sleeping for 60.00 seconds {{(pid=95876) _run_loop /opt/stack/data/venv/lib/python3.12/site-packages/oslo_service/backend/_threading/loopingcall.py:125}}
Aug 01 13:43:22.140936 np0000006305 nova-conductor[95880]: DEBUG oslo.service.backend._threading.loopingcall [None req-f6a1ba45-889f-4ef9-8b58-adaafc60945c None None] Dynamic interval looping call 'nova.service.Service.periodic_tasks' sleeping for 60.00 seconds {{(pid=95880) _run_loop /opt/stack/data/venv/lib/python3.12/site-packages/oslo_service/backend/_threading/loopingcall.py:125}}
Aug 01 13:43:33.142514 np0000006305 nova-conductor[95886]: DEBUG oslo.service.backend._threading.loopingcall [None req-19374dc7-cda7-42af-9b15-0ce089ef7652 None None] Dynamic interval looping call 'nova.service.Service.periodic_tasks' sleeping for 60.00 seconds {{(pid=95886) _run_loop /opt/stack/data/venv/lib/python3.12/site-packages/oslo_service/backend/_threading/loopingcall.py:125}}
Aug 01 13:43:40.140073 np0000006305 nova-conductor[95876]: DEBUG oslo.service.backend._threading.loopingcall [None req-bad7fee7-0a63-4eb5-b46f-b1c665e12650 None None] Dynamic interval looping call 'nova.service.Service.periodic_tasks' sleeping for 60.00 seconds {{(pid=95876) _run_loop /opt/stack/data/venv/lib/python3.12/site-packages/oslo_service/backend/_threading/loopingcall.py:125}}
Aug 01 13:44:22.141278 np0000006305 nova-conductor[95880]: DEBUG oslo.service.backend._threading.loopingcall [None req-f6a1ba45-889f-4ef9-8b58-adaafc60945c None None] Dynamic interval looping call 'nova.service.Service.periodic_tasks' sleeping for 60.00 seconds {{(pid=95880) _run_loop /opt/stack/data/venv/lib/python3.12/site-packages/oslo_service/backend/_threading/loopingcall.py:125}}
Aug 01 13:44:22.141903 np0000006305 nova-conductor[95876]: DEBUG oslo.service.backend._threading.loopingcall [-] Fixed interval looping call 'nova.servicegroup.drivers.db.DbDriver._report_state' sleeping for 119.99 seconds {{(pid=95876) _run_loop /opt/stack/data/venv/lib/python3.12/site-packages/oslo_service/backend/_threading/loopingcall.py:125}}
Aug 01 13:44:22.147682 np0000006305 nova-conductor[95880]: DEBUG oslo.service.backend._threading.loopingcall [-] Fixed interval looping call 'nova.servicegroup.drivers.db.DbDriver._report_state' sleeping for 120.00 seconds {{(pid=95880) _run_loop /opt/stack/data/venv/lib/python3.12/site-packages/oslo_service/backend/_threading/loopingcall.py:125}}
Aug 01 13:44:22.149165 np0000006305 nova-conductor[95886]: DEBUG oslo.service.backend._threading.loopingcall [-] Fixed interval looping call 'nova.servicegroup.drivers.db.DbDriver._report_state' sleeping for 120.00 seconds {{(pid=95886) _run_loop /opt/stack/data/venv/lib/python3.12/site-packages/oslo_service/backend/_threading/loopingcall.py:125}}
Aug 01 13:44:32.137381 np0000006305 nova-conductor[95876]: DEBUG dbcounter [-] [95876] Writing DB stats nova_cell0:SELECT=1,nova_cell0:UPDATE=1 {{(pid=95876) stat_writer /opt/stack/data/venv/lib/python3.12/site-packages/dbcounter.py:115}}
Aug 01 13:44:32.145815 np0000006305 nova-conductor[95880]: DEBUG dbcounter [-] [95880] Writing DB stats nova_cell0:SELECT=1 {{(pid=95880) stat_writer /opt/stack/data/venv/lib/python3.12/site-packages/dbcounter.py:115}}
Aug 01 13:44:32.147849 np0000006305 nova-conductor[95886]: DEBUG dbcounter [-] [95886] Writing DB stats nova_cell0:SELECT=1 {{(pid=95886) stat_writer /opt/stack/data/venv/lib/python3.12/site-packages/dbcounter.py:115}}
Aug 01 13:44:33.143148 np0000006305 nova-conductor[95886]: DEBUG oslo.service.backend._threading.loopingcall [None req-19374dc7-cda7-42af-9b15-0ce089ef7652 None None] Dynamic interval looping call 'nova.service.Service.periodic_tasks' sleeping for 60.00 seconds {{(pid=95886) _run_loop /opt/stack/data/venv/lib/python3.12/site-packages/oslo_service/backend/_threading/loopingcall.py:125}}
Aug 01 13:44:40.140756 np0000006305 nova-conductor[95876]: DEBUG oslo.service.backend._threading.loopingcall [None req-bad7fee7-0a63-4eb5-b46f-b1c665e12650 None None] Dynamic interval looping call 'nova.service.Service.periodic_tasks' sleeping for 60.00 seconds {{(pid=95876) _run_loop /opt/stack/data/venv/lib/python3.12/site-packages/oslo_service/backend/_threading/loopingcall.py:125}}
Aug 01 13:44:40.803253 np0000006305 nova-conductor[95880]: DEBUG oslo_db.sqlalchemy.engines [None req-6ac507b5-fb01-4471-90c4-1ae76df340de tempest-DeleteServersTestJSON-622108333 tempest-DeleteServersTestJSON-622108333-project-member] Parent process 94371 forked (95880) with an open database connection, which is being discarded and recreated. {{(pid=95880) checkout /opt/stack/data/venv/lib/python3.12/site-packages/oslo_db/sqlalchemy/engines.py:402}}
Aug 01 13:44:40.860114 np0000006305 nova-conductor[95880]: DEBUG dbcounter [-] [95880] Writer thread running {{(pid=95880) stat_writer /opt/stack/data/venv/lib/python3.12/site-packages/dbcounter.py:102}}
Aug 01 13:44:41.631809 np0000006305 nova-conductor[95880]: DEBUG nova.conductor.manager [None req-6ac507b5-fb01-4471-90c4-1ae76df340de tempest-DeleteServersTestJSON-622108333 tempest-DeleteServersTestJSON-622108333-project-member] Took 0.77 seconds to select destinations for 1 instance(s). {{(pid=95880) _schedule_instances /opt/stack/nova/nova/conductor/manager.py:968}}
Aug 01 13:44:41.662378 np0000006305 nova-conductor[95880]: DEBUG oslo_concurrency.lockutils [None req-6ac507b5-fb01-4471-90c4-1ae76df340de tempest-DeleteServersTestJSON-622108333 tempest-DeleteServersTestJSON-622108333-project-member] Acquiring lock "d4841779-0a6d-465c-a9fd-3e2f1db25e90" by "nova.context.set_target_cell..get_or_set_cached_cell_and_set_connections" {{(pid=95880) inner /opt/stack/data/venv/lib/python3.12/site-packages/oslo_concurrency/lockutils.py:512}}
Aug 01 13:44:41.662592 np0000006305 nova-conductor[95880]: DEBUG oslo_concurrency.lockutils [None req-6ac507b5-fb01-4471-90c4-1ae76df340de tempest-DeleteServersTestJSON-622108333 tempest-DeleteServersTestJSON-622108333-project-member] Lock "d4841779-0a6d-465c-a9fd-3e2f1db25e90" acquired by "nova.context.set_target_cell..get_or_set_cached_cell_and_set_connections" :: waited 0.000s {{(pid=95880) inner /opt/stack/data/venv/lib/python3.12/site-packages/oslo_concurrency/lockutils.py:525}}
Aug 01 13:44:41.664493 np0000006305 nova-conductor[95880]: DEBUG oslo_concurrency.lockutils [None req-6ac507b5-fb01-4471-90c4-1ae76df340de tempest-DeleteServersTestJSON-622108333 tempest-DeleteServersTestJSON-622108333-project-member] Lock "d4841779-0a6d-465c-a9fd-3e2f1db25e90" "released" by "nova.context.set_target_cell..get_or_set_cached_cell_and_set_connections" :: held 0.002s {{(pid=95880) inner /opt/stack/data/venv/lib/python3.12/site-packages/oslo_concurrency/lockutils.py:544}}
Aug 01 13:44:41.666858 np0000006305 nova-conductor[95880]: INFO dbcounter [None req-6ac507b5-fb01-4471-90c4-1ae76df340de tempest-DeleteServersTestJSON-622108333 tempest-DeleteServersTestJSON-622108333-project-member] Registered counter for database nova_cell1
Aug 01 13:44:41.712505 np0000006305 nova-conductor[95880]: DEBUG oslo_db.sqlalchemy.engines [None req-6ac507b5-fb01-4471-90c4-1ae76df340de tempest-DeleteServersTestJSON-622108333 tempest-DeleteServersTestJSON-622108333-project-member] MySQL server mode set to STRICT_TRANS_TABLES,STRICT_ALL_TABLES,NO_ZERO_IN_DATE,NO_ZERO_DATE,ERROR_FOR_DIVISION_BY_ZERO,TRADITIONAL,NO_ENGINE_SUBSTITUTION {{(pid=95880) _check_effective_sql_mode /opt/stack/data/venv/lib/python3.12/site-packages/oslo_db/sqlalchemy/engines.py:325}}
Aug 01 13:44:41.718883 np0000006305 nova-conductor[95880]: DEBUG dbcounter [-] [95880] Writer thread running {{(pid=95880) stat_writer /opt/stack/data/venv/lib/python3.12/site-packages/dbcounter.py:102}}
Aug 01 13:44:41.780998 np0000006305 nova-conductor[95880]: INFO nova.utils [None req-6ac507b5-fb01-4471-90c4-1ae76df340de tempest-DeleteServersTestJSON-622108333 tempest-DeleteServersTestJSON-622108333-project-member] The cell worker thread pool ForkProcess-2.cell_worker is initialized
Aug 01 13:44:41.781244 np0000006305 nova-conductor[95880]: DEBUG oslo_concurrency.lockutils [None req-6ac507b5-fb01-4471-90c4-1ae76df340de tempest-DeleteServersTestJSON-622108333 tempest-DeleteServersTestJSON-622108333-project-member] Acquiring lock "00000000-0000-0000-0000-000000000000" by "nova.context.set_target_cell..get_or_set_cached_cell_and_set_connections" {{(pid=95880) inner /opt/stack/data/venv/lib/python3.12/site-packages/oslo_concurrency/lockutils.py:512}}
Aug 01 13:44:41.781244 np0000006305 nova-conductor[95880]: DEBUG oslo_concurrency.lockutils [None req-6ac507b5-fb01-4471-90c4-1ae76df340de tempest-DeleteServersTestJSON-622108333 tempest-DeleteServersTestJSON-622108333-project-member] Lock "00000000-0000-0000-0000-000000000000" acquired by "nova.context.set_target_cell..get_or_set_cached_cell_and_set_connections" :: waited 0.000s {{(pid=95880) inner /opt/stack/data/venv/lib/python3.12/site-packages/oslo_concurrency/lockutils.py:525}}
Aug 01 13:44:41.781728 np0000006305 nova-conductor[95880]: DEBUG oslo_concurrency.lockutils [None req-6ac507b5-fb01-4471-90c4-1ae76df340de tempest-DeleteServersTestJSON-622108333 tempest-DeleteServersTestJSON-622108333-project-member] Lock "00000000-0000-0000-0000-000000000000" "released" by "nova.context.set_target_cell..get_or_set_cached_cell_and_set_connections" :: held 0.000s {{(pid=95880) inner /opt/stack/data/venv/lib/python3.12/site-packages/oslo_concurrency/lockutils.py:544}}
Aug 01 13:44:41.782422 np0000006305 nova-conductor[95880]: DEBUG oslo_concurrency.lockutils [None req-6ac507b5-fb01-4471-90c4-1ae76df340de tempest-DeleteServersTestJSON-622108333 tempest-DeleteServersTestJSON-622108333-project-member] Acquiring lock "d4841779-0a6d-465c-a9fd-3e2f1db25e90" by "nova.context.set_target_cell..get_or_set_cached_cell_and_set_connections" {{(pid=95880) inner /opt/stack/data/venv/lib/python3.12/site-packages/oslo_concurrency/lockutils.py:512}}
Aug 01 13:44:41.782823 np0000006305 nova-conductor[95880]: DEBUG oslo_concurrency.lockutils [None req-6ac507b5-fb01-4471-90c4-1ae76df340de tempest-DeleteServersTestJSON-622108333 tempest-DeleteServersTestJSON-622108333-project-member] Lock "d4841779-0a6d-465c-a9fd-3e2f1db25e90" acquired by "nova.context.set_target_cell..get_or_set_cached_cell_and_set_connections" :: waited 0.000s {{(pid=95880) inner /opt/stack/data/venv/lib/python3.12/site-packages/oslo_concurrency/lockutils.py:525}}
Aug 01 13:44:41.782823 np0000006305 nova-conductor[95880]: DEBUG oslo_concurrency.lockutils [None req-6ac507b5-fb01-4471-90c4-1ae76df340de tempest-DeleteServersTestJSON-622108333 tempest-DeleteServersTestJSON-622108333-project-member] Lock "d4841779-0a6d-465c-a9fd-3e2f1db25e90" "released" by "nova.context.set_target_cell..get_or_set_cached_cell_and_set_connections" :: held 0.000s {{(pid=95880) inner /opt/stack/data/venv/lib/python3.12/site-packages/oslo_concurrency/lockutils.py:544}}
Aug 01 13:44:41.784948 np0000006305 nova-conductor[95880]: INFO dbcounter [None req-6ac507b5-fb01-4471-90c4-1ae76df340de tempest-DeleteServersTestJSON-622108333 tempest-DeleteServersTestJSON-622108333-project-member] Registered counter for database nova_cell0
Aug 01 13:44:41.814507 np0000006305 nova-conductor[95880]: DEBUG oslo_db.sqlalchemy.engines [None req-6ac507b5-fb01-4471-90c4-1ae76df340de tempest-DeleteServersTestJSON-622108333 tempest-DeleteServersTestJSON-622108333-project-member] MySQL server mode set to STRICT_TRANS_TABLES,STRICT_ALL_TABLES,NO_ZERO_IN_DATE,NO_ZERO_DATE,ERROR_FOR_DIVISION_BY_ZERO,TRADITIONAL,NO_ENGINE_SUBSTITUTION {{(pid=95880) _check_effective_sql_mode /opt/stack/data/venv/lib/python3.12/site-packages/oslo_db/sqlalchemy/engines.py:325}}
Aug 01 13:44:41.825916 np0000006305 nova-conductor[95880]: DEBUG dbcounter [-] [95880] Writer thread running {{(pid=95880) stat_writer /opt/stack/data/venv/lib/python3.12/site-packages/dbcounter.py:102}}
Aug 01 13:44:41.842152 np0000006305 nova-conductor[95880]: DEBUG nova.quota [None req-6ac507b5-fb01-4471-90c4-1ae76df340de tempest-DeleteServersTestJSON-622108333 tempest-DeleteServersTestJSON-622108333-project-member] Getting quotas for project 8d6fd59e89934524842df704a6493b50. Resources: {'ram', 'instances', 'cores'} {{(pid=95880) _get_quotas /opt/stack/nova/nova/quota.py:389}}
Aug 01 13:44:41.845358 np0000006305 nova-conductor[95880]: DEBUG nova.quota [None req-6ac507b5-fb01-4471-90c4-1ae76df340de tempest-DeleteServersTestJSON-622108333 tempest-DeleteServersTestJSON-622108333-project-member] Getting quotas for user 5b6850953558445598d2e6cb327ac986 and project 8d6fd59e89934524842df704a6493b50. Resources: {'ram', 'instances', 'cores'} {{(pid=95880) _get_quotas /opt/stack/nova/nova/quota.py:379}}
Aug 01 13:44:41.850613 np0000006305 nova-conductor[95880]: DEBUG nova.conductor.manager [None req-6ac507b5-fb01-4471-90c4-1ae76df340de tempest-DeleteServersTestJSON-622108333 tempest-DeleteServersTestJSON-622108333-project-member] [instance: 82f39b9c-5117-40b1-aa86-9dc9fa168a00] Selected host: np0000006305; Selected node: np0000006305; Alternates: [] {{(pid=95880) schedule_and_build_instances /opt/stack/nova/nova/conductor/manager.py:1784}}
Aug 01 13:44:41.851028 np0000006305 nova-conductor[95880]: DEBUG oslo_concurrency.lockutils [None req-6ac507b5-fb01-4471-90c4-1ae76df340de tempest-DeleteServersTestJSON-622108333 tempest-DeleteServersTestJSON-622108333-project-member] Acquiring lock "d4841779-0a6d-465c-a9fd-3e2f1db25e90" by "nova.context.set_target_cell..get_or_set_cached_cell_and_set_connections" {{(pid=95880) inner /opt/stack/data/venv/lib/python3.12/site-packages/oslo_concurrency/lockutils.py:512}}
Aug 01 13:44:41.851163 np0000006305 nova-conductor[95880]: DEBUG oslo_concurrency.lockutils [None req-6ac507b5-fb01-4471-90c4-1ae76df340de tempest-DeleteServersTestJSON-622108333 tempest-DeleteServersTestJSON-622108333-project-member] Lock "d4841779-0a6d-465c-a9fd-3e2f1db25e90" acquired by "nova.context.set_target_cell..get_or_set_cached_cell_and_set_connections" :: waited 0.000s {{(pid=95880) inner /opt/stack/data/venv/lib/python3.12/site-packages/oslo_concurrency/lockutils.py:525}}
Aug 01 13:44:41.851270 np0000006305 nova-conductor[95880]: DEBUG oslo_concurrency.lockutils [None req-6ac507b5-fb01-4471-90c4-1ae76df340de tempest-DeleteServersTestJSON-622108333 tempest-DeleteServersTestJSON-622108333-project-member] Lock "d4841779-0a6d-465c-a9fd-3e2f1db25e90" "released" by "nova.context.set_target_cell..get_or_set_cached_cell_and_set_connections" :: held 0.000s {{(pid=95880) inner /opt/stack/data/venv/lib/python3.12/site-packages/oslo_concurrency/lockutils.py:544}}
Aug 01 13:44:41.856850 np0000006305 nova-conductor[95880]: DEBUG nova.conductor.manager [None req-6ac507b5-fb01-4471-90c4-1ae76df340de tempest-DeleteServersTestJSON-622108333 tempest-DeleteServersTestJSON-622108333-project-member] [instance: 82f39b9c-5117-40b1-aa86-9dc9fa168a00] block_device_mapping [BlockDeviceMapping(attachment_id=,boot_index=0,connection_info=None,created_at=,delete_on_termination=True,deleted=,deleted_at=,destination_type='local',device_name=None,device_type='disk',disk_bus=None,encrypted=False,encryption_format=None,encryption_options=None,encryption_secret_uuid=None,guest_format=None,id=,image_id='1f6f5e15-d292-43ea-ab11-06e2815af0fb',instance=,instance_uuid=,no_device=False,snapshot_id=None,source_type='image',tag=None,updated_at=,uuid=,volume_id=None,volume_size=None,volume_type=None)] {{(pid=95880) _create_block_device_mapping /opt/stack/nova/nova/conductor/manager.py:1529}}
Aug 01 13:44:41.858209 np0000006305 nova-conductor[95880]: DEBUG oslo_concurrency.lockutils [None req-6ac507b5-fb01-4471-90c4-1ae76df340de tempest-DeleteServersTestJSON-622108333 tempest-DeleteServersTestJSON-622108333-project-member] Acquiring lock "d4841779-0a6d-465c-a9fd-3e2f1db25e90" by "nova.context.set_target_cell..get_or_set_cached_cell_and_set_connections" {{(pid=95880) inner /opt/stack/data/venv/lib/python3.12/site-packages/oslo_concurrency/lockutils.py:512}}
Aug 01 13:44:41.858353 np0000006305 nova-conductor[95880]: DEBUG oslo_concurrency.lockutils [None req-6ac507b5-fb01-4471-90c4-1ae76df340de tempest-DeleteServersTestJSON-622108333 tempest-DeleteServersTestJSON-622108333-project-member] Lock "d4841779-0a6d-465c-a9fd-3e2f1db25e90" acquired by "nova.context.set_target_cell..get_or_set_cached_cell_and_set_connections" :: waited 0.000s {{(pid=95880) inner /opt/stack/data/venv/lib/python3.12/site-packages/oslo_concurrency/lockutils.py:525}}
Aug 01 13:44:41.858482 np0000006305 nova-conductor[95880]: DEBUG oslo_concurrency.lockutils [None req-6ac507b5-fb01-4471-90c4-1ae76df340de tempest-DeleteServersTestJSON-622108333 tempest-DeleteServersTestJSON-622108333-project-member] Lock "d4841779-0a6d-465c-a9fd-3e2f1db25e90" "released" by "nova.context.set_target_cell..get_or_set_cached_cell_and_set_connections" :: held 0.000s {{(pid=95880) inner /opt/stack/data/venv/lib/python3.12/site-packages/oslo_concurrency/lockutils.py:544}}
Aug 01 13:44:41.887919 np0000006305 nova-conductor[95880]: DEBUG oslo_concurrency.lockutils [None req-6ac507b5-fb01-4471-90c4-1ae76df340de tempest-DeleteServersTestJSON-622108333 tempest-DeleteServersTestJSON-622108333-project-member] Acquiring lock "d4841779-0a6d-465c-a9fd-3e2f1db25e90" by "nova.context.set_target_cell..get_or_set_cached_cell_and_set_connections" {{(pid=95880) inner /opt/stack/data/venv/lib/python3.12/site-packages/oslo_concurrency/lockutils.py:512}}
Aug 01 13:44:41.888103 np0000006305 nova-conductor[95880]: DEBUG oslo_concurrency.lockutils [None req-6ac507b5-fb01-4471-90c4-1ae76df340de tempest-DeleteServersTestJSON-622108333 tempest-DeleteServersTestJSON-622108333-project-member] Lock "d4841779-0a6d-465c-a9fd-3e2f1db25e90" acquired by "nova.context.set_target_cell..get_or_set_cached_cell_and_set_connections" :: waited 0.000s {{(pid=95880) inner /opt/stack/data/venv/lib/python3.12/site-packages/oslo_concurrency/lockutils.py:525}}
Aug 01 13:44:41.888234 np0000006305 nova-conductor[95880]: DEBUG oslo_concurrency.lockutils [None req-6ac507b5-fb01-4471-90c4-1ae76df340de tempest-DeleteServersTestJSON-622108333 tempest-DeleteServersTestJSON-622108333-project-member] Lock "d4841779-0a6d-465c-a9fd-3e2f1db25e90" "released" by "nova.context.set_target_cell..get_or_set_cached_cell_and_set_connections" :: held 0.000s {{(pid=95880) inner /opt/stack/data/venv/lib/python3.12/site-packages/oslo_concurrency/lockutils.py:544}}
Aug 01 13:44:41.888563 np0000006305 nova-conductor[95880]: DEBUG oslo_concurrency.lockutils [None req-6ac507b5-fb01-4471-90c4-1ae76df340de tempest-DeleteServersTestJSON-622108333 tempest-DeleteServersTestJSON-622108333-project-member] Acquiring lock "compute-rpcapi-router" {{(pid=95880) lock /opt/stack/data/venv/lib/python3.12/site-packages/oslo_concurrency/lockutils.py:396}}
Aug 01 13:44:41.888718 np0000006305 nova-conductor[95880]: DEBUG oslo_concurrency.lockutils [None req-6ac507b5-fb01-4471-90c4-1ae76df340de tempest-DeleteServersTestJSON-622108333 tempest-DeleteServersTestJSON-622108333-project-member] Acquired lock "compute-rpcapi-router" {{(pid=95880) lock /opt/stack/data/venv/lib/python3.12/site-packages/oslo_concurrency/lockutils.py:399}}
Aug 01 13:44:41.889154 np0000006305 nova-conductor[95880]: DEBUG oslo_concurrency.lockutils [None req-a73ae60b-d7c7-461f-8477-6b02670db443 None None] Acquiring lock "00000000-0000-0000-0000-000000000000" by "nova.context.set_target_cell..get_or_set_cached_cell_and_set_connections" {{(pid=95880) inner /opt/stack/data/venv/lib/python3.12/site-packages/oslo_concurrency/lockutils.py:512}}
Aug 01 13:44:41.889230 np0000006305 nova-conductor[95880]: DEBUG oslo_concurrency.lockutils [None req-a73ae60b-d7c7-461f-8477-6b02670db443 None None] Lock "00000000-0000-0000-0000-000000000000" acquired by "nova.context.set_target_cell..get_or_set_cached_cell_and_set_connections" :: waited 0.000s {{(pid=95880) inner /opt/stack/data/venv/lib/python3.12/site-packages/oslo_concurrency/lockutils.py:525}}
Aug 01 13:44:41.889333 np0000006305 nova-conductor[95880]: DEBUG oslo_concurrency.lockutils [None req-a73ae60b-d7c7-461f-8477-6b02670db443 None None] Lock "00000000-0000-0000-0000-000000000000" "released" by "nova.context.set_target_cell..get_or_set_cached_cell_and_set_connections" :: held 0.000s {{(pid=95880) inner /opt/stack/data/venv/lib/python3.12/site-packages/oslo_concurrency/lockutils.py:544}}
Aug 01 13:44:41.890015 np0000006305 nova-conductor[95880]: DEBUG oslo_concurrency.lockutils [None req-a73ae60b-d7c7-461f-8477-6b02670db443 None None] Acquiring lock "d4841779-0a6d-465c-a9fd-3e2f1db25e90" by "nova.context.set_target_cell..get_or_set_cached_cell_and_set_connections" {{(pid=95880) inner /opt/stack/data/venv/lib/python3.12/site-packages/oslo_concurrency/lockutils.py:512}}
Aug 01 13:44:41.891123 np0000006305 nova-conductor[95880]: DEBUG oslo_concurrency.lockutils [None req-a73ae60b-d7c7-461f-8477-6b02670db443 None None] Lock "d4841779-0a6d-465c-a9fd-3e2f1db25e90" acquired by "nova.context.set_target_cell..get_or_set_cached_cell_and_set_connections" :: waited 0.001s {{(pid=95880) inner /opt/stack/data/venv/lib/python3.12/site-packages/oslo_concurrency/lockutils.py:525}}
Aug 01 13:44:41.891286 np0000006305 nova-conductor[95880]: DEBUG oslo_concurrency.lockutils [None req-a73ae60b-d7c7-461f-8477-6b02670db443 None None] Lock "d4841779-0a6d-465c-a9fd-3e2f1db25e90" "released" by "nova.context.set_target_cell..get_or_set_cached_cell_and_set_connections" :: held 0.000s {{(pid=95880) inner /opt/stack/data/venv/lib/python3.12/site-packages/oslo_concurrency/lockutils.py:544}}
Aug 01 13:44:41.901278 np0000006305 nova-conductor[95880]: INFO nova.compute.rpcapi [None req-a73ae60b-d7c7-461f-8477-6b02670db443 None None] Automatically selected compute RPC version 6.5 from minimum service version 72
Aug 01 13:44:41.901707 np0000006305 nova-conductor[95880]: DEBUG oslo_concurrency.lockutils [None req-a73ae60b-d7c7-461f-8477-6b02670db443 None None] Releasing lock "compute-rpcapi-router" {{(pid=95880) lock /opt/stack/data/venv/lib/python3.12/site-packages/oslo_concurrency/lockutils.py:419}}
Aug 01 13:44:46.382607 np0000006305 nova-conductor[95876]: DEBUG dbcounter [-] [95876] Writer thread running {{(pid=95876) stat_writer /opt/stack/data/venv/lib/python3.12/site-packages/dbcounter.py:102}}
Aug 01 13:44:46.769869 np0000006305 nova-conductor[95876]: DEBUG nova.conductor.manager [None req-1cbaeea6-8fcf-486a-8554-67962309e587 tempest-ServerStableDeviceRescueTest-277182402 tempest-ServerStableDeviceRescueTest-277182402-project-member] Took 0.38 seconds to select destinations for 1 instance(s). {{(pid=95876) _schedule_instances /opt/stack/nova/nova/conductor/manager.py:968}}
Aug 01 13:44:46.799310 np0000006305 nova-conductor[95876]: DEBUG oslo_concurrency.lockutils [None req-1cbaeea6-8fcf-486a-8554-67962309e587 tempest-ServerStableDeviceRescueTest-277182402 tempest-ServerStableDeviceRescueTest-277182402-project-member] Acquiring lock "d4841779-0a6d-465c-a9fd-3e2f1db25e90" by "nova.context.set_target_cell..get_or_set_cached_cell_and_set_connections" {{(pid=95876) inner /opt/stack/data/venv/lib/python3.12/site-packages/oslo_concurrency/lockutils.py:512}}
Aug 01 13:44:46.799628 np0000006305 nova-conductor[95876]: DEBUG oslo_concurrency.lockutils [None req-1cbaeea6-8fcf-486a-8554-67962309e587 tempest-ServerStableDeviceRescueTest-277182402 tempest-ServerStableDeviceRescueTest-277182402-project-member] Lock "d4841779-0a6d-465c-a9fd-3e2f1db25e90" acquired by "nova.context.set_target_cell..get_or_set_cached_cell_and_set_connections" :: waited 0.000s {{(pid=95876) inner /opt/stack/data/venv/lib/python3.12/site-packages/oslo_concurrency/lockutils.py:525}}
Aug 01 13:44:46.801785 np0000006305 nova-conductor[95876]: DEBUG oslo_concurrency.lockutils [None req-1cbaeea6-8fcf-486a-8554-67962309e587 tempest-ServerStableDeviceRescueTest-277182402 tempest-ServerStableDeviceRescueTest-277182402-project-member] Lock "d4841779-0a6d-465c-a9fd-3e2f1db25e90" "released" by "nova.context.set_target_cell..get_or_set_cached_cell_and_set_connections" :: held 0.002s {{(pid=95876) inner /opt/stack/data/venv/lib/python3.12/site-packages/oslo_concurrency/lockutils.py:544}}
Aug 01 13:44:46.803692 np0000006305 nova-conductor[95876]: INFO dbcounter [None req-1cbaeea6-8fcf-486a-8554-67962309e587 tempest-ServerStableDeviceRescueTest-277182402 tempest-ServerStableDeviceRescueTest-277182402-project-member] Registered counter for database nova_cell1
Aug 01 13:44:46.842059 np0000006305 nova-conductor[95876]: DEBUG oslo_db.sqlalchemy.engines [None req-1cbaeea6-8fcf-486a-8554-67962309e587 tempest-ServerStableDeviceRescueTest-277182402 tempest-ServerStableDeviceRescueTest-277182402-project-member] MySQL server mode set to STRICT_TRANS_TABLES,STRICT_ALL_TABLES,NO_ZERO_IN_DATE,NO_ZERO_DATE,ERROR_FOR_DIVISION_BY_ZERO,TRADITIONAL,NO_ENGINE_SUBSTITUTION {{(pid=95876) _check_effective_sql_mode /opt/stack/data/venv/lib/python3.12/site-packages/oslo_db/sqlalchemy/engines.py:325}}
Aug 01 13:44:46.851899 np0000006305 nova-conductor[95876]: DEBUG dbcounter [-] [95876] Writer thread running {{(pid=95876) stat_writer /opt/stack/data/venv/lib/python3.12/site-packages/dbcounter.py:102}}
Aug 01 13:44:46.911357 np0000006305 nova-conductor[95876]: INFO nova.utils [None req-1cbaeea6-8fcf-486a-8554-67962309e587 tempest-ServerStableDeviceRescueTest-277182402 tempest-ServerStableDeviceRescueTest-277182402-project-member] The cell worker thread pool ForkProcess-1.cell_worker is initialized
Aug 01 13:44:46.912374 np0000006305 nova-conductor[95876]: DEBUG oslo_concurrency.lockutils [None req-1cbaeea6-8fcf-486a-8554-67962309e587 tempest-ServerStableDeviceRescueTest-277182402 tempest-ServerStableDeviceRescueTest-277182402-project-member] Acquiring lock "00000000-0000-0000-0000-000000000000" by "nova.context.set_target_cell..get_or_set_cached_cell_and_set_connections" {{(pid=95876) inner /opt/stack/data/venv/lib/python3.12/site-packages/oslo_concurrency/lockutils.py:512}}
Aug 01 13:44:46.912374 np0000006305 nova-conductor[95876]: DEBUG oslo_concurrency.lockutils [None req-1cbaeea6-8fcf-486a-8554-67962309e587 tempest-ServerStableDeviceRescueTest-277182402 tempest-ServerStableDeviceRescueTest-277182402-project-member] Lock "00000000-0000-0000-0000-000000000000" acquired by "nova.context.set_target_cell..get_or_set_cached_cell_and_set_connections" :: waited 0.000s {{(pid=95876) inner /opt/stack/data/venv/lib/python3.12/site-packages/oslo_concurrency/lockutils.py:525}}
Aug 01 13:44:46.912629 np0000006305 nova-conductor[95876]: DEBUG oslo_concurrency.lockutils [None req-1cbaeea6-8fcf-486a-8554-67962309e587 tempest-ServerStableDeviceRescueTest-277182402 tempest-ServerStableDeviceRescueTest-277182402-project-member] Lock "00000000-0000-0000-0000-000000000000" "released" by "nova.context.set_target_cell..get_or_set_cached_cell_and_set_connections" :: held 0.000s {{(pid=95876) inner /opt/stack/data/venv/lib/python3.12/site-packages/oslo_concurrency/lockutils.py:544}}
Aug 01 13:44:46.913150 np0000006305 nova-conductor[95876]: DEBUG oslo_concurrency.lockutils [None req-1cbaeea6-8fcf-486a-8554-67962309e587 tempest-ServerStableDeviceRescueTest-277182402 tempest-ServerStableDeviceRescueTest-277182402-project-member] Acquiring lock "d4841779-0a6d-465c-a9fd-3e2f1db25e90" by "nova.context.set_target_cell..get_or_set_cached_cell_and_set_connections" {{(pid=95876) inner /opt/stack/data/venv/lib/python3.12/site-packages/oslo_concurrency/lockutils.py:512}}
Aug 01 13:44:46.913229 np0000006305 nova-conductor[95876]: DEBUG oslo_concurrency.lockutils [None req-1cbaeea6-8fcf-486a-8554-67962309e587 tempest-ServerStableDeviceRescueTest-277182402 tempest-ServerStableDeviceRescueTest-277182402-project-member] Lock "d4841779-0a6d-465c-a9fd-3e2f1db25e90" acquired by "nova.context.set_target_cell..get_or_set_cached_cell_and_set_connections" :: waited 0.000s {{(pid=95876) inner /opt/stack/data/venv/lib/python3.12/site-packages/oslo_concurrency/lockutils.py:525}}
Aug 01 13:44:46.913462 np0000006305 nova-conductor[95876]: DEBUG oslo_concurrency.lockutils [None req-1cbaeea6-8fcf-486a-8554-67962309e587 tempest-ServerStableDeviceRescueTest-277182402 tempest-ServerStableDeviceRescueTest-277182402-project-member] Lock "d4841779-0a6d-465c-a9fd-3e2f1db25e90" "released" by "nova.context.set_target_cell..get_or_set_cached_cell_and_set_connections" :: held 0.000s {{(pid=95876) inner /opt/stack/data/venv/lib/python3.12/site-packages/oslo_concurrency/lockutils.py:544}}
