Aug 24 15:53:11.578253 np0000007979 devstack@g-api.service[99773]: DEBUG glance_store.backend [-] Attempting to import store http {{(pid=99773) _load_store /opt/stack/data/venv/lib/python3.12/site-packages/glance_store/backend.py:215}}
Aug 24 15:53:11.578443 np0000007979 devstack@g-api.service[99773]: DEBUG glance_store.capabilities [-] Store glance_store._drivers.http.Store doesn't support updating dynamic storage capabilities. Please overwrite 'update_capabilities' method of the store to implement updating logics if needed. {{(pid=99773) update_capabilities /opt/stack/data/venv/lib/python3.12/site-packages/glance_store/capabilities.py:91}}
Aug 24 15:53:11.578497 np0000007979 devstack@g-api.service[99773]: DEBUG glance_store.backend [-] Registering store http with schemes ('http', 'https') {{(pid=99773) create_stores /opt/stack/data/venv/lib/python3.12/site-packages/glance_store/backend.py:261}}
Aug 24 15:53:11.578553 np0000007979 devstack@g-api.service[99773]: DEBUG glance_store.driver [-] Late loading location class glance_store._drivers.http.StoreLocation {{(pid=99773) get_store_location_class /opt/stack/data/venv/lib/python3.12/site-packages/glance_store/driver.py:134}}
Aug 24 15:53:11.578612 np0000007979 devstack@g-api.service[99773]: DEBUG glance_store.location [-] Registering scheme http with {'store': , 'location_class': , 'store_entry': 'http'} {{(pid=99773) register_scheme_map /opt/stack/data/venv/lib/python3.12/site-packages/glance_store/location.py:146}}
Aug 24 15:53:11.578662 np0000007979 devstack@g-api.service[99773]: DEBUG glance_store.location [-] Registering scheme https with {'store': , 'location_class': , 'store_entry': 'http'} {{(pid=99773) register_scheme_map /opt/stack/data/venv/lib/python3.12/site-packages/glance_store/location.py:146}}
Aug 24 15:53:11.578715 np0000007979 devstack@g-api.service[99773]: DEBUG glance_store.backend [-] Attempting to import store file {{(pid=99773) _load_store /opt/stack/data/venv/lib/python3.12/site-packages/glance_store/backend.py:215}}
Aug 24 15:53:11.579172 np0000007979 devstack@g-api.service[99773]: DEBUG glance_store.capabilities [-] Store glance_store._drivers.filesystem.Store doesn't support updating dynamic storage capabilities. Please overwrite 'update_capabilities' method of the store to implement updating logics if needed. {{(pid=99773) update_capabilities /opt/stack/data/venv/lib/python3.12/site-packages/glance_store/capabilities.py:91}}
Aug 24 15:53:11.579233 np0000007979 devstack@g-api.service[99773]: DEBUG glance_store.backend [-] Registering store file with schemes ('file', 'filesystem') {{(pid=99773) create_stores /opt/stack/data/venv/lib/python3.12/site-packages/glance_store/backend.py:261}}
Aug 24 15:53:11.579283 np0000007979 devstack@g-api.service[99773]: DEBUG glance_store.driver [-] Late loading location class glance_store._drivers.filesystem.StoreLocation {{(pid=99773) get_store_location_class /opt/stack/data/venv/lib/python3.12/site-packages/glance_store/driver.py:134}}
Aug 24 15:53:11.579348 np0000007979 devstack@g-api.service[99773]: DEBUG glance_store.location [-] Registering scheme file with {'store': , 'location_class': , 'store_entry': 'file'} {{(pid=99773) register_scheme_map /opt/stack/data/venv/lib/python3.12/site-packages/glance_store/location.py:146}}
Aug 24 15:53:11.579396 np0000007979 devstack@g-api.service[99773]: DEBUG glance_store.location [-] Registering scheme filesystem with {'store': , 'location_class': , 'store_entry': 'file'} {{(pid=99773) register_scheme_map /opt/stack/data/venv/lib/python3.12/site-packages/glance_store/location.py:146}}
Aug 24 15:53:11.579496 np0000007979 devstack@g-api.service[99773]: DEBUG glance_store.backend [-] Attempting to import store swift {{(pid=99773) _load_store /opt/stack/data/venv/lib/python3.12/site-packages/glance_store/backend.py:215}}
Aug 24 15:53:11.580508 np0000007979 devstack@g-api.service[99773]: DEBUG glance_store.capabilities [-] Store glance_store._drivers.swift.store.SingleTenantStore doesn't support updating dynamic storage capabilities. Please overwrite 'update_capabilities' method of the store to implement updating logics if needed. {{(pid=99773) update_capabilities /opt/stack/data/venv/lib/python3.12/site-packages/glance_store/capabilities.py:91}}
Aug 24 15:53:11.580569 np0000007979 devstack@g-api.service[99773]: DEBUG glance_store.driver [-] Late loading location class glance_store._drivers.swift.store.StoreLocation {{(pid=99773) get_store_location_class /opt/stack/data/venv/lib/python3.12/site-packages/glance_store/driver.py:134}}
Aug 24 15:53:11.580632 np0000007979 devstack@g-api.service[99773]: DEBUG glance_store.location [-] Registering scheme swift+https with {'store': , 'location_class': , 'store_entry': 'swift'} {{(pid=99773) register_scheme_map /opt/stack/data/venv/lib/python3.12/site-packages/glance_store/location.py:146}}
Aug 24 15:53:11.580685 np0000007979 devstack@g-api.service[99773]: DEBUG glance_store.location [-] Registering scheme swift+https with {'store': , 'location_class': , 'store_entry': 'swift'} {{(pid=99773) register_scheme_map /opt/stack/data/venv/lib/python3.12/site-packages/glance_store/location.py:146}}
Aug 24 15:53:11.580756 np0000007979 devstack@g-api.service[99773]: DEBUG glance_store.location [-] Registering scheme swift with {'store': , 'location_class': , 'store_entry': 'swift'} {{(pid=99773) register_scheme_map /opt/stack/data/venv/lib/python3.12/site-packages/glance_store/location.py:146}}
Aug 24 15:53:11.580811 np0000007979 devstack@g-api.service[99773]: DEBUG glance_store.location [-] Registering scheme swift+https with {'store': , 'location_class': , 'store_entry': 'swift'} {{(pid=99773) register_scheme_map /opt/stack/data/venv/lib/python3.12/site-packages/glance_store/location.py:146}}
Aug 24 15:53:11.580863 np0000007979 devstack@g-api.service[99773]: DEBUG glance_store.location [-] Registering scheme swift with {'store': , 'location_class': , 'store_entry': 'swift'} {{(pid=99773) register_scheme_map /opt/stack/data/venv/lib/python3.12/site-packages/glance_store/location.py:146}}
Aug 24 15:53:11.580914 np0000007979 devstack@g-api.service[99773]: DEBUG glance_store.location [-] Registering scheme swift+http with {'store': , 'location_class': , 'store_entry': 'swift'} {{(pid=99773) register_scheme_map /opt/stack/data/venv/lib/python3.12/site-packages/glance_store/location.py:146}}
Aug 24 15:53:11.580959 np0000007979 devstack@g-api.service[99773]: DEBUG glance_store.location [-] Registering scheme swift+https with {'store': , 'location_class': , 'store_entry': 'swift'} {{(pid=99773) register_scheme_map /opt/stack/data/venv/lib/python3.12/site-packages/glance_store/location.py:146}}
Aug 24 15:53:11.581006 np0000007979 devstack@g-api.service[99773]: DEBUG glance_store.location [-] Registering scheme swift with {'store': , 'location_class': , 'store_entry': 'swift'} {{(pid=99773) register_scheme_map /opt/stack/data/venv/lib/python3.12/site-packages/glance_store/location.py:146}}
Aug 24 15:53:11.581056 np0000007979 devstack@g-api.service[99773]: DEBUG glance_store.location [-] Registering scheme swift+http with {'store': , 'location_class': , 'store_entry': 'swift'} {{(pid=99773) register_scheme_map /opt/stack/data/venv/lib/python3.12/site-packages/glance_store/location.py:146}}
Aug 24 15:53:11.581104 np0000007979 devstack@g-api.service[99773]: DEBUG glance_store.location [-] Registering scheme swift+config with {'store': , 'location_class': , 'store_entry': 'swift'} {{(pid=99773) register_scheme_map /opt/stack/data/venv/lib/python3.12/site-packages/glance_store/location.py:146}}
Aug 24 15:53:11.581366 np0000007979 devstack@g-api.service[99773]: DEBUG glance.sqlite_migration [-] SQLite caching database not located, skipping migration {{(pid=99773) get_db_path /opt/stack/glance/glance/sqlite_migration.py:68}}
Aug 24 15:53:11.581539 np0000007979 devstack@g-api.service[99773]: WARNING glance.common.wsgi_app [-] Import methods are enabled but staging directory /tmp/staging/ does not exist; Imports will fail!
Aug 24 15:53:11.673531 np0000007979 devstack@g-api.service[99775]: DEBUG glance.common.config [None req-3f9a1b79-8cd9-4914-b54e-e459ce8de199 None None] Loading glance-api-keystone+cachemanagement from /etc/glance/glance-api-paste.ini {{(pid=99775) load_paste_app /opt/stack/glance/glance/common/config.py:772}}
Aug 24 15:53:11.680648 np0000007979 devstack@g-api.service[99774]: DEBUG glance.common.config [None req-04db459a-7471-4be1-9962-afd67dd6d90b None None] Loading glance-api-keystone+cachemanagement from /etc/glance/glance-api-paste.ini {{(pid=99774) load_paste_app /opt/stack/glance/glance/common/config.py:772}}
Aug 24 15:53:11.712677 np0000007979 devstack@g-api.service[99773]: DEBUG glance.common.config [None req-32170da2-d4b3-4dde-84ef-2212dd3bfaa2 None None] Loading glance-api-keystone+cachemanagement from /etc/glance/glance-api-paste.ini {{(pid=99773) load_paste_app /opt/stack/glance/glance/common/config.py:772}}
Aug 24 15:53:12.306635 np0000007979 devstack@g-api.service[99773]: INFO glance.image_cache [None req-32170da2-d4b3-4dde-84ef-2212dd3bfaa2 None None] Image cache loaded driver 'centralized_db'.
Aug 24 15:53:12.327880 np0000007979 devstack@g-api.service[99775]: INFO glance.image_cache [None req-3f9a1b79-8cd9-4914-b54e-e459ce8de199 None None] Image cache loaded driver 'centralized_db'.
Aug 24 15:53:12.331496 np0000007979 devstack@g-api.service[99774]: INFO glance.image_cache [None req-04db459a-7471-4be1-9962-afd67dd6d90b None None] Image cache loaded driver 'centralized_db'.
Aug 24 15:53:12.353658 np0000007979 devstack@g-api.service[99773]: INFO dbcounter [None req-32170da2-d4b3-4dde-84ef-2212dd3bfaa2 None None] Registered counter for database glance
Aug 24 15:53:12.374699 np0000007979 devstack@g-api.service[99775]: INFO dbcounter [None req-3f9a1b79-8cd9-4914-b54e-e459ce8de199 None None] Registered counter for database glance
Aug 24 15:53:12.381387 np0000007979 devstack@g-api.service[99774]: INFO dbcounter [None req-04db459a-7471-4be1-9962-afd67dd6d90b None None] Registered counter for database glance
Aug 24 15:53:12.393648 np0000007979 devstack@g-api.service[99773]: DEBUG oslo_db.sqlalchemy.engines [None req-32170da2-d4b3-4dde-84ef-2212dd3bfaa2 None None] MySQL server mode set to STRICT_TRANS_TABLES,STRICT_ALL_TABLES,NO_ZERO_IN_DATE,NO_ZERO_DATE,ERROR_FOR_DIVISION_BY_ZERO,TRADITIONAL,NO_ENGINE_SUBSTITUTION {{(pid=99773) _check_effective_sql_mode /opt/stack/data/venv/lib/python3.12/site-packages/oslo_db/sqlalchemy/engines.py:325}}
Aug 24 15:53:12.414494 np0000007979 devstack@g-api.service[99775]: DEBUG oslo_db.sqlalchemy.engines [None req-3f9a1b79-8cd9-4914-b54e-e459ce8de199 None None] MySQL server mode set to STRICT_TRANS_TABLES,STRICT_ALL_TABLES,NO_ZERO_IN_DATE,NO_ZERO_DATE,ERROR_FOR_DIVISION_BY_ZERO,TRADITIONAL,NO_ENGINE_SUBSTITUTION {{(pid=99775) _check_effective_sql_mode /opt/stack/data/venv/lib/python3.12/site-packages/oslo_db/sqlalchemy/engines.py:325}}
Aug 24 15:53:12.415378 np0000007979 devstack@g-api.service[99773]: DEBUG dbcounter [-] [99773] Writer thread running {{(pid=99773) stat_writer /opt/stack/data/venv/lib/python3.12/site-packages/dbcounter.py:102}}
Aug 24 15:53:12.422918 np0000007979 devstack@g-api.service[99774]: DEBUG oslo_db.sqlalchemy.engines [None req-04db459a-7471-4be1-9962-afd67dd6d90b None None] MySQL server mode set to STRICT_TRANS_TABLES,STRICT_ALL_TABLES,NO_ZERO_IN_DATE,NO_ZERO_DATE,ERROR_FOR_DIVISION_BY_ZERO,TRADITIONAL,NO_ENGINE_SUBSTITUTION {{(pid=99774) _check_effective_sql_mode /opt/stack/data/venv/lib/python3.12/site-packages/oslo_db/sqlalchemy/engines.py:325}}
Aug 24 15:53:12.427553 np0000007979 devstack@g-api.service[99773]: INFO glance.image_cache [None req-32170da2-d4b3-4dde-84ef-2212dd3bfaa2 None None] Image cache loaded driver 'centralized_db'.
Aug 24 15:53:12.436148 np0000007979 devstack@g-api.service[99773]: DEBUG glance.image_cache.drivers.centralized_db [None req-32170da2-d4b3-4dde-84ef-2212dd3bfaa2 None None] Node reference is already recorded, ignoring it {{(pid=99773) configure /opt/stack/glance/glance/image_cache/drivers/centralized_db.py:71}}
Aug 24 15:53:12.436763 np0000007979 devstack@g-api.service[99775]: DEBUG dbcounter [-] [99775] Writer thread running {{(pid=99775) stat_writer /opt/stack/data/venv/lib/python3.12/site-packages/dbcounter.py:102}}
Aug 24 15:53:12.439485 np0000007979 devstack@g-api.service[99775]: DEBUG glance.image_cache.drivers.centralized_db [None req-3f9a1b79-8cd9-4914-b54e-e459ce8de199 None None] Node reference is already recorded, ignoring it {{(pid=99775) configure /opt/stack/glance/glance/image_cache/drivers/centralized_db.py:71}}
Aug 24 15:53:12.442399 np0000007979 devstack@g-api.service[99773]: DEBUG glance.api.v2.cached_images [None req-32170da2-d4b3-4dde-84ef-2212dd3bfaa2 None None] Started cache worker thread {{(pid=99773) __init__ /opt/stack/glance/glance/api/v2/cached_images.py:71}}
Aug 24 15:53:12.443131 np0000007979 devstack@g-api.service[99773]: INFO glance.image_cache [None req-32170da2-d4b3-4dde-84ef-2212dd3bfaa2 None None] Image cache loaded driver 'centralized_db'.
Aug 24 15:53:12.444980 np0000007979 devstack@g-api.service[99775]: INFO glance.image_cache [None req-3f9a1b79-8cd9-4914-b54e-e459ce8de199 None None] Image cache loaded driver 'centralized_db'.
Aug 24 15:53:12.450709 np0000007979 devstack@g-api.service[99774]: DEBUG dbcounter [-] [99774] Writer thread running {{(pid=99774) stat_writer /opt/stack/data/venv/lib/python3.12/site-packages/dbcounter.py:102}}
Aug 24 15:53:12.452480 np0000007979 devstack@g-api.service[99775]: DEBUG glance.image_cache.drivers.centralized_db [None req-3f9a1b79-8cd9-4914-b54e-e459ce8de199 None None] Node reference is already recorded, ignoring it {{(pid=99775) configure /opt/stack/glance/glance/image_cache/drivers/centralized_db.py:71}}
Aug 24 15:53:12.453953 np0000007979 devstack@g-api.service[99774]: DEBUG glance.image_cache.drivers.centralized_db [None req-04db459a-7471-4be1-9962-afd67dd6d90b None None] Node reference is already recorded, ignoring it {{(pid=99774) configure /opt/stack/glance/glance/image_cache/drivers/centralized_db.py:71}}
Aug 24 15:53:12.458912 np0000007979 devstack@g-api.service[99775]: DEBUG glance.api.v2.cached_images [None req-3f9a1b79-8cd9-4914-b54e-e459ce8de199 None None] Started cache worker thread {{(pid=99775) __init__ /opt/stack/glance/glance/api/v2/cached_images.py:71}}
Aug 24 15:53:12.459058 np0000007979 devstack@g-api.service[99774]: INFO glance.image_cache [None req-04db459a-7471-4be1-9962-afd67dd6d90b None None] Image cache loaded driver 'centralized_db'.
Aug 24 15:53:12.459683 np0000007979 devstack@g-api.service[99775]: INFO glance.image_cache [None req-3f9a1b79-8cd9-4914-b54e-e459ce8de199 None None] Image cache loaded driver 'centralized_db'.
Aug 24 15:53:12.466006 np0000007979 devstack@g-api.service[99774]: DEBUG glance.image_cache.drivers.centralized_db [None req-04db459a-7471-4be1-9962-afd67dd6d90b None None] Node reference is already recorded, ignoring it {{(pid=99774) configure /opt/stack/glance/glance/image_cache/drivers/centralized_db.py:71}}
Aug 24 15:53:12.472392 np0000007979 devstack@g-api.service[99774]: DEBUG glance.api.v2.cached_images [None req-04db459a-7471-4be1-9962-afd67dd6d90b None None] Started cache worker thread {{(pid=99774) __init__ /opt/stack/glance/glance/api/v2/cached_images.py:71}}
Aug 24 15:53:12.473167 np0000007979 devstack@g-api.service[99774]: INFO glance.image_cache [None req-04db459a-7471-4be1-9962-afd67dd6d90b None None] Image cache loaded driver 'centralized_db'.
Aug 24 15:53:12.545134 np0000007979 devstack@g-api.service[99773]: DEBUG glance.image_cache.drivers.centralized_db [None req-32170da2-d4b3-4dde-84ef-2212dd3bfaa2 None None] Node reference is already recorded, ignoring it {{(pid=99773) configure /opt/stack/glance/glance/image_cache/drivers/centralized_db.py:71}}
Aug 24 15:53:12.550429 np0000007979 devstack@g-api.service[99773]: INFO glance.api.middleware.cache_manage [None req-32170da2-d4b3-4dde-84ef-2212dd3bfaa2 None None] Initialized image cache management middleware
Aug 24 15:53:12.550608 np0000007979 devstack@g-api.service[99773]: INFO glance.image_cache [None req-32170da2-d4b3-4dde-84ef-2212dd3bfaa2 None None] Image cache loaded driver 'centralized_db'.
Aug 24 15:53:12.557715 np0000007979 devstack@g-api.service[99773]: DEBUG glance.image_cache.drivers.centralized_db [None req-32170da2-d4b3-4dde-84ef-2212dd3bfaa2 None None] Node reference is already recorded, ignoring it {{(pid=99773) configure /opt/stack/glance/glance/image_cache/drivers/centralized_db.py:71}}
Aug 24 15:53:12.560660 np0000007979 devstack@g-api.service[99775]: DEBUG glance.image_cache.drivers.centralized_db [None req-3f9a1b79-8cd9-4914-b54e-e459ce8de199 None None] Node reference is already recorded, ignoring it {{(pid=99775) configure /opt/stack/glance/glance/image_cache/drivers/centralized_db.py:71}}
Aug 24 15:53:12.561532 np0000007979 devstack@g-api.service[99773]: INFO glance.api.middleware.cache [None req-32170da2-d4b3-4dde-84ef-2212dd3bfaa2 None None] Initialized image cache middleware
Aug 24 15:53:12.565382 np0000007979 devstack@g-api.service[99775]: INFO glance.api.middleware.cache_manage [None req-3f9a1b79-8cd9-4914-b54e-e459ce8de199 None None] Initialized image cache management middleware
Aug 24 15:53:12.565522 np0000007979 devstack@g-api.service[99775]: INFO glance.image_cache [None req-3f9a1b79-8cd9-4914-b54e-e459ce8de199 None None] Image cache loaded driver 'centralized_db'.
Aug 24 15:53:12.570509 np0000007979 devstack@g-api.service[99774]: DEBUG glance.image_cache.drivers.centralized_db [None req-04db459a-7471-4be1-9962-afd67dd6d90b None None] Node reference is already recorded, ignoring it {{(pid=99774) configure /opt/stack/glance/glance/image_cache/drivers/centralized_db.py:71}}
Aug 24 15:53:12.572213 np0000007979 devstack@g-api.service[99775]: DEBUG glance.image_cache.drivers.centralized_db [None req-3f9a1b79-8cd9-4914-b54e-e459ce8de199 None None] Node reference is already recorded, ignoring it {{(pid=99775) configure /opt/stack/glance/glance/image_cache/drivers/centralized_db.py:71}}
Aug 24 15:53:12.572304 np0000007979 devstack@g-api.service[99773]: DEBUG glance.common.config [None req-32170da2-d4b3-4dde-84ef-2212dd3bfaa2 None None] ******************************************************************************** {{(pid=99773) log_opt_values /opt/stack/data/venv/lib/python3.12/site-packages/oslo_config/cfg.py:3533}}
Aug 24 15:53:12.572304 np0000007979 devstack@g-api.service[99773]: DEBUG glance.common.config [None req-32170da2-d4b3-4dde-84ef-2212dd3bfaa2 None None] Configuration options gathered from: {{(pid=99773) log_opt_values /opt/stack/data/venv/lib/python3.12/site-packages/oslo_config/cfg.py:3534}}
Aug 24 15:53:12.572594 np0000007979 devstack@g-api.service[99773]: DEBUG glance.common.config [None req-32170da2-d4b3-4dde-84ef-2212dd3bfaa2 None None] command line args: [] {{(pid=99773) log_opt_values /opt/stack/data/venv/lib/python3.12/site-packages/oslo_config/cfg.py:3535}}
Aug 24 15:53:12.572741 np0000007979 devstack@g-api.service[99773]: DEBUG glance.common.config [None req-32170da2-d4b3-4dde-84ef-2212dd3bfaa2 None None] config files: ['/etc/glance/glance-image-import.conf', '/etc/glance/glance-api.conf'] {{(pid=99773) log_opt_values /opt/stack/data/venv/lib/python3.12/site-packages/oslo_config/cfg.py:3536}}
Aug 24 15:53:12.572820 np0000007979 devstack@g-api.service[99773]: DEBUG glance.common.config [None req-32170da2-d4b3-4dde-84ef-2212dd3bfaa2 None None] ================================================================================ {{(pid=99773) log_opt_values /opt/stack/data/venv/lib/python3.12/site-packages/oslo_config/cfg.py:3541}}
Aug 24 15:53:12.572964 np0000007979 devstack@g-api.service[99773]: DEBUG glance.common.config [None req-32170da2-d4b3-4dde-84ef-2212dd3bfaa2 None None] allow_anonymous_access = False {{(pid=99773) log_opt_values /opt/stack/data/venv/lib/python3.12/site-packages/oslo_config/cfg.py:3549}}
Aug 24 15:53:12.573073 np0000007979 devstack@g-api.service[99773]: DEBUG glance.common.config [None req-32170da2-d4b3-4dde-84ef-2212dd3bfaa2 None None] api_limit_max = 1000 {{(pid=99773) log_opt_values /opt/stack/data/venv/lib/python3.12/site-packages/oslo_config/cfg.py:3549}}
Aug 24 15:53:12.573188 np0000007979 devstack@g-api.service[99773]: DEBUG glance.common.config [None req-32170da2-d4b3-4dde-84ef-2212dd3bfaa2 None None] config_dir = [] {{(pid=99773) log_opt_values /opt/stack/data/venv/lib/python3.12/site-packages/oslo_config/cfg.py:3549}}
Aug 24 15:53:12.573250 np0000007979 devstack@g-api.service[99773]: DEBUG glance.common.config [None req-32170da2-d4b3-4dde-84ef-2212dd3bfaa2 None None] config_file = ['/etc/glance/glance-image-import.conf', '/etc/glance/glance-api.conf'] {{(pid=99773) log_opt_values /opt/stack/data/venv/lib/python3.12/site-packages/oslo_config/cfg.py:3549}}
Aug 24 15:53:12.573345 np0000007979 devstack@g-api.service[99773]: DEBUG glance.common.config [None req-32170da2-d4b3-4dde-84ef-2212dd3bfaa2 None None] config_source = [] {{(pid=99773) log_opt_values /opt/stack/data/venv/lib/python3.12/site-packages/oslo_config/cfg.py:3549}}
Aug 24 15:53:12.573453 np0000007979 devstack@g-api.service[99773]: DEBUG glance.common.config [None req-32170da2-d4b3-4dde-84ef-2212dd3bfaa2 None None] control_exchange = glance {{(pid=99773) log_opt_values /opt/stack/data/venv/lib/python3.12/site-packages/oslo_config/cfg.py:3549}}
Aug 24 15:53:12.573525 np0000007979 devstack@g-api.service[99773]: DEBUG glance.common.config [None req-32170da2-d4b3-4dde-84ef-2212dd3bfaa2 None None] debug = True {{(pid=99773) log_opt_values /opt/stack/data/venv/lib/python3.12/site-packages/oslo_config/cfg.py:3549}}
Aug 24 15:53:12.573716 np0000007979 devstack@g-api.service[99773]: DEBUG glance.common.config [None req-32170da2-d4b3-4dde-84ef-2212dd3bfaa2 None None] default_log_levels = ['amqp=WARN', 'boto=WARN', 'sqlalchemy=WARN', 'suds=INFO', 'oslo.messaging=INFO', 'oslo_messaging=INFO', 'iso8601=WARN', 'requests.packages.urllib3.connectionpool=WARN', 'urllib3.connectionpool=WARN', 'websocket=WARN', 'requests.packages.urllib3.util.retry=WARN', 'urllib3.util.retry=WARN', 'keystonemiddleware=WARN', 'routes.middleware=WARN', 'stevedore=WARN', 'taskflow=WARN', 'keystoneauth=WARN', 'oslo.cache=INFO', 'oslo_policy=INFO', 'dogpile.core.dogpile=INFO'] {{(pid=99773) log_opt_values /opt/stack/data/venv/lib/python3.12/site-packages/oslo_config/cfg.py:3549}}
Aug 24 15:53:12.573854 np0000007979 devstack@g-api.service[99773]: DEBUG glance.common.config [None req-32170da2-d4b3-4dde-84ef-2212dd3bfaa2 None None] default_publisher_id = image.localhost {{(pid=99773) log_opt_values /opt/stack/data/venv/lib/python3.12/site-packages/oslo_config/cfg.py:3549}}
Aug 24 15:53:12.573987 np0000007979 devstack@g-api.service[99773]: DEBUG glance.common.config [None req-32170da2-d4b3-4dde-84ef-2212dd3bfaa2 None None] delayed_delete = False {{(pid=99773) log_opt_values /opt/stack/data/venv/lib/python3.12/site-packages/oslo_config/cfg.py:3549}}
Aug 24 15:53:12.574144 np0000007979 devstack@g-api.service[99773]: DEBUG glance.common.config [None req-32170da2-d4b3-4dde-84ef-2212dd3bfaa2 None None] digest_algorithm = sha256 {{(pid=99773) log_opt_values /opt/stack/data/venv/lib/python3.12/site-packages/oslo_config/cfg.py:3549}}
Aug 24 15:53:12.574283 np0000007979 devstack@g-api.service[99773]: DEBUG glance.common.config [None req-32170da2-d4b3-4dde-84ef-2212dd3bfaa2 None None] disabled_notifications = [] {{(pid=99773) log_opt_values /opt/stack/data/venv/lib/python3.12/site-packages/oslo_config/cfg.py:3549}}
Aug 24 15:53:12.574419 np0000007979 devstack@g-api.service[99773]: DEBUG glance.common.config [None req-32170da2-d4b3-4dde-84ef-2212dd3bfaa2 None None] do_secure_hash = True {{(pid=99773) log_opt_values /opt/stack/data/venv/lib/python3.12/site-packages/oslo_config/cfg.py:3549}}
Aug 24 15:53:12.574534 np0000007979 devstack@g-api.service[99773]: DEBUG glance.common.config [None req-32170da2-d4b3-4dde-84ef-2212dd3bfaa2 None None] enabled_backends = None {{(pid=99773) log_opt_values /opt/stack/data/venv/lib/python3.12/site-packages/oslo_config/cfg.py:3549}}
Aug 24 15:53:12.574655 np0000007979 devstack@g-api.service[99773]: DEBUG glance.common.config [None req-32170da2-d4b3-4dde-84ef-2212dd3bfaa2 None None] enabled_import_methods = ['glance-direct', 'web-download', 'copy-image'] {{(pid=99773) log_opt_values /opt/stack/data/venv/lib/python3.12/site-packages/oslo_config/cfg.py:3549}}
Aug 24 15:53:12.574774 np0000007979 devstack@g-api.service[99773]: DEBUG glance.common.config [None req-32170da2-d4b3-4dde-84ef-2212dd3bfaa2 None None] fatal_deprecations = False {{(pid=99773) log_opt_values /opt/stack/data/venv/lib/python3.12/site-packages/oslo_config/cfg.py:3549}}
Aug 24 15:53:12.574868 np0000007979 devstack@g-api.service[99773]: DEBUG glance.common.config [None req-32170da2-d4b3-4dde-84ef-2212dd3bfaa2 None None] hashing_algorithm = sha512 {{(pid=99773) log_opt_values /opt/stack/data/venv/lib/python3.12/site-packages/oslo_config/cfg.py:3549}}
Aug 24 15:53:12.574967 np0000007979 devstack@g-api.service[99773]: DEBUG glance.common.config [None req-32170da2-d4b3-4dde-84ef-2212dd3bfaa2 None None] http_retries = 3 {{(pid=99773) log_opt_values /opt/stack/data/venv/lib/python3.12/site-packages/oslo_config/cfg.py:3549}}
Aug 24 15:53:12.575071 np0000007979 devstack@g-api.service[99773]: DEBUG glance.common.config [None req-32170da2-d4b3-4dde-84ef-2212dd3bfaa2 None None] image_cache_dir = /opt/stack/data/glance/cache/ {{(pid=99773) log_opt_values /opt/stack/data/venv/lib/python3.12/site-packages/oslo_config/cfg.py:3549}}
Aug 24 15:53:12.575183 np0000007979 devstack@g-api.service[99773]: DEBUG glance.common.config [None req-32170da2-d4b3-4dde-84ef-2212dd3bfaa2 None None] image_cache_driver = centralized_db {{(pid=99773) log_opt_values /opt/stack/data/venv/lib/python3.12/site-packages/oslo_config/cfg.py:3549}}
Aug 24 15:53:12.575273 np0000007979 devstack@g-api.service[99773]: DEBUG glance.common.config [None req-32170da2-d4b3-4dde-84ef-2212dd3bfaa2 None None] image_cache_max_size = 10737418240 {{(pid=99773) log_opt_values /opt/stack/data/venv/lib/python3.12/site-packages/oslo_config/cfg.py:3549}}
Aug 24 15:53:12.575363 np0000007979 devstack@g-api.service[99773]: DEBUG glance.common.config [None req-32170da2-d4b3-4dde-84ef-2212dd3bfaa2 None None] image_cache_sqlite_db = cache.db {{(pid=99773) log_opt_values /opt/stack/data/venv/lib/python3.12/site-packages/oslo_config/cfg.py:3549}}
Aug 24 15:53:12.575448 np0000007979 devstack@g-api.service[99773]: DEBUG glance.common.config [None req-32170da2-d4b3-4dde-84ef-2212dd3bfaa2 None None] image_cache_stall_time = 86400 {{(pid=99773) log_opt_values /opt/stack/data/venv/lib/python3.12/site-packages/oslo_config/cfg.py:3549}}
Aug 24 15:53:12.575550 np0000007979 devstack@g-api.service[99773]: DEBUG glance.common.config [None req-32170da2-d4b3-4dde-84ef-2212dd3bfaa2 None None] image_location_quota = 10 {{(pid=99773) log_opt_values /opt/stack/data/venv/lib/python3.12/site-packages/oslo_config/cfg.py:3549}}
Aug 24 15:53:12.575642 np0000007979 devstack@g-api.service[99773]: DEBUG glance.common.config [None req-32170da2-d4b3-4dde-84ef-2212dd3bfaa2 None None] image_member_quota = 128 {{(pid=99773) log_opt_values /opt/stack/data/venv/lib/python3.12/site-packages/oslo_config/cfg.py:3549}}
Aug 24 15:53:12.575756 np0000007979 devstack@g-api.service[99773]: DEBUG glance.common.config [None req-32170da2-d4b3-4dde-84ef-2212dd3bfaa2 None None] image_property_quota = 128 {{(pid=99773) log_opt_values /opt/stack/data/venv/lib/python3.12/site-packages/oslo_config/cfg.py:3549}}
Aug 24 15:53:12.575846 np0000007979 devstack@g-api.service[99773]: DEBUG glance.common.config [None req-32170da2-d4b3-4dde-84ef-2212dd3bfaa2 None None] image_size_cap = 1099511627776 {{(pid=99773) log_opt_values /opt/stack/data/venv/lib/python3.12/site-packages/oslo_config/cfg.py:3549}}
Aug 24 15:53:12.575886 np0000007979 devstack@g-api.service[99774]: INFO glance.api.middleware.cache_manage [None req-04db459a-7471-4be1-9962-afd67dd6d90b None None] Initialized image cache management middleware
Aug 24 15:53:12.575924 np0000007979 devstack@g-api.service[99773]: DEBUG glance.common.config [None req-32170da2-d4b3-4dde-84ef-2212dd3bfaa2 None None] image_tag_quota = 128 {{(pid=99773) log_opt_values /opt/stack/data/venv/lib/python3.12/site-packages/oslo_config/cfg.py:3549}}
Aug 24 15:53:12.575994 np0000007979 devstack@g-api.service[99775]: INFO glance.api.middleware.cache [None req-3f9a1b79-8cd9-4914-b54e-e459ce8de199 None None] Initialized image cache middleware
Aug 24 15:53:12.576033 np0000007979 devstack@g-api.service[99774]: INFO glance.image_cache [None req-04db459a-7471-4be1-9962-afd67dd6d90b None None] Image cache loaded driver 'centralized_db'.
Aug 24 15:53:12.576068 np0000007979 devstack@g-api.service[99773]: DEBUG glance.common.config [None req-32170da2-d4b3-4dde-84ef-2212dd3bfaa2 None None] instance_format = [instance: %(uuid)s] {{(pid=99773) log_opt_values /opt/stack/data/venv/lib/python3.12/site-packages/oslo_config/cfg.py:3549}}
Aug 24 15:53:12.576136 np0000007979 devstack@g-api.service[99773]: DEBUG glance.common.config [None req-32170da2-d4b3-4dde-84ef-2212dd3bfaa2 None None] instance_uuid_format = [instance: %(uuid)s] {{(pid=99773) log_opt_values /opt/stack/data/venv/lib/python3.12/site-packages/oslo_config/cfg.py:3549}}
Aug 24 15:53:12.576224 np0000007979 devstack@g-api.service[99773]: DEBUG glance.common.config [None req-32170da2-d4b3-4dde-84ef-2212dd3bfaa2 None None] limit_param_default = 25 {{(pid=99773) log_opt_values /opt/stack/data/venv/lib/python3.12/site-packages/oslo_config/cfg.py:3549}}
Aug 24 15:53:12.576317 np0000007979 devstack@g-api.service[99773]: DEBUG glance.common.config [None req-32170da2-d4b3-4dde-84ef-2212dd3bfaa2 None None] log_color = False {{(pid=99773) log_opt_values /opt/stack/data/venv/lib/python3.12/site-packages/oslo_config/cfg.py:3549}}
Aug 24 15:53:12.576418 np0000007979 devstack@g-api.service[99773]: DEBUG glance.common.config [None req-32170da2-d4b3-4dde-84ef-2212dd3bfaa2 None None] log_config_append = None {{(pid=99773) log_opt_values /opt/stack/data/venv/lib/python3.12/site-packages/oslo_config/cfg.py:3549}}
Aug 24 15:53:12.576516 np0000007979 devstack@g-api.service[99773]: DEBUG glance.common.config [None req-32170da2-d4b3-4dde-84ef-2212dd3bfaa2 None None] log_date_format = %Y-%m-%d %H:%M:%S {{(pid=99773) log_opt_values /opt/stack/data/venv/lib/python3.12/site-packages/oslo_config/cfg.py:3549}}
Aug 24 15:53:12.576607 np0000007979 devstack@g-api.service[99773]: DEBUG glance.common.config [None req-32170da2-d4b3-4dde-84ef-2212dd3bfaa2 None None] log_dir = None {{(pid=99773) log_opt_values /opt/stack/data/venv/lib/python3.12/site-packages/oslo_config/cfg.py:3549}}
Aug 24 15:53:12.576711 np0000007979 devstack@g-api.service[99773]: DEBUG glance.common.config [None req-32170da2-d4b3-4dde-84ef-2212dd3bfaa2 None None] log_file = None {{(pid=99773) log_opt_values /opt/stack/data/venv/lib/python3.12/site-packages/oslo_config/cfg.py:3549}}
Aug 24 15:53:12.576820 np0000007979 devstack@g-api.service[99773]: DEBUG glance.common.config [None req-32170da2-d4b3-4dde-84ef-2212dd3bfaa2 None None] log_rotate_interval = 1 {{(pid=99773) log_opt_values /opt/stack/data/venv/lib/python3.12/site-packages/oslo_config/cfg.py:3549}}
Aug 24 15:53:12.576913 np0000007979 devstack@g-api.service[99773]: DEBUG glance.common.config [None req-32170da2-d4b3-4dde-84ef-2212dd3bfaa2 None None] log_rotate_interval_type = days {{(pid=99773) log_opt_values /opt/stack/data/venv/lib/python3.12/site-packages/oslo_config/cfg.py:3549}}
Aug 24 15:53:12.577022 np0000007979 devstack@g-api.service[99773]: DEBUG glance.common.config [None req-32170da2-d4b3-4dde-84ef-2212dd3bfaa2 None None] log_rotation_type = none {{(pid=99773) log_opt_values /opt/stack/data/venv/lib/python3.12/site-packages/oslo_config/cfg.py:3549}}
Aug 24 15:53:12.577093 np0000007979 devstack@g-api.service[99773]: DEBUG glance.common.config [None req-32170da2-d4b3-4dde-84ef-2212dd3bfaa2 None None] logging_context_format_string = %(color)s%(levelname)s %(name)s [%(global_request_id)s %(request_id)s %(project_name)s %(user_name)s%(color)s] %(instance)s%(color)s%(message)s {{(pid=99773) log_opt_values /opt/stack/data/venv/lib/python3.12/site-packages/oslo_config/cfg.py:3549}}
Aug 24 15:53:12.577170 np0000007979 devstack@g-api.service[99773]: DEBUG glance.common.config [None req-32170da2-d4b3-4dde-84ef-2212dd3bfaa2 None None] logging_debug_format_suffix = {{(pid=%(process)d) %(funcName)s %(pathname)s:%(lineno)d}} {{(pid=99773) log_opt_values /opt/stack/data/venv/lib/python3.12/site-packages/oslo_config/cfg.py:3549}}
Aug 24 15:53:12.577268 np0000007979 devstack@g-api.service[99773]: DEBUG glance.common.config [None req-32170da2-d4b3-4dde-84ef-2212dd3bfaa2 None None] logging_default_format_string = %(color)s%(levelname)s %(name)s [-%(color)s] %(instance)s%(color)s%(message)s {{(pid=99773) log_opt_values /opt/stack/data/venv/lib/python3.12/site-packages/oslo_config/cfg.py:3549}}
Aug 24 15:53:12.577361 np0000007979 devstack@g-api.service[99773]: DEBUG glance.common.config [None req-32170da2-d4b3-4dde-84ef-2212dd3bfaa2 None None] logging_exception_prefix = ERROR %(name)s %(instance)s {{(pid=99773) log_opt_values /opt/stack/data/venv/lib/python3.12/site-packages/oslo_config/cfg.py:3549}}
Aug 24 15:53:12.577427 np0000007979 devstack@g-api.service[99773]: DEBUG glance.common.config [None req-32170da2-d4b3-4dde-84ef-2212dd3bfaa2 None None] logging_user_identity_format = %(user)s %(project)s %(domain)s %(system_scope)s %(user_domain)s %(project_domain)s {{(pid=99773) log_opt_values /opt/stack/data/venv/lib/python3.12/site-packages/oslo_config/cfg.py:3549}}
Aug 24 15:53:12.577531 np0000007979 devstack@g-api.service[99773]: DEBUG glance.common.config [None req-32170da2-d4b3-4dde-84ef-2212dd3bfaa2 None None] max_logfile_count = 30 {{(pid=99773) log_opt_values /opt/stack/data/venv/lib/python3.12/site-packages/oslo_config/cfg.py:3549}}
Aug 24 15:53:12.577623 np0000007979 devstack@g-api.service[99773]: DEBUG glance.common.config [None req-32170da2-d4b3-4dde-84ef-2212dd3bfaa2 None None] max_logfile_size_mb = 200 {{(pid=99773) log_opt_values /opt/stack/data/venv/lib/python3.12/site-packages/oslo_config/cfg.py:3549}}
Aug 24 15:53:12.577740 np0000007979 devstack@g-api.service[99773]: DEBUG glance.common.config [None req-32170da2-d4b3-4dde-84ef-2212dd3bfaa2 None None] max_request_id_length = 64 {{(pid=99773) log_opt_values /opt/stack/data/venv/lib/python3.12/site-packages/oslo_config/cfg.py:3549}}
Aug 24 15:53:12.577839 np0000007979 devstack@g-api.service[99773]: DEBUG glance.common.config [None req-32170da2-d4b3-4dde-84ef-2212dd3bfaa2 None None] metadata_encryption_key = **** {{(pid=99773) log_opt_values /opt/stack/data/venv/lib/python3.12/site-packages/oslo_config/cfg.py:3549}}
Aug 24 15:53:12.577932 np0000007979 devstack@g-api.service[99773]: DEBUG glance.common.config [None req-32170da2-d4b3-4dde-84ef-2212dd3bfaa2 None None] node_staging_uri = file:///tmp/staging/ {{(pid=99773) log_opt_values /opt/stack/data/venv/lib/python3.12/site-packages/oslo_config/cfg.py:3549}}
Aug 24 15:53:12.578054 np0000007979 devstack@g-api.service[99773]: DEBUG glance.common.config [None req-32170da2-d4b3-4dde-84ef-2212dd3bfaa2 None None] property_protection_file = None {{(pid=99773) log_opt_values /opt/stack/data/venv/lib/python3.12/site-packages/oslo_config/cfg.py:3549}}
Aug 24 15:53:12.578177 np0000007979 devstack@g-api.service[99773]: DEBUG glance.common.config [None req-32170da2-d4b3-4dde-84ef-2212dd3bfaa2 None None] property_protection_rule_format = roles {{(pid=99773) log_opt_values /opt/stack/data/venv/lib/python3.12/site-packages/oslo_config/cfg.py:3549}}
Aug 24 15:53:12.578271 np0000007979 devstack@g-api.service[99773]: DEBUG glance.common.config [None req-32170da2-d4b3-4dde-84ef-2212dd3bfaa2 None None] public_endpoint = https://10.4.3.89/image {{(pid=99773) log_opt_values /opt/stack/data/venv/lib/python3.12/site-packages/oslo_config/cfg.py:3549}}
Aug 24 15:53:12.578357 np0000007979 devstack@g-api.service[99773]: DEBUG glance.common.config [None req-32170da2-d4b3-4dde-84ef-2212dd3bfaa2 None None] publish_errors = False {{(pid=99773) log_opt_values /opt/stack/data/venv/lib/python3.12/site-packages/oslo_config/cfg.py:3549}}
Aug 24 15:53:12.578445 np0000007979 devstack@g-api.service[99773]: DEBUG glance.common.config [None req-32170da2-d4b3-4dde-84ef-2212dd3bfaa2 None None] pydev_worker_debug_host = None {{(pid=99773) log_opt_values /opt/stack/data/venv/lib/python3.12/site-packages/oslo_config/cfg.py:3549}}
Aug 24 15:53:12.578553 np0000007979 devstack@g-api.service[99773]: DEBUG glance.common.config [None req-32170da2-d4b3-4dde-84ef-2212dd3bfaa2 None None] pydev_worker_debug_port = 5678 {{(pid=99773) log_opt_values /opt/stack/data/venv/lib/python3.12/site-packages/oslo_config/cfg.py:3549}}
Aug 24 15:53:12.578656 np0000007979 devstack@g-api.service[99773]: DEBUG glance.common.config [None req-32170da2-d4b3-4dde-84ef-2212dd3bfaa2 None None] rate_limit_burst = 0 {{(pid=99773) log_opt_values /opt/stack/data/venv/lib/python3.12/site-packages/oslo_config/cfg.py:3549}}
Aug 24 15:53:12.578776 np0000007979 devstack@g-api.service[99773]: DEBUG glance.common.config [None req-32170da2-d4b3-4dde-84ef-2212dd3bfaa2 None None] rate_limit_except_level = CRITICAL {{(pid=99773) log_opt_values /opt/stack/data/venv/lib/python3.12/site-packages/oslo_config/cfg.py:3549}}
Aug 24 15:53:12.578861 np0000007979 devstack@g-api.service[99773]: DEBUG glance.common.config [None req-32170da2-d4b3-4dde-84ef-2212dd3bfaa2 None None] rate_limit_interval = 0 {{(pid=99773) log_opt_values /opt/stack/data/venv/lib/python3.12/site-packages/oslo_config/cfg.py:3549}}
Aug 24 15:53:12.578956 np0000007979 devstack@g-api.service[99773]: DEBUG glance.common.config [None req-32170da2-d4b3-4dde-84ef-2212dd3bfaa2 None None] scrub_pool_size = 1 {{(pid=99773) log_opt_values /opt/stack/data/venv/lib/python3.12/site-packages/oslo_config/cfg.py:3549}}
Aug 24 15:53:12.579050 np0000007979 devstack@g-api.service[99773]: DEBUG glance.common.config [None req-32170da2-d4b3-4dde-84ef-2212dd3bfaa2 None None] scrub_time = 0 {{(pid=99773) log_opt_values /opt/stack/data/venv/lib/python3.12/site-packages/oslo_config/cfg.py:3549}}
Aug 24 15:53:12.579150 np0000007979 devstack@g-api.service[99773]: DEBUG glance.common.config [None req-32170da2-d4b3-4dde-84ef-2212dd3bfaa2 None None] shell_completion = None {{(pid=99773) log_opt_values /opt/stack/data/venv/lib/python3.12/site-packages/oslo_config/cfg.py:3549}}
Aug 24 15:53:12.579247 np0000007979 devstack@g-api.service[99773]: DEBUG glance.common.config [None req-32170da2-d4b3-4dde-84ef-2212dd3bfaa2 None None] show_image_direct_url = False {{(pid=99773) log_opt_values /opt/stack/data/venv/lib/python3.12/site-packages/oslo_config/cfg.py:3549}}
Aug 24 15:53:12.579449 np0000007979 devstack@g-api.service[99773]: WARNING oslo_config.cfg [None req-32170da2-d4b3-4dde-84ef-2212dd3bfaa2 None None] Deprecated: Option "show_multiple_locations" from group "DEFAULT" is deprecated for removal (Use of this option, deprecated since Newton, is a security risk and will be removed once we figure out a way to satisfy those use cases that currently require it. An earlier announcement that the same functionality can be achieved with greater granularity by using policies is incorrect. You cannot work around this option via policy configuration at the present time, though that is the direction we believe the fix will take. Please keep an eye on the Glance release notes to stay up to date on progress in addressing this issue.). Its value may be silently ignored in the future.
Aug 24 15:53:12.579567 np0000007979 devstack@g-api.service[99773]: DEBUG glance.common.config [None req-32170da2-d4b3-4dde-84ef-2212dd3bfaa2 None None] show_multiple_locations = False {{(pid=99773) log_opt_values /opt/stack/data/venv/lib/python3.12/site-packages/oslo_config/cfg.py:3549}}
Aug 24 15:53:12.579685 np0000007979 devstack@g-api.service[99773]: DEBUG glance.common.config [None req-32170da2-d4b3-4dde-84ef-2212dd3bfaa2 None None] syslog_log_facility = LOG_USER {{(pid=99773) log_opt_values /opt/stack/data/venv/lib/python3.12/site-packages/oslo_config/cfg.py:3549}}
Aug 24 15:53:12.579802 np0000007979 devstack@g-api.service[99773]: DEBUG glance.common.config [None req-32170da2-d4b3-4dde-84ef-2212dd3bfaa2 None None] transport_url = **** {{(pid=99773) log_opt_values /opt/stack/data/venv/lib/python3.12/site-packages/oslo_config/cfg.py:3549}}
Aug 24 15:53:12.579890 np0000007979 devstack@g-api.service[99773]: DEBUG glance.common.config [None req-32170da2-d4b3-4dde-84ef-2212dd3bfaa2 None None] use_journal = False {{(pid=99773) log_opt_values /opt/stack/data/venv/lib/python3.12/site-packages/oslo_config/cfg.py:3549}}
Aug 24 15:53:12.579998 np0000007979 devstack@g-api.service[99773]: DEBUG glance.common.config [None req-32170da2-d4b3-4dde-84ef-2212dd3bfaa2 None None] use_json = False {{(pid=99773) log_opt_values /opt/stack/data/venv/lib/python3.12/site-packages/oslo_config/cfg.py:3549}}
Aug 24 15:53:12.580098 np0000007979 devstack@g-api.service[99773]: DEBUG glance.common.config [None req-32170da2-d4b3-4dde-84ef-2212dd3bfaa2 None None] use_keystone_limits = True {{(pid=99773) log_opt_values /opt/stack/data/venv/lib/python3.12/site-packages/oslo_config/cfg.py:3549}}
Aug 24 15:53:12.580197 np0000007979 devstack@g-api.service[99773]: DEBUG glance.common.config [None req-32170da2-d4b3-4dde-84ef-2212dd3bfaa2 None None] use_stderr = False {{(pid=99773) log_opt_values /opt/stack/data/venv/lib/python3.12/site-packages/oslo_config/cfg.py:3549}}
Aug 24 15:53:12.580288 np0000007979 devstack@g-api.service[99773]: DEBUG glance.common.config [None req-32170da2-d4b3-4dde-84ef-2212dd3bfaa2 None None] use_syslog = False {{(pid=99773) log_opt_values /opt/stack/data/venv/lib/python3.12/site-packages/oslo_config/cfg.py:3549}}
Aug 24 15:53:12.580379 np0000007979 devstack@g-api.service[99773]: DEBUG glance.common.config [None req-32170da2-d4b3-4dde-84ef-2212dd3bfaa2 None None] user_storage_quota = 0 {{(pid=99773) log_opt_values /opt/stack/data/venv/lib/python3.12/site-packages/oslo_config/cfg.py:3549}}
Aug 24 15:53:12.580469 np0000007979 devstack@g-api.service[99773]: DEBUG glance.common.config [None req-32170da2-d4b3-4dde-84ef-2212dd3bfaa2 None None] worker_self_reference_url = http://127.0.0.1:60999 {{(pid=99773) log_opt_values /opt/stack/data/venv/lib/python3.12/site-packages/oslo_config/cfg.py:3549}}
Aug 24 15:53:12.580600 np0000007979 devstack@g-api.service[99773]: DEBUG glance.common.config [None req-32170da2-d4b3-4dde-84ef-2212dd3bfaa2 None None] oslo_concurrency.disable_process_locking = False {{(pid=99773) log_opt_values /opt/stack/data/venv/lib/python3.12/site-packages/oslo_config/cfg.py:3560}}
Aug 24 15:53:12.580713 np0000007979 devstack@g-api.service[99773]: DEBUG glance.common.config [None req-32170da2-d4b3-4dde-84ef-2212dd3bfaa2 None None] oslo_concurrency.lock_path = /opt/stack/data/glance/locks {{(pid=99773) log_opt_values /opt/stack/data/venv/lib/python3.12/site-packages/oslo_config/cfg.py:3560}}
Aug 24 15:53:12.580832 np0000007979 devstack@g-api.service[99773]: DEBUG glance.common.config [None req-32170da2-d4b3-4dde-84ef-2212dd3bfaa2 None None] oslo_middleware.enable_proxy_headers_parsing = False {{(pid=99773) log_opt_values /opt/stack/data/venv/lib/python3.12/site-packages/oslo_config/cfg.py:3560}}
Aug 24 15:53:12.580955 np0000007979 devstack@g-api.service[99773]: DEBUG glance.common.config [None req-32170da2-d4b3-4dde-84ef-2212dd3bfaa2 None None] oslo_middleware.http_basic_auth_user_file = /etc/htpasswd {{(pid=99773) log_opt_values /opt/stack/data/venv/lib/python3.12/site-packages/oslo_config/cfg.py:3560}}
Aug 24 15:53:12.581090 np0000007979 devstack@g-api.service[99773]: DEBUG glance.common.config [None req-32170da2-d4b3-4dde-84ef-2212dd3bfaa2 None None] paste_deploy.config_file = None {{(pid=99773) log_opt_values /opt/stack/data/venv/lib/python3.12/site-packages/oslo_config/cfg.py:3560}}
Aug 24 15:53:12.581245 np0000007979 devstack@g-api.service[99773]: DEBUG glance.common.config [None req-32170da2-d4b3-4dde-84ef-2212dd3bfaa2 None None] paste_deploy.flavor = keystone+cachemanagement {{(pid=99773) log_opt_values /opt/stack/data/venv/lib/python3.12/site-packages/oslo_config/cfg.py:3560}}
Aug 24 15:53:12.581432 np0000007979 devstack@g-api.service[99773]: DEBUG glance.common.config [None req-32170da2-d4b3-4dde-84ef-2212dd3bfaa2 None None] image_format.container_formats = ['ami', 'ari', 'aki', 'bare', 'ovf', 'ova', 'docker', 'compressed'] {{(pid=99773) log_opt_values /opt/stack/data/venv/lib/python3.12/site-packages/oslo_config/cfg.py:3560}}
Aug 24 15:53:12.581599 np0000007979 devstack@g-api.service[99773]: DEBUG glance.common.config [None req-32170da2-d4b3-4dde-84ef-2212dd3bfaa2 None None] image_format.disk_formats = ['ami', 'ari', 'aki', 'vhd', 'vhdx', 'vmdk', 'raw', 'qcow2', 'vdi', 'iso', 'ploop'] {{(pid=99773) log_opt_values /opt/stack/data/venv/lib/python3.12/site-packages/oslo_config/cfg.py:3560}}
Aug 24 15:53:12.581738 np0000007979 devstack@g-api.service[99773]: DEBUG glance.common.config [None req-32170da2-d4b3-4dde-84ef-2212dd3bfaa2 None None] image_format.gpt_safety_checks_nonfatal = [] {{(pid=99773) log_opt_values /opt/stack/data/venv/lib/python3.12/site-packages/oslo_config/cfg.py:3560}}
Aug 24 15:53:12.581877 np0000007979 devstack@g-api.service[99773]: DEBUG glance.common.config [None req-32170da2-d4b3-4dde-84ef-2212dd3bfaa2 None None] image_format.require_image_format_match = True {{(pid=99773) log_opt_values /opt/stack/data/venv/lib/python3.12/site-packages/oslo_config/cfg.py:3560}}
Aug 24 15:53:12.582002 np0000007979 devstack@g-api.service[99773]: DEBUG glance.common.config [None req-32170da2-d4b3-4dde-84ef-2212dd3bfaa2 None None] image_format.vmdk_allowed_types = ['streamOptimized', 'monolithicSparse'] {{(pid=99773) log_opt_values /opt/stack/data/venv/lib/python3.12/site-packages/oslo_config/cfg.py:3560}}
Aug 24 15:53:12.582116 np0000007979 devstack@g-api.service[99773]: DEBUG glance.common.config [None req-32170da2-d4b3-4dde-84ef-2212dd3bfaa2 None None] task.task_executor = taskflow {{(pid=99773) log_opt_values /opt/stack/data/venv/lib/python3.12/site-packages/oslo_config/cfg.py:3560}}
Aug 24 15:53:12.582214 np0000007979 devstack@g-api.service[99773]: DEBUG glance.common.config [None req-32170da2-d4b3-4dde-84ef-2212dd3bfaa2 None None] task.task_time_to_live = 48 {{(pid=99773) log_opt_values /opt/stack/data/venv/lib/python3.12/site-packages/oslo_config/cfg.py:3560}}
Aug 24 15:53:12.582300 np0000007979 devstack@g-api.service[99773]: DEBUG glance.common.config [None req-32170da2-d4b3-4dde-84ef-2212dd3bfaa2 None None] task.work_dir = None {{(pid=99773) log_opt_values /opt/stack/data/venv/lib/python3.12/site-packages/oslo_config/cfg.py:3560}}
Aug 24 15:53:12.582402 np0000007979 devstack@g-api.service[99773]: DEBUG glance.common.config [None req-32170da2-d4b3-4dde-84ef-2212dd3bfaa2 None None] wsgi.python_interpreter = /opt/stack/data/venv/bin/python3 {{(pid=99773) log_opt_values /opt/stack/data/venv/lib/python3.12/site-packages/oslo_config/cfg.py:3560}}
Aug 24 15:53:12.582490 np0000007979 devstack@g-api.service[99773]: DEBUG glance.common.config [None req-32170da2-d4b3-4dde-84ef-2212dd3bfaa2 None None] wsgi.task_pool_threads = 16 {{(pid=99773) log_opt_values /opt/stack/data/venv/lib/python3.12/site-packages/oslo_config/cfg.py:3560}}
Aug 24 15:53:12.582644 np0000007979 devstack@g-api.service[99773]: DEBUG glance.common.config [None req-32170da2-d4b3-4dde-84ef-2212dd3bfaa2 None None] import_filtering_opts.allowed_hosts = [] {{(pid=99773) log_opt_values /opt/stack/data/venv/lib/python3.12/site-packages/oslo_config/cfg.py:3560}}
Aug 24 15:53:12.582690 np0000007979 devstack@g-api.service[99773]: DEBUG glance.common.config [None req-32170da2-d4b3-4dde-84ef-2212dd3bfaa2 None None] import_filtering_opts.allowed_ports = [80, 443] {{(pid=99773) log_opt_values /opt/stack/data/venv/lib/python3.12/site-packages/oslo_config/cfg.py:3560}}
Aug 24 15:53:12.582798 np0000007979 devstack@g-api.service[99773]: DEBUG glance.common.config [None req-32170da2-d4b3-4dde-84ef-2212dd3bfaa2 None None] import_filtering_opts.allowed_schemes = ['http', 'https'] {{(pid=99773) log_opt_values /opt/stack/data/venv/lib/python3.12/site-packages/oslo_config/cfg.py:3560}}
Aug 24 15:53:12.582887 np0000007979 devstack@g-api.service[99773]: DEBUG glance.common.config [None req-32170da2-d4b3-4dde-84ef-2212dd3bfaa2 None None] import_filtering_opts.disallowed_hosts = [] {{(pid=99773) log_opt_values /opt/stack/data/venv/lib/python3.12/site-packages/oslo_config/cfg.py:3560}}
Aug 24 15:53:12.582950 np0000007979 devstack@g-api.service[99774]: DEBUG glance.image_cache.drivers.centralized_db [None req-04db459a-7471-4be1-9962-afd67dd6d90b None None] Node reference is already recorded, ignoring it {{(pid=99774) configure /opt/stack/glance/glance/image_cache/drivers/centralized_db.py:71}}
Aug 24 15:53:12.582992 np0000007979 devstack@g-api.service[99773]: DEBUG glance.common.config [None req-32170da2-d4b3-4dde-84ef-2212dd3bfaa2 None None] import_filtering_opts.disallowed_ports = [] {{(pid=99773) log_opt_values /opt/stack/data/venv/lib/python3.12/site-packages/oslo_config/cfg.py:3560}}
Aug 24 15:53:12.583057 np0000007979 devstack@g-api.service[99773]: DEBUG glance.common.config [None req-32170da2-d4b3-4dde-84ef-2212dd3bfaa2 None None] import_filtering_opts.disallowed_schemes = [] {{(pid=99773) log_opt_values /opt/stack/data/venv/lib/python3.12/site-packages/oslo_config/cfg.py:3560}}
Aug 24 15:53:12.583173 np0000007979 devstack@g-api.service[99773]: DEBUG glance.common.config [None req-32170da2-d4b3-4dde-84ef-2212dd3bfaa2 None None] oslo_messaging_metrics.metrics_buffer_size = 1000 {{(pid=99773) log_opt_values /opt/stack/data/venv/lib/python3.12/site-packages/oslo_config/cfg.py:3560}}
