Aug 24 15:53:44.308657 np0000007979 devstack@neutron-api.service[87629]: DEBUG ovsdbapp.backend.ovs_idl.transaction [None req-ded3bb1b-077c-4dce-9767-c7a649ff6d1e None None] Running txn 64fdb6e0 n=1 command(idx=1): QoSDelCommand(_result=None, switch=neutron-63988d87-d4eb-4f19-8f72-62d0fdd2eb9e, conditions=[('direction', '=', 'to-lport'), ('priority', '=', 2002), ('match', '=', 'outport == "395ff230-cf37-46e2-8acd-69617c3dc9e8"')], if_exists=True) {{(pid=87629) do_commit /opt/stack/data/venv/lib/python3.12/site-packages/ovsdbapp/backend/ovs_idl/transaction.py:91}}
Aug 24 15:53:44.308883 np0000007979 devstack@neutron-api.service[87629]: DEBUG ovsdbapp.backend.ovs_idl.transaction [None req-ded3bb1b-077c-4dce-9767-c7a649ff6d1e None None] Running txn 64fdb6e0 n=1 command(idx=2): QoSDelCommand(_result=None, switch=neutron-63988d87-d4eb-4f19-8f72-62d0fdd2eb9e, conditions=[('direction', '=', 'from-lport'), ('priority', '=', 2002), ('match', '=', 'inport == "395ff230-cf37-46e2-8acd-69617c3dc9e8"')], if_exists=True) {{(pid=87629) do_commit /opt/stack/data/venv/lib/python3.12/site-packages/ovsdbapp/backend/ovs_idl/transaction.py:91}}
Aug 24 15:53:44.312701 np0000007979 devstack@neutron-api.service[87629]: DEBUG ovsdbapp.backend.ovs_idl.transaction [None req-ded3bb1b-077c-4dce-9767-c7a649ff6d1e None None] txn 64fdb6e0 succeeded {{(pid=87629) do_commit /opt/stack/data/venv/lib/python3.12/site-packages/ovsdbapp/backend/ovs_idl/transaction.py:137}}
Aug 24 15:53:44.313573 np0000007979 devstack@neutron-api.service[87630]: DEBUG neutron.plugins.ml2.drivers.ovn.mech_driver.ovsdb.ovsdb_monitor [None req-81baa96a-c6bf-4cd7-96a6-adb193f90c84 None None] Hash Ring: Node 46eaf2d6728e5345842a941c84bbd901 (host: np0000007979) handling event "update" for row 63988d87-d4eb-4f19-8f72-62d0fdd2eb9e (table: Logical_Switch) {{(pid=87630) notify /opt/stack/neutron/neutron/plugins/ml2/drivers/ovn/mech_driver/ovsdb/ovsdb_monitor.py:1099}}
Aug 24 15:53:44.315640 np0000007979 devstack@neutron-api.service[87631]: DEBUG neutron.plugins.ml2.drivers.ovn.mech_driver.ovsdb.ovsdb_monitor [None req-31fdd599-1b9c-4053-b8b2-a59b4aba382d None None] Hash Ring: Node 110d7b9aa8065b7a94b4120a3d938666 (host: np0000007979) handling event "create" for row 720c5e14-8773-44b2-9382-7f26fe82def8 (table: Logical_Switch_Port) {{(pid=87631) notify /opt/stack/neutron/neutron/plugins/ml2/drivers/ovn/mech_driver/ovsdb/ovsdb_monitor.py:1099}}
Aug 24 15:53:44.316703 np0000007979 devstack@neutron-api.service[87631]: DEBUG ovsdbapp.backend.ovs_idl.event [None req-31fdd599-1b9c-4053-b8b2-a59b4aba382d None None] Matched CREATE: LogicalSwitchPortCreateEvent(events=('create',), table='Logical_Switch_Port', conditions=[], old_conditions=None), priority=20 to row=Logical_Switch_Port(uuid=720c5e14-8773-44b2-9382-7f26fe82def8, addresses=['fa:16:3e:16:d7:bc'], dhcpv4_options=[], dhcpv6_options=[], dynamic_addresses=[], enabled=True, external_ids={'neutron:cidrs': '', 'neutron:device_id': 'ovnmeta-63988d87-d4eb-4f19-8f72-62d0fdd2eb9e', 'neutron:device_owner': 'network:distributed', 'neutron:mtu': '1372', 'neutron:network_name': 'neutron-63988d87-d4eb-4f19-8f72-62d0fdd2eb9e', 'neutron:port_capabilities': '', 'neutron:port_name': '', 'neutron:project_id': 'e4ce1b32ddf54f78a003831d7568f4d8', 'neutron:revision_number': '1', 'neutron:security_group_ids': '', 'neutron:subnet_pool_addr_scope4': '', 'neutron:subnet_pool_addr_scope6': '', 'neutron:vnic_type': 'normal'}, ha_chassis_group=[], mirror_rules=[], name='395ff230-cf37-46e2-8acd-69617c3dc9e8', options={}, parent_name=[], port_security=[], tag=[], tag_request=[], type='localport', up=[]) old= {{(pid=87631) matches /opt/stack/data/venv/lib/python3.12/site-packages/ovsdbapp/backend/ovs_idl/event.py:55}}
Aug 24 15:53:44.317536 np0000007979 devstack@neutron-api.service[87631]: INFO neutron.plugins.ml2.drivers.ovn.mech_driver.mech_driver [None req-f3030f20-704f-4553-9a58-cb1e2f27cb4c None None] OVN reports status down for port: 395ff230-cf37-46e2-8acd-69617c3dc9e8
Aug 24 15:53:44.318251 np0000007979 devstack@neutron-api.service[87631]: DEBUG neutron.plugins.ml2.drivers.ovn.mech_driver.ovsdb.ovsdb_monitor [None req-31fdd599-1b9c-4053-b8b2-a59b4aba382d None None] Hash Ring: Node 110d7b9aa8065b7a94b4120a3d938666 (host: np0000007979) handling event "update" for row 720c5e14-8773-44b2-9382-7f26fe82def8 (table: Logical_Switch_Port) {{(pid=87631) notify /opt/stack/neutron/neutron/plugins/ml2/drivers/ovn/mech_driver/ovsdb/ovsdb_monitor.py:1099}}
Aug 24 15:53:44.325290 np0000007979 devstack@neutron-api.service[87629]: DEBUG neutron.plugins.ml2.drivers.ovn.mech_driver.ovsdb.ovsdb_monitor [None req-9f26e123-d3e7-4deb-a0f8-1db023b6b2cc None None] Hash Ring: Node f1a8809f9f5e5407a936bf09feb96bd0 (host: np0000007979) handling event "create" for row fef0ccff-194c-4d76-bebb-03e84fd8739c (table: Port_Binding) {{(pid=87629) notify /opt/stack/neutron/neutron/plugins/ml2/drivers/ovn/mech_driver/ovsdb/ovsdb_monitor.py:1099}}
Aug 24 15:53:44.340925 np0000007979 devstack@neutron-api.service[87629]: INFO neutron.db.ovn_revision_numbers_db [None req-310aaf6e-83f3-4805-b30e-755a9c54061b admin admin] Successfully bumped revision number for resource 395ff230-cf37-46e2-8acd-69617c3dc9e8 (type: ports) to 1
Aug 24 15:53:44.341579 np0000007979 devstack@neutron-api.service[87631]: DEBUG neutron.db.provisioning_blocks [None req-f3030f20-704f-4553-9a58-cb1e2f27cb4c None None] Transition to ACTIVE for port object 395ff230-cf37-46e2-8acd-69617c3dc9e8 will not be triggered until provisioned by entity L2. {{(pid=87631) add_provisioning_component /opt/stack/neutron/neutron/db/provisioning_blocks.py:74}}
Aug 24 15:53:44.346564 np0000007979 devstack@neutron-api.service[87629]: DEBUG neutron.pecan_wsgi.hooks.policy_enforcement [None req-310aaf6e-83f3-4805-b30e-755a9c54061b admin admin] Attributes excluded by policy engine: ['standard_attr_id'] {{(pid=87629) _exclude_attributes_by_policy /opt/stack/neutron/neutron/pecan_wsgi/hooks/policy_enforcement.py:259}}
Aug 24 15:53:44.346913 np0000007979 devstack@neutron-api.service[87629]: DEBUG neutron_lib.callbacks.manager [None req-310aaf6e-83f3-4805-b30e-755a9c54061b admin admin] Publish callbacks [] for network (None), before_response {{(pid=87629) _notify_loop /opt/stack/data/venv/lib/python3.12/site-packages/neutron_lib/callbacks/manager.py:184}}
Aug 24 15:53:44.357119 np0000007979 devstack@neutron-api.service[87629]: [pid: 87629|app: 0|req: 12/37] 10.4.3.89 () {68 vars in 1319 bytes} [Mon Aug 24 15:53:43 2026] POST /networking/v2.0/networks => generated 678 bytes in 367 msecs (HTTP/1.1 201) 4 headers in 162 bytes (1 switches on core 0)
Aug 24 15:53:44.363915 np0000007979 devstack@neutron-api.service[87631]: DEBUG neutron.plugins.ml2.plugin [None req-f3030f20-704f-4553-9a58-cb1e2f27cb4c None None] Current status of the port 395ff230-cf37-46e2-8acd-69617c3dc9e8 is: DOWN; New status is: DOWN {{(pid=87631) _update_individual_port_db_status /opt/stack/neutron/neutron/plugins/ml2/plugin.py:2473}}
Aug 24 15:53:44.365074 np0000007979 devstack@neutron-api.service[87631]: DEBUG ovsdbapp.backend.ovs_idl.transaction [None req-31fdd599-1b9c-4053-b8b2-a59b4aba382d None None] Running txn 9c80e41d n=1 command(idx=0): DbRemoveCommand(_result=None, table=Logical_Switch_Port, record=395ff230-cf37-46e2-8acd-69617c3dc9e8, column=external_ids, values=('neutron:host_id',), keyvalues={}, if_exists=True) {{(pid=87631) do_commit /opt/stack/data/venv/lib/python3.12/site-packages/ovsdbapp/backend/ovs_idl/transaction.py:91}}
Aug 24 15:53:44.366274 np0000007979 devstack@neutron-api.service[87631]: DEBUG ovsdbapp.backend.ovs_idl.transaction [None req-31fdd599-1b9c-4053-b8b2-a59b4aba382d None None] txn 9c80e41d succeeded {{(pid=87631) do_commit /opt/stack/data/venv/lib/python3.12/site-packages/ovsdbapp/backend/ovs_idl/transaction.py:137}}
Aug 24 15:53:44.548194 np0000007979 devstack@neutron-api.service[87631]: INFO neutron.pecan_wsgi.hooks.translation [None req-ea9e26e8-d25f-4400-9ff1-aea3c0443a3e admin admin] GET failed (client error): The resource could not be found.
Aug 24 15:53:44.548826 np0000007979 devstack@neutron-api.service[87631]: [pid: 87631|app: 0|req: 14/38] 10.4.3.89 () {64 vars in 1287 bytes} [Mon Aug 24 15:53:44 2026] GET /networking/v2.0/networks/shared => generated 108 bytes in 8 msecs (HTTP/1.1 404) 4 headers in 164 bytes (1 switches on core 0)
Aug 24 15:53:44.798954 np0000007979 devstack@neutron-api.service[87630]: DEBUG neutron.pecan_wsgi.hooks.policy_enforcement [None req-cf14f7e9-2af5-4a2d-bea6-7d101591eab2 admin admin] Attributes excluded by policy engine: ['standard_attr_id'] {{(pid=87630) _exclude_attributes_by_policy /opt/stack/neutron/neutron/pecan_wsgi/hooks/policy_enforcement.py:259}}
Aug 24 15:53:44.799976 np0000007979 devstack@neutron-api.service[87630]: [pid: 87630|app: 0|req: 13/39] 10.4.3.89 () {64 vars in 1302 bytes} [Mon Aug 24 15:53:44 2026] GET /networking/v2.0/networks?name=shared => generated 662 bytes in 245 msecs (HTTP/1.1 200) 4 headers in 157 bytes (1 switches on core 0)
Aug 24 15:53:44.810884 np0000007979 devstack@neutron-api.service[87629]: DEBUG neutron.api.v2.base [None req-7a323ce8-c053-49fa-88b3-50997edf09d2 admin admin] Request body: {'subnet': {'description': 'shared-subnet', 'ip_version': 4, 'network_id': '63988d87-d4eb-4f19-8f72-62d0fdd2eb9e', 'cidr': '192.168.233.0/24', 'name': 'shared-subnet'}} {{(pid=87629) prepare_request_body /opt/stack/neutron/neutron/api/v2/base.py:727}}
Aug 24 15:53:44.822307 np0000007979 devstack@neutron-api.service[87629]: DEBUG neutron.pecan_wsgi.hooks.quota_enforcement [None req-7a323ce8-c053-49fa-88b3-50997edf09d2 admin admin] Made reservation on behalf of e4ce1b32ddf54f78a003831d7568f4d8 for: {'subnet': 1} {{(pid=87629) before /opt/stack/neutron/neutron/pecan_wsgi/hooks/quota_enforcement.py:66}}
Aug 24 15:53:44.824848 np0000007979 devstack@neutron-api.service[87629]: DEBUG neutron_lib.callbacks.manager [None req-7a323ce8-c053-49fa-88b3-50997edf09d2 admin admin] Publish callbacks [] for subnet (None), before_create {{(pid=87629) _notify_loop /opt/stack/data/venv/lib/python3.12/site-packages/neutron_lib/callbacks/manager.py:184}}
Aug 24 15:53:44.879345 np0000007979 devstack@neutron-api.service[87629]: DEBUG neutron.db.ovn_revision_numbers_db [None req-7a323ce8-c053-49fa-88b3-50997edf09d2 admin admin] create_initial_revision uuid=7bb49b9e-9175-4e83-9ba2-5f4ad391998c, type=subnets, rev=-1 {{(pid=87629) create_initial_revision /opt/stack/neutron/neutron/db/ovn_revision_numbers_db.py:98}}
Aug 24 15:53:44.884363 np0000007979 devstack@neutron-api.service[87629]: DEBUG neutron_lib.callbacks.manager [None req-7a323ce8-c053-49fa-88b3-50997edf09d2 admin admin] Publish callbacks ['neutron.plugins.ml2.ovo_rpc._ObjectChangeHandler.handle_event-3333058'] for subnet (7bb49b9e-9175-4e83-9ba2-5f4ad391998c), after_create {{(pid=87629) _notify_loop /opt/stack/data/venv/lib/python3.12/site-packages/neutron_lib/callbacks/manager.py:184}}
Aug 24 15:53:44.895716 np0000007979 devstack@neutron-api.service[87629]: DEBUG neutron.api.rpc.handlers.resources_rpc [None req-7a323ce8-c053-49fa-88b3-50997edf09d2 admin admin] Pushing event updated for resources: {'Subnet': ['ID=7bb49b9e-9175-4e83-9ba2-5f4ad391998c,revision_number=0']} {{(pid=87629) push /opt/stack/neutron/neutron/api/rpc/handlers/resources_rpc.py:237}}
Aug 24 15:53:44.933347 np0000007979 devstack@neutron-api.service[87629]: DEBUG neutron_lib.callbacks.manager [None req-7a323ce8-c053-49fa-88b3-50997edf09d2 admin admin] Publish callbacks ['neutron.plugins.ml2.plugin.SecurityGroupDbMixin._ensure_default_security_group_handler-167894', 'neutron.services.ovn_l3.plugin.OVNL3RouterPlugin._port_update-8005342285998', 'neutron.db.l3_db.L3_NAT_dbonly_mixin._prevent_internal_ip_change_for_fip-8005343218648'] for port (395ff230-cf37-46e2-8acd-69617c3dc9e8), before_update {{(pid=87629) _notify_loop /opt/stack/data/venv/lib/python3.12/site-packages/neutron_lib/callbacks/manager.py:184}}
Aug 24 15:53:45.008471 np0000007979 devstack@neutron-api.service[87629]: DEBUG neutron.db.db_base_plugin_common [None req-7a323ce8-c053-49fa-88b3-50997edf09d2 admin admin] Allocated IP 192.168.233.2 (63988d87-d4eb-4f19-8f72-62d0fdd2eb9e/7bb49b9e-9175-4e83-9ba2-5f4ad391998c/395ff230-cf37-46e2-8acd-69617c3dc9e8) {{(pid=87629) _store_ip_allocation /opt/stack/neutron/neutron/db/db_base_plugin_common.py:131}}
Aug 24 15:53:45.069117 np0000007979 devstack@neutron-api.service[87629]: DEBUG neutron_lib.callbacks.manager [None req-7a323ce8-c053-49fa-88b3-50997edf09d2 admin admin] Publish callbacks [] for port (395ff230-cf37-46e2-8acd-69617c3dc9e8), precommit_update {{(pid=87629) _notify_loop /opt/stack/data/venv/lib/python3.12/site-packages/neutron_lib/callbacks/manager.py:184}}
Aug 24 15:53:45.069264 np0000007979 devstack@neutron-api.service[87629]: DEBUG neutron.plugins.ml2.drivers.ovn.mech_driver.mech_driver [None req-7a323ce8-c053-49fa-88b3-50997edf09d2 admin admin] No provisioning block for port 395ff230-cf37-46e2-8acd-69617c3dc9e8 since it does not have a host {{(pid=87629) _is_port_provisioning_required /opt/stack/neutron/neutron/plugins/ml2/drivers/ovn/mech_driver/mech_driver.py:877}}
Aug 24 15:53:45.085058 np0000007979 devstack@neutron-api.service[87629]: DEBUG neutron_lib.callbacks.manager [None req-7a323ce8-c053-49fa-88b3-50997edf09d2 admin admin] Publish callbacks ['neutron.plugins.ml2.ovo_rpc._ObjectChangeHandler.handle_event-3332666', 'neutron.services.ovn_l3.plugin.OVNL3RouterPlugin._port_update-8005342285998'] for port (395ff230-cf37-46e2-8acd-69617c3dc9e8), after_update {{(pid=87629) _notify_loop /opt/stack/data/venv/lib/python3.12/site-packages/neutron_lib/callbacks/manager.py:184}}
Aug 24 15:53:45.113608 np0000007979 devstack@neutron-api.service[87629]: DEBUG neutron.api.rpc.handlers.resources_rpc [None req-7a323ce8-c053-49fa-88b3-50997edf09d2 admin admin] Pushing event updated for resources: {'Port': ['ID=395ff230-cf37-46e2-8acd-69617c3dc9e8,revision_number=2']} {{(pid=87629) push /opt/stack/neutron/neutron/api/rpc/handlers/resources_rpc.py:237}}
Aug 24 15:53:45.202660 np0000007979 devstack@neutron-api.service[87629]: DEBUG neutron.plugins.ml2.drivers.ovn.mech_driver.ovsdb.commands [None req-7a323ce8-c053-49fa-88b3-50997edf09d2 admin admin] Converting tag [] to a tag_request {{(pid=87629) _tag_column_to_tag_request /opt/stack/neutron/neutron/plugins/ml2/drivers/ovn/mech_driver/ovsdb/commands.py:227}}
Aug 24 15:53:45.203256 np0000007979 devstack@neutron-api.service[87629]: DEBUG ovsdbapp.backend.ovs_idl.transaction [None req-ded3bb1b-077c-4dce-9767-c7a649ff6d1e None None] Running txn a1819476 n=1 command(idx=0): CheckRevisionNumberCommand(_result=None, name=395ff230-cf37-46e2-8acd-69617c3dc9e8, resource={'id': '395ff230-cf37-46e2-8acd-69617c3dc9e8', 'name': '', 'network_id': '63988d87-d4eb-4f19-8f72-62d0fdd2eb9e', 'project_id': 'e4ce1b32ddf54f78a003831d7568f4d8', 'mac_address': 'fa:16:3e:16:d7:bc', 'admin_state_up': True, 'status': 'DOWN', 'device_id': 'ovnmeta-63988d87-d4eb-4f19-8f72-62d0fdd2eb9e', 'device_owner': 'network:distributed', 'standard_attr_id': 28, 'fixed_ips': [{'subnet_id': '7bb49b9e-9175-4e83-9ba2-5f4ad391998c', 'ip_address': '192.168.233.2'}], 'allowed_address_pairs': [], 'extra_dhcp_opts': [], 'security_groups': [], 'description': '', 'binding:vnic_type': 'normal', 'binding:profile': {}, 'binding:host_id': '', 'binding:vif_type': 'unbound', 'binding:vif_details': {}, 'port_security_enabled': False, 'tags': [], 'created_at': '2026-08-24T15:53:44Z', 'updated_at': '2026-08-24T15:53:45Z', 'revision_number': 2, 'tenant_id': 'e4ce1b32ddf54f78a003831d7568f4d8', 'network': {'id': '63988d87-d4eb-4f19-8f72-62d0fdd2eb9e', 'name': 'shared', 'tenant_id': 'e4ce1b32ddf54f78a003831d7568f4d8', 'project_id': 'e4ce1b32ddf54f78a003831d7568f4d8', 'admin_state_up': True, 'mtu': 1372, 'status': 'ACTIVE', 'subnets': ['7bb49b9e-9175-4e83-9ba2-5f4ad391998c'], 'standard_attr_id': 26, 'shared': True, 'availability_zone_hints': [], 'availability_zones': [], 'ipv4_address_scope': None, 'ipv6_address_scope': None, 'router:external': False, 'qinq': False, 'vlan_transparent': False, 'description': '', 'port_security_enabled': True, 'tags': [], 'created_at': '2026-08-24T15:53:44Z', 'updated_at': '2026-08-24T15:53:44Z', 'revision_number': 2, 'provider:network_type': 'geneve', 'provider:physical_network': None, 'provider:segmentation_id': 3640}}, resource_type=ports, if_exists=True) {{(pid=87629) do_commit /opt/stack/data/venv/lib/python3.12/site-packages/ovsdbapp/backend/ovs_idl/transaction.py:91}}
Aug 24 15:53:45.203485 np0000007979 devstack@neutron-api.service[87629]: DEBUG ovsdbapp.backend.ovs_idl.transaction [None req-ded3bb1b-077c-4dce-9767-c7a649ff6d1e None None] Running txn a1819476 n=1 command(idx=1): AddDHCPOptionsCommand(_result=None, columns={'cidr': '192.168.233.0/24', 'options': {'server_id': '192.168.233.1', 'lease_time': '43200', 'mtu': '1372', 'router': '192.168.233.1', 'server_mac': 'fa:16:3e:7b:81:c4', 'dns_server': '{127.0.0.53}', 'classless_static_route': '{169.254.169.254/32,192.168.233.2, 0.0.0.0/0,192.168.233.1}'}, 'external_ids': {'subnet_id': '7bb49b9e-9175-4e83-9ba2-5f4ad391998c', 'neutron:network_id': '63988d87-d4eb-4f19-8f72-62d0fdd2eb9e', 'neutron:revision_number': '0'}}, may_exist=True, subnet_id=7bb49b9e-9175-4e83-9ba2-5f4ad391998c, port_id=None, new_insert=False) {{(pid=87629) do_commit /opt/stack/data/venv/lib/python3.12/site-packages/ovsdbapp/backend/ovs_idl/transaction.py:91}}
Aug 24 15:53:45.203746 np0000007979 devstack@neutron-api.service[87629]: DEBUG ovsdbapp.backend.ovs_idl.transaction [None req-ded3bb1b-077c-4dce-9767-c7a649ff6d1e None None] Running txn a1819476 n=1 command(idx=2): SetLSwitchPortCommand(_result=None, lport=395ff230-cf37-46e2-8acd-69617c3dc9e8, external_ids_update=None, columns={'external_ids': {'neutron:port_name': '', 'neutron:device_id': 'ovnmeta-63988d87-d4eb-4f19-8f72-62d0fdd2eb9e', 'neutron:project_id': 'e4ce1b32ddf54f78a003831d7568f4d8', 'neutron:cidrs': '192.168.233.2/24', 'neutron:device_owner': 'network:distributed', 'neutron:subnet_pool_addr_scope4': '', 'neutron:subnet_pool_addr_scope6': '', 'neutron:network_name': 'neutron-63988d87-d4eb-4f19-8f72-62d0fdd2eb9e', 'neutron:security_group_ids': '', 'neutron:revision_number': '2', 'neutron:vnic_type': 'normal', 'neutron:port_capabilities': '', 'neutron:mtu': '1372'}, 'parent_name': [], 'options': {}, 'enabled': True, 'port_security': [], 'dhcpv4_options': [], 'dhcpv6_options': [], 'type': 'localport', 'addresses': ['fa:16:3e:16:d7:bc 192.168.233.2'], 'ha_chassis_group': [], 'tag_request': []}, if_exists=False) {{(pid=87629) do_commit /opt/stack/data/venv/lib/python3.12/site-packages/ovsdbapp/backend/ovs_idl/transaction.py:91}}
Aug 24 15:53:45.204227 np0000007979 devstack@neutron-api.service[87629]: DEBUG ovsdbapp.backend.ovs_idl.transaction [None req-ded3bb1b-077c-4dce-9767-c7a649ff6d1e None None] Running txn a1819476 n=1 command(idx=3): PgDelPortCommand(_result=None, port_group=neutron_pg_drop, lsp=['395ff230-cf37-46e2-8acd-69617c3dc9e8'], if_exists=False) {{(pid=87629) do_commit /opt/stack/data/venv/lib/python3.12/site-packages/ovsdbapp/backend/ovs_idl/transaction.py:91}}
Aug 24 15:53:45.207674 np0000007979 devstack@neutron-api.service[87631]: DEBUG neutron.plugins.ml2.drivers.ovn.mech_driver.ovsdb.ovsdb_monitor [None req-31fdd599-1b9c-4053-b8b2-a59b4aba382d None None] Hash Ring: Node 110d7b9aa8065b7a94b4120a3d938666 (host: np0000007979) handling event "update" for row 720c5e14-8773-44b2-9382-7f26fe82def8 (table: Logical_Switch_Port) {{(pid=87631) notify /opt/stack/neutron/neutron/plugins/ml2/drivers/ovn/mech_driver/ovsdb/ovsdb_monitor.py:1099}}
Aug 24 15:53:45.208909 np0000007979 devstack@neutron-api.service[87629]: DEBUG neutron.plugins.ml2.drivers.ovn.mech_driver.ovsdb.ovsdb_monitor [None req-ded3bb1b-077c-4dce-9767-c7a649ff6d1e None None] Hash Ring: Node f1a8809f9f5e5407a936bf09feb96bd0 (host: np0000007979) handling event "create" for row e929a6f0-c88b-4c63-9715-908b2784b3fa (table: DHCP_Options) {{(pid=87629) notify /opt/stack/neutron/neutron/plugins/ml2/drivers/ovn/mech_driver/ovsdb/ovsdb_monitor.py:1099}}
Aug 24 15:53:45.209480 np0000007979 devstack@neutron-api.service[87629]: DEBUG ovsdbapp.backend.ovs_idl.transaction [None req-ded3bb1b-077c-4dce-9767-c7a649ff6d1e None None] txn a1819476 succeeded {{(pid=87629) do_commit /opt/stack/data/venv/lib/python3.12/site-packages/ovsdbapp/backend/ovs_idl/transaction.py:137}}
Aug 24 15:53:45.213500 np0000007979 devstack@neutron-api.service[87629]: DEBUG neutron.plugins.ml2.drivers.ovn.mech_driver.ovsdb.ovsdb_monitor [None req-9f26e123-d3e7-4deb-a0f8-1db023b6b2cc None None] Hash Ring: Node f1a8809f9f5e5407a936bf09feb96bd0 (host: np0000007979) handling event "update" for row fef0ccff-194c-4d76-bebb-03e84fd8739c (table: Port_Binding) {{(pid=87629) notify /opt/stack/neutron/neutron/plugins/ml2/drivers/ovn/mech_driver/ovsdb/ovsdb_monitor.py:1099}}
Aug 24 15:53:45.236069 np0000007979 devstack@neutron-api.service[87629]: INFO neutron.db.ovn_revision_numbers_db [None req-7a323ce8-c053-49fa-88b3-50997edf09d2 admin admin] Successfully bumped revision number for resource 395ff230-cf37-46e2-8acd-69617c3dc9e8 (type: ports) to 2
Aug 24 15:53:45.245414 np0000007979 devstack@neutron-api.service[87629]: DEBUG neutron.plugins.ml2.plugin [None req-7a323ce8-c053-49fa-88b3-50997edf09d2 admin admin] In _notify_port_updated(), no bound segment for port 395ff230-cf37-46e2-8acd-69617c3dc9e8 on network 63988d87-d4eb-4f19-8f72-62d0fdd2eb9e {{(pid=87629) _notify_port_updated /opt/stack/neutron/neutron/plugins/ml2/plugin.py:1041}}
Aug 24 15:53:45.261337 np0000007979 devstack@neutron-api.service[87629]: INFO neutron.db.ovn_revision_numbers_db [None req-7a323ce8-c053-49fa-88b3-50997edf09d2 admin admin] Successfully bumped revision number for resource 7bb49b9e-9175-4e83-9ba2-5f4ad391998c (type: subnets) to 0
Aug 24 15:53:45.262561 np0000007979 devstack@neutron-api.service[87629]: DEBUG neutron.pecan_wsgi.hooks.policy_enforcement [None req-7a323ce8-c053-49fa-88b3-50997edf09d2 admin admin] Attributes excluded by policy engine: ['standard_attr_id', 'shared', 'network'] {{(pid=87629) _exclude_attributes_by_policy /opt/stack/neutron/neutron/pecan_wsgi/hooks/policy_enforcement.py:259}}
Aug 24 15:53:45.262979 np0000007979 devstack@neutron-api.service[87629]: DEBUG neutron_lib.callbacks.manager [None req-7a323ce8-c053-49fa-88b3-50997edf09d2 admin admin] Publish callbacks [] for subnet (None), before_response {{(pid=87629) _notify_loop /opt/stack/data/venv/lib/python3.12/site-packages/neutron_lib/callbacks/manager.py:184}}
Aug 24 15:53:45.272320 np0000007979 devstack@neutron-api.service[87629]: [pid: 87629|app: 0|req: 13/40] 10.4.3.89 () {68 vars in 1317 bytes} [Mon Aug 24 15:53:44 2026] POST /networking/v2.0/subnets => generated 665 bytes in 464 msecs (HTTP/1.1 201) 4 headers in 162 bytes (1 switches on core 0)
Aug 24 15:53:54.545619 np0000007979 devstack@neutron-api.service[87631]: DEBUG dbcounter [-] [87631] Writing DB stats neutron:UPDATE=1,neutron:SELECT=30,neutron:INSERT=1 {{(pid=87631) stat_writer /opt/stack/data/venv/lib/python3.12/site-packages/dbcounter.py:115}}
Aug 24 15:53:54.572510 np0000007979 devstack@neutron-api.service[87631]: DEBUG futurist.periodics [-] Submitting periodic callback 'neutron.plugins.ml2.drivers.ovn.mech_driver.ovsdb.maintenance.HashRingHealthCheckPeriodics.touch_hash_ring_node' {{(pid=87631) _process_scheduled /opt/stack/data/venv/lib/python3.12/site-packages/futurist/periodics.py:784}}
Aug 24 15:53:54.572898 np0000007979 devstack@neutron-api.service[87631]: DEBUG neutron.plugins.ml2.drivers.ovn.mech_driver.ovsdb.maintenance [-] Touching Hash Ring node "110d7b9aa8065b7a94b4120a3d938666" from periodic health check thread {{(pid=87631) touch_hash_ring_node /opt/stack/neutron/neutron/plugins/ml2/drivers/ovn/mech_driver/ovsdb/maintenance.py:1532}}
Aug 24 15:53:54.796366 np0000007979 devstack@neutron-api.service[87630]: DEBUG dbcounter [-] [87630] Writing DB stats neutron:UPDATE=1,neutron:SELECT=32 {{(pid=87630) stat_writer /opt/stack/data/venv/lib/python3.12/site-packages/dbcounter.py:115}}
Aug 24 15:53:55.268910 np0000007979 devstack@neutron-api.service[87629]: DEBUG dbcounter [-] [87629] Writing DB stats neutron:UPDATE=15,neutron:SELECT=367,neutron:INSERT=25,neutron:DELETE=4 {{(pid=87629) stat_writer /opt/stack/data/venv/lib/python3.12/site-packages/dbcounter.py:115}}
Aug 24 15:53:55.437667 np0000007979 devstack@neutron-api.service[87630]: DEBUG futurist.periodics [-] Submitting periodic callback 'neutron.plugins.ml2.drivers.ovn.mech_driver.ovsdb.maintenance.HashRingHealthCheckPeriodics.touch_hash_ring_node' {{(pid=87630) _process_scheduled /opt/stack/data/venv/lib/python3.12/site-packages/futurist/periodics.py:784}}
Aug 24 15:53:55.437989 np0000007979 devstack@neutron-api.service[87630]: DEBUG neutron.plugins.ml2.drivers.ovn.mech_driver.ovsdb.maintenance [-] Touching Hash Ring node "46eaf2d6728e5345842a941c84bbd901" from periodic health check thread {{(pid=87630) touch_hash_ring_node /opt/stack/neutron/neutron/plugins/ml2/drivers/ovn/mech_driver/ovsdb/maintenance.py:1532}}
Aug 24 15:53:55.462279 np0000007979 devstack@neutron-api.service[87629]: DEBUG futurist.periodics [-] Submitting periodic callback 'neutron.plugins.ml2.drivers.ovn.mech_driver.ovsdb.maintenance.HashRingHealthCheckPeriodics.touch_hash_ring_node' {{(pid=87629) _process_scheduled /opt/stack/data/venv/lib/python3.12/site-packages/futurist/periodics.py:784}}
Aug 24 15:53:55.462604 np0000007979 devstack@neutron-api.service[87629]: DEBUG neutron.plugins.ml2.drivers.ovn.mech_driver.ovsdb.maintenance [-] Touching Hash Ring node "f1a8809f9f5e5407a936bf09feb96bd0" from periodic health check thread {{(pid=87629) touch_hash_ring_node /opt/stack/neutron/neutron/plugins/ml2/drivers/ovn/mech_driver/ovsdb/maintenance.py:1532}}
Aug 24 15:54:04.579948 np0000007979 devstack@neutron-api.service[87631]: DEBUG dbcounter [-] [87631] Writing DB stats neutron:UPDATE=1,neutron:SELECT=1 {{(pid=87631) stat_writer /opt/stack/data/venv/lib/python3.12/site-packages/dbcounter.py:115}}
Aug 24 15:54:05.444994 np0000007979 devstack@neutron-api.service[87630]: DEBUG dbcounter [-] [87630] Writing DB stats neutron:UPDATE=1,neutron:SELECT=1 {{(pid=87630) stat_writer /opt/stack/data/venv/lib/python3.12/site-packages/dbcounter.py:115}}
Aug 24 15:54:05.468256 np0000007979 devstack@neutron-api.service[87629]: DEBUG dbcounter [-] [87629] Writing DB stats neutron:UPDATE=1,neutron:SELECT=1 {{(pid=87629) stat_writer /opt/stack/data/venv/lib/python3.12/site-packages/dbcounter.py:115}}
Aug 24 15:54:09.573108 np0000007979 devstack@neutron-api.service[87631]: DEBUG futurist.periodics [-] Submitting periodic callback 'neutron.plugins.ml2.drivers.ovn.mech_driver.ovsdb.maintenance.HashRingHealthCheckPeriodics.touch_hash_ring_node' {{(pid=87631) _process_scheduled /opt/stack/data/venv/lib/python3.12/site-packages/futurist/periodics.py:784}}
Aug 24 15:54:09.573659 np0000007979 devstack@neutron-api.service[87631]: DEBUG neutron.plugins.ml2.drivers.ovn.mech_driver.ovsdb.maintenance [-] Touching Hash Ring node "110d7b9aa8065b7a94b4120a3d938666" from periodic health check thread {{(pid=87631) touch_hash_ring_node /opt/stack/neutron/neutron/plugins/ml2/drivers/ovn/mech_driver/ovsdb/maintenance.py:1532}}
Aug 24 15:54:10.438206 np0000007979 devstack@neutron-api.service[87630]: DEBUG futurist.periodics [-] Submitting periodic callback 'neutron.plugins.ml2.drivers.ovn.mech_driver.ovsdb.maintenance.HashRingHealthCheckPeriodics.touch_hash_ring_node' {{(pid=87630) _process_scheduled /opt/stack/data/venv/lib/python3.12/site-packages/futurist/periodics.py:784}}
Aug 24 15:54:10.438701 np0000007979 devstack@neutron-api.service[87630]: DEBUG neutron.plugins.ml2.drivers.ovn.mech_driver.ovsdb.maintenance [-] Touching Hash Ring node "46eaf2d6728e5345842a941c84bbd901" from periodic health check thread {{(pid=87630) touch_hash_ring_node /opt/stack/neutron/neutron/plugins/ml2/drivers/ovn/mech_driver/ovsdb/maintenance.py:1532}}
Aug 24 15:54:10.462853 np0000007979 devstack@neutron-api.service[87629]: DEBUG futurist.periodics [-] Submitting periodic callback 'neutron.plugins.ml2.drivers.ovn.mech_driver.ovsdb.maintenance.HashRingHealthCheckPeriodics.touch_hash_ring_node' {{(pid=87629) _process_scheduled /opt/stack/data/venv/lib/python3.12/site-packages/futurist/periodics.py:784}}
Aug 24 15:54:10.463358 np0000007979 devstack@neutron-api.service[87629]: DEBUG neutron.plugins.ml2.drivers.ovn.mech_driver.ovsdb.maintenance [-] Touching Hash Ring node "f1a8809f9f5e5407a936bf09feb96bd0" from periodic health check thread {{(pid=87629) touch_hash_ring_node /opt/stack/neutron/neutron/plugins/ml2/drivers/ovn/mech_driver/ovsdb/maintenance.py:1532}}
Aug 24 15:54:13.385511 np0000007979 devstack@neutron-api.service[87631]: DEBUG neutron.api.wsgi [None req-f013b165-49c6-434b-a556-b4dcd6b6434b tempest-verify_tempest_config-172628407 tempest-verify_tempest_config-172628407-project-member] https://10.4.3.89/networking/v2.0/extensions returned with HTTP 200 {{(pid=87631) __call__ /opt/stack/neutron/neutron/api/wsgi.py:540}}
Aug 24 15:54:13.385843 np0000007979 devstack@neutron-api.service[87631]: [pid: 87631|app: 0|req: 15/41] 10.4.3.89 () {66 vars in 1254 bytes} [Mon Aug 24 15:54:13 2026] GET /networking/v2.0/extensions => generated 16171 bytes in 3 msecs (HTTP/1.1 200) 4 headers in 159 bytes (1 switches on core 0)
Aug 24 15:54:13.963405 np0000007979 devstack@neutron-api.service[87630]: DEBUG neutron_lib.callbacks.manager [None req-fe2068e5-fc0c-47e4-a21a-f78d1d810697 admin admin] Publish callbacks [] for security_group (None), before_create {{(pid=87630) _notify_loop /opt/stack/data/venv/lib/python3.12/site-packages/neutron_lib/callbacks/manager.py:184}}
Aug 24 15:54:14.059294 np0000007979 devstack@neutron-api.service[87630]: DEBUG neutron_lib.callbacks.manager [None req-fe2068e5-fc0c-47e4-a21a-f78d1d810697 admin admin] Publish callbacks ['neutron.plugins.ml2.drivers.ovn.mech_driver.mech_driver.OVNMechanismDriver._create_security_group_precommit-3917358'] for security_group (1a374639-d1ad-4c6f-ac58-9ea0e664cb3c), precommit_create {{(pid=87630) _notify_loop /opt/stack/data/venv/lib/python3.12/site-packages/neutron_lib/callbacks/manager.py:184}}
Aug 24 15:54:14.059468 np0000007979 devstack@neutron-api.service[87630]: DEBUG neutron.db.ovn_revision_numbers_db [None req-fe2068e5-fc0c-47e4-a21a-f78d1d810697 admin admin] create_initial_revision uuid=1a374639-d1ad-4c6f-ac58-9ea0e664cb3c, type=security_groups, rev=-1 {{(pid=87630) create_initial_revision /opt/stack/neutron/neutron/db/ovn_revision_numbers_db.py:98}}
Aug 24 15:54:14.060643 np0000007979 devstack@neutron-api.service[87630]: DEBUG neutron.db.ovn_revision_numbers_db [None req-fe2068e5-fc0c-47e4-a21a-f78d1d810697 admin admin] create_initial_revision uuid=11582e2e-65eb-4bca-820e-3bb80b712eb8, type=security_group_rules, rev=-1 {{(pid=87630) create_initial_revision /opt/stack/neutron/neutron/db/ovn_revision_numbers_db.py:98}}
Aug 24 15:54:14.061546 np0000007979 devstack@neutron-api.service[87630]: DEBUG neutron.db.ovn_revision_numbers_db [None req-fe2068e5-fc0c-47e4-a21a-f78d1d810697 admin admin] create_initial_revision uuid=1f261814-ec7e-41ee-a6aa-e421231e532c, type=security_group_rules, rev=-1 {{(pid=87630) create_initial_revision /opt/stack/neutron/neutron/db/ovn_revision_numbers_db.py:98}}
Aug 24 15:54:14.062473 np0000007979 devstack@neutron-api.service[87630]: DEBUG neutron.db.ovn_revision_numbers_db [None req-fe2068e5-fc0c-47e4-a21a-f78d1d810697 admin admin] create_initial_revision uuid=6c91768e-d8d3-44ff-b3de-9a17504bdb1c, type=security_group_rules, rev=-1 {{(pid=87630) create_initial_revision /opt/stack/neutron/neutron/db/ovn_revision_numbers_db.py:98}}
Aug 24 15:54:14.063299 np0000007979 devstack@neutron-api.service[87630]: DEBUG neutron.db.ovn_revision_numbers_db [None req-fe2068e5-fc0c-47e4-a21a-f78d1d810697 admin admin] create_initial_revision uuid=ce9cf29f-5ca1-4f27-b260-f8b86c49d776, type=security_group_rules, rev=-1 {{(pid=87630) create_initial_revision /opt/stack/neutron/neutron/db/ovn_revision_numbers_db.py:98}}
Aug 24 15:54:14.066223 np0000007979 devstack@neutron-api.service[87630]: DEBUG neutron_lib.callbacks.manager [None req-fe2068e5-fc0c-47e4-a21a-f78d1d810697 admin admin] Publish callbacks ['neutron.plugins.ml2.drivers.ovn.mech_driver.mech_driver.OVNMechanismDriver._create_security_group-3917332', 'neutron.plugins.ml2.ovo_rpc._ObjectChangeHandler.handle_event-3078641'] for security_group (1a374639-d1ad-4c6f-ac58-9ea0e664cb3c), after_create {{(pid=87630) _notify_loop /opt/stack/data/venv/lib/python3.12/site-packages/neutron_lib/callbacks/manager.py:184}}
Aug 24 15:54:14.067069 np0000007979 devstack@neutron-api.service[87630]: DEBUG ovsdbapp.backend.ovs_idl.transaction [None req-81baa96a-c6bf-4cd7-96a6-adb193f90c84 None None] Running txn ecf3ad09 n=1 command(idx=0): PgAddCommand(_result=None, name=pg_1a374639_d1ad_4c6f_ac58_9ea0e664cb3c, may_exist=False, columns={'acls': [], 'external_ids': {'neutron:security_group_id': '1a374639-d1ad-4c6f-ac58-9ea0e664cb3c'}}) {{(pid=87630) do_commit /opt/stack/data/venv/lib/python3.12/site-packages/ovsdbapp/backend/ovs_idl/transaction.py:91}}
Aug 24 15:54:14.067434 np0000007979 devstack@neutron-api.service[87630]: DEBUG ovsdbapp.backend.ovs_idl.transaction [None req-81baa96a-c6bf-4cd7-96a6-adb193f90c84 None None] Running txn ecf3ad09 n=1 command(idx=1): PgAclAddCommand(_result=None, entity=pg_1a374639_d1ad_4c6f_ac58_9ea0e664cb3c, direction=from-lport, priority=1002, match=inport == @pg_1a374639_d1ad_4c6f_ac58_9ea0e664cb3c && ip4, action=allow-related, log=False, may_exist=True, severity=[], name=[], meter=[], external_ids={'neutron:security_group_rule_id': '11582e2e-65eb-4bca-820e-3bb80b712eb8'}) {{(pid=87630) do_commit /opt/stack/data/venv/lib/python3.12/site-packages/ovsdbapp/backend/ovs_idl/transaction.py:91}}
Aug 24 15:54:14.067807 np0000007979 devstack@neutron-api.service[87630]: DEBUG ovsdbapp.backend.ovs_idl.transaction [None req-81baa96a-c6bf-4cd7-96a6-adb193f90c84 None None] Running txn ecf3ad09 n=1 command(idx=2): PgAclAddCommand(_result=None, entity=pg_1a374639_d1ad_4c6f_ac58_9ea0e664cb3c, direction=to-lport, priority=1002, match=outport == @pg_1a374639_d1ad_4c6f_ac58_9ea0e664cb3c && ip6 && ip6.src == $pg_1a374639_d1ad_4c6f_ac58_9ea0e664cb3c_ip6, action=allow-related, log=False, may_exist=True, severity=[], name=[], meter=[], external_ids={'neutron:security_group_rule_id': '1f261814-ec7e-41ee-a6aa-e421231e532c'}) {{(pid=87630) do_commit /opt/stack/data/venv/lib/python3.12/site-packages/ovsdbapp/backend/ovs_idl/transaction.py:91}}
Aug 24 15:54:14.068085 np0000007979 devstack@neutron-api.service[87630]: DEBUG ovsdbapp.backend.ovs_idl.transaction [None req-81baa96a-c6bf-4cd7-96a6-adb193f90c84 None None] Running txn ecf3ad09 n=1 command(idx=3): PgAclAddCommand(_result=None, entity=pg_1a374639_d1ad_4c6f_ac58_9ea0e664cb3c, direction=from-lport, priority=1002, match=inport == @pg_1a374639_d1ad_4c6f_ac58_9ea0e664cb3c && ip6, action=allow-related, log=False, may_exist=True, severity=[], name=[], meter=[], external_ids={'neutron:security_group_rule_id': '6c91768e-d8d3-44ff-b3de-9a17504bdb1c'}) {{(pid=87630) do_commit /opt/stack/data/venv/lib/python3.12/site-packages/ovsdbapp/backend/ovs_idl/transaction.py:91}}
Aug 24 15:54:14.068335 np0000007979 devstack@neutron-api.service[87630]: DEBUG ovsdbapp.backend.ovs_idl.transaction [None req-81baa96a-c6bf-4cd7-96a6-adb193f90c84 None None] Running txn ecf3ad09 n=1 command(idx=4): PgAclAddCommand(_result=None, entity=pg_1a374639_d1ad_4c6f_ac58_9ea0e664cb3c, direction=to-lport, priority=1002, match=outport == @pg_1a374639_d1ad_4c6f_ac58_9ea0e664cb3c && ip4 && ip4.src == $pg_1a374639_d1ad_4c6f_ac58_9ea0e664cb3c_ip4, action=allow-related, log=False, may_exist=True, severity=[], name=[], meter=[], external_ids={'neutron:security_group_rule_id': 'ce9cf29f-5ca1-4f27-b260-f8b86c49d776'}) {{(pid=87630) do_commit /opt/stack/data/venv/lib/python3.12/site-packages/ovsdbapp/backend/ovs_idl/transaction.py:91}}
Aug 24 15:54:14.073167 np0000007979 devstack@neutron-api.service[87630]: DEBUG neutron.plugins.ml2.drivers.ovn.mech_driver.ovsdb.ovsdb_monitor [None req-81baa96a-c6bf-4cd7-96a6-adb193f90c84 None None] Touching Hash Ring node "46eaf2d6728e5345842a941c84bbd901" from IDL notify handler {{(pid=87630) notify /opt/stack/neutron/neutron/plugins/ml2/drivers/ovn/mech_driver/ovsdb/ovsdb_monitor.py:1091}}
Aug 24 15:54:14.075136 np0000007979 devstack@neutron-api.service[87631]: DEBUG neutron.plugins.ml2.drivers.ovn.mech_driver.ovsdb.ovsdb_monitor [None req-31fdd599-1b9c-4053-b8b2-a59b4aba382d None None] Touching Hash Ring node "110d7b9aa8065b7a94b4120a3d938666" from IDL notify handler {{(pid=87631) notify /opt/stack/neutron/neutron/plugins/ml2/drivers/ovn/mech_driver/ovsdb/ovsdb_monitor.py:1091}}
Aug 24 15:54:14.075226 np0000007979 devstack@neutron-api.service[87629]: DEBUG neutron.plugins.ml2.drivers.ovn.mech_driver.ovsdb.ovsdb_monitor [None req-ded3bb1b-077c-4dce-9767-c7a649ff6d1e None None] Touching Hash Ring node "f1a8809f9f5e5407a936bf09feb96bd0" from IDL notify handler {{(pid=87629) notify /opt/stack/neutron/neutron/plugins/ml2/drivers/ovn/mech_driver/ovsdb/ovsdb_monitor.py:1091}}
Aug 24 15:54:14.078616 np0000007979 devstack@neutron-api.service[87630]: DEBUG neutron.plugins.ml2.drivers.ovn.mech_driver.ovsdb.ovsdb_monitor [None req-81baa96a-c6bf-4cd7-96a6-adb193f90c84 None None] Hash Ring: Node 46eaf2d6728e5345842a941c84bbd901 (host: np0000007979) handling event "create" for row b54722cb-b743-433b-b937-a2564d3031f3 (table: ACL) {{(pid=87630) notify /opt/stack/neutron/neutron/plugins/ml2/drivers/ovn/mech_driver/ovsdb/ovsdb_monitor.py:1099}}
Aug 24 15:54:14.079477 np0000007979 devstack@neutron-api.service[87630]: DEBUG ovsdbapp.backend.ovs_idl.transaction [None req-81baa96a-c6bf-4cd7-96a6-adb193f90c84 None None] txn ecf3ad09 succeeded {{(pid=87630) do_commit /opt/stack/data/venv/lib/python3.12/site-packages/ovsdbapp/backend/ovs_idl/transaction.py:137}}
Aug 24 15:54:14.083113 np0000007979 devstack@neutron-api.service[87629]: DEBUG neutron.plugins.ml2.drivers.ovn.mech_driver.ovsdb.ovsdb_monitor [None req-ded3bb1b-077c-4dce-9767-c7a649ff6d1e None None] Hash Ring: Node f1a8809f9f5e5407a936bf09feb96bd0 (host: np0000007979) handling event "create" for row c5511d9b-8022-41c1-a18f-a7aa5c0d62c7 (table: ACL) {{(pid=87629) notify /opt/stack/neutron/neutron/plugins/ml2/drivers/ovn/mech_driver/ovsdb/ovsdb_monitor.py:1099}}
Aug 24 15:54:14.084129 np0000007979 devstack@neutron-api.service[87629]: DEBUG neutron.plugins.ml2.drivers.ovn.mech_driver.ovsdb.ovsdb_monitor [None req-ded3bb1b-077c-4dce-9767-c7a649ff6d1e None None] Touching Hash Ring node "f1a8809f9f5e5407a936bf09feb96bd0" from IDL notify handler {{(pid=87629) notify /opt/stack/neutron/neutron/plugins/ml2/drivers/ovn/mech_driver/ovsdb/ovsdb_monitor.py:1091}}
Aug 24 15:54:14.084875 np0000007979 devstack@neutron-api.service[87631]: DEBUG neutron.plugins.ml2.drivers.ovn.mech_driver.ovsdb.ovsdb_monitor [None req-31fdd599-1b9c-4053-b8b2-a59b4aba382d None None] Hash Ring: Node 110d7b9aa8065b7a94b4120a3d938666 (host: np0000007979) handling event "create" for row 9b1a4d64-43d5-4c78-855a-ba6fa03ee820 (table: ACL) {{(pid=87631) notify /opt/stack/neutron/neutron/plugins/ml2/drivers/ovn/mech_driver/ovsdb/ovsdb_monitor.py:1099}}
Aug 24 15:54:14.086790 np0000007979 devstack@neutron-api.service[87631]: DEBUG neutron.plugins.ml2.drivers.ovn.mech_driver.ovsdb.ovsdb_monitor [None req-31fdd599-1b9c-4053-b8b2-a59b4aba382d None None] Touching Hash Ring node "110d7b9aa8065b7a94b4120a3d938666" from IDL notify handler {{(pid=87631) notify /opt/stack/neutron/neutron/plugins/ml2/drivers/ovn/mech_driver/ovsdb/ovsdb_monitor.py:1091}}
Aug 24 15:54:14.086830 np0000007979 devstack@neutron-api.service[87629]: DEBUG neutron.plugins.ml2.drivers.ovn.mech_driver.ovsdb.ovsdb_monitor [None req-ded3bb1b-077c-4dce-9767-c7a649ff6d1e None None] Hash Ring: Node f1a8809f9f5e5407a936bf09feb96bd0 (host: np0000007979) handling event "create" for row 6d7be5bb-c296-4dad-a7ce-722e7dc619a2 (table: Port_Group) {{(pid=87629) notify /opt/stack/neutron/neutron/plugins/ml2/drivers/ovn/mech_driver/ovsdb/ovsdb_monitor.py:1099}}
Aug 24 15:54:14.088593 np0000007979 devstack@neutron-api.service[87631]: DEBUG neutron.plugins.ml2.drivers.ovn.mech_driver.ovsdb.ovsdb_monitor [None req-31fdd599-1b9c-4053-b8b2-a59b4aba382d None None] Hash Ring: Node 110d7b9aa8065b7a94b4120a3d938666 (host: np0000007979) handling event "create" for row d512f750-998a-41dd-a170-aca562909196 (table: ACL) {{(pid=87631) notify /opt/stack/neutron/neutron/plugins/ml2/drivers/ovn/mech_driver/ovsdb/ovsdb_monitor.py:1099}}
Aug 24 15:54:14.102289 np0000007979 devstack@neutron-api.service[87630]: INFO neutron.db.ovn_revision_numbers_db [None req-fe2068e5-fc0c-47e4-a21a-f78d1d810697 admin admin] Successfully bumped revision number for resource 1a374639-d1ad-4c6f-ac58-9ea0e664cb3c (type: security_groups) to 1
Aug 24 15:54:14.120468 np0000007979 devstack@neutron-api.service[87630]: INFO neutron.db.ovn_revision_numbers_db [None req-fe2068e5-fc0c-47e4-a21a-f78d1d810697 admin admin] Successfully bumped revision number for resource 11582e2e-65eb-4bca-820e-3bb80b712eb8 (type: security_group_rules) to 0
Aug 24 15:54:14.131823 np0000007979 devstack@neutron-api.service[87630]: INFO neutron.db.ovn_revision_numbers_db [None req-fe2068e5-fc0c-47e4-a21a-f78d1d810697 admin admin] Successfully bumped revision number for resource 1f261814-ec7e-41ee-a6aa-e421231e532c (type: security_group_rules) to 0
Aug 24 15:54:14.140308 np0000007979 devstack@neutron-api.service[87630]: INFO neutron.db.ovn_revision_numbers_db [None req-fe2068e5-fc0c-47e4-a21a-f78d1d810697 admin admin] Successfully bumped revision number for resource 6c91768e-d8d3-44ff-b3de-9a17504bdb1c (type: security_group_rules) to 0
Aug 24 15:54:14.147970 np0000007979 devstack@neutron-api.service[87630]: INFO neutron.db.ovn_revision_numbers_db [None req-fe2068e5-fc0c-47e4-a21a-f78d1d810697 admin admin] Successfully bumped revision number for resource ce9cf29f-5ca1-4f27-b260-f8b86c49d776 (type: security_group_rules) to 0
Aug 24 15:54:14.163017 np0000007979 devstack@neutron-api.service[87630]: DEBUG neutron.api.rpc.handlers.resources_rpc [None req-fe2068e5-fc0c-47e4-a21a-f78d1d810697 admin admin] Pushing event updated for resources: {'SecurityGroup': ['ID=1a374639-d1ad-4c6f-ac58-9ea0e664cb3c,revision_number=1']} {{(pid=87630) push /opt/stack/neutron/neutron/api/rpc/handlers/resources_rpc.py:237}}
Aug 24 15:54:14.167531 np0000007979 devstack@neutron-api.service[87630]: DEBUG neutron.api.rpc.callbacks.version_manager [None req-fe2068e5-fc0c-47e4-a21a-f78d1d810697 admin admin] Tracked resource versions report:
Aug 24 15:54:14.167531 np0000007979 devstack@neutron-api.service[87630]: pushed versions:
Aug 24 15:54:14.167531 np0000007979 devstack@neutron-api.service[87630]: { 'AddressGroup': {'1.2'},
Aug 24 15:54:14.167531 np0000007979 devstack@neutron-api.service[87630]: 'Agent': {'1.1'},
Aug 24 15:54:14.167531 np0000007979 devstack@neutron-api.service[87630]: 'ConntrackHelper': {'1.0'},
Aug 24 15:54:14.167531 np0000007979 devstack@neutron-api.service[87630]: 'LocalIPAssociation': {'1.0'},
Aug 24 15:54:14.167531 np0000007979 devstack@neutron-api.service[87630]: 'Log': {'1.0'},
Aug 24 15:54:14.167531 np0000007979 devstack@neutron-api.service[87630]: 'NDPProxy': {'1.0'},
Aug 24 15:54:14.167531 np0000007979 devstack@neutron-api.service[87630]: 'Network': {'1.3'},
Aug 24 15:54:14.167531 np0000007979 devstack@neutron-api.service[87630]: 'Port': {'1.11'},
Aug 24 15:54:14.167531 np0000007979 devstack@neutron-api.service[87630]: 'PortForwarding': {'1.3'},
Aug 24 15:54:14.167531 np0000007979 devstack@neutron-api.service[87630]: 'QosPolicy': {'1.10'},
Aug 24 15:54:14.167531 np0000007979 devstack@neutron-api.service[87630]: 'SecurityGroup': {'1.6'},
Aug 24 15:54:14.167531 np0000007979 devstack@neutron-api.service[87630]: 'SecurityGroupRule': {'1.3'},
Aug 24 15:54:14.167531 np0000007979 devstack@neutron-api.service[87630]: 'SubPort': {'1.0'},
Aug 24 15:54:14.167531 np0000007979 devstack@neutron-api.service[87630]: 'Subnet': {'1.2'},
Aug 24 15:54:14.167531 np0000007979 devstack@neutron-api.service[87630]: 'Trunk': {'1.1'}}
Aug 24 15:54:14.167531 np0000007979 devstack@neutron-api.service[87630]: consumer versions:
Aug 24 15:54:14.167531 np0000007979 devstack@neutron-api.service[87630]: { OVN Controller Gateway agent@np0000007979: {},
Aug 24 15:54:14.167531 np0000007979 devstack@neutron-api.service[87630]: OVN Neutron agent@np0000007979: {}}
Aug 24 15:54:14.167531 np0000007979 devstack@neutron-api.service[87630]: {{(pid=87630) report /opt/stack/neutron/neutron/api/rpc/callbacks/version_manager.py:183}}
Aug 24 15:54:14.182591 np0000007979 devstack@neutron-api.service[87630]: [pid: 87630|app: 0|req: 14/42] 10.4.3.89 () {66 vars in 1382 bytes} [Mon Aug 24 15:54:13 2026] GET /networking/v2.0/security-groups?project_id=15ca12f713ed4816b3caa02758937114&name=default => generated 2921 bytes in 485 msecs (HTTP/1.1 200) 4 headers in 158 bytes (1 switches on core 0)
Aug 24 15:54:14.230429 np0000007979 devstack@neutron-api.service[87629]: DEBUG neutron_lib.callbacks.manager [None req-29eabafe-2ec9-4b76-bc24-459d21f263b1 admin admin] Publish callbacks [] for security_group (1a374639-d1ad-4c6f-ac58-9ea0e664cb3c), before_delete {{(pid=87629) _notify_loop /opt/stack/data/venv/lib/python3.12/site-packages/neutron_lib/callbacks/manager.py:184}}
Aug 24 15:54:14.244012 np0000007979 devstack@neutron-api.service[87629]: DEBUG neutron_lib.callbacks.manager [None req-29eabafe-2ec9-4b76-bc24-459d21f263b1 admin admin] Publish callbacks ['neutron.plugins.ml2.drivers.ovn.mech_driver.mech_driver.OVNMechanismDriver._delete_security_group_precommit-3914610'] for security_group (1a374639-d1ad-4c6f-ac58-9ea0e664cb3c), precommit_delete {{(pid=87629) _notify_loop /opt/stack/data/venv/lib/python3.12/site-packages/neutron_lib/callbacks/manager.py:184}}
Aug 24 15:54:14.267901 np0000007979 devstack@neutron-api.service[87629]: DEBUG neutron.db.ovn_revision_numbers_db [None req-29eabafe-2ec9-4b76-bc24-459d21f263b1 admin admin] delete_revision(1f261814-ec7e-41ee-a6aa-e421231e532c) {{(pid=87629) delete_revision /opt/stack/neutron/neutron/db/ovn_revision_numbers_db.py:112}}
Aug 24 15:54:14.271261 np0000007979 devstack@neutron-api.service[87629]: DEBUG neutron.db.ovn_revision_numbers_db [None req-29eabafe-2ec9-4b76-bc24-459d21f263b1 admin admin] delete_revision(ce9cf29f-5ca1-4f27-b260-f8b86c49d776) {{(pid=87629) delete_revision /opt/stack/neutron/neutron/db/ovn_revision_numbers_db.py:112}}
Aug 24 15:54:14.273508 np0000007979 devstack@neutron-api.service[87629]: DEBUG ovsdbapp.backend.ovs_idl.transaction [None req-ded3bb1b-077c-4dce-9767-c7a649ff6d1e None None] Running txn a9693f18 n=1 command(idx=0): PgAclDelCommand(_result=None, entity=pg_1a374639_d1ad_4c6f_ac58_9ea0e664cb3c, if_exists=False, conditions=[('direction', '=', 'to-lport'), ('priority', '=', 1002), ('match', '=', 'outport == @pg_1a374639_d1ad_4c6f_ac58_9ea0e664cb3c && ip6 && ip6.src == $pg_1a374639_d1ad_4c6f_ac58_9ea0e664cb3c_ip6')]) {{(pid=87629) do_commit /opt/stack/data/venv/lib/python3.12/site-packages/ovsdbapp/backend/ovs_idl/transaction.py:91}}
Aug 24 15:54:14.273969 np0000007979 devstack@neutron-api.service[87629]: DEBUG ovsdbapp.backend.ovs_idl.transaction [None req-ded3bb1b-077c-4dce-9767-c7a649ff6d1e None None] Running txn a9693f18 n=1 command(idx=1): PgAclDelCommand(_result=None, entity=pg_1a374639_d1ad_4c6f_ac58_9ea0e664cb3c, if_exists=False, conditions=[('direction', '=', 'to-lport'), ('priority', '=', 1002), ('match', '=', 'outport == @pg_1a374639_d1ad_4c6f_ac58_9ea0e664cb3c && ip4 && ip4.src == $pg_1a374639_d1ad_4c6f_ac58_9ea0e664cb3c_ip4')]) {{(pid=87629) do_commit /opt/stack/data/venv/lib/python3.12/site-packages/ovsdbapp/backend/ovs_idl/transaction.py:91}}
Aug 24 15:54:14.277148 np0000007979 devstack@neutron-api.service[87629]: DEBUG neutron.plugins.ml2.drivers.ovn.mech_driver.ovsdb.ovsdb_monitor [None req-ded3bb1b-077c-4dce-9767-c7a649ff6d1e None None] Touching Hash Ring node "f1a8809f9f5e5407a936bf09feb96bd0" from IDL notify handler {{(pid=87629) notify /opt/stack/neutron/neutron/plugins/ml2/drivers/ovn/mech_driver/ovsdb/ovsdb_monitor.py:1091}}
Aug 24 15:54:14.278125 np0000007979 devstack@neutron-api.service[87630]: DEBUG neutron.plugins.ml2.drivers.ovn.mech_driver.ovsdb.ovsdb_monitor [None req-81baa96a-c6bf-4cd7-96a6-adb193f90c84 None None] Touching Hash Ring node "46eaf2d6728e5345842a941c84bbd901" from IDL notify handler {{(pid=87630) notify /opt/stack/neutron/neutron/plugins/ml2/drivers/ovn/mech_driver/ovsdb/ovsdb_monitor.py:1091}}
Aug 24 15:54:14.280208 np0000007979 devstack@neutron-api.service[87629]: DEBUG neutron.plugins.ml2.drivers.ovn.mech_driver.ovsdb.ovsdb_monitor [None req-ded3bb1b-077c-4dce-9767-c7a649ff6d1e None None] Hash Ring: Node f1a8809f9f5e5407a936bf09feb96bd0 (host: np0000007979) handling event "delete" for row c5511d9b-8022-41c1-a18f-a7aa5c0d62c7 (table: ACL) {{(pid=87629) notify /opt/stack/neutron/neutron/plugins/ml2/drivers/ovn/mech_driver/ovsdb/ovsdb_monitor.py:1099}}
Aug 24 15:54:14.280957 np0000007979 devstack@neutron-api.service[87630]: DEBUG neutron.plugins.ml2.drivers.ovn.mech_driver.ovsdb.ovsdb_monitor [None req-81baa96a-c6bf-4cd7-96a6-adb193f90c84 None None] Hash Ring: Node 46eaf2d6728e5345842a941c84bbd901 (host: np0000007979) handling event "delete" for row b54722cb-b743-433b-b937-a2564d3031f3 (table: ACL) {{(pid=87630) notify /opt/stack/neutron/neutron/plugins/ml2/drivers/ovn/mech_driver/ovsdb/ovsdb_monitor.py:1099}}
