Jul 06 22:46:14.886073 np0000004682 devstack@g-api.service[102858]: DEBUG glance.common.config [None req-663fe9ee-9921-4df0-be5e-f2747693839c None None] database.backend = sqlalchemy {{(pid=102858) log_opt_values /opt/stack/data/venv/lib/python3.12/site-packages/oslo_config/cfg.py:3253}}
Jul 06 22:46:14.886073 np0000004682 devstack@g-api.service[102858]: DEBUG glance.common.config [None req-663fe9ee-9921-4df0-be5e-f2747693839c None None] database.connection = **** {{(pid=102858) log_opt_values /opt/stack/data/venv/lib/python3.12/site-packages/oslo_config/cfg.py:3253}}
Jul 06 22:46:14.886116 np0000004682 devstack@g-api.service[102855]: DEBUG glance.common.config [None req-0f817272-2b37-4e93-b884-94bd91574f6f None None] database.db_retry_interval = 1 {{(pid=102855) log_opt_values /opt/stack/data/venv/lib/python3.12/site-packages/oslo_config/cfg.py:3253}}
Jul 06 22:46:14.886145 np0000004682 devstack@g-api.service[102858]: DEBUG glance.common.config [None req-663fe9ee-9921-4df0-be5e-f2747693839c None None] database.connection_debug = 0 {{(pid=102858) log_opt_values /opt/stack/data/venv/lib/python3.12/site-packages/oslo_config/cfg.py:3253}}
Jul 06 22:46:14.886173 np0000004682 devstack@g-api.service[102855]: DEBUG glance.common.config [None req-0f817272-2b37-4e93-b884-94bd91574f6f None None] database.max_overflow = 50 {{(pid=102855) log_opt_values /opt/stack/data/venv/lib/python3.12/site-packages/oslo_config/cfg.py:3253}}
Jul 06 22:46:14.886195 np0000004682 devstack@g-api.service[102858]: DEBUG glance.common.config [None req-663fe9ee-9921-4df0-be5e-f2747693839c None None] database.connection_parameters = {{(pid=102858) log_opt_values /opt/stack/data/venv/lib/python3.12/site-packages/oslo_config/cfg.py:3253}}
Jul 06 22:46:14.886249 np0000004682 devstack@g-api.service[102858]: DEBUG glance.common.config [None req-663fe9ee-9921-4df0-be5e-f2747693839c None None] database.connection_recycle_time = 3600 {{(pid=102858) log_opt_values /opt/stack/data/venv/lib/python3.12/site-packages/oslo_config/cfg.py:3253}}
Jul 06 22:46:14.886283 np0000004682 devstack@g-api.service[102855]: DEBUG glance.common.config [None req-0f817272-2b37-4e93-b884-94bd91574f6f None None] database.max_pool_size = 5 {{(pid=102855) log_opt_values /opt/stack/data/venv/lib/python3.12/site-packages/oslo_config/cfg.py:3253}}
Jul 06 22:46:14.886336 np0000004682 devstack@g-api.service[102858]: DEBUG glance.common.config [None req-663fe9ee-9921-4df0-be5e-f2747693839c None None] database.connection_trace = False {{(pid=102858) log_opt_values /opt/stack/data/venv/lib/python3.12/site-packages/oslo_config/cfg.py:3253}}
Jul 06 22:46:14.886381 np0000004682 devstack@g-api.service[102855]: DEBUG glance.common.config [None req-0f817272-2b37-4e93-b884-94bd91574f6f None None] database.max_retries = 10 {{(pid=102855) log_opt_values /opt/stack/data/venv/lib/python3.12/site-packages/oslo_config/cfg.py:3253}}
Jul 06 22:46:14.886436 np0000004682 devstack@g-api.service[102858]: DEBUG glance.common.config [None req-663fe9ee-9921-4df0-be5e-f2747693839c None None] database.db_inc_retry_interval = True {{(pid=102858) log_opt_values /opt/stack/data/venv/lib/python3.12/site-packages/oslo_config/cfg.py:3253}}
Jul 06 22:46:14.886532 np0000004682 devstack@g-api.service[102855]: DEBUG glance.common.config [None req-0f817272-2b37-4e93-b884-94bd91574f6f None None] database.mysql_sql_mode = TRADITIONAL {{(pid=102855) log_opt_values /opt/stack/data/venv/lib/python3.12/site-packages/oslo_config/cfg.py:3253}}
Jul 06 22:46:14.886573 np0000004682 devstack@g-api.service[102858]: DEBUG glance.common.config [None req-663fe9ee-9921-4df0-be5e-f2747693839c None None] database.db_max_retries = 20 {{(pid=102858) log_opt_values /opt/stack/data/venv/lib/python3.12/site-packages/oslo_config/cfg.py:3253}}
Jul 06 22:46:14.886667 np0000004682 devstack@g-api.service[102855]: DEBUG glance.common.config [None req-0f817272-2b37-4e93-b884-94bd91574f6f None None] database.mysql_wsrep_sync_wait = None {{(pid=102855) log_opt_values /opt/stack/data/venv/lib/python3.12/site-packages/oslo_config/cfg.py:3253}}
Jul 06 22:46:14.886718 np0000004682 devstack@g-api.service[102858]: DEBUG glance.common.config [None req-663fe9ee-9921-4df0-be5e-f2747693839c None None] database.db_max_retry_interval = 10 {{(pid=102858) log_opt_values /opt/stack/data/venv/lib/python3.12/site-packages/oslo_config/cfg.py:3253}}
Jul 06 22:46:14.886818 np0000004682 devstack@g-api.service[102855]: DEBUG glance.common.config [None req-0f817272-2b37-4e93-b884-94bd91574f6f None None] database.pool_timeout = None {{(pid=102855) log_opt_values /opt/stack/data/venv/lib/python3.12/site-packages/oslo_config/cfg.py:3253}}
Jul 06 22:46:14.886878 np0000004682 devstack@g-api.service[102858]: DEBUG glance.common.config [None req-663fe9ee-9921-4df0-be5e-f2747693839c None None] database.db_retry_interval = 1 {{(pid=102858) log_opt_values /opt/stack/data/venv/lib/python3.12/site-packages/oslo_config/cfg.py:3253}}
Jul 06 22:46:14.886953 np0000004682 devstack@g-api.service[102855]: DEBUG glance.common.config [None req-0f817272-2b37-4e93-b884-94bd91574f6f None None] database.retry_interval = 10 {{(pid=102855) log_opt_values /opt/stack/data/venv/lib/python3.12/site-packages/oslo_config/cfg.py:3253}}
Jul 06 22:46:14.887001 np0000004682 devstack@g-api.service[102858]: DEBUG glance.common.config [None req-663fe9ee-9921-4df0-be5e-f2747693839c None None] database.max_overflow = 50 {{(pid=102858) log_opt_values /opt/stack/data/venv/lib/python3.12/site-packages/oslo_config/cfg.py:3253}}
Jul 06 22:46:14.887080 np0000004682 devstack@g-api.service[102855]: DEBUG glance.common.config [None req-0f817272-2b37-4e93-b884-94bd91574f6f None None] database.slave_connection = **** {{(pid=102855) log_opt_values /opt/stack/data/venv/lib/python3.12/site-packages/oslo_config/cfg.py:3253}}
Jul 06 22:46:14.887108 np0000004682 devstack@g-api.service[102858]: DEBUG glance.common.config [None req-663fe9ee-9921-4df0-be5e-f2747693839c None None] database.max_pool_size = 5 {{(pid=102858) log_opt_values /opt/stack/data/venv/lib/python3.12/site-packages/oslo_config/cfg.py:3253}}
Jul 06 22:46:14.887212 np0000004682 devstack@g-api.service[102855]: DEBUG glance.common.config [None req-0f817272-2b37-4e93-b884-94bd91574f6f None None] database.sqlite_synchronous = True {{(pid=102855) log_opt_values /opt/stack/data/venv/lib/python3.12/site-packages/oslo_config/cfg.py:3253}}
Jul 06 22:46:14.887240 np0000004682 devstack@g-api.service[102858]: DEBUG glance.common.config [None req-663fe9ee-9921-4df0-be5e-f2747693839c None None] database.max_retries = 10 {{(pid=102858) log_opt_values /opt/stack/data/venv/lib/python3.12/site-packages/oslo_config/cfg.py:3253}}
Jul 06 22:46:14.887342 np0000004682 devstack@g-api.service[102855]: DEBUG glance.common.config [None req-0f817272-2b37-4e93-b884-94bd91574f6f None None] database.synchronous_reader = True {{(pid=102855) log_opt_values /opt/stack/data/venv/lib/python3.12/site-packages/oslo_config/cfg.py:3253}}
Jul 06 22:46:14.887368 np0000004682 devstack@g-api.service[102858]: DEBUG glance.common.config [None req-663fe9ee-9921-4df0-be5e-f2747693839c None None] database.mysql_sql_mode = TRADITIONAL {{(pid=102858) log_opt_values /opt/stack/data/venv/lib/python3.12/site-packages/oslo_config/cfg.py:3253}}
Jul 06 22:46:14.887460 np0000004682 devstack@g-api.service[102858]: DEBUG glance.common.config [None req-663fe9ee-9921-4df0-be5e-f2747693839c None None] database.mysql_wsrep_sync_wait = None {{(pid=102858) log_opt_values /opt/stack/data/venv/lib/python3.12/site-packages/oslo_config/cfg.py:3253}}
Jul 06 22:46:14.887488 np0000004682 devstack@g-api.service[102855]: DEBUG glance.common.config [None req-0f817272-2b37-4e93-b884-94bd91574f6f None None] database.use_db_reconnect = False {{(pid=102855) log_opt_values /opt/stack/data/venv/lib/python3.12/site-packages/oslo_config/cfg.py:3253}}
Jul 06 22:46:14.887562 np0000004682 devstack@g-api.service[102858]: DEBUG glance.common.config [None req-663fe9ee-9921-4df0-be5e-f2747693839c None None] database.pool_timeout = None {{(pid=102858) log_opt_values /opt/stack/data/venv/lib/python3.12/site-packages/oslo_config/cfg.py:3253}}
Jul 06 22:46:14.887609 np0000004682 devstack@g-api.service[102855]: DEBUG glance.common.config [None req-0f817272-2b37-4e93-b884-94bd91574f6f None None] healthcheck.allowed_source_ranges = [] {{(pid=102855) log_opt_values /opt/stack/data/venv/lib/python3.12/site-packages/oslo_config/cfg.py:3253}}
Jul 06 22:46:14.887659 np0000004682 devstack@g-api.service[102858]: DEBUG glance.common.config [None req-663fe9ee-9921-4df0-be5e-f2747693839c None None] database.retry_interval = 10 {{(pid=102858) log_opt_values /opt/stack/data/venv/lib/python3.12/site-packages/oslo_config/cfg.py:3253}}
Jul 06 22:46:14.887742 np0000004682 devstack@g-api.service[102855]: DEBUG glance.common.config [None req-0f817272-2b37-4e93-b884-94bd91574f6f None None] healthcheck.backends = ['disable_by_file'] {{(pid=102855) log_opt_values /opt/stack/data/venv/lib/python3.12/site-packages/oslo_config/cfg.py:3253}}
Jul 06 22:46:14.887773 np0000004682 devstack@g-api.service[102858]: DEBUG glance.common.config [None req-663fe9ee-9921-4df0-be5e-f2747693839c None None] database.slave_connection = **** {{(pid=102858) log_opt_values /opt/stack/data/venv/lib/python3.12/site-packages/oslo_config/cfg.py:3253}}
Jul 06 22:46:14.887870 np0000004682 devstack@g-api.service[102858]: DEBUG glance.common.config [None req-663fe9ee-9921-4df0-be5e-f2747693839c None None] database.sqlite_synchronous = True {{(pid=102858) log_opt_values /opt/stack/data/venv/lib/python3.12/site-packages/oslo_config/cfg.py:3253}}
Jul 06 22:46:14.887903 np0000004682 devstack@g-api.service[102855]: DEBUG glance.common.config [None req-0f817272-2b37-4e93-b884-94bd91574f6f None None] healthcheck.detailed = False {{(pid=102855) log_opt_values /opt/stack/data/venv/lib/python3.12/site-packages/oslo_config/cfg.py:3253}}
Jul 06 22:46:14.887957 np0000004682 devstack@g-api.service[102858]: DEBUG glance.common.config [None req-663fe9ee-9921-4df0-be5e-f2747693839c None None] database.synchronous_reader = True {{(pid=102858) log_opt_values /opt/stack/data/venv/lib/python3.12/site-packages/oslo_config/cfg.py:3253}}
Jul 06 22:46:14.888029 np0000004682 devstack@g-api.service[102855]: DEBUG glance.common.config [None req-0f817272-2b37-4e93-b884-94bd91574f6f None None] healthcheck.disable_by_file_path = None {{(pid=102855) log_opt_values /opt/stack/data/venv/lib/python3.12/site-packages/oslo_config/cfg.py:3253}}
Jul 06 22:46:14.888064 np0000004682 devstack@g-api.service[102858]: DEBUG glance.common.config [None req-663fe9ee-9921-4df0-be5e-f2747693839c None None] database.use_db_reconnect = False {{(pid=102858) log_opt_values /opt/stack/data/venv/lib/python3.12/site-packages/oslo_config/cfg.py:3253}}
Jul 06 22:46:14.888134 np0000004682 devstack@g-api.service[102858]: DEBUG glance.common.config [None req-663fe9ee-9921-4df0-be5e-f2747693839c None None] healthcheck.allowed_source_ranges = [] {{(pid=102858) log_opt_values /opt/stack/data/venv/lib/python3.12/site-packages/oslo_config/cfg.py:3253}}
Jul 06 22:46:14.888166 np0000004682 devstack@g-api.service[102855]: DEBUG glance.common.config [None req-0f817272-2b37-4e93-b884-94bd91574f6f None None] healthcheck.ignore_proxied_requests = False {{(pid=102855) log_opt_values /opt/stack/data/venv/lib/python3.12/site-packages/oslo_config/cfg.py:3253}}
Jul 06 22:46:14.888213 np0000004682 devstack@g-api.service[102858]: DEBUG glance.common.config [None req-663fe9ee-9921-4df0-be5e-f2747693839c None None] healthcheck.backends = ['disable_by_file'] {{(pid=102858) log_opt_values /opt/stack/data/venv/lib/python3.12/site-packages/oslo_config/cfg.py:3253}}
Jul 06 22:46:14.888258 np0000004682 devstack@g-api.service[102855]: DEBUG glance.common.config [None req-0f817272-2b37-4e93-b884-94bd91574f6f None None] ******************************************************************************** {{(pid=102855) log_opt_values /opt/stack/data/venv/lib/python3.12/site-packages/oslo_config/cfg.py:3260}}
Jul 06 22:46:14.888300 np0000004682 devstack@g-api.service[102858]: DEBUG glance.common.config [None req-663fe9ee-9921-4df0-be5e-f2747693839c None None] healthcheck.detailed = False {{(pid=102858) log_opt_values /opt/stack/data/venv/lib/python3.12/site-packages/oslo_config/cfg.py:3253}}
Jul 06 22:46:14.888385 np0000004682 devstack@g-api.service[102858]: DEBUG glance.common.config [None req-663fe9ee-9921-4df0-be5e-f2747693839c None None] healthcheck.disable_by_file_path = None {{(pid=102858) log_opt_values /opt/stack/data/venv/lib/python3.12/site-packages/oslo_config/cfg.py:3253}}
Jul 06 22:46:14.888417 np0000004682 devstack@g-api.service[102855]: WSGI app 0 (mountpoint='') ready in 2 seconds on interpreter 0x7612996a4668 pid: 102855 (default app)
Jul 06 22:46:14.888469 np0000004682 devstack@g-api.service[102858]: DEBUG glance.common.config [None req-663fe9ee-9921-4df0-be5e-f2747693839c None None] healthcheck.ignore_proxied_requests = False {{(pid=102858) log_opt_values /opt/stack/data/venv/lib/python3.12/site-packages/oslo_config/cfg.py:3253}}
Jul 06 22:46:14.888531 np0000004682 devstack@g-api.service[102858]: DEBUG glance.common.config [None req-663fe9ee-9921-4df0-be5e-f2747693839c None None] ******************************************************************************** {{(pid=102858) log_opt_values /opt/stack/data/venv/lib/python3.12/site-packages/oslo_config/cfg.py:3260}}
Jul 06 22:46:14.888636 np0000004682 devstack@g-api.service[102858]: WSGI app 0 (mountpoint='') ready in 2 seconds on interpreter 0x7612996a4668 pid: 102858 (default app)
Jul 06 22:46:17.022068 np0000004682 devstack@g-api.service[102857]: DEBUG glance.api.middleware.version_negotiation [None req-05bc41ad-061a-459e-b1b4-4cd9c4269eac None None] Determining version of request: GET / Accept: application/json {{(pid=102857) process_request /opt/stack/glance/glance/api/middleware/version_negotiation.py:44}}
Jul 06 22:46:17.022476 np0000004682 devstack@g-api.service[102857]: DEBUG glance.api.middleware.version_negotiation [None req-05bc41ad-061a-459e-b1b4-4cd9c4269eac None None] Using url versioning {{(pid=102857) process_request /opt/stack/glance/glance/api/middleware/version_negotiation.py:57}}
Jul 06 22:46:17.022476 np0000004682 devstack@g-api.service[102857]: DEBUG glance.api.middleware.version_negotiation [None req-05bc41ad-061a-459e-b1b4-4cd9c4269eac None None] Unknown version. Returning version choices. {{(pid=102857) process_request /opt/stack/glance/glance/api/middleware/version_negotiation.py:64}}
Jul 06 22:46:17.022916 np0000004682 devstack@g-api.service[102857]: [pid: 102857|app: 0|req: 2/2] 127.0.0.1 () {36 vars in 573 bytes} [Mon Jul 6 22:46:17 2026] GET / => generated 1515 bytes in 1 msecs (HTTP/1.1 300) 3 headers in 106 bytes (1 switches on core 0)
Jul 06 22:46:17.033450 np0000004682 devstack@g-api.service[102856]: DEBUG glance.api.middleware.version_negotiation [None req-a021b1db-e21e-461b-900b-7ed7e04421cd None None] Determining version of request: POST /v2/images Accept: */* {{(pid=102856) process_request /opt/stack/glance/glance/api/middleware/version_negotiation.py:44}}
Jul 06 22:46:17.033731 np0000004682 devstack@g-api.service[102856]: DEBUG glance.api.middleware.version_negotiation [None req-a021b1db-e21e-461b-900b-7ed7e04421cd None None] Using url versioning {{(pid=102856) process_request /opt/stack/glance/glance/api/middleware/version_negotiation.py:57}}
Jul 06 22:46:17.034023 np0000004682 devstack@g-api.service[102856]: DEBUG glance.api.middleware.version_negotiation [None req-a021b1db-e21e-461b-900b-7ed7e04421cd None None] Matched version: v2 {{(pid=102856) process_request /opt/stack/glance/glance/api/middleware/version_negotiation.py:69}}
Jul 06 22:46:17.034113 np0000004682 devstack@g-api.service[102856]: DEBUG glance.api.middleware.version_negotiation [None req-a021b1db-e21e-461b-900b-7ed7e04421cd None None] new path /v2/images {{(pid=102856) process_request /opt/stack/glance/glance/api/middleware/version_negotiation.py:70}}
Jul 06 22:46:18.033108 np0000004682 devstack@g-api.service[102856]: [pid: 102856|app: 0|req: 1/3] 127.0.0.1 () {42 vars in 836 bytes} [Mon Jul 6 22:46:17 2026] POST /v2/images => generated 807 bytes in 1000 msecs (HTTP/1.1 201) 6 headers in 315 bytes (1 switches on core 0)
Jul 06 22:46:18.042054 np0000004682 devstack@g-api.service[102855]: DEBUG glance.api.middleware.version_negotiation [None req-0f817272-2b37-4e93-b884-94bd91574f6f None None] Determining version of request: PUT /v2/images/d18648af-8212-4bdf-9b7d-a4d528e294ed/stage Accept: {{(pid=102855) process_request /opt/stack/glance/glance/api/middleware/version_negotiation.py:44}}
Jul 06 22:46:18.042467 np0000004682 devstack@g-api.service[102855]: DEBUG glance.api.middleware.version_negotiation [None req-0f817272-2b37-4e93-b884-94bd91574f6f None None] Using url versioning {{(pid=102855) process_request /opt/stack/glance/glance/api/middleware/version_negotiation.py:57}}
Jul 06 22:46:18.042706 np0000004682 devstack@g-api.service[102855]: DEBUG glance.api.middleware.version_negotiation [None req-0f817272-2b37-4e93-b884-94bd91574f6f None None] Matched version: v2 {{(pid=102855) process_request /opt/stack/glance/glance/api/middleware/version_negotiation.py:69}}
Jul 06 22:46:18.042858 np0000004682 devstack@g-api.service[102855]: DEBUG glance.api.middleware.version_negotiation [None req-0f817272-2b37-4e93-b884-94bd91574f6f None None] new path /v2/images/d18648af-8212-4bdf-9b7d-a4d528e294ed/stage {{(pid=102855) process_request /opt/stack/glance/glance/api/middleware/version_negotiation.py:70}}
Jul 06 22:46:18.693693 np0000004682 devstack@g-api.service[102855]: DEBUG glance_store.backend [None req-39fb69c4-148b-42f1-b2e9-99eb7b4b022d admin admin] Attempting to import store cinder {{(pid=102855) _load_store /opt/stack/data/venv/lib/python3.12/site-packages/glance_store/backend.py:215}}
Jul 06 22:46:18.693826 np0000004682 devstack@g-api.service[102855]: DEBUG glance_store.backend [None req-39fb69c4-148b-42f1-b2e9-99eb7b4b022d admin admin] Attempting to import store file {{(pid=102855) _load_store /opt/stack/data/venv/lib/python3.12/site-packages/glance_store/backend.py:215}}
Jul 06 22:46:18.693946 np0000004682 devstack@g-api.service[102855]: DEBUG glance_store.backend [None req-39fb69c4-148b-42f1-b2e9-99eb7b4b022d admin admin] Attempting to import store glance.store.cinder.Store {{(pid=102855) _load_store /opt/stack/data/venv/lib/python3.12/site-packages/glance_store/backend.py:215}}
Jul 06 22:46:18.694053 np0000004682 devstack@g-api.service[102855]: DEBUG glance_store.backend [None req-39fb69c4-148b-42f1-b2e9-99eb7b4b022d admin admin] Attempting to import store glance.store.filesystem.Store {{(pid=102855) _load_store /opt/stack/data/venv/lib/python3.12/site-packages/glance_store/backend.py:215}}
Jul 06 22:46:18.694149 np0000004682 devstack@g-api.service[102855]: DEBUG glance_store.backend [None req-39fb69c4-148b-42f1-b2e9-99eb7b4b022d admin admin] Attempting to import store glance.store.http.Store {{(pid=102855) _load_store /opt/stack/data/venv/lib/python3.12/site-packages/glance_store/backend.py:215}}
Jul 06 22:46:18.694294 np0000004682 devstack@g-api.service[102855]: DEBUG glance_store.backend [None req-39fb69c4-148b-42f1-b2e9-99eb7b4b022d admin admin] Attempting to import store glance.store.rbd.Store {{(pid=102855) _load_store /opt/stack/data/venv/lib/python3.12/site-packages/glance_store/backend.py:215}}
Jul 06 22:46:18.694355 np0000004682 devstack@g-api.service[102855]: DEBUG glance_store.backend [None req-39fb69c4-148b-42f1-b2e9-99eb7b4b022d admin admin] Attempting to import store glance.store.s3.Store {{(pid=102855) _load_store /opt/stack/data/venv/lib/python3.12/site-packages/glance_store/backend.py:215}}
Jul 06 22:46:18.694446 np0000004682 devstack@g-api.service[102855]: DEBUG glance_store.backend [None req-39fb69c4-148b-42f1-b2e9-99eb7b4b022d admin admin] Attempting to import store glance.store.swift.Store {{(pid=102855) _load_store /opt/stack/data/venv/lib/python3.12/site-packages/glance_store/backend.py:215}}
Jul 06 22:46:18.694538 np0000004682 devstack@g-api.service[102855]: DEBUG glance_store.backend [None req-39fb69c4-148b-42f1-b2e9-99eb7b4b022d admin admin] Attempting to import store glance.store.vmware_datastore.Store {{(pid=102855) _load_store /opt/stack/data/venv/lib/python3.12/site-packages/glance_store/backend.py:215}}
Jul 06 22:46:18.694628 np0000004682 devstack@g-api.service[102855]: DEBUG glance_store.backend [None req-39fb69c4-148b-42f1-b2e9-99eb7b4b022d admin admin] Attempting to import store http {{(pid=102855) _load_store /opt/stack/data/venv/lib/python3.12/site-packages/glance_store/backend.py:215}}
Jul 06 22:46:18.694726 np0000004682 devstack@g-api.service[102855]: DEBUG glance_store.backend [None req-39fb69c4-148b-42f1-b2e9-99eb7b4b022d admin admin] Attempting to import store no_conf {{(pid=102855) _load_store /opt/stack/data/venv/lib/python3.12/site-packages/glance_store/backend.py:215}}
Jul 06 22:46:18.694835 np0000004682 devstack@g-api.service[102855]: DEBUG glance_store.backend [None req-39fb69c4-148b-42f1-b2e9-99eb7b4b022d admin admin] Attempting to import store rbd {{(pid=102855) _load_store /opt/stack/data/venv/lib/python3.12/site-packages/glance_store/backend.py:215}}
Jul 06 22:46:18.694922 np0000004682 devstack@g-api.service[102855]: DEBUG glance_store.backend [None req-39fb69c4-148b-42f1-b2e9-99eb7b4b022d admin admin] Attempting to import store s3 {{(pid=102855) _load_store /opt/stack/data/venv/lib/python3.12/site-packages/glance_store/backend.py:215}}
Jul 06 22:46:18.695036 np0000004682 devstack@g-api.service[102855]: DEBUG glance_store.backend [None req-39fb69c4-148b-42f1-b2e9-99eb7b4b022d admin admin] Attempting to import store swift {{(pid=102855) _load_store /opt/stack/data/venv/lib/python3.12/site-packages/glance_store/backend.py:215}}
Jul 06 22:46:18.695162 np0000004682 devstack@g-api.service[102855]: DEBUG glance_store.backend [None req-39fb69c4-148b-42f1-b2e9-99eb7b4b022d admin admin] Attempting to import store vmware {{(pid=102855) _load_store /opt/stack/data/venv/lib/python3.12/site-packages/glance_store/backend.py:215}}
Jul 06 22:46:18.695288 np0000004682 devstack@g-api.service[102855]: DEBUG glance_store.backend [None req-39fb69c4-148b-42f1-b2e9-99eb7b4b022d admin admin] Registering options for group glance_store {{(pid=102855) register_opts /opt/stack/data/venv/lib/python3.12/site-packages/glance_store/backend.py:144}}
Jul 06 22:46:18.695423 np0000004682 devstack@g-api.service[102855]: DEBUG glance_store.backend [None req-39fb69c4-148b-42f1-b2e9-99eb7b4b022d admin admin] Registering options for group glance_store {{(pid=102855) register_opts /opt/stack/data/venv/lib/python3.12/site-packages/glance_store/backend.py:144}}
Jul 06 22:46:18.695983 np0000004682 devstack@g-api.service[102855]: DEBUG glance_store.backend [None req-39fb69c4-148b-42f1-b2e9-99eb7b4b022d admin admin] Attempting to import store file {{(pid=102855) _load_store /opt/stack/data/venv/lib/python3.12/site-packages/glance_store/backend.py:215}}
Jul 06 22:46:18.696372 np0000004682 devstack@g-api.service[102855]: INFO glance_store._drivers.filesystem [None req-39fb69c4-148b-42f1-b2e9-99eb7b4b022d admin admin] Directory to write image files does not exist (/tmp/staging/). Creating.
Jul 06 22:46:18.696588 np0000004682 devstack@g-api.service[102855]: DEBUG glance_store.capabilities [None req-39fb69c4-148b-42f1-b2e9-99eb7b4b022d admin admin] Store glance_store._drivers.filesystem.Store doesn't support updating dynamic storage capabilities. Please overwrite 'update_capabilities' method of the store to implement updating logics if needed. {{(pid=102855) update_capabilities /opt/stack/data/venv/lib/python3.12/site-packages/glance_store/capabilities.py:91}}
Jul 06 22:46:19.280971 np0000004682 devstack@g-api.service[102855]: DEBUG glance_store._drivers.filesystem [None req-39fb69c4-148b-42f1-b2e9-99eb7b4b022d admin admin] Wrote 21430272 bytes to /tmp/staging/d18648af-8212-4bdf-9b7d-a4d528e294ed with checksum c8fc807773e5354afe61636071771906 and multihash c8fc807773e5354afe61636071771906 {{(pid=102855) add /opt/stack/data/venv/lib/python3.12/site-packages/glance_store/_drivers/filesystem.py:899}}
Jul 06 22:46:19.300069 np0000004682 devstack@g-api.service[102855]: [pid: 102855|app: 0|req: 1/4] 127.0.0.1 () {42 vars in 931 bytes} [Mon Jul 6 22:46:18 2026] PUT /v2/images/d18648af-8212-4bdf-9b7d-a4d528e294ed/stage => generated 0 bytes in 1258 msecs (HTTP/1.1 204) 4 headers in 171 bytes (1 switches on core 0)
Jul 06 22:46:19.310016 np0000004682 devstack@g-api.service[102858]: DEBUG glance.api.middleware.version_negotiation [None req-663fe9ee-9921-4df0-be5e-f2747693839c None None] Determining version of request: POST /v2/images/d18648af-8212-4bdf-9b7d-a4d528e294ed/import Accept: */* {{(pid=102858) process_request /opt/stack/glance/glance/api/middleware/version_negotiation.py:44}}
Jul 06 22:46:19.311019 np0000004682 devstack@g-api.service[102858]: DEBUG glance.api.middleware.version_negotiation [None req-663fe9ee-9921-4df0-be5e-f2747693839c None None] Using url versioning {{(pid=102858) process_request /opt/stack/glance/glance/api/middleware/version_negotiation.py:57}}
Jul 06 22:46:19.311286 np0000004682 devstack@g-api.service[102858]: DEBUG glance.api.middleware.version_negotiation [None req-663fe9ee-9921-4df0-be5e-f2747693839c None None] Matched version: v2 {{(pid=102858) process_request /opt/stack/glance/glance/api/middleware/version_negotiation.py:69}}
Jul 06 22:46:19.311416 np0000004682 devstack@g-api.service[102858]: DEBUG glance.api.middleware.version_negotiation [None req-663fe9ee-9921-4df0-be5e-f2747693839c None None] new path /v2/images/d18648af-8212-4bdf-9b7d-a4d528e294ed/import {{(pid=102858) process_request /opt/stack/glance/glance/api/middleware/version_negotiation.py:70}}
Jul 06 22:46:19.963018 np0000004682 devstack@g-api.service[102858]: DEBUG glance.domain [None req-a2a66e80-ab0a-456c-a564-f68ffc980c8d admin admin] Loading taskflow executor {{(pid=102858) new_task_executor /opt/stack/glance/glance/domain/__init__.py:515}}
Jul 06 22:46:20.143693 np0000004682 devstack@g-api.service[102858]: DEBUG oslo_concurrency.lockutils [None req-a2a66e80-ab0a-456c-a564-f68ffc980c8d admin admin] Acquiring lock "tasks_pool" by "glance.api.common.memoize..memoizer_wrapper..memoizer" {{(pid=102858) inner /opt/stack/data/venv/lib/python3.12/site-packages/oslo_concurrency/lockutils.py:511}}
Jul 06 22:46:20.143883 np0000004682 devstack@g-api.service[102858]: DEBUG oslo_concurrency.lockutils [None req-a2a66e80-ab0a-456c-a564-f68ffc980c8d admin admin] Lock "tasks_pool" acquired by "glance.api.common.memoize..memoizer_wrapper..memoizer" :: waited 0.001s {{(pid=102858) inner /opt/stack/data/venv/lib/python3.12/site-packages/oslo_concurrency/lockutils.py:524}}
Jul 06 22:46:20.144313 np0000004682 devstack@g-api.service[102858]: DEBUG glance.api.common [None req-a2a66e80-ab0a-456c-a564-f68ffc980c8d admin admin] Initializing named threadpool 'tasks_pool' {{(pid=102858) _get_thread_pool /opt/stack/glance/glance/api/common.py:242}}
Jul 06 22:46:20.144844 np0000004682 devstack@g-api.service[102858]: DEBUG glance.async_ [None req-a2a66e80-ab0a-456c-a564-f68ffc980c8d admin admin] Creating threadpool model 'ThreadPoolExecutor' with size 16 {{(pid=102858) __init__ /opt/stack/glance/glance/async_/__init__.py:100}}
Jul 06 22:46:20.144953 np0000004682 devstack@g-api.service[102858]: DEBUG oslo_concurrency.lockutils [None req-a2a66e80-ab0a-456c-a564-f68ffc980c8d admin admin] Lock "tasks_pool" "released" by "glance.api.common.memoize..memoizer_wrapper..memoizer" :: held 0.001s {{(pid=102858) inner /opt/stack/data/venv/lib/python3.12/site-packages/oslo_concurrency/lockutils.py:543}}
Jul 06 22:46:20.145086 np0000004682 devstack@g-api.service[102858]: DEBUG glance.async_ [None req-a2a66e80-ab0a-456c-a564-f68ffc980c8d admin admin] Spawning with ThreadPoolExecutor: >((,), {}) {{(pid=102858) spawn /opt/stack/glance/glance/async_/__init__.py:106}}
Jul 06 22:46:20.147071 np0000004682 devstack@g-api.service[102858]: [pid: 102858|app: 0|req: 1/5] 127.0.0.1 () {42 vars in 923 bytes} [Mon Jul 6 22:46:19 2026] POST /v2/images/d18648af-8212-4bdf-9b7d-a4d528e294ed/import => generated 0 bytes in 837 msecs (HTTP/1.1 202) 4 headers in 169 bytes (1 switches on core 0)
Jul 06 22:46:20.149292 np0000004682 devstack@g-api.service[102858]: INFO glance.domain [-] Task [74e4e01a-a76d-4088-afba-d8ae07919f70] status changing from pending to processing
Jul 06 22:46:20.155969 np0000004682 devstack@g-api.service[102857]: DEBUG glance.api.middleware.version_negotiation [None req-05bc41ad-061a-459e-b1b4-4cd9c4269eac None None] Determining version of request: GET /v2/images/d18648af-8212-4bdf-9b7d-a4d528e294ed Accept: */* {{(pid=102857) process_request /opt/stack/glance/glance/api/middleware/version_negotiation.py:44}}
Jul 06 22:46:20.156359 np0000004682 devstack@g-api.service[102857]: DEBUG glance.api.middleware.version_negotiation [None req-05bc41ad-061a-459e-b1b4-4cd9c4269eac None None] Using url versioning {{(pid=102857) process_request /opt/stack/glance/glance/api/middleware/version_negotiation.py:57}}
Jul 06 22:46:20.156471 np0000004682 devstack@g-api.service[102857]: DEBUG glance.api.middleware.version_negotiation [None req-05bc41ad-061a-459e-b1b4-4cd9c4269eac None None] Matched version: v2 {{(pid=102857) process_request /opt/stack/glance/glance/api/middleware/version_negotiation.py:69}}
Jul 06 22:46:20.156577 np0000004682 devstack@g-api.service[102857]: DEBUG glance.api.middleware.version_negotiation [None req-05bc41ad-061a-459e-b1b4-4cd9c4269eac None None] new path /v2/images/d18648af-8212-4bdf-9b7d-a4d528e294ed {{(pid=102857) process_request /opt/stack/glance/glance/api/middleware/version_negotiation.py:70}}
Jul 06 22:46:20.163482 np0000004682 devstack@g-api.service[102858]: DEBUG glance.async_.taskflow_executor [-] Taskflow executor picked up the execution of task ID 74e4e01a-a76d-4088-afba-d8ae07919f70 of task type api_image_import {{(pid=102858) _run /opt/stack/glance/glance/async_/taskflow_executor.py:175}}
Jul 06 22:46:20.184604 np0000004682 devstack@g-api.service[102858]: DEBUG glance_store.backend [-] Attempting to import store cinder {{(pid=102858) _load_store /opt/stack/data/venv/lib/python3.12/site-packages/glance_store/backend.py:215}}
Jul 06 22:46:20.184783 np0000004682 devstack@g-api.service[102858]: DEBUG glance_store.backend [-] Attempting to import store file {{(pid=102858) _load_store /opt/stack/data/venv/lib/python3.12/site-packages/glance_store/backend.py:215}}
Jul 06 22:46:20.184819 np0000004682 devstack@g-api.service[102858]: DEBUG glance_store.backend [-] Attempting to import store glance.store.cinder.Store {{(pid=102858) _load_store /opt/stack/data/venv/lib/python3.12/site-packages/glance_store/backend.py:215}}
Jul 06 22:46:20.184901 np0000004682 devstack@g-api.service[102858]: DEBUG glance_store.backend [-] Attempting to import store glance.store.filesystem.Store {{(pid=102858) _load_store /opt/stack/data/venv/lib/python3.12/site-packages/glance_store/backend.py:215}}
Jul 06 22:46:20.184985 np0000004682 devstack@g-api.service[102858]: DEBUG glance_store.backend [-] Attempting to import store glance.store.http.Store {{(pid=102858) _load_store /opt/stack/data/venv/lib/python3.12/site-packages/glance_store/backend.py:215}}
Jul 06 22:46:20.185074 np0000004682 devstack@g-api.service[102858]: DEBUG glance_store.backend [-] Attempting to import store glance.store.rbd.Store {{(pid=102858) _load_store /opt/stack/data/venv/lib/python3.12/site-packages/glance_store/backend.py:215}}
Jul 06 22:46:20.185148 np0000004682 devstack@g-api.service[102858]: DEBUG glance_store.backend [-] Attempting to import store glance.store.s3.Store {{(pid=102858) _load_store /opt/stack/data/venv/lib/python3.12/site-packages/glance_store/backend.py:215}}
Jul 06 22:46:20.185223 np0000004682 devstack@g-api.service[102858]: DEBUG glance_store.backend [-] Attempting to import store glance.store.swift.Store {{(pid=102858) _load_store /opt/stack/data/venv/lib/python3.12/site-packages/glance_store/backend.py:215}}
Jul 06 22:46:20.185297 np0000004682 devstack@g-api.service[102858]: DEBUG glance_store.backend [-] Attempting to import store glance.store.vmware_datastore.Store {{(pid=102858) _load_store /opt/stack/data/venv/lib/python3.12/site-packages/glance_store/backend.py:215}}
Jul 06 22:46:20.185372 np0000004682 devstack@g-api.service[102858]: DEBUG glance_store.backend [-] Attempting to import store http {{(pid=102858) _load_store /opt/stack/data/venv/lib/python3.12/site-packages/glance_store/backend.py:215}}
Jul 06 22:46:20.185444 np0000004682 devstack@g-api.service[102858]: DEBUG glance_store.backend [-] Attempting to import store no_conf {{(pid=102858) _load_store /opt/stack/data/venv/lib/python3.12/site-packages/glance_store/backend.py:215}}
Jul 06 22:46:20.185518 np0000004682 devstack@g-api.service[102858]: DEBUG glance_store.backend [-] Attempting to import store rbd {{(pid=102858) _load_store /opt/stack/data/venv/lib/python3.12/site-packages/glance_store/backend.py:215}}
Jul 06 22:46:20.185587 np0000004682 devstack@g-api.service[102858]: DEBUG glance_store.backend [-] Attempting to import store s3 {{(pid=102858) _load_store /opt/stack/data/venv/lib/python3.12/site-packages/glance_store/backend.py:215}}
Jul 06 22:46:20.185657 np0000004682 devstack@g-api.service[102858]: DEBUG glance_store.backend [-] Attempting to import store swift {{(pid=102858) _load_store /opt/stack/data/venv/lib/python3.12/site-packages/glance_store/backend.py:215}}
Jul 06 22:46:20.185746 np0000004682 devstack@g-api.service[102858]: DEBUG glance_store.backend [-] Attempting to import store vmware {{(pid=102858) _load_store /opt/stack/data/venv/lib/python3.12/site-packages/glance_store/backend.py:215}}
Jul 06 22:46:20.185832 np0000004682 devstack@g-api.service[102858]: DEBUG glance_store.backend [-] Registering options for group glance_store {{(pid=102858) register_opts /opt/stack/data/venv/lib/python3.12/site-packages/glance_store/backend.py:144}}
Jul 06 22:46:20.185908 np0000004682 devstack@g-api.service[102858]: DEBUG glance_store.backend [-] Registering options for group glance_store {{(pid=102858) register_opts /opt/stack/data/venv/lib/python3.12/site-packages/glance_store/backend.py:144}}
Jul 06 22:46:20.186186 np0000004682 devstack@g-api.service[102858]: DEBUG glance_store.backend [-] Attempting to import store file {{(pid=102858) _load_store /opt/stack/data/venv/lib/python3.12/site-packages/glance_store/backend.py:215}}
Jul 06 22:46:20.186523 np0000004682 devstack@g-api.service[102858]: DEBUG glance_store.capabilities [-] Store glance_store._drivers.filesystem.Store doesn't support updating dynamic storage capabilities. Please overwrite 'update_capabilities' method of the store to implement updating logics if needed. {{(pid=102858) update_capabilities /opt/stack/data/venv/lib/python3.12/site-packages/glance_store/capabilities.py:91}}
Jul 06 22:46:20.192398 np0000004682 devstack@g-api.service[102857]: [pid: 102857|app: 0|req: 3/6] 127.0.0.1 () {38 vars in 856 bytes} [Mon Jul 6 22:46:20 2026] GET /v2/images/d18648af-8212-4bdf-9b7d-a4d528e294ed => generated 879 bytes in 36 msecs (HTTP/1.1 200) 4 headers in 157 bytes (1 switches on core 0)
Jul 06 22:46:20.192712 np0000004682 devstack@g-api.service[102858]: DEBUG glance.async_.flows.api_image_import [-] Image d18648af-8212-4bdf-9b7d-a4d528e294ed os_glance_importing_to_stores= {{(pid=102858) merge_store_list /opt/stack/glance/glance/async_/flows/api_image_import.py:297}}
Jul 06 22:46:20.192831 np0000004682 devstack@g-api.service[102858]: DEBUG glance.async_.flows.api_image_import [-] Image d18648af-8212-4bdf-9b7d-a4d528e294ed os_glance_failed_import= {{(pid=102858) merge_store_list /opt/stack/glance/glance/async_/flows/api_image_import.py:297}}
Jul 06 22:46:20.197803 np0000004682 devstack@g-api.service[102858]: DEBUG glance.async_.flows.api_image_import [-] Image d18648af-8212-4bdf-9b7d-a4d528e294ed status changing from uploading to importing {{(pid=102858) __exit__ /opt/stack/glance/glance/async_/flows/api_image_import.py:184}}
Jul 06 22:46:20.670488 np0000004682 devstack@g-api.service[102858]: DEBUG glance.async_ [-] Creating threadpool model 'ThreadPoolExecutor' with size 10 {{(pid=102858) __init__ /opt/stack/glance/glance/async_/__init__.py:100}}
Jul 06 22:46:20.689565 np0000004682 devstack@g-api.service[102858]: DEBUG glance.async_.taskflow_executor [-] Flow 'api_image_import' (eabdb3f0-e0b1-4f5e-87ad-cba58c13393b) transitioned into state 'RUNNING' from state 'PENDING' {{(pid=102858) _flow_receiver /opt/stack/data/venv/lib/python3.12/site-packages/taskflow/listeners/logging.py:160}}
Jul 06 22:46:20.691819 np0000004682 devstack@g-api.service[102858]: DEBUG glance.async_.taskflow_executor [-] Task 'api_image_import-ImageLock-74e4e01a-a76d-4088-afba-d8ae07919f70' (016fa46b-9ee0-4935-b04b-e322405b1029) transitioned into state 'RUNNING' from state 'PENDING' {{(pid=102858) _task_receiver /opt/stack/data/venv/lib/python3.12/site-packages/taskflow/listeners/logging.py:242}}
Jul 06 22:46:20.698975 np0000004682 devstack@g-api.service[102858]: DEBUG glance.async_.flows.api_image_import [-] Image d18648af-8212-4bdf-9b7d-a4d528e294ed import task 74e4e01a-a76d-4088-afba-d8ae07919f70 lock confirmed {{(pid=102858) execute /opt/stack/glance/glance/async_/flows/api_image_import.py:497}}
Jul 06 22:46:20.700045 np0000004682 devstack@g-api.service[102858]: DEBUG glance.async_.taskflow_executor [-] Task 'api_image_import-ImageLock-74e4e01a-a76d-4088-afba-d8ae07919f70' (016fa46b-9ee0-4935-b04b-e322405b1029) transitioned into state 'SUCCESS' from state 'RUNNING' with result 'None' {{(pid=102858) _task_receiver /opt/stack/data/venv/lib/python3.12/site-packages/taskflow/listeners/logging.py:218}}
Jul 06 22:46:20.701203 np0000004682 devstack@g-api.service[102858]: DEBUG glance.async_.taskflow_executor [-] Task 'api_image_import-ConfigureStaging-74e4e01a-a76d-4088-afba-d8ae07919f70' (d0cd3fbe-22b8-40c8-b343-17d04613d48c) transitioned into state 'RUNNING' from state 'PENDING' {{(pid=102858) _task_receiver /opt/stack/data/venv/lib/python3.12/site-packages/taskflow/listeners/logging.py:242}}
Jul 06 22:46:20.702142 np0000004682 devstack@g-api.service[102858]: DEBUG glance.async_.taskflow_executor [-] Task 'api_image_import-ConfigureStaging-74e4e01a-a76d-4088-afba-d8ae07919f70' (d0cd3fbe-22b8-40c8-b343-17d04613d48c) transitioned into state 'SUCCESS' from state 'RUNNING' with result 'file:///tmp/staging/d18648af-8212-4bdf-9b7d-a4d528e294ed' {{(pid=102858) _task_receiver /opt/stack/data/venv/lib/python3.12/site-packages/taskflow/listeners/logging.py:218}}
Jul 06 22:46:20.703142 np0000004682 devstack@g-api.service[102858]: DEBUG glance.async_.taskflow_executor [-] Task 'api_image_import--ImportToStore-74e4e01a-a76d-4088-afba-d8ae07919f70' (3c7119ef-1cd8-4761-acc3-f292233fa65d) transitioned into state 'RUNNING' from state 'PENDING' {{(pid=102858) _task_receiver /opt/stack/data/venv/lib/python3.12/site-packages/taskflow/listeners/logging.py:242}}
Jul 06 22:46:20.709843 np0000004682 devstack@g-api.service[102858]: INFO glance.common.scripts.image_import.main [-] Task 74e4e01a-a76d-4088-afba-d8ae07919f70: Got image data uri file:///tmp/staging/d18648af-8212-4bdf-9b7d-a4d528e294ed to be imported
Jul 06 22:46:20.711279 np0000004682 devstack@g-api.service[102858]: DEBUG glance.location [-] Enabling in-flight format inspection for qcow2 {{(pid=102858) set_data /opt/stack/glance/glance/location.py:596}}
Jul 06 22:46:20.711669 np0000004682 devstack@g-api.service[102858]: DEBUG glance_store.backend [-] Attempting to import store swift {{(pid=102858) _load_store /opt/stack/data/venv/lib/python3.12/site-packages/glance_store/backend.py:215}}
Jul 06 22:46:20.713036 np0000004682 devstack@g-api.service[102858]: DEBUG glance_store.capabilities [-] Store glance_store._drivers.swift.store.SingleTenantStore doesn't support updating dynamic storage capabilities. Please overwrite 'update_capabilities' method of the store to implement updating logics if needed. {{(pid=102858) update_capabilities /opt/stack/data/venv/lib/python3.12/site-packages/glance_store/capabilities.py:91}}
Jul 06 22:46:20.713124 np0000004682 devstack@g-api.service[102858]: DEBUG glance_store.driver [-] Late loading location class glance_store._drivers.swift.store.StoreLocation {{(pid=102858) get_store_location_class /opt/stack/data/venv/lib/python3.12/site-packages/glance_store/driver.py:134}}
Jul 06 22:46:20.713255 np0000004682 devstack@g-api.service[102858]: DEBUG glance_store.location [-] Registering scheme swift+https with {'store': , 'location_class': , 'store_entry': 'swift'} {{(pid=102858) register_scheme_map /opt/stack/data/venv/lib/python3.12/site-packages/glance_store/location.py:146}}
Jul 06 22:46:20.713327 np0000004682 devstack@g-api.service[102858]: DEBUG glance_store.location [-] Registering scheme swift+https with {'store': , 'location_class': , 'store_entry': 'swift'} {{(pid=102858) register_scheme_map /opt/stack/data/venv/lib/python3.12/site-packages/glance_store/location.py:146}}
Jul 06 22:46:20.713433 np0000004682 devstack@g-api.service[102858]: DEBUG glance_store.location [-] Registering scheme swift with {'store': , 'location_class': , 'store_entry': 'swift'} {{(pid=102858) register_scheme_map /opt/stack/data/venv/lib/python3.12/site-packages/glance_store/location.py:146}}
Jul 06 22:46:20.713516 np0000004682 devstack@g-api.service[102858]: DEBUG glance_store.location [-] Registering scheme swift+https with {'store': , 'location_class': , 'store_entry': 'swift'} {{(pid=102858) register_scheme_map /opt/stack/data/venv/lib/python3.12/site-packages/glance_store/location.py:146}}
Jul 06 22:46:20.713602 np0000004682 devstack@g-api.service[102858]: DEBUG glance_store.location [-] Registering scheme swift with {'store': , 'location_class': , 'store_entry': 'swift'} {{(pid=102858) register_scheme_map /opt/stack/data/venv/lib/python3.12/site-packages/glance_store/location.py:146}}
Jul 06 22:46:20.713694 np0000004682 devstack@g-api.service[102858]: DEBUG glance_store.location [-] Registering scheme swift+http with {'store': , 'location_class': , 'store_entry': 'swift'} {{(pid=102858) register_scheme_map /opt/stack/data/venv/lib/python3.12/site-packages/glance_store/location.py:146}}
Jul 06 22:46:20.713848 np0000004682 devstack@g-api.service[102858]: DEBUG glance_store.location [-] Registering scheme swift+https with {'store': , 'location_class': , 'store_entry': 'swift'} {{(pid=102858) register_scheme_map /opt/stack/data/venv/lib/python3.12/site-packages/glance_store/location.py:146}}
Jul 06 22:46:20.713924 np0000004682 devstack@g-api.service[102858]: DEBUG glance_store.location [-] Registering scheme swift with {'store': , 'location_class': , 'store_entry': 'swift'} {{(pid=102858) register_scheme_map /opt/stack/data/venv/lib/python3.12/site-packages/glance_store/location.py:146}}
Jul 06 22:46:20.713999 np0000004682 devstack@g-api.service[102858]: DEBUG glance_store.location [-] Registering scheme swift+http with {'store': , 'location_class': , 'store_entry': 'swift'} {{(pid=102858) register_scheme_map /opt/stack/data/venv/lib/python3.12/site-packages/glance_store/location.py:146}}
Jul 06 22:46:20.714124 np0000004682 devstack@g-api.service[102858]: DEBUG glance_store.location [-] Registering scheme swift+config with {'store': , 'location_class': , 'store_entry': 'swift'} {{(pid=102858) register_scheme_map /opt/stack/data/venv/lib/python3.12/site-packages/glance_store/location.py:146}}
Jul 06 22:46:21.227129 np0000004682 devstack@g-api.service[102858]: INFO swiftclient [-] REQ: curl -i https://10.4.3.136:8080/v1/AUTH_73b2cd1473364af8ad7b20450e220b1f/glance -I -H "X-Auth-Token: gAAAAABqTDA88WGJ..."
Jul 06 22:46:21.227307 np0000004682 devstack@g-api.service[102858]: INFO swiftclient [-] RESP STATUS: 404 Not Found
Jul 06 22:46:21.227543 np0000004682 devstack@g-api.service[102858]: INFO swiftclient [-] RESP HEADERS: {'Date': 'Mon, 06 Jul 2026 22:46:21 GMT', 'Server': 'Apache/2.4.58 (Ubuntu)', 'Content-Type': 'text/html; charset=UTF-8', 'X-Trans-Id': 'tx52f0c768f18c479dbc425-006a4c303c', 'X-Openstack-Request-Id': 'tx52f0c768f18c479dbc425-006a4c303c', 'Connection': 'close'}
Jul 06 22:46:21.227900 np0000004682 devstack@g-api.service[102858]: INFO glance_store._drivers.swift.store [-] Creating swift container glance
Jul 06 22:46:21.286329 np0000004682 devstack@g-api.service[102858]: DEBUG swiftclient [-] REQ: curl -i https://10.4.3.136:8080/v1/AUTH_73b2cd1473364af8ad7b20450e220b1f/glance -X PUT -H "X-Auth-Token: gAAAAABqTDA88WGJ..." -H "Content-Length: 0" {{(pid=102858) http_log /opt/stack/data/venv/lib/python3.12/site-packages/swiftclient/client.py:160}}
Jul 06 22:46:21.286416 np0000004682 devstack@g-api.service[102858]: DEBUG swiftclient [-] RESP STATUS: 201 Created {{(pid=102858) http_log /opt/stack/data/venv/lib/python3.12/site-packages/swiftclient/client.py:161}}
Jul 06 22:46:21.286595 np0000004682 devstack@g-api.service[102858]: DEBUG swiftclient [-] RESP HEADERS: {'Date': 'Mon, 06 Jul 2026 22:46:21 GMT', 'Server': 'Apache/2.4.58 (Ubuntu)', 'Content-Type': 'text/html; charset=UTF-8', 'Content-Length': '0', 'X-Trans-Id': 'tx86b9d3125d4e46a1bce93-006a4c303d', 'X-Openstack-Request-Id': 'tx86b9d3125d4e46a1bce93-006a4c303d', 'Connection': 'close'} {{(pid=102858) http_log /opt/stack/data/venv/lib/python3.12/site-packages/swiftclient/client.py:162}}
Jul 06 22:46:21.286770 np0000004682 devstack@g-api.service[102858]: DEBUG glance_store._drivers.swift.store [-] Adding image object 'd18648af-8212-4bdf-9b7d-a4d528e294ed' to Swift {{(pid=102858) add /opt/stack/data/venv/lib/python3.12/site-packages/glance_store/_drivers/swift/store.py:970}}
Jul 06 22:46:21.292568 np0000004682 devstack@g-api.service[102858]: DEBUG oslo_utils.imageutils.format_inspector [-] Format inspector for vmdk does not match, excluding from consideration (Signature KDMV not found: b'QFI\xfb') {{(pid=102858) _process_chunk /opt/stack/data/venv/lib/python3.12/site-packages/oslo_utils/imageutils/format_inspector.py:1758}}
Jul 06 22:46:21.296278 np0000004682 devstack@g-api.service[102858]: DEBUG oslo_utils.imageutils.format_inspector [-] Format inspector for vhdx does not match, excluding from consideration (Region signature not found at 30000) {{(pid=102858) _process_chunk /opt/stack/data/venv/lib/python3.12/site-packages/oslo_utils/imageutils/format_inspector.py:1758}}
Jul 06 22:46:21.636065 np0000004682 devstack@g-api.service[102858]: DEBUG swiftclient [-] REQ: curl -i https://10.4.3.136:8080/v1/AUTH_73b2cd1473364af8ad7b20450e220b1f/glance/d18648af-8212-4bdf-9b7d-a4d528e294ed -X PUT -H "X-Auth-Token: gAAAAABqTDA88WGJ..." -H "Content-Length: 21430272" {{(pid=102858) http_log /opt/stack/data/venv/lib/python3.12/site-packages/swiftclient/client.py:160}}
Jul 06 22:46:21.636147 np0000004682 devstack@g-api.service[102858]: DEBUG swiftclient [-] RESP STATUS: 201 Created {{(pid=102858) http_log /opt/stack/data/venv/lib/python3.12/site-packages/swiftclient/client.py:161}}
Jul 06 22:46:21.636265 np0000004682 devstack@g-api.service[102858]: DEBUG swiftclient [-] RESP HEADERS: {'Date': 'Mon, 06 Jul 2026 22:46:21 GMT', 'Server': 'Apache/2.4.58 (Ubuntu)', 'Content-Type': 'text/html; charset=UTF-8', 'Content-Length': '0', 'Etag': 'c8fc807773e5354afe61636071771906', 'Last-Modified': 'Mon, 06 Jul 2026 22:46:22 GMT', 'X-Trans-Id': 'tx5449e55382974b69ac8d8-006a4c303d', 'X-Openstack-Request-Id': 'tx5449e55382974b69ac8d8-006a4c303d', 'Connection': 'close'} {{(pid=102858) http_log /opt/stack/data/venv/lib/python3.12/site-packages/swiftclient/client.py:162}}
Jul 06 22:46:21.649298 np0000004682 devstack@g-api.service[102858]: INFO glance.location [-] Image format matched and virtual size computed: 117440512
Jul 06 22:46:21.656286 np0000004682 devstack@g-api.service[102858]: DEBUG glance.async_.flows.api_image_import [-] Image d18648af-8212-4bdf-9b7d-a4d528e294ed status changing from importing to active {{(pid=102858) __exit__ /opt/stack/glance/glance/async_/flows/api_image_import.py:184}}
Jul 06 22:46:21.678225 np0000004682 devstack@g-api.service[102858]: DEBUG glance_store.backend [-] Attempting to import store swift {{(pid=102858) _load_store /opt/stack/data/venv/lib/python3.12/site-packages/glance_store/backend.py:215}}
Jul 06 22:46:21.679410 np0000004682 devstack@g-api.service[102858]: DEBUG glance_store.capabilities [-] Store glance_store._drivers.swift.store.SingleTenantStore doesn't support updating dynamic storage capabilities. Please overwrite 'update_capabilities' method of the store to implement updating logics if needed. {{(pid=102858) update_capabilities /opt/stack/data/venv/lib/python3.12/site-packages/glance_store/capabilities.py:91}}
Jul 06 22:46:21.679510 np0000004682 devstack@g-api.service[102858]: DEBUG glance_store.driver [-] Late loading location class glance_store._drivers.swift.store.StoreLocation {{(pid=102858) get_store_location_class /opt/stack/data/venv/lib/python3.12/site-packages/glance_store/driver.py:134}}
Jul 06 22:46:21.679611 np0000004682 devstack@g-api.service[102858]: DEBUG glance_store.location [-] Registering scheme swift+https with {'store': , 'location_class': , 'store_entry': 'swift'} {{(pid=102858) register_scheme_map /opt/stack/data/venv/lib/python3.12/site-packages/glance_store/location.py:146}}
Jul 06 22:46:21.679709 np0000004682 devstack@g-api.service[102858]: DEBUG glance_store.location [-] Registering scheme swift+https with {'store': , 'location_class': , 'store_entry': 'swift'} {{(pid=102858) register_scheme_map /opt/stack/data/venv/lib/python3.12/site-packages/glance_store/location.py:146}}
Jul 06 22:46:21.679802 np0000004682 devstack@g-api.service[102858]: DEBUG glance_store.location [-] Registering scheme swift with {'store': , 'location_class': , 'store_entry': 'swift'} {{(pid=102858) register_scheme_map /opt/stack/data/venv/lib/python3.12/site-packages/glance_store/location.py:146}}
