Jul 06 22:45:49.115059 np0000004682 systemd[1]: Starting devstack@n-api-meta.service - Devstack devstack@n-api-meta.service...
Jul 06 22:45:49.120197 np0000004682 devstack@n-api-meta.service[95854]: [uWSGI] getting INI configuration from /etc/nova/nova-metadata-uwsgi.ini
Jul 06 22:45:49.122477 np0000004682 devstack@n-api-meta.service[95854]: *** Starting uWSGI 2.0.24-debian (64bit) on [Mon Jul 6 22:45:49 2026] ***
Jul 06 22:45:49.122477 np0000004682 devstack@n-api-meta.service[95854]: compiled with version: 13.2.0 on 17 April 2024 16:23:48
Jul 06 22:45:49.122477 np0000004682 devstack@n-api-meta.service[95854]: os: Linux-6.8.0-100-generic #100-Ubuntu SMP PREEMPT_DYNAMIC Tue Jan 13 16:40:06 UTC 2026
Jul 06 22:45:49.122477 np0000004682 devstack@n-api-meta.service[95854]: nodename: np0000004682
Jul 06 22:45:49.122477 np0000004682 devstack@n-api-meta.service[95854]: machine: x86_64
Jul 06 22:45:49.122477 np0000004682 devstack@n-api-meta.service[95854]: clock source: unix
Jul 06 22:45:49.122477 np0000004682 devstack@n-api-meta.service[95854]: pcre jit disabled
Jul 06 22:45:49.122477 np0000004682 devstack@n-api-meta.service[95854]: detected number of CPU cores: 16
Jul 06 22:45:49.122477 np0000004682 devstack@n-api-meta.service[95854]: current working directory: /
Jul 06 22:45:49.122477 np0000004682 devstack@n-api-meta.service[95854]: detected binary path: /usr/bin/uwsgi-core
Jul 06 22:45:49.122477 np0000004682 devstack@n-api-meta.service[95854]: your processes number limit is 257052
Jul 06 22:45:49.122477 np0000004682 devstack@n-api-meta.service[95854]: your memory page size is 4096 bytes
Jul 06 22:45:49.122477 np0000004682 devstack@n-api-meta.service[95854]: detected max file descriptor number: 2048
Jul 06 22:45:49.122477 np0000004682 devstack@n-api-meta.service[95854]: lock engine: pthread robust mutexes
Jul 06 22:45:49.122829 np0000004682 devstack@n-api-meta.service[95854]: thunder lock: enabled
Jul 06 22:45:49.122906 np0000004682 devstack@n-api-meta.service[95854]: uWSGI http bound on 0.0.0.0:8775 fd 5
Jul 06 22:45:49.122941 np0000004682 devstack@n-api-meta.service[95854]: uwsgi socket 0 bound to TCP address 127.0.0.1:38713 (port auto-assigned) fd 4
Jul 06 22:45:49.122973 np0000004682 devstack@n-api-meta.service[95854]: Python version: 3.12.3 (main, Jun 19 2026, 12:46:00) [GCC 13.3.0]
Jul 06 22:45:49.122973 np0000004682 devstack@n-api-meta.service[95854]: PEP 405 virtualenv detected: /opt/stack/data/venv
Jul 06 22:45:49.122973 np0000004682 devstack@n-api-meta.service[95854]: Set PythonHome to /opt/stack/data/venv
Jul 06 22:45:49.154762 np0000004682 devstack@n-api-meta.service[95854]: Python main interpreter initialized at 0x71a0538a4668
Jul 06 22:45:49.154762 np0000004682 devstack@n-api-meta.service[95854]: python threads support enabled
Jul 06 22:45:49.154762 np0000004682 devstack@n-api-meta.service[95854]: your server socket listen backlog is limited to 100 connections
Jul 06 22:45:49.154762 np0000004682 devstack@n-api-meta.service[95854]: your mercy for graceful operations on workers is 80 seconds
Jul 06 22:45:49.155211 np0000004682 devstack@n-api-meta.service[95854]: mapped 671795 bytes (656 KB) for 4 cores
Jul 06 22:45:49.155371 np0000004682 devstack@n-api-meta.service[95854]: *** Operational MODE: preforking ***
Jul 06 22:45:49.155538 np0000004682 devstack@n-api-meta.service[95854]: *** uWSGI is running in multiple interpreter mode ***
Jul 06 22:45:49.155538 np0000004682 devstack@n-api-meta.service[95854]: spawned uWSGI master process (pid: 95854)
Jul 06 22:45:49.155708 np0000004682 systemd[1]: Started devstack@n-api-meta.service - Devstack devstack@n-api-meta.service.
Jul 06 22:45:49.156251 np0000004682 devstack@n-api-meta.service[95854]: spawned uWSGI worker 1 (pid: 95857, cores: 1)
Jul 06 22:45:49.157088 np0000004682 devstack@n-api-meta.service[95854]: spawned uWSGI worker 2 (pid: 95858, cores: 1)
Jul 06 22:45:49.157591 np0000004682 devstack@n-api-meta.service[95854]: spawned uWSGI worker 3 (pid: 95859, cores: 1)
Jul 06 22:45:49.158085 np0000004682 devstack@n-api-meta.service[95854]: spawned uWSGI worker 4 (pid: 95860, cores: 1)
Jul 06 22:45:49.158574 np0000004682 devstack@n-api-meta.service[95854]: spawned uWSGI http 1 (pid: 95861)
Jul 06 22:45:49.158574 np0000004682 devstack@n-api-meta.service[95854]: running "unix_signal:15 gracefully_kill_them_all" (master-start)...
Jul 06 22:45:50.801259 np0000004682 devstack@n-api-meta.service[95859]: INFO dbcounter [None req-7810a684-4373-4446-ae95-ed970536eb04 None None] Registered counter for database nova_api
Jul 06 22:45:50.830839 np0000004682 devstack@n-api-meta.service[95857]: INFO dbcounter [None req-efd2db5e-297e-4d2c-89ae-14b84281d296 None None] Registered counter for database nova_api
Jul 06 22:45:50.848860 np0000004682 devstack@n-api-meta.service[95859]: DEBUG oslo_db.sqlalchemy.engines [None req-7810a684-4373-4446-ae95-ed970536eb04 None None] MySQL server mode set to STRICT_TRANS_TABLES,STRICT_ALL_TABLES,NO_ZERO_IN_DATE,NO_ZERO_DATE,ERROR_FOR_DIVISION_BY_ZERO,TRADITIONAL,NO_ENGINE_SUBSTITUTION {{(pid=95859) _check_effective_sql_mode /opt/stack/data/venv/lib/python3.12/site-packages/oslo_db/sqlalchemy/engines.py:325}}
Jul 06 22:45:50.874418 np0000004682 devstack@n-api-meta.service[95857]: DEBUG oslo_db.sqlalchemy.engines [None req-efd2db5e-297e-4d2c-89ae-14b84281d296 None None] MySQL server mode set to STRICT_TRANS_TABLES,STRICT_ALL_TABLES,NO_ZERO_IN_DATE,NO_ZERO_DATE,ERROR_FOR_DIVISION_BY_ZERO,TRADITIONAL,NO_ENGINE_SUBSTITUTION {{(pid=95857) _check_effective_sql_mode /opt/stack/data/venv/lib/python3.12/site-packages/oslo_db/sqlalchemy/engines.py:325}}
Jul 06 22:45:50.877414 np0000004682 devstack@n-api-meta.service[95860]: INFO dbcounter [None req-a66e617a-fa89-4c91-b864-3ad4fbffe45a None None] Registered counter for database nova_api
Jul 06 22:45:50.880958 np0000004682 devstack@n-api-meta.service[95859]: DEBUG dbcounter [-] [95859] Writer thread running {{(pid=95859) stat_writer /opt/stack/data/venv/lib/python3.12/site-packages/dbcounter.py:102}}
Jul 06 22:45:50.883433 np0000004682 devstack@n-api-meta.service[95859]: DEBUG nova.context [None req-7810a684-4373-4446-ae95-ed970536eb04 None None] Found 2 cells: 00000000-0000-0000-0000-000000000000(cell0),9ae1bb06-dbec-4023-a97f-67ff24f78cde(cell1) {{(pid=95859) load_cells /opt/stack/nova/nova/context.py:509}}
Jul 06 22:45:50.883709 np0000004682 devstack@n-api-meta.service[95859]: INFO nova.utils [None req-7810a684-4373-4446-ae95-ed970536eb04 None None] The cell worker thread pool MainProcess.cell_worker is initialized
Jul 06 22:45:50.885475 np0000004682 devstack@n-api-meta.service[95859]: DEBUG oslo_concurrency.lockutils [None req-7810a684-4373-4446-ae95-ed970536eb04 None None] Acquiring lock "00000000-0000-0000-0000-000000000000" by "nova.context.set_target_cell..get_or_set_cached_cell_and_set_connections" {{(pid=95859) inner /opt/stack/data/venv/lib/python3.12/site-packages/oslo_concurrency/lockutils.py:511}}
Jul 06 22:45:50.885639 np0000004682 devstack@n-api-meta.service[95859]: DEBUG oslo_concurrency.lockutils [None req-7810a684-4373-4446-ae95-ed970536eb04 None None] Lock "00000000-0000-0000-0000-000000000000" acquired by "nova.context.set_target_cell..get_or_set_cached_cell_and_set_connections" :: waited 0.000s {{(pid=95859) inner /opt/stack/data/venv/lib/python3.12/site-packages/oslo_concurrency/lockutils.py:524}}
Jul 06 22:45:50.886046 np0000004682 devstack@n-api-meta.service[95859]: DEBUG oslo_concurrency.lockutils [None req-7810a684-4373-4446-ae95-ed970536eb04 None None] Lock "00000000-0000-0000-0000-000000000000" "released" by "nova.context.set_target_cell..get_or_set_cached_cell_and_set_connections" :: held 0.000s {{(pid=95859) inner /opt/stack/data/venv/lib/python3.12/site-packages/oslo_concurrency/lockutils.py:543}}
Jul 06 22:45:50.886933 np0000004682 devstack@n-api-meta.service[95859]: DEBUG oslo_concurrency.lockutils [None req-7810a684-4373-4446-ae95-ed970536eb04 None None] Acquiring lock "9ae1bb06-dbec-4023-a97f-67ff24f78cde" by "nova.context.set_target_cell..get_or_set_cached_cell_and_set_connections" {{(pid=95859) inner /opt/stack/data/venv/lib/python3.12/site-packages/oslo_concurrency/lockutils.py:511}}
Jul 06 22:45:50.888444 np0000004682 devstack@n-api-meta.service[95859]: INFO dbcounter [None req-7810a684-4373-4446-ae95-ed970536eb04 None None] Registered counter for database nova_cell0
Jul 06 22:45:50.889859 np0000004682 devstack@n-api-meta.service[95859]: DEBUG oslo_concurrency.lockutils [None req-7810a684-4373-4446-ae95-ed970536eb04 None None] Lock "9ae1bb06-dbec-4023-a97f-67ff24f78cde" acquired by "nova.context.set_target_cell..get_or_set_cached_cell_and_set_connections" :: waited 0.001s {{(pid=95859) inner /opt/stack/data/venv/lib/python3.12/site-packages/oslo_concurrency/lockutils.py:524}}
Jul 06 22:45:50.891052 np0000004682 devstack@n-api-meta.service[95859]: DEBUG oslo_concurrency.lockutils [None req-7810a684-4373-4446-ae95-ed970536eb04 None None] Lock "9ae1bb06-dbec-4023-a97f-67ff24f78cde" "released" by "nova.context.set_target_cell..get_or_set_cached_cell_and_set_connections" :: held 0.003s {{(pid=95859) inner /opt/stack/data/venv/lib/python3.12/site-packages/oslo_concurrency/lockutils.py:543}}
Jul 06 22:45:50.893219 np0000004682 devstack@n-api-meta.service[95859]: INFO dbcounter [None req-7810a684-4373-4446-ae95-ed970536eb04 None None] Registered counter for database nova_cell1
Jul 06 22:45:50.901459 np0000004682 devstack@n-api-meta.service[95858]: INFO dbcounter [None req-217dff1d-f0f4-4b3a-a7cd-bf80b83550ea None None] Registered counter for database nova_api
Jul 06 22:45:50.908507 np0000004682 devstack@n-api-meta.service[95857]: DEBUG dbcounter [-] [95857] Writer thread running {{(pid=95857) stat_writer /opt/stack/data/venv/lib/python3.12/site-packages/dbcounter.py:102}}
Jul 06 22:45:50.910841 np0000004682 devstack@n-api-meta.service[95857]: DEBUG nova.context [None req-efd2db5e-297e-4d2c-89ae-14b84281d296 None None] Found 2 cells: 00000000-0000-0000-0000-000000000000(cell0),9ae1bb06-dbec-4023-a97f-67ff24f78cde(cell1) {{(pid=95857) load_cells /opt/stack/nova/nova/context.py:509}}
Jul 06 22:45:50.911083 np0000004682 devstack@n-api-meta.service[95857]: INFO nova.utils [None req-efd2db5e-297e-4d2c-89ae-14b84281d296 None None] The cell worker thread pool MainProcess.cell_worker is initialized
Jul 06 22:45:50.912803 np0000004682 devstack@n-api-meta.service[95857]: DEBUG oslo_concurrency.lockutils [None req-efd2db5e-297e-4d2c-89ae-14b84281d296 None None] Acquiring lock "00000000-0000-0000-0000-000000000000" by "nova.context.set_target_cell..get_or_set_cached_cell_and_set_connections" {{(pid=95857) inner /opt/stack/data/venv/lib/python3.12/site-packages/oslo_concurrency/lockutils.py:511}}
Jul 06 22:45:50.912968 np0000004682 devstack@n-api-meta.service[95857]: DEBUG oslo_concurrency.lockutils [None req-efd2db5e-297e-4d2c-89ae-14b84281d296 None None] Lock "00000000-0000-0000-0000-000000000000" acquired by "nova.context.set_target_cell..get_or_set_cached_cell_and_set_connections" :: waited 0.000s {{(pid=95857) inner /opt/stack/data/venv/lib/python3.12/site-packages/oslo_concurrency/lockutils.py:524}}
Jul 06 22:45:50.913308 np0000004682 devstack@n-api-meta.service[95857]: DEBUG oslo_concurrency.lockutils [None req-efd2db5e-297e-4d2c-89ae-14b84281d296 None None] Lock "00000000-0000-0000-0000-000000000000" "released" by "nova.context.set_target_cell..get_or_set_cached_cell_and_set_connections" :: held 0.000s {{(pid=95857) inner /opt/stack/data/venv/lib/python3.12/site-packages/oslo_concurrency/lockutils.py:543}}
Jul 06 22:45:50.914033 np0000004682 devstack@n-api-meta.service[95857]: DEBUG oslo_concurrency.lockutils [None req-efd2db5e-297e-4d2c-89ae-14b84281d296 None None] Acquiring lock "9ae1bb06-dbec-4023-a97f-67ff24f78cde" by "nova.context.set_target_cell..get_or_set_cached_cell_and_set_connections" {{(pid=95857) inner /opt/stack/data/venv/lib/python3.12/site-packages/oslo_concurrency/lockutils.py:511}}
Jul 06 22:45:50.914176 np0000004682 devstack@n-api-meta.service[95857]: DEBUG oslo_concurrency.lockutils [None req-efd2db5e-297e-4d2c-89ae-14b84281d296 None None] Lock "9ae1bb06-dbec-4023-a97f-67ff24f78cde" acquired by "nova.context.set_target_cell..get_or_set_cached_cell_and_set_connections" :: waited 0.000s {{(pid=95857) inner /opt/stack/data/venv/lib/python3.12/site-packages/oslo_concurrency/lockutils.py:524}}
Jul 06 22:45:50.915011 np0000004682 devstack@n-api-meta.service[95857]: DEBUG oslo_concurrency.lockutils [None req-efd2db5e-297e-4d2c-89ae-14b84281d296 None None] Lock "9ae1bb06-dbec-4023-a97f-67ff24f78cde" "released" by "nova.context.set_target_cell..get_or_set_cached_cell_and_set_connections" :: held 0.001s {{(pid=95857) inner /opt/stack/data/venv/lib/python3.12/site-packages/oslo_concurrency/lockutils.py:543}}
Jul 06 22:45:50.916902 np0000004682 devstack@n-api-meta.service[95857]: INFO dbcounter [None req-efd2db5e-297e-4d2c-89ae-14b84281d296 None None] Registered counter for database nova_cell0
Jul 06 22:45:50.920546 np0000004682 devstack@n-api-meta.service[95857]: INFO dbcounter [None req-efd2db5e-297e-4d2c-89ae-14b84281d296 None None] Registered counter for database nova_cell1
Jul 06 22:45:50.924754 np0000004682 devstack@n-api-meta.service[95860]: DEBUG oslo_db.sqlalchemy.engines [None req-a66e617a-fa89-4c91-b864-3ad4fbffe45a None None] MySQL server mode set to STRICT_TRANS_TABLES,STRICT_ALL_TABLES,NO_ZERO_IN_DATE,NO_ZERO_DATE,ERROR_FOR_DIVISION_BY_ZERO,TRADITIONAL,NO_ENGINE_SUBSTITUTION {{(pid=95860) _check_effective_sql_mode /opt/stack/data/venv/lib/python3.12/site-packages/oslo_db/sqlalchemy/engines.py:325}}
Jul 06 22:45:50.938792 np0000004682 devstack@n-api-meta.service[95859]: DEBUG oslo_db.sqlalchemy.engines [None req-7810a684-4373-4446-ae95-ed970536eb04 None None] MySQL server mode set to STRICT_TRANS_TABLES,STRICT_ALL_TABLES,NO_ZERO_IN_DATE,NO_ZERO_DATE,ERROR_FOR_DIVISION_BY_ZERO,TRADITIONAL,NO_ENGINE_SUBSTITUTION {{(pid=95859) _check_effective_sql_mode /opt/stack/data/venv/lib/python3.12/site-packages/oslo_db/sqlalchemy/engines.py:325}}
Jul 06 22:45:50.949019 np0000004682 devstack@n-api-meta.service[95858]: DEBUG oslo_db.sqlalchemy.engines [None req-217dff1d-f0f4-4b3a-a7cd-bf80b83550ea None None] MySQL server mode set to STRICT_TRANS_TABLES,STRICT_ALL_TABLES,NO_ZERO_IN_DATE,NO_ZERO_DATE,ERROR_FOR_DIVISION_BY_ZERO,TRADITIONAL,NO_ENGINE_SUBSTITUTION {{(pid=95858) _check_effective_sql_mode /opt/stack/data/venv/lib/python3.12/site-packages/oslo_db/sqlalchemy/engines.py:325}}
Jul 06 22:45:50.965044 np0000004682 devstack@n-api-meta.service[95860]: DEBUG dbcounter [-] [95860] Writer thread running {{(pid=95860) stat_writer /opt/stack/data/venv/lib/python3.12/site-packages/dbcounter.py:102}}
Jul 06 22:45:50.968115 np0000004682 devstack@n-api-meta.service[95860]: DEBUG nova.context [None req-a66e617a-fa89-4c91-b864-3ad4fbffe45a None None] Found 2 cells: 00000000-0000-0000-0000-000000000000(cell0),9ae1bb06-dbec-4023-a97f-67ff24f78cde(cell1) {{(pid=95860) load_cells /opt/stack/nova/nova/context.py:509}}
Jul 06 22:45:50.968448 np0000004682 devstack@n-api-meta.service[95860]: INFO nova.utils [None req-a66e617a-fa89-4c91-b864-3ad4fbffe45a None None] The cell worker thread pool MainProcess.cell_worker is initialized
Jul 06 22:45:50.970822 np0000004682 devstack@n-api-meta.service[95860]: DEBUG oslo_concurrency.lockutils [None req-a66e617a-fa89-4c91-b864-3ad4fbffe45a None None] Acquiring lock "00000000-0000-0000-0000-000000000000" by "nova.context.set_target_cell..get_or_set_cached_cell_and_set_connections" {{(pid=95860) inner /opt/stack/data/venv/lib/python3.12/site-packages/oslo_concurrency/lockutils.py:511}}
Jul 06 22:45:50.971042 np0000004682 devstack@n-api-meta.service[95860]: DEBUG oslo_concurrency.lockutils [None req-a66e617a-fa89-4c91-b864-3ad4fbffe45a None None] Lock "00000000-0000-0000-0000-000000000000" acquired by "nova.context.set_target_cell..get_or_set_cached_cell_and_set_connections" :: waited 0.000s {{(pid=95860) inner /opt/stack/data/venv/lib/python3.12/site-packages/oslo_concurrency/lockutils.py:524}}
Jul 06 22:45:50.971457 np0000004682 devstack@n-api-meta.service[95860]: DEBUG oslo_concurrency.lockutils [None req-a66e617a-fa89-4c91-b864-3ad4fbffe45a None None] Lock "00000000-0000-0000-0000-000000000000" "released" by "nova.context.set_target_cell..get_or_set_cached_cell_and_set_connections" :: held 0.000s {{(pid=95860) inner /opt/stack/data/venv/lib/python3.12/site-packages/oslo_concurrency/lockutils.py:543}}
Jul 06 22:45:50.972258 np0000004682 devstack@n-api-meta.service[95860]: DEBUG oslo_concurrency.lockutils [None req-a66e617a-fa89-4c91-b864-3ad4fbffe45a None None] Acquiring lock "9ae1bb06-dbec-4023-a97f-67ff24f78cde" by "nova.context.set_target_cell..get_or_set_cached_cell_and_set_connections" {{(pid=95860) inner /opt/stack/data/venv/lib/python3.12/site-packages/oslo_concurrency/lockutils.py:511}}
Jul 06 22:45:50.972501 np0000004682 devstack@n-api-meta.service[95860]: DEBUG oslo_concurrency.lockutils [None req-a66e617a-fa89-4c91-b864-3ad4fbffe45a None None] Lock "9ae1bb06-dbec-4023-a97f-67ff24f78cde" acquired by "nova.context.set_target_cell..get_or_set_cached_cell_and_set_connections" :: waited 0.000s {{(pid=95860) inner /opt/stack/data/venv/lib/python3.12/site-packages/oslo_concurrency/lockutils.py:524}}
Jul 06 22:45:50.973362 np0000004682 devstack@n-api-meta.service[95860]: DEBUG oslo_concurrency.lockutils [None req-a66e617a-fa89-4c91-b864-3ad4fbffe45a None None] Lock "9ae1bb06-dbec-4023-a97f-67ff24f78cde" "released" by "nova.context.set_target_cell..get_or_set_cached_cell_and_set_connections" :: held 0.001s {{(pid=95860) inner /opt/stack/data/venv/lib/python3.12/site-packages/oslo_concurrency/lockutils.py:543}}
Jul 06 22:45:50.974916 np0000004682 devstack@n-api-meta.service[95860]: INFO dbcounter [None req-a66e617a-fa89-4c91-b864-3ad4fbffe45a None None] Registered counter for database nova_cell0
Jul 06 22:45:50.977971 np0000004682 devstack@n-api-meta.service[95860]: INFO dbcounter [None req-a66e617a-fa89-4c91-b864-3ad4fbffe45a None None] Registered counter for database nova_cell1
Jul 06 22:45:50.978087 np0000004682 devstack@n-api-meta.service[95857]: DEBUG oslo_db.sqlalchemy.engines [None req-efd2db5e-297e-4d2c-89ae-14b84281d296 None None] MySQL server mode set to STRICT_TRANS_TABLES,STRICT_ALL_TABLES,NO_ZERO_IN_DATE,NO_ZERO_DATE,ERROR_FOR_DIVISION_BY_ZERO,TRADITIONAL,NO_ENGINE_SUBSTITUTION {{(pid=95857) _check_effective_sql_mode /opt/stack/data/venv/lib/python3.12/site-packages/oslo_db/sqlalchemy/engines.py:325}}
Jul 06 22:45:50.980778 np0000004682 devstack@n-api-meta.service[95858]: DEBUG dbcounter [-] [95858] Writer thread running {{(pid=95858) stat_writer /opt/stack/data/venv/lib/python3.12/site-packages/dbcounter.py:102}}
Jul 06 22:45:50.983465 np0000004682 devstack@n-api-meta.service[95858]: DEBUG nova.context [None req-217dff1d-f0f4-4b3a-a7cd-bf80b83550ea None None] Found 2 cells: 00000000-0000-0000-0000-000000000000(cell0),9ae1bb06-dbec-4023-a97f-67ff24f78cde(cell1) {{(pid=95858) load_cells /opt/stack/nova/nova/context.py:509}}
Jul 06 22:45:50.983808 np0000004682 devstack@n-api-meta.service[95858]: INFO nova.utils [None req-217dff1d-f0f4-4b3a-a7cd-bf80b83550ea None None] The cell worker thread pool MainProcess.cell_worker is initialized
Jul 06 22:45:50.985824 np0000004682 devstack@n-api-meta.service[95858]: DEBUG oslo_concurrency.lockutils [None req-217dff1d-f0f4-4b3a-a7cd-bf80b83550ea None None] Acquiring lock "00000000-0000-0000-0000-000000000000" by "nova.context.set_target_cell..get_or_set_cached_cell_and_set_connections" {{(pid=95858) inner /opt/stack/data/venv/lib/python3.12/site-packages/oslo_concurrency/lockutils.py:511}}
Jul 06 22:45:50.986049 np0000004682 devstack@n-api-meta.service[95858]: DEBUG oslo_concurrency.lockutils [None req-217dff1d-f0f4-4b3a-a7cd-bf80b83550ea None None] Lock "00000000-0000-0000-0000-000000000000" acquired by "nova.context.set_target_cell..get_or_set_cached_cell_and_set_connections" :: waited 0.000s {{(pid=95858) inner /opt/stack/data/venv/lib/python3.12/site-packages/oslo_concurrency/lockutils.py:524}}
Jul 06 22:45:50.986538 np0000004682 devstack@n-api-meta.service[95858]: DEBUG oslo_concurrency.lockutils [None req-217dff1d-f0f4-4b3a-a7cd-bf80b83550ea None None] Lock "00000000-0000-0000-0000-000000000000" "released" by "nova.context.set_target_cell..get_or_set_cached_cell_and_set_connections" :: held 0.000s {{(pid=95858) inner /opt/stack/data/venv/lib/python3.12/site-packages/oslo_concurrency/lockutils.py:543}}
Jul 06 22:45:50.987226 np0000004682 devstack@n-api-meta.service[95858]: DEBUG oslo_concurrency.lockutils [None req-217dff1d-f0f4-4b3a-a7cd-bf80b83550ea None None] Acquiring lock "9ae1bb06-dbec-4023-a97f-67ff24f78cde" by "nova.context.set_target_cell..get_or_set_cached_cell_and_set_connections" {{(pid=95858) inner /opt/stack/data/venv/lib/python3.12/site-packages/oslo_concurrency/lockutils.py:511}}
Jul 06 22:45:50.989220 np0000004682 devstack@n-api-meta.service[95858]: INFO dbcounter [None req-217dff1d-f0f4-4b3a-a7cd-bf80b83550ea None None] Registered counter for database nova_cell0
Jul 06 22:45:50.990327 np0000004682 devstack@n-api-meta.service[95858]: DEBUG oslo_concurrency.lockutils [None req-217dff1d-f0f4-4b3a-a7cd-bf80b83550ea None None] Lock "9ae1bb06-dbec-4023-a97f-67ff24f78cde" acquired by "nova.context.set_target_cell..get_or_set_cached_cell_and_set_connections" :: waited 0.001s {{(pid=95858) inner /opt/stack/data/venv/lib/python3.12/site-packages/oslo_concurrency/lockutils.py:524}}
Jul 06 22:45:50.991861 np0000004682 devstack@n-api-meta.service[95858]: DEBUG oslo_concurrency.lockutils [None req-217dff1d-f0f4-4b3a-a7cd-bf80b83550ea None None] Lock "9ae1bb06-dbec-4023-a97f-67ff24f78cde" "released" by "nova.context.set_target_cell..get_or_set_cached_cell_and_set_connections" :: held 0.003s {{(pid=95858) inner /opt/stack/data/venv/lib/python3.12/site-packages/oslo_concurrency/lockutils.py:543}}
Jul 06 22:45:50.993757 np0000004682 devstack@n-api-meta.service[95858]: INFO dbcounter [None req-217dff1d-f0f4-4b3a-a7cd-bf80b83550ea None None] Registered counter for database nova_cell1
Jul 06 22:45:51.013592 np0000004682 devstack@n-api-meta.service[95859]: DEBUG oslo_db.sqlalchemy.engines [None req-7810a684-4373-4446-ae95-ed970536eb04 None None] MySQL server mode set to STRICT_TRANS_TABLES,STRICT_ALL_TABLES,NO_ZERO_IN_DATE,NO_ZERO_DATE,ERROR_FOR_DIVISION_BY_ZERO,TRADITIONAL,NO_ENGINE_SUBSTITUTION {{(pid=95859) _check_effective_sql_mode /opt/stack/data/venv/lib/python3.12/site-packages/oslo_db/sqlalchemy/engines.py:325}}
Jul 06 22:45:51.023081 np0000004682 devstack@n-api-meta.service[95860]: DEBUG oslo_db.sqlalchemy.engines [None req-a66e617a-fa89-4c91-b864-3ad4fbffe45a None None] MySQL server mode set to STRICT_TRANS_TABLES,STRICT_ALL_TABLES,NO_ZERO_IN_DATE,NO_ZERO_DATE,ERROR_FOR_DIVISION_BY_ZERO,TRADITIONAL,NO_ENGINE_SUBSTITUTION {{(pid=95860) _check_effective_sql_mode /opt/stack/data/venv/lib/python3.12/site-packages/oslo_db/sqlalchemy/engines.py:325}}
Jul 06 22:45:51.033678 np0000004682 devstack@n-api-meta.service[95860]: DEBUG oslo_db.sqlalchemy.engines [None req-a66e617a-fa89-4c91-b864-3ad4fbffe45a None None] MySQL server mode set to STRICT_TRANS_TABLES,STRICT_ALL_TABLES,NO_ZERO_IN_DATE,NO_ZERO_DATE,ERROR_FOR_DIVISION_BY_ZERO,TRADITIONAL,NO_ENGINE_SUBSTITUTION {{(pid=95860) _check_effective_sql_mode /opt/stack/data/venv/lib/python3.12/site-packages/oslo_db/sqlalchemy/engines.py:325}}
Jul 06 22:45:51.041759 np0000004682 devstack@n-api-meta.service[95858]: DEBUG oslo_db.sqlalchemy.engines [None req-217dff1d-f0f4-4b3a-a7cd-bf80b83550ea None None] MySQL server mode set to STRICT_TRANS_TABLES,STRICT_ALL_TABLES,NO_ZERO_IN_DATE,NO_ZERO_DATE,ERROR_FOR_DIVISION_BY_ZERO,TRADITIONAL,NO_ENGINE_SUBSTITUTION {{(pid=95858) _check_effective_sql_mode /opt/stack/data/venv/lib/python3.12/site-packages/oslo_db/sqlalchemy/engines.py:325}}
Jul 06 22:45:51.042551 np0000004682 devstack@n-api-meta.service[95859]: DEBUG dbcounter [-] [95859] Writer thread running {{(pid=95859) stat_writer /opt/stack/data/venv/lib/python3.12/site-packages/dbcounter.py:102}}
Jul 06 22:45:51.046954 np0000004682 devstack@n-api-meta.service[95857]: DEBUG oslo_db.sqlalchemy.engines [None req-efd2db5e-297e-4d2c-89ae-14b84281d296 None None] MySQL server mode set to STRICT_TRANS_TABLES,STRICT_ALL_TABLES,NO_ZERO_IN_DATE,NO_ZERO_DATE,ERROR_FOR_DIVISION_BY_ZERO,TRADITIONAL,NO_ENGINE_SUBSTITUTION {{(pid=95857) _check_effective_sql_mode /opt/stack/data/venv/lib/python3.12/site-packages/oslo_db/sqlalchemy/engines.py:325}}
Jul 06 22:45:51.050576 np0000004682 devstack@n-api-meta.service[95859]: DEBUG dbcounter [-] [95859] Writer thread running {{(pid=95859) stat_writer /opt/stack/data/venv/lib/python3.12/site-packages/dbcounter.py:102}}
Jul 06 22:45:51.054464 np0000004682 devstack@n-api-meta.service[95858]: DEBUG oslo_db.sqlalchemy.engines [None req-217dff1d-f0f4-4b3a-a7cd-bf80b83550ea None None] MySQL server mode set to STRICT_TRANS_TABLES,STRICT_ALL_TABLES,NO_ZERO_IN_DATE,NO_ZERO_DATE,ERROR_FOR_DIVISION_BY_ZERO,TRADITIONAL,NO_ENGINE_SUBSTITUTION {{(pid=95858) _check_effective_sql_mode /opt/stack/data/venv/lib/python3.12/site-packages/oslo_db/sqlalchemy/engines.py:325}}
Jul 06 22:45:51.054536 np0000004682 devstack@n-api-meta.service[95859]: INFO dbcounter [None req-7810a684-4373-4446-ae95-ed970536eb04 None None] Registered counter for database nova_cell0
Jul 06 22:45:51.071016 np0000004682 devstack@n-api-meta.service[95857]: DEBUG dbcounter [-] [95857] Writer thread running {{(pid=95857) stat_writer /opt/stack/data/venv/lib/python3.12/site-packages/dbcounter.py:102}}
Jul 06 22:45:51.080171 np0000004682 devstack@n-api-meta.service[95857]: DEBUG dbcounter [-] [95857] Writer thread running {{(pid=95857) stat_writer /opt/stack/data/venv/lib/python3.12/site-packages/dbcounter.py:102}}
Jul 06 22:45:51.083549 np0000004682 devstack@n-api-meta.service[95857]: INFO dbcounter [None req-efd2db5e-297e-4d2c-89ae-14b84281d296 None None] Registered counter for database nova_cell0
Jul 06 22:45:51.108438 np0000004682 devstack@n-api-meta.service[95859]: DEBUG oslo_db.sqlalchemy.engines [None req-7810a684-4373-4446-ae95-ed970536eb04 None None] MySQL server mode set to STRICT_TRANS_TABLES,STRICT_ALL_TABLES,NO_ZERO_IN_DATE,NO_ZERO_DATE,ERROR_FOR_DIVISION_BY_ZERO,TRADITIONAL,NO_ENGINE_SUBSTITUTION {{(pid=95859) _check_effective_sql_mode /opt/stack/data/venv/lib/python3.12/site-packages/oslo_db/sqlalchemy/engines.py:325}}
Jul 06 22:45:51.116636 np0000004682 devstack@n-api-meta.service[95859]: DEBUG dbcounter [-] [95859] Writer thread running {{(pid=95859) stat_writer /opt/stack/data/venv/lib/python3.12/site-packages/dbcounter.py:102}}
Jul 06 22:45:51.120107 np0000004682 devstack@n-api-meta.service[95860]: DEBUG dbcounter [-] [95860] Writer thread running {{(pid=95860) stat_writer /opt/stack/data/venv/lib/python3.12/site-packages/dbcounter.py:102}}
Jul 06 22:45:51.120905 np0000004682 devstack@n-api-meta.service[95857]: DEBUG oslo_db.sqlalchemy.engines [None req-efd2db5e-297e-4d2c-89ae-14b84281d296 None None] MySQL server mode set to STRICT_TRANS_TABLES,STRICT_ALL_TABLES,NO_ZERO_IN_DATE,NO_ZERO_DATE,ERROR_FOR_DIVISION_BY_ZERO,TRADITIONAL,NO_ENGINE_SUBSTITUTION {{(pid=95857) _check_effective_sql_mode /opt/stack/data/venv/lib/python3.12/site-packages/oslo_db/sqlalchemy/engines.py:325}}
Jul 06 22:45:51.125810 np0000004682 devstack@n-api-meta.service[95860]: DEBUG dbcounter [-] [95860] Writer thread running {{(pid=95860) stat_writer /opt/stack/data/venv/lib/python3.12/site-packages/dbcounter.py:102}}
Jul 06 22:45:51.128189 np0000004682 devstack@n-api-meta.service[95857]: DEBUG dbcounter [-] [95857] Writer thread running {{(pid=95857) stat_writer /opt/stack/data/venv/lib/python3.12/site-packages/dbcounter.py:102}}
Jul 06 22:45:51.129010 np0000004682 devstack@n-api-meta.service[95860]: INFO dbcounter [None req-a66e617a-fa89-4c91-b864-3ad4fbffe45a None None] Registered counter for database nova_cell0
Jul 06 22:45:51.154419 np0000004682 devstack@n-api-meta.service[95858]: DEBUG dbcounter [-] [95858] Writer thread running {{(pid=95858) stat_writer /opt/stack/data/venv/lib/python3.12/site-packages/dbcounter.py:102}}
Jul 06 22:45:51.158686 np0000004682 devstack@n-api-meta.service[95858]: DEBUG dbcounter [-] [95858] Writer thread running {{(pid=95858) stat_writer /opt/stack/data/venv/lib/python3.12/site-packages/dbcounter.py:102}}
Jul 06 22:45:51.162458 np0000004682 devstack@n-api-meta.service[95858]: INFO dbcounter [None req-217dff1d-f0f4-4b3a-a7cd-bf80b83550ea None None] Registered counter for database nova_cell0
Jul 06 22:45:51.167344 np0000004682 devstack@n-api-meta.service[95857]: WARNING nova.api.metadata.handler [None req-efd2db5e-297e-4d2c-89ae-14b84281d296 None None] metadata_proxy_shared_secret is not configured, the metadata information returned by the proxy cannot be trusted
Jul 06 22:45:51.169419 np0000004682 devstack@n-api-meta.service[95860]: DEBUG oslo_db.sqlalchemy.engines [None req-a66e617a-fa89-4c91-b864-3ad4fbffe45a None None] MySQL server mode set to STRICT_TRANS_TABLES,STRICT_ALL_TABLES,NO_ZERO_IN_DATE,NO_ZERO_DATE,ERROR_FOR_DIVISION_BY_ZERO,TRADITIONAL,NO_ENGINE_SUBSTITUTION {{(pid=95860) _check_effective_sql_mode /opt/stack/data/venv/lib/python3.12/site-packages/oslo_db/sqlalchemy/engines.py:325}}
Jul 06 22:45:51.169763 np0000004682 devstack@n-api-meta.service[95857]: DEBUG nova.api.openstack.wsgi_app [None req-efd2db5e-297e-4d2c-89ae-14b84281d296 None None] ******************************************************************************** {{(pid=95857) log_opt_values /opt/stack/data/venv/lib/python3.12/site-packages/oslo_config/cfg.py:3226}}
Jul 06 22:45:51.169904 np0000004682 devstack@n-api-meta.service[95857]: DEBUG nova.api.openstack.wsgi_app [None req-efd2db5e-297e-4d2c-89ae-14b84281d296 None None] Configuration options gathered from: {{(pid=95857) log_opt_values /opt/stack/data/venv/lib/python3.12/site-packages/oslo_config/cfg.py:3227}}
Jul 06 22:45:51.170016 np0000004682 devstack@n-api-meta.service[95857]: DEBUG nova.api.openstack.wsgi_app [None req-efd2db5e-297e-4d2c-89ae-14b84281d296 None None] command line args: [] {{(pid=95857) log_opt_values /opt/stack/data/venv/lib/python3.12/site-packages/oslo_config/cfg.py:3228}}
Jul 06 22:45:51.170169 np0000004682 devstack@n-api-meta.service[95857]: DEBUG nova.api.openstack.wsgi_app [None req-efd2db5e-297e-4d2c-89ae-14b84281d296 None None] config files: ['/etc/nova/api-paste.ini', '/etc/nova/nova.conf'] {{(pid=95857) log_opt_values /opt/stack/data/venv/lib/python3.12/site-packages/oslo_config/cfg.py:3229}}
Jul 06 22:45:51.170258 np0000004682 devstack@n-api-meta.service[95857]: DEBUG nova.api.openstack.wsgi_app [None req-efd2db5e-297e-4d2c-89ae-14b84281d296 None None] ================================================================================ {{(pid=95857) log_opt_values /opt/stack/data/venv/lib/python3.12/site-packages/oslo_config/cfg.py:3234}}
Jul 06 22:45:51.170461 np0000004682 devstack@n-api-meta.service[95857]: DEBUG nova.api.openstack.wsgi_app [None req-efd2db5e-297e-4d2c-89ae-14b84281d296 None None] allow_resize_to_same_host = True {{(pid=95857) log_opt_values /opt/stack/data/venv/lib/python3.12/site-packages/oslo_config/cfg.py:3242}}
Jul 06 22:45:51.170653 np0000004682 devstack@n-api-meta.service[95857]: DEBUG nova.api.openstack.wsgi_app [None req-efd2db5e-297e-4d2c-89ae-14b84281d296 None None] arq_binding_timeout = 300 {{(pid=95857) log_opt_values /opt/stack/data/venv/lib/python3.12/site-packages/oslo_config/cfg.py:3242}}
Jul 06 22:45:51.170791 np0000004682 devstack@n-api-meta.service[95857]: DEBUG nova.api.openstack.wsgi_app [None req-efd2db5e-297e-4d2c-89ae-14b84281d296 None None] block_device_allocate_retries = 60 {{(pid=95857) log_opt_values /opt/stack/data/venv/lib/python3.12/site-packages/oslo_config/cfg.py:3242}}
Jul 06 22:45:51.170917 np0000004682 devstack@n-api-meta.service[95857]: DEBUG nova.api.openstack.wsgi_app [None req-efd2db5e-297e-4d2c-89ae-14b84281d296 None None] block_device_allocate_retries_interval = 3 {{(pid=95857) log_opt_values /opt/stack/data/venv/lib/python3.12/site-packages/oslo_config/cfg.py:3242}}
Jul 06 22:45:51.171036 np0000004682 devstack@n-api-meta.service[95857]: DEBUG nova.api.openstack.wsgi_app [None req-efd2db5e-297e-4d2c-89ae-14b84281d296 None None] cell_worker_thread_pool_size = 5 {{(pid=95857) log_opt_values /opt/stack/data/venv/lib/python3.12/site-packages/oslo_config/cfg.py:3242}}
Jul 06 22:45:51.171162 np0000004682 devstack@n-api-meta.service[95857]: DEBUG nova.api.openstack.wsgi_app [None req-efd2db5e-297e-4d2c-89ae-14b84281d296 None None] cert = self.pem {{(pid=95857) log_opt_values /opt/stack/data/venv/lib/python3.12/site-packages/oslo_config/cfg.py:3242}}
Jul 06 22:45:51.171285 np0000004682 devstack@n-api-meta.service[95857]: DEBUG nova.api.openstack.wsgi_app [None req-efd2db5e-297e-4d2c-89ae-14b84281d296 None None] compute_driver = libvirt.LibvirtDriver {{(pid=95857) log_opt_values /opt/stack/data/venv/lib/python3.12/site-packages/oslo_config/cfg.py:3242}}
Jul 06 22:45:51.171418 np0000004682 devstack@n-api-meta.service[95857]: DEBUG nova.api.openstack.wsgi_app [None req-efd2db5e-297e-4d2c-89ae-14b84281d296 None None] compute_monitors = [] {{(pid=95857) log_opt_values /opt/stack/data/venv/lib/python3.12/site-packages/oslo_config/cfg.py:3242}}
Jul 06 22:45:51.171569 np0000004682 devstack@n-api-meta.service[95857]: DEBUG nova.api.openstack.wsgi_app [None req-efd2db5e-297e-4d2c-89ae-14b84281d296 None None] concurrency_backend = auto {{(pid=95857) log_opt_values /opt/stack/data/venv/lib/python3.12/site-packages/oslo_config/cfg.py:3242}}
Jul 06 22:45:51.171721 np0000004682 devstack@n-api-meta.service[95857]: DEBUG nova.api.openstack.wsgi_app [None req-efd2db5e-297e-4d2c-89ae-14b84281d296 None None] config_dir = [] {{(pid=95857) log_opt_values /opt/stack/data/venv/lib/python3.12/site-packages/oslo_config/cfg.py:3242}}
Jul 06 22:45:51.171896 np0000004682 devstack@n-api-meta.service[95857]: DEBUG nova.api.openstack.wsgi_app [None req-efd2db5e-297e-4d2c-89ae-14b84281d296 None None] config_drive_format = iso9660 {{(pid=95857) log_opt_values /opt/stack/data/venv/lib/python3.12/site-packages/oslo_config/cfg.py:3242}}
Jul 06 22:45:51.172004 np0000004682 devstack@n-api-meta.service[95857]: DEBUG nova.api.openstack.wsgi_app [None req-efd2db5e-297e-4d2c-89ae-14b84281d296 None None] config_file = ['/etc/nova/api-paste.ini', '/etc/nova/nova.conf'] {{(pid=95857) log_opt_values /opt/stack/data/venv/lib/python3.12/site-packages/oslo_config/cfg.py:3242}}
Jul 06 22:45:51.172195 np0000004682 devstack@n-api-meta.service[95857]: DEBUG nova.api.openstack.wsgi_app [None req-efd2db5e-297e-4d2c-89ae-14b84281d296 None None] config_source = [] {{(pid=95857) log_opt_values /opt/stack/data/venv/lib/python3.12/site-packages/oslo_config/cfg.py:3242}}
Jul 06 22:45:51.172237 np0000004682 devstack@n-api-meta.service[95857]: DEBUG nova.api.openstack.wsgi_app [None req-efd2db5e-297e-4d2c-89ae-14b84281d296 None None] console_host = np0000004682 {{(pid=95857) log_opt_values /opt/stack/data/venv/lib/python3.12/site-packages/oslo_config/cfg.py:3242}}
Jul 06 22:45:51.172363 np0000004682 devstack@n-api-meta.service[95857]: DEBUG nova.api.openstack.wsgi_app [None req-efd2db5e-297e-4d2c-89ae-14b84281d296 None None] control_exchange = nova {{(pid=95857) log_opt_values /opt/stack/data/venv/lib/python3.12/site-packages/oslo_config/cfg.py:3242}}
Jul 06 22:45:51.172491 np0000004682 devstack@n-api-meta.service[95857]: DEBUG nova.api.openstack.wsgi_app [None req-efd2db5e-297e-4d2c-89ae-14b84281d296 None None] cpu_allocation_ratio = None {{(pid=95857) log_opt_values /opt/stack/data/venv/lib/python3.12/site-packages/oslo_config/cfg.py:3242}}
Jul 06 22:45:51.172604 np0000004682 devstack@n-api-meta.service[95857]: DEBUG nova.api.openstack.wsgi_app [None req-efd2db5e-297e-4d2c-89ae-14b84281d296 None None] daemon = False {{(pid=95857) log_opt_values /opt/stack/data/venv/lib/python3.12/site-packages/oslo_config/cfg.py:3242}}
Jul 06 22:45:51.172724 np0000004682 devstack@n-api-meta.service[95857]: DEBUG nova.api.openstack.wsgi_app [None req-efd2db5e-297e-4d2c-89ae-14b84281d296 None None] debug = True {{(pid=95857) log_opt_values /opt/stack/data/venv/lib/python3.12/site-packages/oslo_config/cfg.py:3242}}
Jul 06 22:45:51.172918 np0000004682 devstack@n-api-meta.service[95857]: DEBUG nova.api.openstack.wsgi_app [None req-efd2db5e-297e-4d2c-89ae-14b84281d296 None None] default_access_ip_network_name = None {{(pid=95857) log_opt_values /opt/stack/data/venv/lib/python3.12/site-packages/oslo_config/cfg.py:3242}}
Jul 06 22:45:51.173042 np0000004682 devstack@n-api-meta.service[95857]: DEBUG nova.api.openstack.wsgi_app [None req-efd2db5e-297e-4d2c-89ae-14b84281d296 None None] default_availability_zone = nova {{(pid=95857) log_opt_values /opt/stack/data/venv/lib/python3.12/site-packages/oslo_config/cfg.py:3242}}
Jul 06 22:45:51.173160 np0000004682 devstack@n-api-meta.service[95857]: DEBUG nova.api.openstack.wsgi_app [None req-efd2db5e-297e-4d2c-89ae-14b84281d296 None None] default_ephemeral_format = ext4 {{(pid=95857) log_opt_values /opt/stack/data/venv/lib/python3.12/site-packages/oslo_config/cfg.py:3242}}
Jul 06 22:45:51.173283 np0000004682 devstack@n-api-meta.service[95857]: DEBUG nova.api.openstack.wsgi_app [None req-efd2db5e-297e-4d2c-89ae-14b84281d296 None None] default_green_pool_size = 1000 {{(pid=95857) log_opt_values /opt/stack/data/venv/lib/python3.12/site-packages/oslo_config/cfg.py:3242}}
Jul 06 22:45:51.173490 np0000004682 devstack@n-api-meta.service[95857]: DEBUG nova.api.openstack.wsgi_app [None req-efd2db5e-297e-4d2c-89ae-14b84281d296 None None] default_log_levels = ['amqp=WARN', 'boto=WARN', 'sqlalchemy=WARN', 'suds=INFO', 'oslo.messaging=INFO', 'oslo_messaging=INFO', 'iso8601=WARN', 'requests.packages.urllib3.connectionpool=WARN', 'urllib3.connectionpool=WARN', 'websocket=WARN', 'requests.packages.urllib3.util.retry=WARN', 'urllib3.util.retry=WARN', 'keystonemiddleware=WARN', 'routes.middleware=WARN', 'stevedore=WARN', 'taskflow=WARN', 'keystoneauth=WARN', 'oslo.cache=INFO', 'oslo_policy=INFO', 'dogpile.core.dogpile=INFO', 'glanceclient=WARN', 'oslo.privsep.daemon=INFO'] {{(pid=95857) log_opt_values /opt/stack/data/venv/lib/python3.12/site-packages/oslo_config/cfg.py:3242}}
Jul 06 22:45:51.173631 np0000004682 devstack@n-api-meta.service[95857]: DEBUG nova.api.openstack.wsgi_app [None req-efd2db5e-297e-4d2c-89ae-14b84281d296 None None] default_schedule_zone = None {{(pid=95857) log_opt_values /opt/stack/data/venv/lib/python3.12/site-packages/oslo_config/cfg.py:3242}}
Jul 06 22:45:51.173765 np0000004682 devstack@n-api-meta.service[95857]: DEBUG nova.api.openstack.wsgi_app [None req-efd2db5e-297e-4d2c-89ae-14b84281d296 None None] default_thread_pool_size = 10 {{(pid=95857) log_opt_values /opt/stack/data/venv/lib/python3.12/site-packages/oslo_config/cfg.py:3242}}
Jul 06 22:45:51.173882 np0000004682 devstack@n-api-meta.service[95857]: DEBUG nova.api.openstack.wsgi_app [None req-efd2db5e-297e-4d2c-89ae-14b84281d296 None None] disk_allocation_ratio = None {{(pid=95857) log_opt_values /opt/stack/data/venv/lib/python3.12/site-packages/oslo_config/cfg.py:3242}}
Jul 06 22:45:51.173996 np0000004682 devstack@n-api-meta.service[95857]: DEBUG nova.api.openstack.wsgi_app [None req-efd2db5e-297e-4d2c-89ae-14b84281d296 None None] enable_new_services = True {{(pid=95857) log_opt_values /opt/stack/data/venv/lib/python3.12/site-packages/oslo_config/cfg.py:3242}}
Jul 06 22:45:51.174114 np0000004682 devstack@n-api-meta.service[95857]: DEBUG nova.api.openstack.wsgi_app [None req-efd2db5e-297e-4d2c-89ae-14b84281d296 None None] flat_injected = False {{(pid=95857) log_opt_values /opt/stack/data/venv/lib/python3.12/site-packages/oslo_config/cfg.py:3242}}
Jul 06 22:45:51.174235 np0000004682 devstack@n-api-meta.service[95857]: DEBUG nova.api.openstack.wsgi_app [None req-efd2db5e-297e-4d2c-89ae-14b84281d296 None None] force_config_drive = True {{(pid=95857) log_opt_values /opt/stack/data/venv/lib/python3.12/site-packages/oslo_config/cfg.py:3242}}
Jul 06 22:45:51.174272 np0000004682 devstack@n-api-meta.service[95859]: WARNING nova.api.metadata.handler [None req-7810a684-4373-4446-ae95-ed970536eb04 None None] metadata_proxy_shared_secret is not configured, the metadata information returned by the proxy cannot be trusted
Jul 06 22:45:51.174348 np0000004682 devstack@n-api-meta.service[95857]: DEBUG nova.api.openstack.wsgi_app [None req-efd2db5e-297e-4d2c-89ae-14b84281d296 None None] force_raw_images = True {{(pid=95857) log_opt_values /opt/stack/data/venv/lib/python3.12/site-packages/oslo_config/cfg.py:3242}}
Jul 06 22:45:51.174489 np0000004682 devstack@n-api-meta.service[95857]: DEBUG nova.api.openstack.wsgi_app [None req-efd2db5e-297e-4d2c-89ae-14b84281d296 None None] graceful_shutdown_timeout = 5 {{(pid=95857) log_opt_values /opt/stack/data/venv/lib/python3.12/site-packages/oslo_config/cfg.py:3242}}
Jul 06 22:45:51.174647 np0000004682 devstack@n-api-meta.service[95857]: DEBUG nova.api.openstack.wsgi_app [None req-efd2db5e-297e-4d2c-89ae-14b84281d296 None None] heal_instance_info_cache_interval = -1 {{(pid=95857) log_opt_values /opt/stack/data/venv/lib/python3.12/site-packages/oslo_config/cfg.py:3242}}
Jul 06 22:45:51.174845 np0000004682 devstack@n-api-meta.service[95857]: DEBUG nova.api.openstack.wsgi_app [None req-efd2db5e-297e-4d2c-89ae-14b84281d296 None None] host = np0000004682 {{(pid=95857) log_opt_values /opt/stack/data/venv/lib/python3.12/site-packages/oslo_config/cfg.py:3242}}
Jul 06 22:45:51.174970 np0000004682 devstack@n-api-meta.service[95857]: DEBUG nova.api.openstack.wsgi_app [None req-efd2db5e-297e-4d2c-89ae-14b84281d296 None None] initial_cpu_allocation_ratio = 4.0 {{(pid=95857) log_opt_values /opt/stack/data/venv/lib/python3.12/site-packages/oslo_config/cfg.py:3242}}
Jul 06 22:45:51.175089 np0000004682 devstack@n-api-meta.service[95857]: DEBUG nova.api.openstack.wsgi_app [None req-efd2db5e-297e-4d2c-89ae-14b84281d296 None None] initial_disk_allocation_ratio = 1.0 {{(pid=95857) log_opt_values /opt/stack/data/venv/lib/python3.12/site-packages/oslo_config/cfg.py:3242}}
Jul 06 22:45:51.175147 np0000004682 devstack@n-api-meta.service[95860]: DEBUG dbcounter [-] [95860] Writer thread running {{(pid=95860) stat_writer /opt/stack/data/venv/lib/python3.12/site-packages/dbcounter.py:102}}
Jul 06 22:45:51.175196 np0000004682 devstack@n-api-meta.service[95857]: DEBUG nova.api.openstack.wsgi_app [None req-efd2db5e-297e-4d2c-89ae-14b84281d296 None None] initial_ram_allocation_ratio = 1.0 {{(pid=95857) log_opt_values /opt/stack/data/venv/lib/python3.12/site-packages/oslo_config/cfg.py:3242}}
Jul 06 22:45:51.175356 np0000004682 devstack@n-api-meta.service[95857]: DEBUG nova.api.openstack.wsgi_app [None req-efd2db5e-297e-4d2c-89ae-14b84281d296 None None] injected_network_template = /opt/stack/nova/nova/virt/interfaces.template {{(pid=95857) log_opt_values /opt/stack/data/venv/lib/python3.12/site-packages/oslo_config/cfg.py:3242}}
Jul 06 22:45:51.175536 np0000004682 devstack@n-api-meta.service[95857]: DEBUG nova.api.openstack.wsgi_app [None req-efd2db5e-297e-4d2c-89ae-14b84281d296 None None] instance_build_timeout = 0 {{(pid=95857) log_opt_values /opt/stack/data/venv/lib/python3.12/site-packages/oslo_config/cfg.py:3242}}
Jul 06 22:45:51.175659 np0000004682 devstack@n-api-meta.service[95857]: DEBUG nova.api.openstack.wsgi_app [None req-efd2db5e-297e-4d2c-89ae-14b84281d296 None None] instance_delete_interval = 300 {{(pid=95857) log_opt_values /opt/stack/data/venv/lib/python3.12/site-packages/oslo_config/cfg.py:3242}}
Jul 06 22:45:51.175815 np0000004682 devstack@n-api-meta.service[95857]: DEBUG nova.api.openstack.wsgi_app [None req-efd2db5e-297e-4d2c-89ae-14b84281d296 None None] instance_format = [instance: %(uuid)s] {{(pid=95857) log_opt_values /opt/stack/data/venv/lib/python3.12/site-packages/oslo_config/cfg.py:3242}}
Jul 06 22:45:51.175939 np0000004682 devstack@n-api-meta.service[95857]: DEBUG nova.api.openstack.wsgi_app [None req-efd2db5e-297e-4d2c-89ae-14b84281d296 None None] instance_name_template = instance-%08x {{(pid=95857) log_opt_values /opt/stack/data/venv/lib/python3.12/site-packages/oslo_config/cfg.py:3242}}
Jul 06 22:45:51.176059 np0000004682 devstack@n-api-meta.service[95857]: DEBUG nova.api.openstack.wsgi_app [None req-efd2db5e-297e-4d2c-89ae-14b84281d296 None None] instance_usage_audit = False {{(pid=95857) log_opt_values /opt/stack/data/venv/lib/python3.12/site-packages/oslo_config/cfg.py:3242}}
Jul 06 22:45:51.176181 np0000004682 devstack@n-api-meta.service[95857]: DEBUG nova.api.openstack.wsgi_app [None req-efd2db5e-297e-4d2c-89ae-14b84281d296 None None] instance_usage_audit_period = month {{(pid=95857) log_opt_values /opt/stack/data/venv/lib/python3.12/site-packages/oslo_config/cfg.py:3242}}
Jul 06 22:45:51.176297 np0000004682 devstack@n-api-meta.service[95857]: DEBUG nova.api.openstack.wsgi_app [None req-efd2db5e-297e-4d2c-89ae-14b84281d296 None None] instance_uuid_format = [instance: %(uuid)s] {{(pid=95857) log_opt_values /opt/stack/data/venv/lib/python3.12/site-packages/oslo_config/cfg.py:3242}}
Jul 06 22:45:51.176429 np0000004682 devstack@n-api-meta.service[95857]: DEBUG nova.api.openstack.wsgi_app [None req-efd2db5e-297e-4d2c-89ae-14b84281d296 None None] instances_path = /opt/stack/data/nova/instances {{(pid=95857) log_opt_values /opt/stack/data/venv/lib/python3.12/site-packages/oslo_config/cfg.py:3242}}
Jul 06 22:45:51.176549 np0000004682 devstack@n-api-meta.service[95857]: DEBUG nova.api.openstack.wsgi_app [None req-efd2db5e-297e-4d2c-89ae-14b84281d296 None None] internal_service_availability_zone = internal {{(pid=95857) log_opt_values /opt/stack/data/venv/lib/python3.12/site-packages/oslo_config/cfg.py:3242}}
Jul 06 22:45:51.176660 np0000004682 devstack@n-api-meta.service[95857]: DEBUG nova.api.openstack.wsgi_app [None req-efd2db5e-297e-4d2c-89ae-14b84281d296 None None] key = None {{(pid=95857) log_opt_values /opt/stack/data/venv/lib/python3.12/site-packages/oslo_config/cfg.py:3242}}
Jul 06 22:45:51.176804 np0000004682 devstack@n-api-meta.service[95857]: DEBUG nova.api.openstack.wsgi_app [None req-efd2db5e-297e-4d2c-89ae-14b84281d296 None None] live_migration_retry_count = 30 {{(pid=95857) log_opt_values /opt/stack/data/venv/lib/python3.12/site-packages/oslo_config/cfg.py:3242}}
Jul 06 22:45:51.176841 np0000004682 devstack@n-api-meta.service[95859]: DEBUG nova.api.openstack.wsgi_app [None req-7810a684-4373-4446-ae95-ed970536eb04 None None] ******************************************************************************** {{(pid=95859) log_opt_values /opt/stack/data/venv/lib/python3.12/site-packages/oslo_config/cfg.py:3226}}
Jul 06 22:45:51.176936 np0000004682 devstack@n-api-meta.service[95857]: DEBUG nova.api.openstack.wsgi_app [None req-efd2db5e-297e-4d2c-89ae-14b84281d296 None None] log_color = False {{(pid=95857) log_opt_values /opt/stack/data/venv/lib/python3.12/site-packages/oslo_config/cfg.py:3242}}
Jul 06 22:45:51.176968 np0000004682 devstack@n-api-meta.service[95859]: DEBUG nova.api.openstack.wsgi_app [None req-7810a684-4373-4446-ae95-ed970536eb04 None None] Configuration options gathered from: {{(pid=95859) log_opt_values /opt/stack/data/venv/lib/python3.12/site-packages/oslo_config/cfg.py:3227}}
Jul 06 22:45:51.177068 np0000004682 devstack@n-api-meta.service[95857]: DEBUG nova.api.openstack.wsgi_app [None req-efd2db5e-297e-4d2c-89ae-14b84281d296 None None] log_config_append = None {{(pid=95857) log_opt_values /opt/stack/data/venv/lib/python3.12/site-packages/oslo_config/cfg.py:3242}}
Jul 06 22:45:51.177137 np0000004682 devstack@n-api-meta.service[95859]: DEBUG nova.api.openstack.wsgi_app [None req-7810a684-4373-4446-ae95-ed970536eb04 None None] command line args: [] {{(pid=95859) log_opt_values /opt/stack/data/venv/lib/python3.12/site-packages/oslo_config/cfg.py:3228}}
Jul 06 22:45:51.177166 np0000004682 devstack@n-api-meta.service[95857]: DEBUG nova.api.openstack.wsgi_app [None req-efd2db5e-297e-4d2c-89ae-14b84281d296 None None] log_date_format = %Y-%m-%d %H:%M:%S {{(pid=95857) log_opt_values /opt/stack/data/venv/lib/python3.12/site-packages/oslo_config/cfg.py:3242}}
Jul 06 22:45:51.177286 np0000004682 devstack@n-api-meta.service[95857]: DEBUG nova.api.openstack.wsgi_app [None req-efd2db5e-297e-4d2c-89ae-14b84281d296 None None] log_dir = None {{(pid=95857) log_opt_values /opt/stack/data/venv/lib/python3.12/site-packages/oslo_config/cfg.py:3242}}
Jul 06 22:45:51.177402 np0000004682 devstack@n-api-meta.service[95859]: DEBUG nova.api.openstack.wsgi_app [None req-7810a684-4373-4446-ae95-ed970536eb04 None None] config files: ['/etc/nova/api-paste.ini', '/etc/nova/nova.conf'] {{(pid=95859) log_opt_values /opt/stack/data/venv/lib/python3.12/site-packages/oslo_config/cfg.py:3229}}
Jul 06 22:45:51.177448 np0000004682 devstack@n-api-meta.service[95857]: DEBUG nova.api.openstack.wsgi_app [None req-efd2db5e-297e-4d2c-89ae-14b84281d296 None None] log_file = None {{(pid=95857) log_opt_values /opt/stack/data/venv/lib/python3.12/site-packages/oslo_config/cfg.py:3242}}
Jul 06 22:45:51.177519 np0000004682 devstack@n-api-meta.service[95859]: DEBUG nova.api.openstack.wsgi_app [None req-7810a684-4373-4446-ae95-ed970536eb04 None None] ================================================================================ {{(pid=95859) log_opt_values /opt/stack/data/venv/lib/python3.12/site-packages/oslo_config/cfg.py:3234}}
Jul 06 22:45:51.177578 np0000004682 devstack@n-api-meta.service[95857]: DEBUG nova.api.openstack.wsgi_app [None req-efd2db5e-297e-4d2c-89ae-14b84281d296 None None] log_options = True {{(pid=95857) log_opt_values /opt/stack/data/venv/lib/python3.12/site-packages/oslo_config/cfg.py:3242}}
