May 27 10:27:45.470553 np0000001496 neutron-periodic-workers[88647]: DEBUG cotyledon.oslo_config_glue [-] database.slave_connection = **** {{(pid=88647) log_opt_values /opt/stack/data/venv/lib/python3.12/site-packages/oslo_config/cfg.py:3256}}
May 27 10:27:45.470912 np0000001496 neutron-periodic-workers[88647]: DEBUG cotyledon.oslo_config_glue [-] database.sqlite_synchronous = True {{(pid=88647) log_opt_values /opt/stack/data/venv/lib/python3.12/site-packages/oslo_config/cfg.py:3256}}
May 27 10:27:45.470912 np0000001496 neutron-periodic-workers[88647]: DEBUG cotyledon.oslo_config_glue [-] database.synchronous_reader = True {{(pid=88647) log_opt_values /opt/stack/data/venv/lib/python3.12/site-packages/oslo_config/cfg.py:3256}}
May 27 10:27:45.470912 np0000001496 neutron-periodic-workers[88647]: DEBUG cotyledon.oslo_config_glue [-] database.use_db_reconnect = False {{(pid=88647) log_opt_values /opt/stack/data/venv/lib/python3.12/site-packages/oslo_config/cfg.py:3256}}
May 27 10:27:45.470912 np0000001496 neutron-periodic-workers[88647]: DEBUG cotyledon.oslo_config_glue [-] ovn.bfd_min_rx = 1000 {{(pid=88647) log_opt_values /opt/stack/data/venv/lib/python3.12/site-packages/oslo_config/cfg.py:3256}}
May 27 10:27:45.470912 np0000001496 neutron-periodic-workers[88647]: DEBUG cotyledon.oslo_config_glue [-] ovn.bfd_min_tx = 100 {{(pid=88647) log_opt_values /opt/stack/data/venv/lib/python3.12/site-packages/oslo_config/cfg.py:3256}}
May 27 10:27:45.470912 np0000001496 neutron-periodic-workers[88647]: DEBUG cotyledon.oslo_config_glue [-] ovn.bfd_mult = 3 {{(pid=88647) log_opt_values /opt/stack/data/venv/lib/python3.12/site-packages/oslo_config/cfg.py:3256}}
May 27 10:27:45.470912 np0000001496 neutron-periodic-workers[88647]: DEBUG cotyledon.oslo_config_glue [-] ovn.broadcast_arps_to_all_routers = True {{(pid=88647) log_opt_values /opt/stack/data/venv/lib/python3.12/site-packages/oslo_config/cfg.py:3256}}
May 27 10:27:45.470912 np0000001496 neutron-periodic-workers[88647]: DEBUG cotyledon.oslo_config_glue [-] ovn.dhcp_default_lease_time = 43200 {{(pid=88647) log_opt_values /opt/stack/data/venv/lib/python3.12/site-packages/oslo_config/cfg.py:3256}}
May 27 10:27:45.470912 np0000001496 neutron-periodic-workers[88647]: DEBUG cotyledon.oslo_config_glue [-] ovn.disable_ovn_dhcp_for_baremetal_ports = False {{(pid=88647) log_opt_values /opt/stack/data/venv/lib/python3.12/site-packages/oslo_config/cfg.py:3256}}
May 27 10:27:45.471232 np0000001496 neutron-periodic-workers[88647]: DEBUG cotyledon.oslo_config_glue [-] ovn.dns_records_ovn_owned = False {{(pid=88647) log_opt_values /opt/stack/data/venv/lib/python3.12/site-packages/oslo_config/cfg.py:3256}}
May 27 10:27:45.471232 np0000001496 neutron-periodic-workers[88647]: DEBUG cotyledon.oslo_config_glue [-] ovn.dns_servers = [] {{(pid=88647) log_opt_values /opt/stack/data/venv/lib/python3.12/site-packages/oslo_config/cfg.py:3256}}
May 27 10:27:45.471232 np0000001496 neutron-periodic-workers[88647]: DEBUG cotyledon.oslo_config_glue [-] ovn.enable_distributed_floating_ip = False {{(pid=88647) log_opt_values /opt/stack/data/venv/lib/python3.12/site-packages/oslo_config/cfg.py:3256}}
May 27 10:27:45.471232 np0000001496 neutron-periodic-workers[88647]: DEBUG cotyledon.oslo_config_glue [-] ovn.fdb_age_threshold = 300 {{(pid=88647) log_opt_values /opt/stack/data/venv/lib/python3.12/site-packages/oslo_config/cfg.py:3256}}
May 27 10:27:45.471232 np0000001496 neutron-periodic-workers[88647]: DEBUG cotyledon.oslo_config_glue [-] ovn.ha_failover_strategy = normal {{(pid=88647) log_opt_values /opt/stack/data/venv/lib/python3.12/site-packages/oslo_config/cfg.py:3256}}
May 27 10:27:45.471232 np0000001496 neutron-periodic-workers[88647]: DEBUG cotyledon.oslo_config_glue [-] ovn.live_migration_activation_strategy = rarp {{(pid=88647) log_opt_values /opt/stack/data/venv/lib/python3.12/site-packages/oslo_config/cfg.py:3256}}
May 27 10:27:45.471232 np0000001496 neutron-periodic-workers[88647]: DEBUG cotyledon.oslo_config_glue [-] ovn.localnet_learn_fdb = False {{(pid=88647) log_opt_values /opt/stack/data/venv/lib/python3.12/site-packages/oslo_config/cfg.py:3256}}
May 27 10:27:45.471232 np0000001496 neutron-periodic-workers[88647]: DEBUG cotyledon.oslo_config_glue [-] ovn.mac_binding_age_threshold = 300 {{(pid=88647) log_opt_values /opt/stack/data/venv/lib/python3.12/site-packages/oslo_config/cfg.py:3256}}
May 27 10:27:45.471232 np0000001496 neutron-periodic-workers[88647]: DEBUG cotyledon.oslo_config_glue [-] ovn.neutron_sync_mode = log {{(pid=88647) log_opt_values /opt/stack/data/venv/lib/python3.12/site-packages/oslo_config/cfg.py:3256}}
May 27 10:27:45.471539 np0000001496 neutron-periodic-workers[88647]: DEBUG cotyledon.oslo_config_glue [-] ovn.ovn_dhcp4_global_options = {} {{(pid=88647) log_opt_values /opt/stack/data/venv/lib/python3.12/site-packages/oslo_config/cfg.py:3256}}
May 27 10:27:45.471539 np0000001496 neutron-periodic-workers[88647]: DEBUG cotyledon.oslo_config_glue [-] ovn.ovn_dhcp6_global_options = {} {{(pid=88647) log_opt_values /opt/stack/data/venv/lib/python3.12/site-packages/oslo_config/cfg.py:3256}}
May 27 10:27:45.471539 np0000001496 neutron-periodic-workers[88647]: DEBUG cotyledon.oslo_config_glue [-] ovn.ovn_l3_scheduler = leastloaded {{(pid=88647) log_opt_values /opt/stack/data/venv/lib/python3.12/site-packages/oslo_config/cfg.py:3256}}
May 27 10:27:45.471539 np0000001496 neutron-periodic-workers[88647]: DEBUG cotyledon.oslo_config_glue [-] ovn.ovn_metadata_enabled = True {{(pid=88647) log_opt_values /opt/stack/data/venv/lib/python3.12/site-packages/oslo_config/cfg.py:3256}}
May 27 10:27:45.471539 np0000001496 neutron-periodic-workers[88647]: DEBUG cotyledon.oslo_config_glue [-] ovn.ovn_nb_ca_cert = /opt/stack/data/CA/int-ca/ca-chain.pem {{(pid=88647) log_opt_values /opt/stack/data/venv/lib/python3.12/site-packages/oslo_config/cfg.py:3256}}
May 27 10:27:45.471539 np0000001496 neutron-periodic-workers[88647]: DEBUG cotyledon.oslo_config_glue [-] ovn.ovn_nb_certificate = /opt/stack/data/CA/int-ca/devstack-cert.crt {{(pid=88647) log_opt_values /opt/stack/data/venv/lib/python3.12/site-packages/oslo_config/cfg.py:3256}}
May 27 10:27:45.471539 np0000001496 neutron-periodic-workers[88647]: DEBUG cotyledon.oslo_config_glue [-] ovn.ovn_nb_connection = ['ssl:10.4.3.214:6641'] {{(pid=88647) log_opt_values /opt/stack/data/venv/lib/python3.12/site-packages/oslo_config/cfg.py:3256}}
May 27 10:27:45.471539 np0000001496 neutron-periodic-workers[88647]: DEBUG cotyledon.oslo_config_glue [-] ovn.ovn_nb_private_key = /opt/stack/data/CA/int-ca/private/devstack-cert.key {{(pid=88647) log_opt_values /opt/stack/data/venv/lib/python3.12/site-packages/oslo_config/cfg.py:3256}}
May 27 10:27:45.471851 np0000001496 neutron-periodic-workers[88647]: DEBUG cotyledon.oslo_config_glue [-] ovn.ovn_router_indirect_snat = False {{(pid=88647) log_opt_values /opt/stack/data/venv/lib/python3.12/site-packages/oslo_config/cfg.py:3256}}
May 27 10:27:45.471851 np0000001496 neutron-periodic-workers[88647]: DEBUG cotyledon.oslo_config_glue [-] ovn.ovn_sb_ca_cert = /opt/stack/data/CA/int-ca/ca-chain.pem {{(pid=88647) log_opt_values /opt/stack/data/venv/lib/python3.12/site-packages/oslo_config/cfg.py:3256}}
May 27 10:27:45.471851 np0000001496 neutron-periodic-workers[88647]: DEBUG cotyledon.oslo_config_glue [-] ovn.ovn_sb_certificate = /opt/stack/data/CA/int-ca/devstack-cert.crt {{(pid=88647) log_opt_values /opt/stack/data/venv/lib/python3.12/site-packages/oslo_config/cfg.py:3256}}
May 27 10:27:45.471851 np0000001496 neutron-periodic-workers[88647]: DEBUG cotyledon.oslo_config_glue [-] ovn.ovn_sb_connection = ['ssl:10.4.3.214:6642'] {{(pid=88647) log_opt_values /opt/stack/data/venv/lib/python3.12/site-packages/oslo_config/cfg.py:3256}}
May 27 10:27:45.471851 np0000001496 neutron-periodic-workers[88647]: DEBUG cotyledon.oslo_config_glue [-] ovn.ovn_sb_private_key = /opt/stack/data/CA/int-ca/private/devstack-cert.key {{(pid=88647) log_opt_values /opt/stack/data/venv/lib/python3.12/site-packages/oslo_config/cfg.py:3256}}
May 27 10:27:45.471851 np0000001496 neutron-periodic-workers[88647]: DEBUG cotyledon.oslo_config_glue [-] ovn.ovs_create_tap = False {{(pid=88647) log_opt_values /opt/stack/data/venv/lib/python3.12/site-packages/oslo_config/cfg.py:3256}}
May 27 10:27:45.471851 np0000001496 neutron-periodic-workers[88647]: DEBUG cotyledon.oslo_config_glue [-] ovn.ovsdb_connection_timeout = 180 {{(pid=88647) log_opt_values /opt/stack/data/venv/lib/python3.12/site-packages/oslo_config/cfg.py:3256}}
May 27 10:27:45.471851 np0000001496 neutron-periodic-workers[88647]: DEBUG cotyledon.oslo_config_glue [-] ovn.ovsdb_log_level = INFO {{(pid=88647) log_opt_values /opt/stack/data/venv/lib/python3.12/site-packages/oslo_config/cfg.py:3256}}
May 27 10:27:45.472167 np0000001496 neutron-periodic-workers[88647]: DEBUG cotyledon.oslo_config_glue [-] ovn.ovsdb_probe_interval = 60000 {{(pid=88647) log_opt_values /opt/stack/data/venv/lib/python3.12/site-packages/oslo_config/cfg.py:3256}}
May 27 10:27:45.472167 np0000001496 neutron-periodic-workers[88647]: DEBUG cotyledon.oslo_config_glue [-] ovn.ovsdb_retry_max_interval = 180 {{(pid=88647) log_opt_values /opt/stack/data/venv/lib/python3.12/site-packages/oslo_config/cfg.py:3256}}
May 27 10:27:45.472167 np0000001496 neutron-periodic-workers[88647]: DEBUG cotyledon.oslo_config_glue [-] ovn.stateless_nat_enabled = False {{(pid=88647) log_opt_values /opt/stack/data/venv/lib/python3.12/site-packages/oslo_config/cfg.py:3256}}
May 27 10:27:45.472167 np0000001496 neutron-periodic-workers[88647]: DEBUG cotyledon.oslo_config_glue [-] ovn.vhost_sock_dir = /var/run/openvswitch {{(pid=88647) log_opt_values /opt/stack/data/venv/lib/python3.12/site-packages/oslo_config/cfg.py:3256}}
May 27 10:27:45.472167 np0000001496 neutron-periodic-workers[88647]: DEBUG cotyledon.oslo_config_glue [-] OVS.bridge_mac_table_size = 50000 {{(pid=88647) log_opt_values /opt/stack/data/venv/lib/python3.12/site-packages/oslo_config/cfg.py:3256}}
May 27 10:27:45.472167 np0000001496 neutron-periodic-workers[88647]: DEBUG cotyledon.oslo_config_glue [-] OVS.igmp_flood = False {{(pid=88647) log_opt_values /opt/stack/data/venv/lib/python3.12/site-packages/oslo_config/cfg.py:3256}}
May 27 10:27:45.472167 np0000001496 neutron-periodic-workers[88647]: DEBUG cotyledon.oslo_config_glue [-] OVS.igmp_flood_reports = True {{(pid=88647) log_opt_values /opt/stack/data/venv/lib/python3.12/site-packages/oslo_config/cfg.py:3256}}
May 27 10:27:45.472167 np0000001496 neutron-periodic-workers[88647]: DEBUG cotyledon.oslo_config_glue [-] OVS.igmp_flood_unregistered = False {{(pid=88647) log_opt_values /opt/stack/data/venv/lib/python3.12/site-packages/oslo_config/cfg.py:3256}}
May 27 10:27:45.472167 np0000001496 neutron-periodic-workers[88647]: DEBUG cotyledon.oslo_config_glue [-] OVS.igmp_snooping_enable = False {{(pid=88647) log_opt_values /opt/stack/data/venv/lib/python3.12/site-packages/oslo_config/cfg.py:3256}}
May 27 10:27:45.472490 np0000001496 neutron-periodic-workers[88647]: DEBUG cotyledon.oslo_config_glue [-] OVS.ovsdb_timeout = 10 {{(pid=88647) log_opt_values /opt/stack/data/venv/lib/python3.12/site-packages/oslo_config/cfg.py:3256}}
May 27 10:27:45.472490 np0000001496 neutron-periodic-workers[88647]: DEBUG cotyledon.oslo_config_glue [-] ovn_nb_global.fdb_removal_limit = 0 {{(pid=88647) log_opt_values /opt/stack/data/venv/lib/python3.12/site-packages/oslo_config/cfg.py:3256}}
May 27 10:27:45.472490 np0000001496 neutron-periodic-workers[88647]: DEBUG cotyledon.oslo_config_glue [-] ovn_nb_global.ignore_lsp_down = False {{(pid=88647) log_opt_values /opt/stack/data/venv/lib/python3.12/site-packages/oslo_config/cfg.py:3256}}
May 27 10:27:45.472490 np0000001496 neutron-periodic-workers[88647]: DEBUG cotyledon.oslo_config_glue [-] ovn_nb_global.mac_binding_removal_limit = 0 {{(pid=88647) log_opt_values /opt/stack/data/venv/lib/python3.12/site-packages/oslo_config/cfg.py:3256}}
May 27 10:27:45.472490 np0000001496 neutron-periodic-workers[88647]: DEBUG cotyledon.oslo_config_glue [-] ******************************************************************************** {{(pid=88647) log_opt_values /opt/stack/data/venv/lib/python3.12/site-packages/oslo_config/cfg.py:3263}}
May 27 10:27:45.472490 np0000001496 neutron-periodic-workers[88647]: DEBUG cotyledon._service_worker [-] Run service ServiceWrapper(0) [88647] {{(pid=88647) wait_forever /opt/stack/data/venv/lib/python3.12/site-packages/cotyledon/_service_worker.py:218}}
May 27 10:27:55.164603 np0000001496 neutron-periodic-workers[88011]: DEBUG dbcounter [-] [88011] Writing DB stats neutron:SELECT=4 {{(pid=88011) stat_writer /opt/stack/data/venv/lib/python3.12/site-packages/dbcounter.py:115}}
May 27 10:28:24.440594 np0000001496 neutron-periodic-workers[88620]: DEBUG oslo_db.sqlalchemy.engines [None req-fbbc3c64-2b7f-433b-ac14-92d6aa9204ef None None] Parent process 88011 forked (88620) with an open database connection, which is being discarded and recreated. {{(pid=88620) checkout /opt/stack/data/venv/lib/python3.12/site-packages/oslo_db/sqlalchemy/engines.py:402}}
May 27 10:28:24.491972 np0000001496 neutron-periodic-workers[88620]: DEBUG dbcounter [-] [88620] Writer thread running {{(pid=88620) stat_writer /opt/stack/data/venv/lib/python3.12/site-packages/dbcounter.py:102}}
May 27 10:28:24.501853 np0000001496 neutron-periodic-workers[88620]: DEBUG oslo.service.backend._threading.loopingcall [None req-fbbc3c64-2b7f-433b-ac14-92d6aa9204ef None None] Fixed interval looping call 'neutron.plugins.ml2.plugin.DhcpAgentSchedulerDbMixin.remove_networks_from_down_agents' sleeping for 36.93 seconds {{(pid=88620) _run_loop /opt/stack/data/venv/lib/python3.12/site-packages/oslo_service/backend/_threading/loopingcall.py:125}}
May 27 10:28:34.500633 np0000001496 neutron-periodic-workers[88620]: DEBUG dbcounter [-] [88620] Writing DB stats neutron:SELECT=3 {{(pid=88620) stat_writer /opt/stack/data/venv/lib/python3.12/site-packages/dbcounter.py:115}}
May 27 10:28:53.499730 np0000001496 neutron-periodic-workers[88633]: DEBUG dbcounter [-] [88633] Writer thread running {{(pid=88633) stat_writer /opt/stack/data/venv/lib/python3.12/site-packages/dbcounter.py:102}}
May 27 10:28:53.502994 np0000001496 neutron-periodic-workers[88633]: DEBUG neutron.db.agents_db [None req-9865cc95-cca6-4021-bf11-22165ff10138 None None] Agent healthcheck: found 0 active agents {{(pid=88633) agent_health_check /opt/stack/neutron/neutron/db/agents_db.py:322}}
May 27 10:28:53.503318 np0000001496 neutron-periodic-workers[88633]: DEBUG oslo.service.backend._threading.loopingcall [None req-9865cc95-cca6-4021-bf11-22165ff10138 None None] Fixed interval looping call 'neutron.plugins.ml2.plugin.AgentDbMixin.agent_health_check' sleeping for 36.95 seconds {{(pid=88633) _run_loop /opt/stack/data/venv/lib/python3.12/site-packages/oslo_service/backend/_threading/loopingcall.py:125}}
May 27 10:29:01.438632 np0000001496 neutron-periodic-workers[88620]: DEBUG oslo.service.backend._threading.loopingcall [None req-fbbc3c64-2b7f-433b-ac14-92d6aa9204ef None None] Fixed interval looping call 'neutron.plugins.ml2.plugin.DhcpAgentSchedulerDbMixin.remove_networks_from_down_agents' sleeping for 36.99 seconds {{(pid=88620) _run_loop /opt/stack/data/venv/lib/python3.12/site-packages/oslo_service/backend/_threading/loopingcall.py:125}}
May 27 10:29:03.500143 np0000001496 neutron-periodic-workers[88633]: DEBUG dbcounter [-] [88633] Writing DB stats neutron:SELECT=1 {{(pid=88633) stat_writer /opt/stack/data/venv/lib/python3.12/site-packages/dbcounter.py:115}}
May 27 10:29:11.437600 np0000001496 neutron-periodic-workers[88620]: DEBUG dbcounter [-] [88620] Writing DB stats neutron:SELECT=3 {{(pid=88620) stat_writer /opt/stack/data/venv/lib/python3.12/site-packages/dbcounter.py:115}}
May 27 10:29:30.457705 np0000001496 neutron-periodic-workers[88633]: DEBUG neutron.db.agents_db [None req-9865cc95-cca6-4021-bf11-22165ff10138 None None] Agent healthcheck: found 0 active agents {{(pid=88633) agent_health_check /opt/stack/neutron/neutron/db/agents_db.py:322}}
May 27 10:29:30.458221 np0000001496 neutron-periodic-workers[88633]: DEBUG oslo.service.backend._threading.loopingcall [None req-9865cc95-cca6-4021-bf11-22165ff10138 None None] Fixed interval looping call 'neutron.plugins.ml2.plugin.AgentDbMixin.agent_health_check' sleeping for 37.00 seconds {{(pid=88633) _run_loop /opt/stack/data/venv/lib/python3.12/site-packages/oslo_service/backend/_threading/loopingcall.py:125}}
May 27 10:29:38.438080 np0000001496 neutron-periodic-workers[88620]: DEBUG oslo.service.backend._threading.loopingcall [None req-fbbc3c64-2b7f-433b-ac14-92d6aa9204ef None None] Fixed interval looping call 'neutron.plugins.ml2.plugin.DhcpAgentSchedulerDbMixin.remove_networks_from_down_agents' sleeping for 36.99 seconds {{(pid=88620) _run_loop /opt/stack/data/venv/lib/python3.12/site-packages/oslo_service/backend/_threading/loopingcall.py:125}}
May 27 10:29:40.456377 np0000001496 neutron-periodic-workers[88633]: DEBUG dbcounter [-] [88633] Writing DB stats neutron:SELECT=1 {{(pid=88633) stat_writer /opt/stack/data/venv/lib/python3.12/site-packages/dbcounter.py:115}}
May 27 10:29:40.515905 np0000001496 neutron-periodic-workers[88610]: DEBUG dbcounter [-] [88610] Writer thread running {{(pid=88610) stat_writer /opt/stack/data/venv/lib/python3.12/site-packages/dbcounter.py:102}}
May 27 10:29:40.525772 np0000001496 neutron-periodic-workers[88610]: DEBUG oslo.service.backend._threading.loopingcall [None req-c21ab6a9-9bf6-4490-924b-bd6c303b70c9 None None] Fixed interval looping call 'neutron.services.ovn_l3.plugin.L3_NAT_dbonly_mixin._clean_garbage' sleeping for 299.93 seconds {{(pid=88610) _run_loop /opt/stack/data/venv/lib/python3.12/site-packages/oslo_service/backend/_threading/loopingcall.py:125}}
May 27 10:29:45.511867 np0000001496 neutron-periodic-workers[88647]: DEBUG dbcounter [-] [88647] Writer thread running {{(pid=88647) stat_writer /opt/stack/data/venv/lib/python3.12/site-packages/dbcounter.py:102}}
May 27 10:29:45.513615 np0000001496 neutron-periodic-workers[88647]: DEBUG oslo.service.backend._threading.loopingcall [None req-1d388cd8-fa72-4678-a9a0-ae402f1cb182 None None] Fixed interval looping call 'neutron.db.quota.driver_nolock.DbQuotaNoLockDriver._remove_expired_reservations' sleeping for 119.96 seconds {{(pid=88647) _run_loop /opt/stack/data/venv/lib/python3.12/site-packages/oslo_service/backend/_threading/loopingcall.py:125}}
May 27 10:29:48.437217 np0000001496 neutron-periodic-workers[88620]: DEBUG dbcounter [-] [88620] Writing DB stats neutron:SELECT=3 {{(pid=88620) stat_writer /opt/stack/data/venv/lib/python3.12/site-packages/dbcounter.py:115}}
May 27 10:29:50.516374 np0000001496 neutron-periodic-workers[88610]: DEBUG dbcounter [-] [88610] Writing DB stats neutron:SELECT=1 {{(pid=88610) stat_writer /opt/stack/data/venv/lib/python3.12/site-packages/dbcounter.py:115}}
May 27 10:29:55.512309 np0000001496 neutron-periodic-workers[88647]: DEBUG dbcounter [-] [88647] Writing DB stats neutron:DELETE=1 {{(pid=88647) stat_writer /opt/stack/data/venv/lib/python3.12/site-packages/dbcounter.py:115}}
May 27 10:30:07.461534 np0000001496 neutron-periodic-workers[88633]: DEBUG neutron.db.agents_db [None req-9865cc95-cca6-4021-bf11-22165ff10138 None None] Agent healthcheck: found 0 active agents {{(pid=88633) agent_health_check /opt/stack/neutron/neutron/db/agents_db.py:322}}
May 27 10:30:07.464143 np0000001496 neutron-periodic-workers[88633]: DEBUG oslo.service.backend._threading.loopingcall [None req-9865cc95-cca6-4021-bf11-22165ff10138 None None] Fixed interval looping call 'neutron.plugins.ml2.plugin.AgentDbMixin.agent_health_check' sleeping for 37.00 seconds {{(pid=88633) _run_loop /opt/stack/data/venv/lib/python3.12/site-packages/oslo_service/backend/_threading/loopingcall.py:125}}
May 27 10:30:15.434273 np0000001496 neutron-periodic-workers[88620]: DEBUG oslo.service.backend._threading.loopingcall [None req-fbbc3c64-2b7f-433b-ac14-92d6aa9204ef None None] Fixed interval looping call 'neutron.plugins.ml2.plugin.DhcpAgentSchedulerDbMixin.remove_networks_from_down_agents' sleeping for 36.99 seconds {{(pid=88620) _run_loop /opt/stack/data/venv/lib/python3.12/site-packages/oslo_service/backend/_threading/loopingcall.py:125}}
May 27 10:30:17.460277 np0000001496 neutron-periodic-workers[88633]: DEBUG dbcounter [-] [88633] Writing DB stats neutron:SELECT=1 {{(pid=88633) stat_writer /opt/stack/data/venv/lib/python3.12/site-packages/dbcounter.py:115}}
May 27 10:30:25.436909 np0000001496 neutron-periodic-workers[88620]: DEBUG dbcounter [-] [88620] Writing DB stats neutron:SELECT=3 {{(pid=88620) stat_writer /opt/stack/data/venv/lib/python3.12/site-packages/dbcounter.py:115}}
May 27 10:30:44.465657 np0000001496 neutron-periodic-workers[88633]: DEBUG neutron.db.agents_db [None req-9865cc95-cca6-4021-bf11-22165ff10138 None None] Agent healthcheck: found 0 active agents {{(pid=88633) agent_health_check /opt/stack/neutron/neutron/db/agents_db.py:322}}
May 27 10:30:44.466066 np0000001496 neutron-periodic-workers[88633]: DEBUG oslo.service.backend._threading.loopingcall [None req-9865cc95-cca6-4021-bf11-22165ff10138 None None] Fixed interval looping call 'neutron.plugins.ml2.plugin.AgentDbMixin.agent_health_check' sleeping for 37.00 seconds {{(pid=88633) _run_loop /opt/stack/data/venv/lib/python3.12/site-packages/oslo_service/backend/_threading/loopingcall.py:125}}
May 27 10:30:52.432260 np0000001496 neutron-periodic-workers[88620]: DEBUG oslo.service.backend._threading.loopingcall [None req-fbbc3c64-2b7f-433b-ac14-92d6aa9204ef None None] Fixed interval looping call 'neutron.plugins.ml2.plugin.DhcpAgentSchedulerDbMixin.remove_networks_from_down_agents' sleeping for 36.99 seconds {{(pid=88620) _run_loop /opt/stack/data/venv/lib/python3.12/site-packages/oslo_service/backend/_threading/loopingcall.py:125}}
May 27 10:30:54.464696 np0000001496 neutron-periodic-workers[88633]: DEBUG dbcounter [-] [88633] Writing DB stats neutron:SELECT=1 {{(pid=88633) stat_writer /opt/stack/data/venv/lib/python3.12/site-packages/dbcounter.py:115}}
May 27 10:31:02.431563 np0000001496 neutron-periodic-workers[88620]: DEBUG dbcounter [-] [88620] Writing DB stats neutron:SELECT=3 {{(pid=88620) stat_writer /opt/stack/data/venv/lib/python3.12/site-packages/dbcounter.py:115}}
May 27 10:31:21.471418 np0000001496 neutron-periodic-workers[88633]: DEBUG neutron.db.agents_db [None req-9865cc95-cca6-4021-bf11-22165ff10138 None None] Agent healthcheck: found 0 active agents {{(pid=88633) agent_health_check /opt/stack/neutron/neutron/db/agents_db.py:322}}
May 27 10:31:21.471875 np0000001496 neutron-periodic-workers[88633]: DEBUG oslo.service.backend._threading.loopingcall [None req-9865cc95-cca6-4021-bf11-22165ff10138 None None] Fixed interval looping call 'neutron.plugins.ml2.plugin.AgentDbMixin.agent_health_check' sleeping for 36.99 seconds {{(pid=88633) _run_loop /opt/stack/data/venv/lib/python3.12/site-packages/oslo_service/backend/_threading/loopingcall.py:125}}
May 27 10:31:29.430346 np0000001496 neutron-periodic-workers[88620]: DEBUG oslo.service.backend._threading.loopingcall [None req-fbbc3c64-2b7f-433b-ac14-92d6aa9204ef None None] Fixed interval looping call 'neutron.plugins.ml2.plugin.DhcpAgentSchedulerDbMixin.remove_networks_from_down_agents' sleeping for 36.99 seconds {{(pid=88620) _run_loop /opt/stack/data/venv/lib/python3.12/site-packages/oslo_service/backend/_threading/loopingcall.py:125}}
May 27 10:31:31.468091 np0000001496 neutron-periodic-workers[88633]: DEBUG dbcounter [-] [88633] Writing DB stats neutron:SELECT=1 {{(pid=88633) stat_writer /opt/stack/data/venv/lib/python3.12/site-packages/dbcounter.py:115}}
May 27 10:31:39.429861 np0000001496 neutron-periodic-workers[88620]: DEBUG dbcounter [-] [88620] Writing DB stats neutron:SELECT=3 {{(pid=88620) stat_writer /opt/stack/data/venv/lib/python3.12/site-packages/dbcounter.py:115}}
May 27 10:31:45.484987 np0000001496 neutron-periodic-workers[88647]: DEBUG oslo.service.backend._threading.loopingcall [None req-1d388cd8-fa72-4678-a9a0-ae402f1cb182 None None] Fixed interval looping call 'neutron.db.quota.driver_nolock.DbQuotaNoLockDriver._remove_expired_reservations' sleeping for 119.99 seconds {{(pid=88647) _run_loop /opt/stack/data/venv/lib/python3.12/site-packages/oslo_service/backend/_threading/loopingcall.py:125}}
May 27 10:31:55.483962 np0000001496 neutron-periodic-workers[88647]: DEBUG dbcounter [-] [88647] Writing DB stats neutron:DELETE=1 {{(pid=88647) stat_writer /opt/stack/data/venv/lib/python3.12/site-packages/dbcounter.py:115}}
May 27 10:31:58.465272 np0000001496 neutron-periodic-workers[88633]: DEBUG neutron.db.agents_db [None req-9865cc95-cca6-4021-bf11-22165ff10138 None None] Agent healthcheck: found 0 active agents {{(pid=88633) agent_health_check /opt/stack/neutron/neutron/db/agents_db.py:322}}
May 27 10:31:58.465802 np0000001496 neutron-periodic-workers[88633]: DEBUG oslo.service.backend._threading.loopingcall [None req-9865cc95-cca6-4021-bf11-22165ff10138 None None] Fixed interval looping call 'neutron.plugins.ml2.plugin.AgentDbMixin.agent_health_check' sleeping for 37.00 seconds {{(pid=88633) _run_loop /opt/stack/data/venv/lib/python3.12/site-packages/oslo_service/backend/_threading/loopingcall.py:125}}
May 27 10:32:06.428276 np0000001496 neutron-periodic-workers[88620]: DEBUG oslo.service.backend._threading.loopingcall [None req-fbbc3c64-2b7f-433b-ac14-92d6aa9204ef None None] Fixed interval looping call 'neutron.plugins.ml2.plugin.DhcpAgentSchedulerDbMixin.remove_networks_from_down_agents' sleeping for 36.99 seconds {{(pid=88620) _run_loop /opt/stack/data/venv/lib/python3.12/site-packages/oslo_service/backend/_threading/loopingcall.py:125}}
May 27 10:32:08.467660 np0000001496 neutron-periodic-workers[88633]: DEBUG dbcounter [-] [88633] Writing DB stats neutron:SELECT=1 {{(pid=88633) stat_writer /opt/stack/data/venv/lib/python3.12/site-packages/dbcounter.py:115}}
May 27 10:32:16.427028 np0000001496 neutron-periodic-workers[88620]: DEBUG dbcounter [-] [88620] Writing DB stats neutron:SELECT=3 {{(pid=88620) stat_writer /opt/stack/data/venv/lib/python3.12/site-packages/dbcounter.py:115}}
May 27 10:32:35.469098 np0000001496 neutron-periodic-workers[88633]: DEBUG neutron.db.agents_db [None req-9865cc95-cca6-4021-bf11-22165ff10138 None None] Agent healthcheck: found 0 active agents {{(pid=88633) agent_health_check /opt/stack/neutron/neutron/db/agents_db.py:322}}
May 27 10:32:35.469606 np0000001496 neutron-periodic-workers[88633]: DEBUG oslo.service.backend._threading.loopingcall [None req-9865cc95-cca6-4021-bf11-22165ff10138 None None] Fixed interval looping call 'neutron.plugins.ml2.plugin.AgentDbMixin.agent_health_check' sleeping for 37.00 seconds {{(pid=88633) _run_loop /opt/stack/data/venv/lib/python3.12/site-packages/oslo_service/backend/_threading/loopingcall.py:125}}
May 27 10:32:43.455936 np0000001496 neutron-periodic-workers[88620]: DEBUG oslo.service.backend._threading.loopingcall [None req-fbbc3c64-2b7f-433b-ac14-92d6aa9204ef None None] Fixed interval looping call 'neutron.plugins.ml2.plugin.DhcpAgentSchedulerDbMixin.remove_networks_from_down_agents' sleeping for 36.96 seconds {{(pid=88620) _run_loop /opt/stack/data/venv/lib/python3.12/site-packages/oslo_service/backend/_threading/loopingcall.py:125}}
May 27 10:32:45.468692 np0000001496 neutron-periodic-workers[88633]: DEBUG dbcounter [-] [88633] Writing DB stats neutron:SELECT=1 {{(pid=88633) stat_writer /opt/stack/data/venv/lib/python3.12/site-packages/dbcounter.py:115}}
May 27 10:32:53.450928 np0000001496 neutron-periodic-workers[88620]: DEBUG dbcounter [-] [88620] Writing DB stats neutron:SELECT=3 {{(pid=88620) stat_writer /opt/stack/data/venv/lib/python3.12/site-packages/dbcounter.py:115}}
May 27 10:33:12.474261 np0000001496 neutron-periodic-workers[88633]: DEBUG neutron.db.agents_db [None req-9865cc95-cca6-4021-bf11-22165ff10138 None None] Agent healthcheck: found 0 active agents {{(pid=88633) agent_health_check /opt/stack/neutron/neutron/db/agents_db.py:322}}
May 27 10:33:12.474824 np0000001496 neutron-periodic-workers[88633]: DEBUG oslo.service.backend._threading.loopingcall [None req-9865cc95-cca6-4021-bf11-22165ff10138 None None] Fixed interval looping call 'neutron.plugins.ml2.plugin.AgentDbMixin.agent_health_check' sleeping for 37.00 seconds {{(pid=88633) _run_loop /opt/stack/data/venv/lib/python3.12/site-packages/oslo_service/backend/_threading/loopingcall.py:125}}
May 27 10:33:20.430435 np0000001496 neutron-periodic-workers[88620]: DEBUG oslo.service.backend._threading.loopingcall [None req-fbbc3c64-2b7f-433b-ac14-92d6aa9204ef None None] Fixed interval looping call 'neutron.plugins.ml2.plugin.DhcpAgentSchedulerDbMixin.remove_networks_from_down_agents' sleeping for 36.99 seconds {{(pid=88620) _run_loop /opt/stack/data/venv/lib/python3.12/site-packages/oslo_service/backend/_threading/loopingcall.py:125}}
May 27 10:33:22.473035 np0000001496 neutron-periodic-workers[88633]: DEBUG dbcounter [-] [88633] Writing DB stats neutron:SELECT=1 {{(pid=88633) stat_writer /opt/stack/data/venv/lib/python3.12/site-packages/dbcounter.py:115}}
May 27 10:33:30.427636 np0000001496 neutron-periodic-workers[88620]: DEBUG dbcounter [-] [88620] Writing DB stats neutron:SELECT=3 {{(pid=88620) stat_writer /opt/stack/data/venv/lib/python3.12/site-packages/dbcounter.py:115}}
May 27 10:33:45.477890 np0000001496 neutron-periodic-workers[88647]: DEBUG oslo.service.backend._threading.loopingcall [None req-1d388cd8-fa72-4678-a9a0-ae402f1cb182 None None] Fixed interval looping call 'neutron.db.quota.driver_nolock.DbQuotaNoLockDriver._remove_expired_reservations' sleeping for 120.00 seconds {{(pid=88647) _run_loop /opt/stack/data/venv/lib/python3.12/site-packages/oslo_service/backend/_threading/loopingcall.py:125}}
May 27 10:33:49.483740 np0000001496 neutron-periodic-workers[88633]: DEBUG neutron.db.agents_db [None req-9865cc95-cca6-4021-bf11-22165ff10138 None None] Agent healthcheck: found 0 active agents {{(pid=88633) agent_health_check /opt/stack/neutron/neutron/db/agents_db.py:322}}
May 27 10:33:49.484256 np0000001496 neutron-periodic-workers[88633]: DEBUG oslo.service.backend._threading.loopingcall [None req-9865cc95-cca6-4021-bf11-22165ff10138 None None] Fixed interval looping call 'neutron.plugins.ml2.plugin.AgentDbMixin.agent_health_check' sleeping for 36.99 seconds {{(pid=88633) _run_loop /opt/stack/data/venv/lib/python3.12/site-packages/oslo_service/backend/_threading/loopingcall.py:125}}
May 27 10:33:55.478697 np0000001496 neutron-periodic-workers[88647]: DEBUG dbcounter [-] [88647] Writing DB stats neutron:DELETE=1 {{(pid=88647) stat_writer /opt/stack/data/venv/lib/python3.12/site-packages/dbcounter.py:115}}
May 27 10:33:57.427550 np0000001496 neutron-periodic-workers[88620]: DEBUG oslo.service.backend._threading.loopingcall [None req-fbbc3c64-2b7f-433b-ac14-92d6aa9204ef None None] Fixed interval looping call 'neutron.plugins.ml2.plugin.DhcpAgentSchedulerDbMixin.remove_networks_from_down_agents' sleeping for 36.99 seconds {{(pid=88620) _run_loop /opt/stack/data/venv/lib/python3.12/site-packages/oslo_service/backend/_threading/loopingcall.py:125}}
May 27 10:33:59.480952 np0000001496 neutron-periodic-workers[88633]: DEBUG dbcounter [-] [88633] Writing DB stats neutron:SELECT=1 {{(pid=88633) stat_writer /opt/stack/data/venv/lib/python3.12/site-packages/dbcounter.py:115}}
May 27 10:34:07.427801 np0000001496 neutron-periodic-workers[88620]: DEBUG dbcounter [-] [88620] Writing DB stats neutron:SELECT=3 {{(pid=88620) stat_writer /opt/stack/data/venv/lib/python3.12/site-packages/dbcounter.py:115}}
May 27 10:34:26.481502 np0000001496 neutron-periodic-workers[88633]: DEBUG neutron.db.agents_db [None req-9865cc95-cca6-4021-bf11-22165ff10138 None None] Agent healthcheck: found 0 active agents {{(pid=88633) agent_health_check /opt/stack/neutron/neutron/db/agents_db.py:322}}
May 27 10:34:26.482138 np0000001496 neutron-periodic-workers[88633]: DEBUG oslo.service.backend._threading.loopingcall [None req-9865cc95-cca6-4021-bf11-22165ff10138 None None] Fixed interval looping call 'neutron.plugins.ml2.plugin.AgentDbMixin.agent_health_check' sleeping for 36.99 seconds {{(pid=88633) _run_loop /opt/stack/data/venv/lib/python3.12/site-packages/oslo_service/backend/_threading/loopingcall.py:125}}
May 27 10:34:34.425137 np0000001496 neutron-periodic-workers[88620]: DEBUG oslo.service.backend._threading.loopingcall [None req-fbbc3c64-2b7f-433b-ac14-92d6aa9204ef None None] Fixed interval looping call 'neutron.plugins.ml2.plugin.DhcpAgentSchedulerDbMixin.remove_networks_from_down_agents' sleeping for 36.99 seconds {{(pid=88620) _run_loop /opt/stack/data/venv/lib/python3.12/site-packages/oslo_service/backend/_threading/loopingcall.py:125}}
May 27 10:34:36.479885 np0000001496 neutron-periodic-workers[88633]: DEBUG dbcounter [-] [88633] Writing DB stats neutron:SELECT=1 {{(pid=88633) stat_writer /opt/stack/data/venv/lib/python3.12/site-packages/dbcounter.py:115}}
May 27 10:34:40.474850 np0000001496 neutron-periodic-workers[88610]: DEBUG oslo.service.backend._threading.loopingcall [None req-c21ab6a9-9bf6-4490-924b-bd6c303b70c9 None None] Fixed interval looping call 'neutron.services.ovn_l3.plugin.L3_NAT_dbonly_mixin._clean_garbage' sleeping for 299.98 seconds {{(pid=88610) _run_loop /opt/stack/data/venv/lib/python3.12/site-packages/oslo_service/backend/_threading/loopingcall.py:125}}
May 27 10:34:44.424241 np0000001496 neutron-periodic-workers[88620]: DEBUG dbcounter [-] [88620] Writing DB stats neutron:SELECT=3 {{(pid=88620) stat_writer /opt/stack/data/venv/lib/python3.12/site-packages/dbcounter.py:115}}
May 27 10:34:50.464857 np0000001496 neutron-periodic-workers[88610]: DEBUG dbcounter [-] [88610] Writing DB stats neutron:SELECT=1 {{(pid=88610) stat_writer /opt/stack/data/venv/lib/python3.12/site-packages/dbcounter.py:115}}
May 27 10:35:03.477487 np0000001496 neutron-periodic-workers[88633]: DEBUG neutron.db.agents_db [None req-9865cc95-cca6-4021-bf11-22165ff10138 None None] Agent healthcheck: found 0 active agents {{(pid=88633) agent_health_check /opt/stack/neutron/neutron/db/agents_db.py:322}}
May 27 10:35:03.478383 np0000001496 neutron-periodic-workers[88633]: DEBUG oslo.service.backend._threading.loopingcall [None req-9865cc95-cca6-4021-bf11-22165ff10138 None None] Fixed interval looping call 'neutron.plugins.ml2.plugin.AgentDbMixin.agent_health_check' sleeping for 36.99 seconds {{(pid=88633) _run_loop /opt/stack/data/venv/lib/python3.12/site-packages/oslo_service/backend/_threading/loopingcall.py:125}}
May 27 10:35:11.431255 np0000001496 neutron-periodic-workers[88620]: DEBUG oslo.service.backend._threading.loopingcall [None req-fbbc3c64-2b7f-433b-ac14-92d6aa9204ef None None] Fixed interval looping call 'neutron.plugins.ml2.plugin.DhcpAgentSchedulerDbMixin.remove_networks_from_down_agents' sleeping for 36.98 seconds {{(pid=88620) _run_loop /opt/stack/data/venv/lib/python3.12/site-packages/oslo_service/backend/_threading/loopingcall.py:125}}
May 27 10:35:13.475933 np0000001496 neutron-periodic-workers[88633]: DEBUG dbcounter [-] [88633] Writing DB stats neutron:SELECT=1 {{(pid=88633) stat_writer /opt/stack/data/venv/lib/python3.12/site-packages/dbcounter.py:115}}
May 27 10:35:21.427977 np0000001496 neutron-periodic-workers[88620]: DEBUG dbcounter [-] [88620] Writing DB stats neutron:SELECT=3 {{(pid=88620) stat_writer /opt/stack/data/venv/lib/python3.12/site-packages/dbcounter.py:115}}
May 27 10:35:40.473100 np0000001496 neutron-periodic-workers[88633]: DEBUG neutron.db.agents_db [None req-9865cc95-cca6-4021-bf11-22165ff10138 None None] Agent healthcheck: found 0 active agents {{(pid=88633) agent_health_check /opt/stack/neutron/neutron/db/agents_db.py:322}}
May 27 10:35:40.473663 np0000001496 neutron-periodic-workers[88633]: DEBUG oslo.service.backend._threading.loopingcall [None req-9865cc95-cca6-4021-bf11-22165ff10138 None None] Fixed interval looping call 'neutron.plugins.ml2.plugin.AgentDbMixin.agent_health_check' sleeping for 37.00 seconds {{(pid=88633) _run_loop /opt/stack/data/venv/lib/python3.12/site-packages/oslo_service/backend/_threading/loopingcall.py:125}}
May 27 10:35:45.489331 np0000001496 neutron-periodic-workers[88647]: DEBUG oslo.service.backend._threading.loopingcall [None req-1d388cd8-fa72-4678-a9a0-ae402f1cb182 None None] Fixed interval looping call 'neutron.db.quota.driver_nolock.DbQuotaNoLockDriver._remove_expired_reservations' sleeping for 119.99 seconds {{(pid=88647) _run_loop /opt/stack/data/venv/lib/python3.12/site-packages/oslo_service/backend/_threading/loopingcall.py:125}}
May 27 10:35:48.439593 np0000001496 neutron-periodic-workers[88620]: DEBUG oslo.service.backend._threading.loopingcall [None req-fbbc3c64-2b7f-433b-ac14-92d6aa9204ef None None] Fixed interval looping call 'neutron.plugins.ml2.plugin.DhcpAgentSchedulerDbMixin.remove_networks_from_down_agents' sleeping for 36.97 seconds {{(pid=88620) _run_loop /opt/stack/data/venv/lib/python3.12/site-packages/oslo_service/backend/_threading/loopingcall.py:125}}
May 27 10:35:50.472282 np0000001496 neutron-periodic-workers[88633]: DEBUG dbcounter [-] [88633] Writing DB stats neutron:SELECT=1 {{(pid=88633) stat_writer /opt/stack/data/venv/lib/python3.12/site-packages/dbcounter.py:115}}
May 27 10:35:55.486762 np0000001496 neutron-periodic-workers[88647]: DEBUG dbcounter [-] [88647] Writing DB stats neutron:DELETE=1 {{(pid=88647) stat_writer /opt/stack/data/venv/lib/python3.12/site-packages/dbcounter.py:115}}
May 27 10:35:58.438051 np0000001496 neutron-periodic-workers[88620]: DEBUG dbcounter [-] [88620] Writing DB stats neutron:SELECT=3 {{(pid=88620) stat_writer /opt/stack/data/venv/lib/python3.12/site-packages/dbcounter.py:115}}
May 27 10:36:17.488954 np0000001496 neutron-periodic-workers[88633]: DEBUG neutron.db.agents_db [None req-9865cc95-cca6-4021-bf11-22165ff10138 None None] Agent healthcheck: found 0 active agents {{(pid=88633) agent_health_check /opt/stack/neutron/neutron/db/agents_db.py:322}}
May 27 10:36:17.490788 np0000001496 neutron-periodic-workers[88633]: DEBUG oslo.service.backend._threading.loopingcall [None req-9865cc95-cca6-4021-bf11-22165ff10138 None None] Fixed interval looping call 'neutron.plugins.ml2.plugin.AgentDbMixin.agent_health_check' sleeping for 36.98 seconds {{(pid=88633) _run_loop /opt/stack/data/venv/lib/python3.12/site-packages/oslo_service/backend/_threading/loopingcall.py:125}}
May 27 10:36:25.421345 np0000001496 neutron-periodic-workers[88620]: DEBUG oslo.service.backend._threading.loopingcall [None req-fbbc3c64-2b7f-433b-ac14-92d6aa9204ef None None] Fixed interval looping call 'neutron.plugins.ml2.plugin.DhcpAgentSchedulerDbMixin.remove_networks_from_down_agents' sleeping for 36.99 seconds {{(pid=88620) _run_loop /opt/stack/data/venv/lib/python3.12/site-packages/oslo_service/backend/_threading/loopingcall.py:125}}
May 27 10:36:27.478611 np0000001496 neutron-periodic-workers[88633]: DEBUG dbcounter [-] [88633] Writing DB stats neutron:SELECT=1 {{(pid=88633) stat_writer /opt/stack/data/venv/lib/python3.12/site-packages/dbcounter.py:115}}
May 27 10:36:35.419137 np0000001496 neutron-periodic-workers[88620]: DEBUG dbcounter [-] [88620] Writing DB stats neutron:SELECT=3 {{(pid=88620) stat_writer /opt/stack/data/venv/lib/python3.12/site-packages/dbcounter.py:115}}
May 27 10:36:54.473332 np0000001496 neutron-periodic-workers[88633]: DEBUG neutron.db.agents_db [None req-9865cc95-cca6-4021-bf11-22165ff10138 None None] Agent healthcheck: found 0 active agents {{(pid=88633) agent_health_check /opt/stack/neutron/neutron/db/agents_db.py:322}}
May 27 10:36:54.473945 np0000001496 neutron-periodic-workers[88633]: DEBUG oslo.service.backend._threading.loopingcall [None req-9865cc95-cca6-4021-bf11-22165ff10138 None None] Fixed interval looping call 'neutron.plugins.ml2.plugin.AgentDbMixin.agent_health_check' sleeping for 37.00 seconds {{(pid=88633) _run_loop /opt/stack/data/venv/lib/python3.12/site-packages/oslo_service/backend/_threading/loopingcall.py:125}}
May 27 10:37:02.431252 np0000001496 neutron-periodic-workers[88620]: DEBUG oslo.service.backend._threading.loopingcall [None req-fbbc3c64-2b7f-433b-ac14-92d6aa9204ef None None] Fixed interval looping call 'neutron.plugins.ml2.plugin.DhcpAgentSchedulerDbMixin.remove_networks_from_down_agents' sleeping for 36.98 seconds {{(pid=88620) _run_loop /opt/stack/data/venv/lib/python3.12/site-packages/oslo_service/backend/_threading/loopingcall.py:125}}
May 27 10:37:04.473913 np0000001496 neutron-periodic-workers[88633]: DEBUG dbcounter [-] [88633] Writing DB stats neutron:SELECT=1 {{(pid=88633) stat_writer /opt/stack/data/venv/lib/python3.12/site-packages/dbcounter.py:115}}
May 27 10:37:12.429123 np0000001496 neutron-periodic-workers[88620]: DEBUG dbcounter [-] [88620] Writing DB stats neutron:SELECT=3 {{(pid=88620) stat_writer /opt/stack/data/venv/lib/python3.12/site-packages/dbcounter.py:115}}
May 27 10:37:31.480689 np0000001496 neutron-periodic-workers[88633]: DEBUG neutron.db.agents_db [None req-9865cc95-cca6-4021-bf11-22165ff10138 None None] Agent healthcheck: found 0 active agents {{(pid=88633) agent_health_check /opt/stack/neutron/neutron/db/agents_db.py:322}}
May 27 10:37:31.481134 np0000001496 neutron-periodic-workers[88633]: DEBUG oslo.service.backend._threading.loopingcall [None req-9865cc95-cca6-4021-bf11-22165ff10138 None None] Fixed interval looping call 'neutron.plugins.ml2.plugin.AgentDbMixin.agent_health_check' sleeping for 36.99 seconds {{(pid=88633) _run_loop /opt/stack/data/venv/lib/python3.12/site-packages/oslo_service/backend/_threading/loopingcall.py:125}}
May 27 10:37:39.419123 np0000001496 neutron-periodic-workers[88620]: DEBUG oslo.service.backend._threading.loopingcall [None req-fbbc3c64-2b7f-433b-ac14-92d6aa9204ef None None] Fixed interval looping call 'neutron.plugins.ml2.plugin.DhcpAgentSchedulerDbMixin.remove_networks_from_down_agents' sleeping for 36.99 seconds {{(pid=88620) _run_loop /opt/stack/data/venv/lib/python3.12/site-packages/oslo_service/backend/_threading/loopingcall.py:125}}
May 27 10:37:41.476904 np0000001496 neutron-periodic-workers[88633]: DEBUG dbcounter [-] [88633] Writing DB stats neutron:SELECT=1 {{(pid=88633) stat_writer /opt/stack/data/venv/lib/python3.12/site-packages/dbcounter.py:115}}
May 27 10:37:45.486143 np0000001496 neutron-periodic-workers[88647]: DEBUG oslo.service.backend._threading.loopingcall [None req-1d388cd8-fa72-4678-a9a0-ae402f1cb182 None None] Fixed interval looping call 'neutron.db.quota.driver_nolock.DbQuotaNoLockDriver._remove_expired_reservations' sleeping for 119.99 seconds {{(pid=88647) _run_loop /opt/stack/data/venv/lib/python3.12/site-packages/oslo_service/backend/_threading/loopingcall.py:125}}
May 27 10:37:49.418093 np0000001496 neutron-periodic-workers[88620]: DEBUG dbcounter [-] [88620] Writing DB stats neutron:SELECT=3 {{(pid=88620) stat_writer /opt/stack/data/venv/lib/python3.12/site-packages/dbcounter.py:115}}
May 27 10:37:55.482705 np0000001496 neutron-periodic-workers[88647]: DEBUG dbcounter [-] [88647] Writing DB stats neutron:DELETE=1 {{(pid=88647) stat_writer /opt/stack/data/venv/lib/python3.12/site-packages/dbcounter.py:115}}
May 27 10:38:08.482601 np0000001496 neutron-periodic-workers[88633]: DEBUG neutron.db.agents_db [None req-9865cc95-cca6-4021-bf11-22165ff10138 None None] Agent healthcheck: found 0 active agents {{(pid=88633) agent_health_check /opt/stack/neutron/neutron/db/agents_db.py:322}}
May 27 10:38:08.482601 np0000001496 neutron-periodic-workers[88633]: DEBUG oslo.service.backend._threading.loopingcall [None req-9865cc95-cca6-4021-bf11-22165ff10138 None None] Fixed interval looping call 'neutron.plugins.ml2.plugin.AgentDbMixin.agent_health_check' sleeping for 36.99 seconds {{(pid=88633) _run_loop /opt/stack/data/venv/lib/python3.12/site-packages/oslo_service/backend/_threading/loopingcall.py:125}}
May 27 10:38:16.423176 np0000001496 neutron-periodic-workers[88620]: DEBUG oslo.service.backend._threading.loopingcall [None req-fbbc3c64-2b7f-433b-ac14-92d6aa9204ef None None] Fixed interval looping call 'neutron.plugins.ml2.plugin.DhcpAgentSchedulerDbMixin.remove_networks_from_down_agents' sleeping for 36.99 seconds {{(pid=88620) _run_loop /opt/stack/data/venv/lib/python3.12/site-packages/oslo_service/backend/_threading/loopingcall.py:125}}
May 27 10:38:18.480398 np0000001496 neutron-periodic-workers[88633]: DEBUG dbcounter [-] [88633] Writing DB stats neutron:SELECT=1 {{(pid=88633) stat_writer /opt/stack/data/venv/lib/python3.12/site-packages/dbcounter.py:115}}
May 27 10:38:26.421745 np0000001496 neutron-periodic-workers[88620]: DEBUG dbcounter [-] [88620] Writing DB stats neutron:SELECT=3 {{(pid=88620) stat_writer /opt/stack/data/venv/lib/python3.12/site-packages/dbcounter.py:115}}
May 27 10:38:45.475484 np0000001496 neutron-periodic-workers[88633]: DEBUG neutron.db.agents_db [None req-9865cc95-cca6-4021-bf11-22165ff10138 None None] Agent healthcheck: found 0 active agents {{(pid=88633) agent_health_check /opt/stack/neutron/neutron/db/agents_db.py:322}}
May 27 10:38:45.475997 np0000001496 neutron-periodic-workers[88633]: DEBUG oslo.service.backend._threading.loopingcall [None req-9865cc95-cca6-4021-bf11-22165ff10138 None None] Fixed interval looping call 'neutron.plugins.ml2.plugin.AgentDbMixin.agent_health_check' sleeping for 36.99 seconds {{(pid=88633) _run_loop /opt/stack/data/venv/lib/python3.12/site-packages/oslo_service/backend/_threading/loopingcall.py:125}}
May 27 10:38:53.422556 np0000001496 neutron-periodic-workers[88620]: DEBUG oslo.service.backend._threading.loopingcall [None req-fbbc3c64-2b7f-433b-ac14-92d6aa9204ef None None] Fixed interval looping call 'neutron.plugins.ml2.plugin.DhcpAgentSchedulerDbMixin.remove_networks_from_down_agents' sleeping for 36.99 seconds {{(pid=88620) _run_loop /opt/stack/data/venv/lib/python3.12/site-packages/oslo_service/backend/_threading/loopingcall.py:125}}
May 27 10:38:55.472713 np0000001496 neutron-periodic-workers[88633]: DEBUG dbcounter [-] [88633] Writing DB stats neutron:SELECT=1 {{(pid=88633) stat_writer /opt/stack/data/venv/lib/python3.12/site-packages/dbcounter.py:115}}
May 27 10:39:03.421726 np0000001496 neutron-periodic-workers[88620]: DEBUG dbcounter [-] [88620] Writing DB stats neutron:SELECT=3 {{(pid=88620) stat_writer /opt/stack/data/venv/lib/python3.12/site-packages/dbcounter.py:115}}
May 27 10:39:22.472747 np0000001496 neutron-periodic-workers[88633]: DEBUG neutron.db.agents_db [None req-9865cc95-cca6-4021-bf11-22165ff10138 None None] Agent healthcheck: found 0 active agents {{(pid=88633) agent_health_check /opt/stack/neutron/neutron/db/agents_db.py:322}}
May 27 10:39:22.473080 np0000001496 neutron-periodic-workers[88633]: DEBUG oslo.service.backend._threading.loopingcall [None req-9865cc95-cca6-4021-bf11-22165ff10138 None None] Fixed interval looping call 'neutron.plugins.ml2.plugin.AgentDbMixin.agent_health_check' sleeping for 36.99 seconds {{(pid=88633) _run_loop /opt/stack/data/venv/lib/python3.12/site-packages/oslo_service/backend/_threading/loopingcall.py:125}}
May 27 10:39:30.421204 np0000001496 neutron-periodic-workers[88620]: DEBUG oslo.service.backend._threading.loopingcall [None req-fbbc3c64-2b7f-433b-ac14-92d6aa9204ef None None] Fixed interval looping call 'neutron.plugins.ml2.plugin.DhcpAgentSchedulerDbMixin.remove_networks_from_down_agents' sleeping for 36.99 seconds {{(pid=88620) _run_loop /opt/stack/data/venv/lib/python3.12/site-packages/oslo_service/backend/_threading/loopingcall.py:125}}
May 27 10:39:32.474022 np0000001496 neutron-periodic-workers[88633]: DEBUG dbcounter [-] [88633] Writing DB stats neutron:SELECT=1 {{(pid=88633) stat_writer /opt/stack/data/venv/lib/python3.12/site-packages/dbcounter.py:115}}
May 27 10:39:40.420065 np0000001496 neutron-periodic-workers[88620]: DEBUG dbcounter [-] [88620] Writing DB stats neutron:SELECT=3 {{(pid=88620) stat_writer /opt/stack/data/venv/lib/python3.12/site-packages/dbcounter.py:115}}
May 27 10:39:40.472185 np0000001496 neutron-periodic-workers[88610]: DEBUG oslo.service.backend._threading.loopingcall [None req-c21ab6a9-9bf6-4490-924b-bd6c303b70c9 None None] Fixed interval looping call 'neutron.services.ovn_l3.plugin.L3_NAT_dbonly_mixin._clean_garbage' sleeping for 299.98 seconds {{(pid=88610) _run_loop /opt/stack/data/venv/lib/python3.12/site-packages/oslo_service/backend/_threading/loopingcall.py:125}}
May 27 10:39:45.481759 np0000001496 neutron-periodic-workers[88647]: DEBUG oslo.service.backend._threading.loopingcall [None req-1d388cd8-fa72-4678-a9a0-ae402f1cb182 None None] Fixed interval looping call 'neutron.db.quota.driver_nolock.DbQuotaNoLockDriver._remove_expired_reservations' sleeping for 120.00 seconds {{(pid=88647) _run_loop /opt/stack/data/venv/lib/python3.12/site-packages/oslo_service/backend/_threading/loopingcall.py:125}}
May 27 10:39:50.462430 np0000001496 neutron-periodic-workers[88610]: DEBUG dbcounter [-] [88610] Writing DB stats neutron:SELECT=1 {{(pid=88610) stat_writer /opt/stack/data/venv/lib/python3.12/site-packages/dbcounter.py:115}}
May 27 10:39:55.480868 np0000001496 neutron-periodic-workers[88647]: DEBUG dbcounter [-] [88647] Writing DB stats neutron:DELETE=1 {{(pid=88647) stat_writer /opt/stack/data/venv/lib/python3.12/site-packages/dbcounter.py:115}}
May 27 10:39:59.470648 np0000001496 neutron-periodic-workers[88633]: DEBUG neutron.db.agents_db [None req-9865cc95-cca6-4021-bf11-22165ff10138 None None] Agent healthcheck: found 0 active agents {{(pid=88633) agent_health_check /opt/stack/neutron/neutron/db/agents_db.py:322}}
