Aug 25 06:30:55.763592 np0000008057 devstack@g-api.service[103031]: DEBUG glance.api.middleware.version_negotiation [None req-999a4676-4ede-46a7-a0da-dc6eefe8651a tempest-TaggedBootDevicesTest_v242-425790192 tempest-TaggedBootDevicesTest_v242-425790192-project-member] new path /v2/images/d66b2fd6-0b52-424b-a892-508001e6bcd3/file {{(pid=103031) process_request /opt/stack/glance/glance/api/middleware/version_negotiation.py:70}}
Aug 25 06:30:55.809323 np0000008057 devstack@g-api.service[103034]: DEBUG glance.image_cache.drivers.centralized_db [None req-979144e4-555b-4cfd-ae83-f83a9ce701b1 tempest-AttachSCSIVolumeTestJSON-53072192 tempest-AttachSCSIVolumeTestJSON-53072192-project-admin] Fetch finished, moving '/opt/stack/data/glance/cache/incomplete/6381bc2f-25cc-49cc-98bc-03e1f8dfded0' to '/opt/stack/data/glance/cache/6381bc2f-25cc-49cc-98bc-03e1f8dfded0' {{(pid=103034) commit /opt/stack/glance/glance/image_cache/drivers/centralized_db.py:243}}
Aug 25 06:30:55.822716 np0000008057 devstack@g-api.service[103034]: DEBUG glance.image_cache.drivers.centralized_db [None req-979144e4-555b-4cfd-ae83-f83a9ce701b1 tempest-AttachSCSIVolumeTestJSON-53072192 tempest-AttachSCSIVolumeTestJSON-53072192-project-admin] Image cached successfully. {{(pid=103034) commit /opt/stack/glance/glance/image_cache/drivers/centralized_db.py:258}}
Aug 25 06:30:55.822853 np0000008057 devstack@g-api.service[103034]: [pid: 103034|app: 0|req: 8/36] 127.0.0.1 () {40 vars in 848 bytes} [Tue Aug 25 06:30:54 2026] GET /v2/images/6381bc2f-25cc-49cc-98bc-03e1f8dfded0/file => generated 21692416 bytes in 1652 msecs (HTTP/1.1 200) 4 headers in 191 bytes (333 switches on core 0)
Aug 25 06:30:56.401152 np0000008057 devstack@g-api.service[103031]: INFO glance.api.v2.image_data [None req-0fdfcf56-9a70-446e-8c86-6e6d1bfa8795 tempest-AttachSCSIVolumeTestJSON-53072192 tempest-AttachSCSIVolumeTestJSON-53072192-project-admin] Unable to create trust: no such option collect_timing in group [keystone_authtoken] Use the existing user token.
Aug 25 06:30:56.514393 np0000008057 devstack@g-api.service[103033]: DEBUG glance.api.middleware.version_negotiation [None req-999a4676-4ede-46a7-a0da-dc6eefe8651a tempest-TaggedBootDevicesTest_v242-425790192 tempest-TaggedBootDevicesTest_v242-425790192-project-member] Determining version of request: GET /versions Accept: */* {{(pid=103033) process_request /opt/stack/glance/glance/api/middleware/version_negotiation.py:44}}
Aug 25 06:30:56.515265 np0000008057 devstack@g-api.service[103033]: [pid: 103033|app: 0|req: 12/37] 127.0.0.1 () {44 vars in 1039 bytes} [Tue Aug 25 06:30:56 2026] GET /versions => generated 1515 bytes in 1 msecs (HTTP/1.1 200) 3 headers in 92 bytes (1 switches on core 0)
Aug 25 06:30:56.525587 np0000008057 devstack@g-api.service[103032]: DEBUG glance.api.middleware.version_negotiation [None req-f3651bf7-13cb-4531-82bc-828e9ca6750b tempest-AttachSCSIVolumeTestJSON-53072192 tempest-AttachSCSIVolumeTestJSON-53072192-project-admin] Determining version of request: GET /v2/images/6381bc2f-25cc-49cc-98bc-03e1f8dfded0/locations Accept: */* {{(pid=103032) process_request /opt/stack/glance/glance/api/middleware/version_negotiation.py:44}}
Aug 25 06:30:56.525939 np0000008057 devstack@g-api.service[103032]: DEBUG glance.api.middleware.version_negotiation [None req-f3651bf7-13cb-4531-82bc-828e9ca6750b tempest-AttachSCSIVolumeTestJSON-53072192 tempest-AttachSCSIVolumeTestJSON-53072192-project-admin] Using url versioning {{(pid=103032) process_request /opt/stack/glance/glance/api/middleware/version_negotiation.py:57}}
Aug 25 06:30:56.525975 np0000008057 devstack@g-api.service[103032]: DEBUG glance.api.middleware.version_negotiation [None req-f3651bf7-13cb-4531-82bc-828e9ca6750b tempest-AttachSCSIVolumeTestJSON-53072192 tempest-AttachSCSIVolumeTestJSON-53072192-project-admin] Matched version: v2 {{(pid=103032) process_request /opt/stack/glance/glance/api/middleware/version_negotiation.py:69}}
Aug 25 06:30:56.526111 np0000008057 devstack@g-api.service[103032]: DEBUG glance.api.middleware.version_negotiation [None req-f3651bf7-13cb-4531-82bc-828e9ca6750b tempest-AttachSCSIVolumeTestJSON-53072192 tempest-AttachSCSIVolumeTestJSON-53072192-project-admin] new path /v2/images/6381bc2f-25cc-49cc-98bc-03e1f8dfded0/locations {{(pid=103032) process_request /opt/stack/glance/glance/api/middleware/version_negotiation.py:70}}
Aug 25 06:30:56.971079 np0000008057 devstack@g-api.service[103032]: [pid: 103032|app: 0|req: 8/38] 127.0.0.1 () {44 vars in 1135 bytes} [Tue Aug 25 06:30:56 2026] GET /v2/images/6381bc2f-25cc-49cc-98bc-03e1f8dfded0/locations => generated 92 bytes in 446 msecs (HTTP/1.1 200) 4 headers in 156 bytes (1 switches on core 0)
Aug 25 06:30:56.979681 np0000008057 devstack@g-api.service[103034]: DEBUG glance.api.middleware.version_negotiation [None req-979144e4-555b-4cfd-ae83-f83a9ce701b1 tempest-AttachSCSIVolumeTestJSON-53072192 tempest-AttachSCSIVolumeTestJSON-53072192-project-admin] Determining version of request: GET /v2/images/6381bc2f-25cc-49cc-98bc-03e1f8dfded0 Accept: */* {{(pid=103034) process_request /opt/stack/glance/glance/api/middleware/version_negotiation.py:44}}
Aug 25 06:30:56.979681 np0000008057 devstack@g-api.service[103034]: DEBUG glance.api.middleware.version_negotiation [None req-979144e4-555b-4cfd-ae83-f83a9ce701b1 tempest-AttachSCSIVolumeTestJSON-53072192 tempest-AttachSCSIVolumeTestJSON-53072192-project-admin] Using url versioning {{(pid=103034) process_request /opt/stack/glance/glance/api/middleware/version_negotiation.py:57}}
Aug 25 06:30:56.980193 np0000008057 devstack@g-api.service[103034]: DEBUG glance.api.middleware.version_negotiation [None req-979144e4-555b-4cfd-ae83-f83a9ce701b1 tempest-AttachSCSIVolumeTestJSON-53072192 tempest-AttachSCSIVolumeTestJSON-53072192-project-admin] Matched version: v2 {{(pid=103034) process_request /opt/stack/glance/glance/api/middleware/version_negotiation.py:69}}
Aug 25 06:30:56.980193 np0000008057 devstack@g-api.service[103034]: DEBUG glance.api.middleware.version_negotiation [None req-979144e4-555b-4cfd-ae83-f83a9ce701b1 tempest-AttachSCSIVolumeTestJSON-53072192 tempest-AttachSCSIVolumeTestJSON-53072192-project-admin] new path /v2/images/6381bc2f-25cc-49cc-98bc-03e1f8dfded0 {{(pid=103034) process_request /opt/stack/glance/glance/api/middleware/version_negotiation.py:70}}
Aug 25 06:30:56.998205 np0000008057 devstack@g-api.service[103034]: [pid: 103034|app: 0|req: 9/39] 127.0.0.1 () {44 vars in 1115 bytes} [Tue Aug 25 06:30:56 2026] GET /v2/images/6381bc2f-25cc-49cc-98bc-03e1f8dfded0 => generated 1044 bytes in 19 msecs (HTTP/1.1 200) 4 headers in 158 bytes (1 switches on core 0)
Aug 25 06:30:57.006461 np0000008057 devstack@g-api.service[103033]: DEBUG glance.api.middleware.version_negotiation [None req-999a4676-4ede-46a7-a0da-dc6eefe8651a tempest-TaggedBootDevicesTest_v242-425790192 tempest-TaggedBootDevicesTest_v242-425790192-project-member] Determining version of request: GET /v2/schemas/image Accept: */* {{(pid=103033) process_request /opt/stack/glance/glance/api/middleware/version_negotiation.py:44}}
Aug 25 06:30:57.006973 np0000008057 devstack@g-api.service[103033]: DEBUG glance.api.middleware.version_negotiation [None req-999a4676-4ede-46a7-a0da-dc6eefe8651a tempest-TaggedBootDevicesTest_v242-425790192 tempest-TaggedBootDevicesTest_v242-425790192-project-member] Using url versioning {{(pid=103033) process_request /opt/stack/glance/glance/api/middleware/version_negotiation.py:57}}
Aug 25 06:30:57.006973 np0000008057 devstack@g-api.service[103033]: DEBUG glance.api.middleware.version_negotiation [None req-999a4676-4ede-46a7-a0da-dc6eefe8651a tempest-TaggedBootDevicesTest_v242-425790192 tempest-TaggedBootDevicesTest_v242-425790192-project-member] Matched version: v2 {{(pid=103033) process_request /opt/stack/glance/glance/api/middleware/version_negotiation.py:69}}
Aug 25 06:30:57.006973 np0000008057 devstack@g-api.service[103033]: DEBUG glance.api.middleware.version_negotiation [None req-999a4676-4ede-46a7-a0da-dc6eefe8651a tempest-TaggedBootDevicesTest_v242-425790192 tempest-TaggedBootDevicesTest_v242-425790192-project-member] new path /v2/schemas/image {{(pid=103033) process_request /opt/stack/glance/glance/api/middleware/version_negotiation.py:70}}
Aug 25 06:30:57.009046 np0000008057 devstack@g-api.service[103033]: [pid: 103033|app: 0|req: 13/40] 127.0.0.1 () {44 vars in 1055 bytes} [Tue Aug 25 06:30:57 2026] GET /v2/schemas/image => generated 6083 bytes in 3 msecs (HTTP/1.1 200) 4 headers in 158 bytes (1 switches on core 0)
Aug 25 06:30:57.019295 np0000008057 devstack@g-api.service[103032]: DEBUG glance.api.middleware.version_negotiation [None req-999a4676-4ede-46a7-a0da-dc6eefe8651a service glance] Determining version of request: GET /v2/schemas/image Accept: */* {{(pid=103032) process_request /opt/stack/glance/glance/api/middleware/version_negotiation.py:44}}
Aug 25 06:30:57.019385 np0000008057 devstack@g-api.service[103032]: DEBUG glance.api.middleware.version_negotiation [None req-999a4676-4ede-46a7-a0da-dc6eefe8651a service glance] Using url versioning {{(pid=103032) process_request /opt/stack/glance/glance/api/middleware/version_negotiation.py:57}}
Aug 25 06:30:57.019508 np0000008057 devstack@g-api.service[103032]: DEBUG glance.api.middleware.version_negotiation [None req-999a4676-4ede-46a7-a0da-dc6eefe8651a service glance] Matched version: v2 {{(pid=103032) process_request /opt/stack/glance/glance/api/middleware/version_negotiation.py:69}}
Aug 25 06:30:57.019635 np0000008057 devstack@g-api.service[103032]: DEBUG glance.api.middleware.version_negotiation [None req-999a4676-4ede-46a7-a0da-dc6eefe8651a service glance] new path /v2/schemas/image {{(pid=103032) process_request /opt/stack/glance/glance/api/middleware/version_negotiation.py:70}}
Aug 25 06:30:57.021984 np0000008057 devstack@g-api.service[103032]: [pid: 103032|app: 0|req: 9/41] 127.0.0.1 () {44 vars in 1055 bytes} [Tue Aug 25 06:30:57 2026] GET /v2/schemas/image => generated 6083 bytes in 3 msecs (HTTP/1.1 200) 4 headers in 158 bytes (1 switches on core 0)
Aug 25 06:30:57.055136 np0000008057 devstack@g-api.service[103034]: DEBUG glance.api.middleware.version_negotiation [None req-999a4676-4ede-46a7-a0da-dc6eefe8651a tempest-TaggedBootDevicesTest_v242-425790192 tempest-TaggedBootDevicesTest_v242-425790192-project-member] Determining version of request: GET /v2/images/6381bc2f-25cc-49cc-98bc-03e1f8dfded0 Accept: */* {{(pid=103034) process_request /opt/stack/glance/glance/api/middleware/version_negotiation.py:44}}
Aug 25 06:30:57.055347 np0000008057 devstack@g-api.service[103034]: DEBUG glance.api.middleware.version_negotiation [None req-999a4676-4ede-46a7-a0da-dc6eefe8651a tempest-TaggedBootDevicesTest_v242-425790192 tempest-TaggedBootDevicesTest_v242-425790192-project-member] Using url versioning {{(pid=103034) process_request /opt/stack/glance/glance/api/middleware/version_negotiation.py:57}}
Aug 25 06:30:57.055490 np0000008057 devstack@g-api.service[103034]: DEBUG glance.api.middleware.version_negotiation [None req-999a4676-4ede-46a7-a0da-dc6eefe8651a tempest-TaggedBootDevicesTest_v242-425790192 tempest-TaggedBootDevicesTest_v242-425790192-project-member] Matched version: v2 {{(pid=103034) process_request /opt/stack/glance/glance/api/middleware/version_negotiation.py:69}}
Aug 25 06:30:57.055591 np0000008057 devstack@g-api.service[103034]: DEBUG glance.api.middleware.version_negotiation [None req-999a4676-4ede-46a7-a0da-dc6eefe8651a tempest-TaggedBootDevicesTest_v242-425790192 tempest-TaggedBootDevicesTest_v242-425790192-project-member] new path /v2/images/6381bc2f-25cc-49cc-98bc-03e1f8dfded0 {{(pid=103034) process_request /opt/stack/glance/glance/api/middleware/version_negotiation.py:70}}
Aug 25 06:30:57.065927 np0000008057 devstack@g-api.service[103034]: [pid: 103034|app: 0|req: 10/42] 127.0.0.1 () {44 vars in 1115 bytes} [Tue Aug 25 06:30:57 2026] GET /v2/images/6381bc2f-25cc-49cc-98bc-03e1f8dfded0 => generated 1044 bytes in 11 msecs (HTTP/1.1 200) 4 headers in 158 bytes (1 switches on core 0)
Aug 25 06:30:57.073889 np0000008057 devstack@g-api.service[103033]: DEBUG glance.api.middleware.version_negotiation [None req-999a4676-4ede-46a7-a0da-dc6eefe8651a tempest-TaggedBootDevicesTest_v242-425790192 tempest-TaggedBootDevicesTest_v242-425790192-project-member] Determining version of request: GET /v2/images/6381bc2f-25cc-49cc-98bc-03e1f8dfded0/file Accept: */* {{(pid=103033) process_request /opt/stack/glance/glance/api/middleware/version_negotiation.py:44}}
Aug 25 06:30:57.074010 np0000008057 devstack@g-api.service[103033]: DEBUG glance.api.middleware.version_negotiation [None req-999a4676-4ede-46a7-a0da-dc6eefe8651a tempest-TaggedBootDevicesTest_v242-425790192 tempest-TaggedBootDevicesTest_v242-425790192-project-member] Using url versioning {{(pid=103033) process_request /opt/stack/glance/glance/api/middleware/version_negotiation.py:57}}
Aug 25 06:30:57.074119 np0000008057 devstack@g-api.service[103033]: DEBUG glance.api.middleware.version_negotiation [None req-999a4676-4ede-46a7-a0da-dc6eefe8651a tempest-TaggedBootDevicesTest_v242-425790192 tempest-TaggedBootDevicesTest_v242-425790192-project-member] Matched version: v2 {{(pid=103033) process_request /opt/stack/glance/glance/api/middleware/version_negotiation.py:69}}
Aug 25 06:30:57.074241 np0000008057 devstack@g-api.service[103033]: DEBUG glance.api.middleware.version_negotiation [None req-999a4676-4ede-46a7-a0da-dc6eefe8651a tempest-TaggedBootDevicesTest_v242-425790192 tempest-TaggedBootDevicesTest_v242-425790192-project-member] new path /v2/images/6381bc2f-25cc-49cc-98bc-03e1f8dfded0/file {{(pid=103033) process_request /opt/stack/glance/glance/api/middleware/version_negotiation.py:70}}
Aug 25 06:30:57.086037 np0000008057 devstack@g-api.service[103033]: DEBUG glance.api.middleware.cache [None req-999a4676-4ede-46a7-a0da-dc6eefe8651a tempest-TaggedBootDevicesTest_v242-425790192 tempest-TaggedBootDevicesTest_v242-425790192-project-member] Cache hit for image '6381bc2f-25cc-49cc-98bc-03e1f8dfded0' {{(pid=103033) process_request /opt/stack/glance/glance/api/middleware/cache.py:160}}
Aug 25 06:30:57.104266 np0000008057 devstack@g-api.service[103031]: DEBUG glance.location [None req-0fdfcf56-9a70-446e-8c86-6e6d1bfa8795 tempest-AttachSCSIVolumeTestJSON-53072192 tempest-AttachSCSIVolumeTestJSON-53072192-project-admin] Enabling in-flight format inspection for qcow2 {{(pid=103031) set_data /opt/stack/glance/glance/location.py:596}}
Aug 25 06:30:57.104657 np0000008057 devstack@g-api.service[103031]: DEBUG glance_store.backend [None req-0fdfcf56-9a70-446e-8c86-6e6d1bfa8795 tempest-AttachSCSIVolumeTestJSON-53072192 tempest-AttachSCSIVolumeTestJSON-53072192-project-admin] Attempting to import store swift {{(pid=103031) _load_store /opt/stack/data/venv/lib/python3.12/site-packages/glance_store/backend.py:215}}
Aug 25 06:30:57.106426 np0000008057 devstack@g-api.service[103031]: DEBUG glance_store.capabilities [None req-0fdfcf56-9a70-446e-8c86-6e6d1bfa8795 tempest-AttachSCSIVolumeTestJSON-53072192 tempest-AttachSCSIVolumeTestJSON-53072192-project-admin] Store glance_store._drivers.swift.store.SingleTenantStore doesn't support updating dynamic storage capabilities. Please overwrite 'update_capabilities' method of the store to implement updating logics if needed. {{(pid=103031) update_capabilities /opt/stack/data/venv/lib/python3.12/site-packages/glance_store/capabilities.py:91}}
Aug 25 06:30:57.106556 np0000008057 devstack@g-api.service[103031]: DEBUG glance_store.driver [None req-0fdfcf56-9a70-446e-8c86-6e6d1bfa8795 tempest-AttachSCSIVolumeTestJSON-53072192 tempest-AttachSCSIVolumeTestJSON-53072192-project-admin] Late loading location class glance_store._drivers.swift.store.StoreLocation {{(pid=103031) get_store_location_class /opt/stack/data/venv/lib/python3.12/site-packages/glance_store/driver.py:134}}
Aug 25 06:30:57.106667 np0000008057 devstack@g-api.service[103031]: DEBUG glance_store.location [None req-0fdfcf56-9a70-446e-8c86-6e6d1bfa8795 tempest-AttachSCSIVolumeTestJSON-53072192 tempest-AttachSCSIVolumeTestJSON-53072192-project-admin] Registering scheme swift+https with {'store': , 'location_class': , 'store_entry': 'swift'} {{(pid=103031) register_scheme_map /opt/stack/data/venv/lib/python3.12/site-packages/glance_store/location.py:146}}
Aug 25 06:30:57.106756 np0000008057 devstack@g-api.service[103031]: DEBUG glance_store.location [None req-0fdfcf56-9a70-446e-8c86-6e6d1bfa8795 tempest-AttachSCSIVolumeTestJSON-53072192 tempest-AttachSCSIVolumeTestJSON-53072192-project-admin] Registering scheme swift+https with {'store': , 'location_class': , 'store_entry': 'swift'} {{(pid=103031) register_scheme_map /opt/stack/data/venv/lib/python3.12/site-packages/glance_store/location.py:146}}
Aug 25 06:30:57.106839 np0000008057 devstack@g-api.service[103031]: DEBUG glance_store.location [None req-0fdfcf56-9a70-446e-8c86-6e6d1bfa8795 tempest-AttachSCSIVolumeTestJSON-53072192 tempest-AttachSCSIVolumeTestJSON-53072192-project-admin] Registering scheme swift with {'store': , 'location_class': , 'store_entry': 'swift'} {{(pid=103031) register_scheme_map /opt/stack/data/venv/lib/python3.12/site-packages/glance_store/location.py:146}}
Aug 25 06:30:57.106941 np0000008057 devstack@g-api.service[103031]: DEBUG glance_store.location [None req-0fdfcf56-9a70-446e-8c86-6e6d1bfa8795 tempest-AttachSCSIVolumeTestJSON-53072192 tempest-AttachSCSIVolumeTestJSON-53072192-project-admin] Registering scheme swift+https with {'store': , 'location_class': , 'store_entry': 'swift'} {{(pid=103031) register_scheme_map /opt/stack/data/venv/lib/python3.12/site-packages/glance_store/location.py:146}}
Aug 25 06:30:57.107009 np0000008057 devstack@g-api.service[103031]: DEBUG glance_store.location [None req-0fdfcf56-9a70-446e-8c86-6e6d1bfa8795 tempest-AttachSCSIVolumeTestJSON-53072192 tempest-AttachSCSIVolumeTestJSON-53072192-project-admin] Registering scheme swift with {'store': , 'location_class': , 'store_entry': 'swift'} {{(pid=103031) register_scheme_map /opt/stack/data/venv/lib/python3.12/site-packages/glance_store/location.py:146}}
Aug 25 06:30:57.107147 np0000008057 devstack@g-api.service[103031]: DEBUG glance_store.location [None req-0fdfcf56-9a70-446e-8c86-6e6d1bfa8795 tempest-AttachSCSIVolumeTestJSON-53072192 tempest-AttachSCSIVolumeTestJSON-53072192-project-admin] Registering scheme swift+http with {'store': , 'location_class': , 'store_entry': 'swift'} {{(pid=103031) register_scheme_map /opt/stack/data/venv/lib/python3.12/site-packages/glance_store/location.py:146}}
Aug 25 06:30:57.107204 np0000008057 devstack@g-api.service[103031]: DEBUG glance_store.location [None req-0fdfcf56-9a70-446e-8c86-6e6d1bfa8795 tempest-AttachSCSIVolumeTestJSON-53072192 tempest-AttachSCSIVolumeTestJSON-53072192-project-admin] Registering scheme swift+https with {'store': , 'location_class': , 'store_entry': 'swift'} {{(pid=103031) register_scheme_map /opt/stack/data/venv/lib/python3.12/site-packages/glance_store/location.py:146}}
Aug 25 06:30:57.107272 np0000008057 devstack@g-api.service[103031]: DEBUG glance_store.location [None req-0fdfcf56-9a70-446e-8c86-6e6d1bfa8795 tempest-AttachSCSIVolumeTestJSON-53072192 tempest-AttachSCSIVolumeTestJSON-53072192-project-admin] Registering scheme swift with {'store': , 'location_class': , 'store_entry': 'swift'} {{(pid=103031) register_scheme_map /opt/stack/data/venv/lib/python3.12/site-packages/glance_store/location.py:146}}
Aug 25 06:30:57.107367 np0000008057 devstack@g-api.service[103031]: DEBUG glance_store.location [None req-0fdfcf56-9a70-446e-8c86-6e6d1bfa8795 tempest-AttachSCSIVolumeTestJSON-53072192 tempest-AttachSCSIVolumeTestJSON-53072192-project-admin] Registering scheme swift+http with {'store': , 'location_class': , 'store_entry': 'swift'} {{(pid=103031) register_scheme_map /opt/stack/data/venv/lib/python3.12/site-packages/glance_store/location.py:146}}
Aug 25 06:30:57.107446 np0000008057 devstack@g-api.service[103031]: DEBUG glance_store.location [None req-0fdfcf56-9a70-446e-8c86-6e6d1bfa8795 tempest-AttachSCSIVolumeTestJSON-53072192 tempest-AttachSCSIVolumeTestJSON-53072192-project-admin] Registering scheme swift+config with {'store': , 'location_class': , 'store_entry': 'swift'} {{(pid=103031) register_scheme_map /opt/stack/data/venv/lib/python3.12/site-packages/glance_store/location.py:146}}
Aug 25 06:30:57.138764 np0000008057 devstack@g-api.service[103032]: DEBUG glance.api.middleware.version_negotiation [None req-999a4676-4ede-46a7-a0da-dc6eefe8651a tempest-TaggedBootDevicesTest_v242-425790192 tempest-TaggedBootDevicesTest_v242-425790192-project-member] Determining version of request: GET /v2/images/6381bc2f-25cc-49cc-98bc-03e1f8dfded0 Accept: */* {{(pid=103032) process_request /opt/stack/glance/glance/api/middleware/version_negotiation.py:44}}
Aug 25 06:30:57.138890 np0000008057 devstack@g-api.service[103032]: DEBUG glance.api.middleware.version_negotiation [None req-999a4676-4ede-46a7-a0da-dc6eefe8651a tempest-TaggedBootDevicesTest_v242-425790192 tempest-TaggedBootDevicesTest_v242-425790192-project-member] Using url versioning {{(pid=103032) process_request /opt/stack/glance/glance/api/middleware/version_negotiation.py:57}}
Aug 25 06:30:57.139052 np0000008057 devstack@g-api.service[103032]: DEBUG glance.api.middleware.version_negotiation [None req-999a4676-4ede-46a7-a0da-dc6eefe8651a tempest-TaggedBootDevicesTest_v242-425790192 tempest-TaggedBootDevicesTest_v242-425790192-project-member] Matched version: v2 {{(pid=103032) process_request /opt/stack/glance/glance/api/middleware/version_negotiation.py:69}}
Aug 25 06:30:57.139591 np0000008057 devstack@g-api.service[103032]: DEBUG glance.api.middleware.version_negotiation [None req-999a4676-4ede-46a7-a0da-dc6eefe8651a tempest-TaggedBootDevicesTest_v242-425790192 tempest-TaggedBootDevicesTest_v242-425790192-project-member] new path /v2/images/6381bc2f-25cc-49cc-98bc-03e1f8dfded0 {{(pid=103032) process_request /opt/stack/glance/glance/api/middleware/version_negotiation.py:70}}
Aug 25 06:30:57.162959 np0000008057 devstack@g-api.service[103033]: [pid: 103033|app: 0|req: 14/43] 127.0.0.1 () {44 vars in 1125 bytes} [Tue Aug 25 06:30:57 2026] GET /v2/images/6381bc2f-25cc-49cc-98bc-03e1f8dfded0/file => generated 21692416 bytes in 89 msecs (HTTP/1.1 200) 5 headers in 217 bytes (339 switches on core 0)
Aug 25 06:30:57.254822 np0000008057 devstack@g-api.service[103034]: DEBUG glance.api.middleware.version_negotiation [None req-999a4676-4ede-46a7-a0da-dc6eefe8651a tempest-TaggedBootDevicesTest_v242-425790192 tempest-TaggedBootDevicesTest_v242-425790192-project-member] Determining version of request: GET /v2/images/6381bc2f-25cc-49cc-98bc-03e1f8dfded0 Accept: */* {{(pid=103034) process_request /opt/stack/glance/glance/api/middleware/version_negotiation.py:44}}
Aug 25 06:30:57.255023 np0000008057 devstack@g-api.service[103034]: DEBUG glance.api.middleware.version_negotiation [None req-999a4676-4ede-46a7-a0da-dc6eefe8651a tempest-TaggedBootDevicesTest_v242-425790192 tempest-TaggedBootDevicesTest_v242-425790192-project-member] Using url versioning {{(pid=103034) process_request /opt/stack/glance/glance/api/middleware/version_negotiation.py:57}}
Aug 25 06:30:57.255221 np0000008057 devstack@g-api.service[103034]: DEBUG glance.api.middleware.version_negotiation [None req-999a4676-4ede-46a7-a0da-dc6eefe8651a tempest-TaggedBootDevicesTest_v242-425790192 tempest-TaggedBootDevicesTest_v242-425790192-project-member] Matched version: v2 {{(pid=103034) process_request /opt/stack/glance/glance/api/middleware/version_negotiation.py:69}}
Aug 25 06:30:57.255491 np0000008057 devstack@g-api.service[103034]: DEBUG glance.api.middleware.version_negotiation [None req-999a4676-4ede-46a7-a0da-dc6eefe8651a tempest-TaggedBootDevicesTest_v242-425790192 tempest-TaggedBootDevicesTest_v242-425790192-project-member] new path /v2/images/6381bc2f-25cc-49cc-98bc-03e1f8dfded0 {{(pid=103034) process_request /opt/stack/glance/glance/api/middleware/version_negotiation.py:70}}
Aug 25 06:30:57.281052 np0000008057 devstack@g-api.service[103034]: [pid: 103034|app: 0|req: 11/44] 127.0.0.1 () {44 vars in 1115 bytes} [Tue Aug 25 06:30:57 2026] GET /v2/images/6381bc2f-25cc-49cc-98bc-03e1f8dfded0 => generated 1044 bytes in 25 msecs (HTTP/1.1 200) 4 headers in 158 bytes (1 switches on core 0)
Aug 25 06:30:57.290946 np0000008057 devstack@g-api.service[103033]: DEBUG glance.api.middleware.version_negotiation [None req-999a4676-4ede-46a7-a0da-dc6eefe8651a tempest-TaggedBootDevicesTest_v242-425790192 tempest-TaggedBootDevicesTest_v242-425790192-project-member] Determining version of request: GET /v2/schemas/image Accept: */* {{(pid=103033) process_request /opt/stack/glance/glance/api/middleware/version_negotiation.py:44}}
Aug 25 06:30:57.292598 np0000008057 devstack@g-api.service[103033]: DEBUG glance.api.middleware.version_negotiation [None req-999a4676-4ede-46a7-a0da-dc6eefe8651a tempest-TaggedBootDevicesTest_v242-425790192 tempest-TaggedBootDevicesTest_v242-425790192-project-member] Using url versioning {{(pid=103033) process_request /opt/stack/glance/glance/api/middleware/version_negotiation.py:57}}
Aug 25 06:30:57.292790 np0000008057 devstack@g-api.service[103033]: DEBUG glance.api.middleware.version_negotiation [None req-999a4676-4ede-46a7-a0da-dc6eefe8651a tempest-TaggedBootDevicesTest_v242-425790192 tempest-TaggedBootDevicesTest_v242-425790192-project-member] Matched version: v2 {{(pid=103033) process_request /opt/stack/glance/glance/api/middleware/version_negotiation.py:69}}
Aug 25 06:30:57.292931 np0000008057 devstack@g-api.service[103033]: DEBUG glance.api.middleware.version_negotiation [None req-999a4676-4ede-46a7-a0da-dc6eefe8651a tempest-TaggedBootDevicesTest_v242-425790192 tempest-TaggedBootDevicesTest_v242-425790192-project-member] new path /v2/schemas/image {{(pid=103033) process_request /opt/stack/glance/glance/api/middleware/version_negotiation.py:70}}
Aug 25 06:30:57.295898 np0000008057 devstack@g-api.service[103033]: [pid: 103033|app: 0|req: 15/45] 127.0.0.1 () {44 vars in 1055 bytes} [Tue Aug 25 06:30:57 2026] GET /v2/schemas/image => generated 6083 bytes in 5 msecs (HTTP/1.1 200) 4 headers in 158 bytes (1 switches on core 0)
Aug 25 06:30:57.487523 np0000008057 devstack@g-api.service[103032]: [pid: 103032|app: 0|req: 10/46] 127.0.0.1 () {44 vars in 1115 bytes} [Tue Aug 25 06:30:57 2026] GET /v2/images/6381bc2f-25cc-49cc-98bc-03e1f8dfded0 => generated 1044 bytes in 349 msecs (HTTP/1.1 200) 4 headers in 158 bytes (1 switches on core 0)
Aug 25 06:30:57.514461 np0000008057 devstack@g-api.service[103031]: DEBUG swiftclient [None req-0fdfcf56-9a70-446e-8c86-6e6d1bfa8795 tempest-AttachSCSIVolumeTestJSON-53072192 tempest-AttachSCSIVolumeTestJSON-53072192-project-admin] REQ: curl -i https://10.4.3.242:8080/v1/AUTH_8079f5706a7a4728a8828385803aa2c8/glance -I -H "X-Auth-Token: gAAAAABqjTahvw-v..." {{(pid=103031) http_log /opt/stack/data/venv/lib/python3.12/site-packages/swiftclient/client.py:160}}
Aug 25 06:30:57.514566 np0000008057 devstack@g-api.service[103031]: DEBUG swiftclient [None req-0fdfcf56-9a70-446e-8c86-6e6d1bfa8795 tempest-AttachSCSIVolumeTestJSON-53072192 tempest-AttachSCSIVolumeTestJSON-53072192-project-admin] RESP STATUS: 204 No Content {{(pid=103031) http_log /opt/stack/data/venv/lib/python3.12/site-packages/swiftclient/client.py:161}}
Aug 25 06:30:57.514717 np0000008057 devstack@g-api.service[103031]: DEBUG swiftclient [None req-0fdfcf56-9a70-446e-8c86-6e6d1bfa8795 tempest-AttachSCSIVolumeTestJSON-53072192 tempest-AttachSCSIVolumeTestJSON-53072192-project-admin] RESP HEADERS: {'Date': 'Tue, 25 Aug 2026 06:30:57 GMT', 'Server': 'Apache/2.4.58 (Ubuntu)', 'Content-Type': 'text/plain; charset=utf-8', 'X-Container-Object-Count': '3', 'X-Container-Bytes-Used': '64356352', 'X-Timestamp': '1787639337.89757', 'Last-Modified': 'Tue, 25 Aug 2026 06:28:58 GMT', 'Accept-Ranges': 'bytes', 'X-Storage-Policy': 'Policy-0', 'X-Container-Sharding': 'False', 'Vary': 'Accept', 'X-Trans-Id': 'tx7e48935ec01f456fb4fa3-006a8d36a1', 'X-Openstack-Request-Id': 'tx7e48935ec01f456fb4fa3-006a8d36a1', 'Connection': 'close'} {{(pid=103031) http_log /opt/stack/data/venv/lib/python3.12/site-packages/swiftclient/client.py:162}}
Aug 25 06:30:57.514858 np0000008057 devstack@g-api.service[103031]: DEBUG glance_store._drivers.swift.store [None req-0fdfcf56-9a70-446e-8c86-6e6d1bfa8795 tempest-AttachSCSIVolumeTestJSON-53072192 tempest-AttachSCSIVolumeTestJSON-53072192-project-admin] Adding image object 'd66b2fd6-0b52-424b-a892-508001e6bcd3' to Swift {{(pid=103031) add /opt/stack/data/venv/lib/python3.12/site-packages/glance_store/_drivers/swift/store.py:970}}
Aug 25 06:30:57.514929 np0000008057 devstack@g-api.service[103031]: DEBUG glance_store._drivers.swift.store [None req-0fdfcf56-9a70-446e-8c86-6e6d1bfa8795 tempest-AttachSCSIVolumeTestJSON-53072192 tempest-AttachSCSIVolumeTestJSON-53072192-project-admin] Cannot determine image size because it is either not provided in the request or chunked-transfer encoding is used. Adding image as a segmented object to Swift. {{(pid=103031) add /opt/stack/data/venv/lib/python3.12/site-packages/glance_store/_drivers/swift/store.py:994}}
Aug 25 06:30:57.519370 np0000008057 devstack@g-api.service[103034]: DEBUG glance.api.middleware.version_negotiation [None req-999a4676-4ede-46a7-a0da-dc6eefe8651a tempest-TaggedBootDevicesTest_v242-425790192 tempest-TaggedBootDevicesTest_v242-425790192-project-member] Determining version of request: GET /v2/images/6381bc2f-25cc-49cc-98bc-03e1f8dfded0/file Accept: */* {{(pid=103034) process_request /opt/stack/glance/glance/api/middleware/version_negotiation.py:44}}
Aug 25 06:30:57.519493 np0000008057 devstack@g-api.service[103034]: DEBUG glance.api.middleware.version_negotiation [None req-999a4676-4ede-46a7-a0da-dc6eefe8651a tempest-TaggedBootDevicesTest_v242-425790192 tempest-TaggedBootDevicesTest_v242-425790192-project-member] Using url versioning {{(pid=103034) process_request /opt/stack/glance/glance/api/middleware/version_negotiation.py:57}}
Aug 25 06:30:57.519674 np0000008057 devstack@g-api.service[103034]: DEBUG glance.api.middleware.version_negotiation [None req-999a4676-4ede-46a7-a0da-dc6eefe8651a tempest-TaggedBootDevicesTest_v242-425790192 tempest-TaggedBootDevicesTest_v242-425790192-project-member] Matched version: v2 {{(pid=103034) process_request /opt/stack/glance/glance/api/middleware/version_negotiation.py:69}}
Aug 25 06:30:57.519781 np0000008057 devstack@g-api.service[103034]: DEBUG glance.api.middleware.version_negotiation [None req-999a4676-4ede-46a7-a0da-dc6eefe8651a tempest-TaggedBootDevicesTest_v242-425790192 tempest-TaggedBootDevicesTest_v242-425790192-project-member] new path /v2/images/6381bc2f-25cc-49cc-98bc-03e1f8dfded0/file {{(pid=103034) process_request /opt/stack/glance/glance/api/middleware/version_negotiation.py:70}}
Aug 25 06:30:57.528525 np0000008057 devstack@g-api.service[103031]: DEBUG oslo_utils.imageutils.format_inspector [None req-0fdfcf56-9a70-446e-8c86-6e6d1bfa8795 tempest-AttachSCSIVolumeTestJSON-53072192 tempest-AttachSCSIVolumeTestJSON-53072192-project-admin] Format inspector for vmdk does not match, excluding from consideration (Signature KDMV not found: b'QFI\xfb') {{(pid=103031) _process_chunk /opt/stack/data/venv/lib/python3.12/site-packages/oslo_utils/imageutils/format_inspector.py:1758}}
Aug 25 06:30:57.531610 np0000008057 devstack@g-api.service[103031]: DEBUG oslo_utils.imageutils.format_inspector [None req-0fdfcf56-9a70-446e-8c86-6e6d1bfa8795 tempest-AttachSCSIVolumeTestJSON-53072192 tempest-AttachSCSIVolumeTestJSON-53072192-project-admin] Format inspector for vhdx does not match, excluding from consideration (Region signature not found at 30000) {{(pid=103031) _process_chunk /opt/stack/data/venv/lib/python3.12/site-packages/oslo_utils/imageutils/format_inspector.py:1758}}
Aug 25 06:30:57.545414 np0000008057 devstack@g-api.service[103034]: DEBUG glance.api.middleware.cache [None req-6640a95f-f8d8-4ae1-a1a0-af57bad0d2da tempest-DeleteServersTestJSON-192852142 tempest-DeleteServersTestJSON-192852142-project-member] Cache hit for image '6381bc2f-25cc-49cc-98bc-03e1f8dfded0' {{(pid=103034) process_request /opt/stack/glance/glance/api/middleware/cache.py:160}}
Aug 25 06:30:57.613928 np0000008057 devstack@g-api.service[103034]: [pid: 103034|app: 0|req: 12/47] 127.0.0.1 () {44 vars in 1125 bytes} [Tue Aug 25 06:30:57 2026] GET /v2/images/6381bc2f-25cc-49cc-98bc-03e1f8dfded0/file => generated 21692416 bytes in 95 msecs (HTTP/1.1 200) 5 headers in 217 bytes (338 switches on core 0)
Aug 25 06:30:57.710790 np0000008057 devstack@g-api.service[103033]: DEBUG glance.api.middleware.version_negotiation [None req-999a4676-4ede-46a7-a0da-dc6eefe8651a tempest-TaggedBootDevicesTest_v242-425790192 tempest-TaggedBootDevicesTest_v242-425790192-project-member] Determining version of request: GET /v2/images/6381bc2f-25cc-49cc-98bc-03e1f8dfded0 Accept: */* {{(pid=103033) process_request /opt/stack/glance/glance/api/middleware/version_negotiation.py:44}}
Aug 25 06:30:57.711096 np0000008057 devstack@g-api.service[103033]: DEBUG glance.api.middleware.version_negotiation [None req-999a4676-4ede-46a7-a0da-dc6eefe8651a tempest-TaggedBootDevicesTest_v242-425790192 tempest-TaggedBootDevicesTest_v242-425790192-project-member] Using url versioning {{(pid=103033) process_request /opt/stack/glance/glance/api/middleware/version_negotiation.py:57}}
Aug 25 06:30:57.711096 np0000008057 devstack@g-api.service[103033]: DEBUG glance.api.middleware.version_negotiation [None req-999a4676-4ede-46a7-a0da-dc6eefe8651a tempest-TaggedBootDevicesTest_v242-425790192 tempest-TaggedBootDevicesTest_v242-425790192-project-member] Matched version: v2 {{(pid=103033) process_request /opt/stack/glance/glance/api/middleware/version_negotiation.py:69}}
Aug 25 06:30:57.711320 np0000008057 devstack@g-api.service[103033]: DEBUG glance.api.middleware.version_negotiation [None req-999a4676-4ede-46a7-a0da-dc6eefe8651a tempest-TaggedBootDevicesTest_v242-425790192 tempest-TaggedBootDevicesTest_v242-425790192-project-member] new path /v2/images/6381bc2f-25cc-49cc-98bc-03e1f8dfded0 {{(pid=103033) process_request /opt/stack/glance/glance/api/middleware/version_negotiation.py:70}}
Aug 25 06:30:57.723612 np0000008057 devstack@g-api.service[103033]: [pid: 103033|app: 0|req: 16/48] 127.0.0.1 () {44 vars in 1115 bytes} [Tue Aug 25 06:30:57 2026] GET /v2/images/6381bc2f-25cc-49cc-98bc-03e1f8dfded0 => generated 1044 bytes in 13 msecs (HTTP/1.1 200) 4 headers in 158 bytes (1 switches on core 0)
Aug 25 06:30:57.762389 np0000008057 devstack@g-api.service[103031]: DEBUG swiftclient [None req-0fdfcf56-9a70-446e-8c86-6e6d1bfa8795 tempest-AttachSCSIVolumeTestJSON-53072192 tempest-AttachSCSIVolumeTestJSON-53072192-project-admin] REQ: curl -i https://10.4.3.242:8080/v1/AUTH_8079f5706a7a4728a8828385803aa2c8/glance/d66b2fd6-0b52-424b-a892-508001e6bcd3-00001 -X PUT -H "X-Auth-Token: gAAAAABqjTahvw-v..." {{(pid=103031) http_log /opt/stack/data/venv/lib/python3.12/site-packages/swiftclient/client.py:160}}
Aug 25 06:30:57.762476 np0000008057 devstack@g-api.service[103031]: DEBUG swiftclient [None req-0fdfcf56-9a70-446e-8c86-6e6d1bfa8795 tempest-AttachSCSIVolumeTestJSON-53072192 tempest-AttachSCSIVolumeTestJSON-53072192-project-admin] RESP STATUS: 201 Created {{(pid=103031) http_log /opt/stack/data/venv/lib/python3.12/site-packages/swiftclient/client.py:161}}
Aug 25 06:30:57.762590 np0000008057 devstack@g-api.service[103031]: DEBUG swiftclient [None req-0fdfcf56-9a70-446e-8c86-6e6d1bfa8795 tempest-AttachSCSIVolumeTestJSON-53072192 tempest-AttachSCSIVolumeTestJSON-53072192-project-admin] RESP HEADERS: {'Date': 'Tue, 25 Aug 2026 06:30:57 GMT', 'Server': 'Apache/2.4.58 (Ubuntu)', 'Content-Type': 'text/html; charset=UTF-8', 'Content-Length': '0', 'Etag': '87617e24a5e30cb3b87fda8c0764838f', 'Last-Modified': 'Tue, 25 Aug 2026 06:30:58 GMT', 'X-Trans-Id': 'txbda5e1780a1a42ce91a33-006a8d36a1', 'X-Openstack-Request-Id': 'txbda5e1780a1a42ce91a33-006a8d36a1', 'Connection': 'close'} {{(pid=103031) http_log /opt/stack/data/venv/lib/python3.12/site-packages/swiftclient/client.py:162}}
Aug 25 06:30:57.762731 np0000008057 devstack@g-api.service[103031]: DEBUG glance_store._drivers.swift.store [None req-0fdfcf56-9a70-446e-8c86-6e6d1bfa8795 tempest-AttachSCSIVolumeTestJSON-53072192 tempest-AttachSCSIVolumeTestJSON-53072192-project-admin] Wrote chunk d66b2fd6-0b52-424b-a892-508001e6bcd3-00001 (1/?) of length 21692416 to Swift returning MD5 of content: 87617e24a5e30cb3b87fda8c0764838f {{(pid=103031) add /opt/stack/data/venv/lib/python3.12/site-packages/glance_store/_drivers/swift/store.py:1059}}
Aug 25 06:30:57.762993 np0000008057 devstack@g-api.service[103031]: DEBUG glance_store._drivers.swift.store [None req-0fdfcf56-9a70-446e-8c86-6e6d1bfa8795 tempest-AttachSCSIVolumeTestJSON-53072192 tempest-AttachSCSIVolumeTestJSON-53072192-project-admin] Not writing zero-length chunk. {{(pid=103031) add /opt/stack/data/venv/lib/python3.12/site-packages/glance_store/_drivers/swift/store.py:1028}}
Aug 25 06:30:57.771667 np0000008057 devstack@g-api.service[103032]: DEBUG glance.api.middleware.version_negotiation [None req-6640a95f-f8d8-4ae1-a1a0-af57bad0d2da tempest-DeleteServersTestJSON-192852142 tempest-DeleteServersTestJSON-192852142-project-member] Determining version of request: GET /v2/schemas/image Accept: */* {{(pid=103032) process_request /opt/stack/glance/glance/api/middleware/version_negotiation.py:44}}
Aug 25 06:30:57.771930 np0000008057 devstack@g-api.service[103032]: DEBUG glance.api.middleware.version_negotiation [None req-6640a95f-f8d8-4ae1-a1a0-af57bad0d2da tempest-DeleteServersTestJSON-192852142 tempest-DeleteServersTestJSON-192852142-project-member] Using url versioning {{(pid=103032) process_request /opt/stack/glance/glance/api/middleware/version_negotiation.py:57}}
Aug 25 06:30:57.771930 np0000008057 devstack@g-api.service[103032]: DEBUG glance.api.middleware.version_negotiation [None req-6640a95f-f8d8-4ae1-a1a0-af57bad0d2da tempest-DeleteServersTestJSON-192852142 tempest-DeleteServersTestJSON-192852142-project-member] Matched version: v2 {{(pid=103032) process_request /opt/stack/glance/glance/api/middleware/version_negotiation.py:69}}
Aug 25 06:30:57.772013 np0000008057 devstack@g-api.service[103032]: DEBUG glance.api.middleware.version_negotiation [None req-6640a95f-f8d8-4ae1-a1a0-af57bad0d2da tempest-DeleteServersTestJSON-192852142 tempest-DeleteServersTestJSON-192852142-project-member] new path /v2/schemas/image {{(pid=103032) process_request /opt/stack/glance/glance/api/middleware/version_negotiation.py:70}}
Aug 25 06:30:57.774677 np0000008057 devstack@g-api.service[103032]: [pid: 103032|app: 0|req: 11/49] 127.0.0.1 () {44 vars in 1055 bytes} [Tue Aug 25 06:30:57 2026] GET /v2/schemas/image => generated 6083 bytes in 3 msecs (HTTP/1.1 200) 4 headers in 158 bytes (1 switches on core 0)
Aug 25 06:30:57.783935 np0000008057 devstack@g-api.service[103031]: DEBUG swiftclient [None req-0fdfcf56-9a70-446e-8c86-6e6d1bfa8795 tempest-AttachSCSIVolumeTestJSON-53072192 tempest-AttachSCSIVolumeTestJSON-53072192-project-admin] REQ: curl -i https://10.4.3.242:8080/v1/AUTH_8079f5706a7a4728a8828385803aa2c8/glance/d66b2fd6-0b52-424b-a892-508001e6bcd3 -X PUT -H "X-Object-Manifest: glance/d66b2fd6-0b52-424b-a892-508001e6bcd3-" -H "X-Auth-Token: gAAAAABqjTahvw-v..." -H "Content-Length: 0" {{(pid=103031) http_log /opt/stack/data/venv/lib/python3.12/site-packages/swiftclient/client.py:160}}
Aug 25 06:30:57.784040 np0000008057 devstack@g-api.service[103031]: DEBUG swiftclient [None req-0fdfcf56-9a70-446e-8c86-6e6d1bfa8795 tempest-AttachSCSIVolumeTestJSON-53072192 tempest-AttachSCSIVolumeTestJSON-53072192-project-admin] RESP STATUS: 201 Created {{(pid=103031) http_log /opt/stack/data/venv/lib/python3.12/site-packages/swiftclient/client.py:161}}
Aug 25 06:30:57.784128 np0000008057 devstack@g-api.service[103031]: DEBUG swiftclient [None req-0fdfcf56-9a70-446e-8c86-6e6d1bfa8795 tempest-AttachSCSIVolumeTestJSON-53072192 tempest-AttachSCSIVolumeTestJSON-53072192-project-admin] RESP HEADERS: {'Date': 'Tue, 25 Aug 2026 06:30:57 GMT', 'Server': 'Apache/2.4.58 (Ubuntu)', 'Content-Type': 'text/html; charset=UTF-8', 'Content-Length': '0', 'Etag': 'd41d8cd98f00b204e9800998ecf8427e', 'Last-Modified': 'Tue, 25 Aug 2026 06:30:58 GMT', 'X-Trans-Id': 'txffcc1823e4ac41659f4b5-006a8d36a1', 'X-Openstack-Request-Id': 'txffcc1823e4ac41659f4b5-006a8d36a1', 'Connection': 'close'} {{(pid=103031) http_log /opt/stack/data/venv/lib/python3.12/site-packages/swiftclient/client.py:162}}
Aug 25 06:30:57.784543 np0000008057 devstack@g-api.service[103031]: INFO glance.location [None req-0fdfcf56-9a70-446e-8c86-6e6d1bfa8795 tempest-AttachSCSIVolumeTestJSON-53072192 tempest-AttachSCSIVolumeTestJSON-53072192-project-admin] Image format matched and virtual size computed: 117440512
Aug 25 06:30:57.804050 np0000008057 devstack@g-api.service[103031]: DEBUG glance_store.backend [None req-0fdfcf56-9a70-446e-8c86-6e6d1bfa8795 tempest-AttachSCSIVolumeTestJSON-53072192 tempest-AttachSCSIVolumeTestJSON-53072192-project-admin] Attempting to import store swift {{(pid=103031) _load_store /opt/stack/data/venv/lib/python3.12/site-packages/glance_store/backend.py:215}}
Aug 25 06:30:57.805237 np0000008057 devstack@g-api.service[103031]: DEBUG glance_store.capabilities [None req-0fdfcf56-9a70-446e-8c86-6e6d1bfa8795 tempest-AttachSCSIVolumeTestJSON-53072192 tempest-AttachSCSIVolumeTestJSON-53072192-project-admin] Store glance_store._drivers.swift.store.SingleTenantStore doesn't support updating dynamic storage capabilities. Please overwrite 'update_capabilities' method of the store to implement updating logics if needed. {{(pid=103031) update_capabilities /opt/stack/data/venv/lib/python3.12/site-packages/glance_store/capabilities.py:91}}
Aug 25 06:30:57.805363 np0000008057 devstack@g-api.service[103031]: DEBUG glance_store.driver [None req-0fdfcf56-9a70-446e-8c86-6e6d1bfa8795 tempest-AttachSCSIVolumeTestJSON-53072192 tempest-AttachSCSIVolumeTestJSON-53072192-project-admin] Late loading location class glance_store._drivers.swift.store.StoreLocation {{(pid=103031) get_store_location_class /opt/stack/data/venv/lib/python3.12/site-packages/glance_store/driver.py:134}}
Aug 25 06:30:57.805513 np0000008057 devstack@g-api.service[103031]: DEBUG glance_store.location [None req-0fdfcf56-9a70-446e-8c86-6e6d1bfa8795 tempest-AttachSCSIVolumeTestJSON-53072192 tempest-AttachSCSIVolumeTestJSON-53072192-project-admin] Registering scheme swift+https with {'store': , 'location_class': , 'store_entry': 'swift'} {{(pid=103031) register_scheme_map /opt/stack/data/venv/lib/python3.12/site-packages/glance_store/location.py:146}}
Aug 25 06:30:57.805661 np0000008057 devstack@g-api.service[103031]: DEBUG glance_store.location [None req-0fdfcf56-9a70-446e-8c86-6e6d1bfa8795 tempest-AttachSCSIVolumeTestJSON-53072192 tempest-AttachSCSIVolumeTestJSON-53072192-project-admin] Registering scheme swift+https with {'store': , 'location_class': , 'store_entry': 'swift'} {{(pid=103031) register_scheme_map /opt/stack/data/venv/lib/python3.12/site-packages/glance_store/location.py:146}}
Aug 25 06:30:57.805917 np0000008057 devstack@g-api.service[103031]: DEBUG glance_store.location [None req-0fdfcf56-9a70-446e-8c86-6e6d1bfa8795 tempest-AttachSCSIVolumeTestJSON-53072192 tempest-AttachSCSIVolumeTestJSON-53072192-project-admin] Registering scheme swift with {'store': , 'location_class': , 'store_entry': 'swift'} {{(pid=103031) register_scheme_map /opt/stack/data/venv/lib/python3.12/site-packages/glance_store/location.py:146}}
Aug 25 06:30:57.805917 np0000008057 devstack@g-api.service[103031]: DEBUG glance_store.location [None req-0fdfcf56-9a70-446e-8c86-6e6d1bfa8795 tempest-AttachSCSIVolumeTestJSON-53072192 tempest-AttachSCSIVolumeTestJSON-53072192-project-admin] Registering scheme swift+https with {'store': , 'location_class': , 'store_entry': 'swift'} {{(pid=103031) register_scheme_map /opt/stack/data/venv/lib/python3.12/site-packages/glance_store/location.py:146}}
Aug 25 06:30:57.805917 np0000008057 devstack@g-api.service[103031]: DEBUG glance_store.location [None req-0fdfcf56-9a70-446e-8c86-6e6d1bfa8795 tempest-AttachSCSIVolumeTestJSON-53072192 tempest-AttachSCSIVolumeTestJSON-53072192-project-admin] Registering scheme swift with {'store': , 'location_class': , 'store_entry': 'swift'} {{(pid=103031) register_scheme_map /opt/stack/data/venv/lib/python3.12/site-packages/glance_store/location.py:146}}
Aug 25 06:30:57.806075 np0000008057 devstack@g-api.service[103031]: DEBUG glance_store.location [None req-0fdfcf56-9a70-446e-8c86-6e6d1bfa8795 tempest-AttachSCSIVolumeTestJSON-53072192 tempest-AttachSCSIVolumeTestJSON-53072192-project-admin] Registering scheme swift+http with {'store': , 'location_class': , 'store_entry': 'swift'} {{(pid=103031) register_scheme_map /opt/stack/data/venv/lib/python3.12/site-packages/glance_store/location.py:146}}
Aug 25 06:30:57.806119 np0000008057 devstack@g-api.service[103031]: DEBUG glance_store.location [None req-0fdfcf56-9a70-446e-8c86-6e6d1bfa8795 tempest-AttachSCSIVolumeTestJSON-53072192 tempest-AttachSCSIVolumeTestJSON-53072192-project-admin] Registering scheme swift+https with {'store': , 'location_class': , 'store_entry': 'swift'} {{(pid=103031) register_scheme_map /opt/stack/data/venv/lib/python3.12/site-packages/glance_store/location.py:146}}
Aug 25 06:30:57.806255 np0000008057 devstack@g-api.service[103031]: DEBUG glance_store.location [None req-0fdfcf56-9a70-446e-8c86-6e6d1bfa8795 tempest-AttachSCSIVolumeTestJSON-53072192 tempest-AttachSCSIVolumeTestJSON-53072192-project-admin] Registering scheme swift with {'store': , 'location_class': , 'store_entry': 'swift'} {{(pid=103031) register_scheme_map /opt/stack/data/venv/lib/python3.12/site-packages/glance_store/location.py:146}}
Aug 25 06:30:57.806375 np0000008057 devstack@g-api.service[103031]: DEBUG glance_store.location [None req-0fdfcf56-9a70-446e-8c86-6e6d1bfa8795 tempest-AttachSCSIVolumeTestJSON-53072192 tempest-AttachSCSIVolumeTestJSON-53072192-project-admin] Registering scheme swift+http with {'store': , 'location_class': , 'store_entry': 'swift'} {{(pid=103031) register_scheme_map /opt/stack/data/venv/lib/python3.12/site-packages/glance_store/location.py:146}}
Aug 25 06:30:57.806497 np0000008057 devstack@g-api.service[103031]: DEBUG glance_store.location [None req-0fdfcf56-9a70-446e-8c86-6e6d1bfa8795 tempest-AttachSCSIVolumeTestJSON-53072192 tempest-AttachSCSIVolumeTestJSON-53072192-project-admin] Registering scheme swift+config with {'store': , 'location_class': , 'store_entry': 'swift'} {{(pid=103031) register_scheme_map /opt/stack/data/venv/lib/python3.12/site-packages/glance_store/location.py:146}}
Aug 25 06:30:57.806616 np0000008057 devstack@g-api.service[103031]: DEBUG glance_store.backend [None req-0fdfcf56-9a70-446e-8c86-6e6d1bfa8795 tempest-AttachSCSIVolumeTestJSON-53072192 tempest-AttachSCSIVolumeTestJSON-53072192-project-admin] Skipping store.set_acls... not implemented. {{(pid=103031) set_acls /opt/stack/data/venv/lib/python3.12/site-packages/glance_store/backend.py:507}}
Aug 25 06:30:57.808084 np0000008057 devstack@g-api.service[103031]: [pid: 103031|app: 0|req: 11/50] 127.0.0.1 () {40 vars in 858 bytes} [Tue Aug 25 06:30:55 2026] PUT /v2/images/d66b2fd6-0b52-424b-a892-508001e6bcd3/file => generated 0 bytes in 2046 msecs (HTTP/1.1 204) 4 headers in 171 bytes (1 switches on core 0)
Aug 25 06:30:58.171972 np0000008057 devstack@g-api.service[103034]: DEBUG glance.api.middleware.version_negotiation [None req-6640a95f-f8d8-4ae1-a1a0-af57bad0d2da tempest-DeleteServersTestJSON-192852142 tempest-DeleteServersTestJSON-192852142-project-member] Determining version of request: GET /v2/images/6381bc2f-25cc-49cc-98bc-03e1f8dfded0 Accept: */* {{(pid=103034) process_request /opt/stack/glance/glance/api/middleware/version_negotiation.py:44}}
Aug 25 06:30:58.172546 np0000008057 devstack@g-api.service[103034]: DEBUG glance.api.middleware.version_negotiation [None req-6640a95f-f8d8-4ae1-a1a0-af57bad0d2da tempest-DeleteServersTestJSON-192852142 tempest-DeleteServersTestJSON-192852142-project-member] Using url versioning {{(pid=103034) process_request /opt/stack/glance/glance/api/middleware/version_negotiation.py:57}}
Aug 25 06:30:58.172546 np0000008057 devstack@g-api.service[103034]: DEBUG glance.api.middleware.version_negotiation [None req-6640a95f-f8d8-4ae1-a1a0-af57bad0d2da tempest-DeleteServersTestJSON-192852142 tempest-DeleteServersTestJSON-192852142-project-member] Matched version: v2 {{(pid=103034) process_request /opt/stack/glance/glance/api/middleware/version_negotiation.py:69}}
Aug 25 06:30:58.172546 np0000008057 devstack@g-api.service[103034]: DEBUG glance.api.middleware.version_negotiation [None req-6640a95f-f8d8-4ae1-a1a0-af57bad0d2da tempest-DeleteServersTestJSON-192852142 tempest-DeleteServersTestJSON-192852142-project-member] new path /v2/images/6381bc2f-25cc-49cc-98bc-03e1f8dfded0 {{(pid=103034) process_request /opt/stack/glance/glance/api/middleware/version_negotiation.py:70}}
Aug 25 06:30:58.184570 np0000008057 devstack@g-api.service[103034]: [pid: 103034|app: 0|req: 13/51] 127.0.0.1 () {44 vars in 1115 bytes} [Tue Aug 25 06:30:58 2026] GET /v2/images/6381bc2f-25cc-49cc-98bc-03e1f8dfded0 => generated 1044 bytes in 13 msecs (HTTP/1.1 200) 4 headers in 158 bytes (1 switches on core 0)
Aug 25 06:30:58.194838 np0000008057 devstack@g-api.service[103033]: DEBUG glance.api.middleware.version_negotiation [None req-6640a95f-f8d8-4ae1-a1a0-af57bad0d2da tempest-DeleteServersTestJSON-192852142 tempest-DeleteServersTestJSON-192852142-project-member] Determining version of request: GET /v2/schemas/image Accept: */* {{(pid=103033) process_request /opt/stack/glance/glance/api/middleware/version_negotiation.py:44}}
