Jun 15 18:20:03.437824 np0000002882 devstack@neutron-api.service[87029]: DEBUG neutron.plugins.ml2.drivers.ovn.mech_driver.ovsdb.maintenance [-] Touching Hash Ring node "28daec22faa2569b9e27745b430c80cc" from periodic health check thread {{(pid=87029) touch_hash_ring_node /opt/stack/neutron/neutron/plugins/ml2/drivers/ovn/mech_driver/ovsdb/maintenance.py:1418}}
Jun 15 18:20:04.291793 np0000002882 devstack@neutron-api.service[87030]: DEBUG futurist.periodics [-] Submitting periodic callback 'neutron.plugins.ml2.drivers.ovn.mech_driver.ovsdb.maintenance.HashRingHealthCheckPeriodics.touch_hash_ring_node' {{(pid=87030) _process_scheduled /opt/stack/data/venv/lib/python3.12/site-packages/futurist/periodics.py:784}}
Jun 15 18:20:04.292238 np0000002882 devstack@neutron-api.service[87030]: DEBUG neutron.plugins.ml2.drivers.ovn.mech_driver.ovsdb.maintenance [-] Touching Hash Ring node "6c6816b7c7ca5b38aa906a11d317b9f2" from periodic health check thread {{(pid=87030) touch_hash_ring_node /opt/stack/neutron/neutron/plugins/ml2/drivers/ovn/mech_driver/ovsdb/maintenance.py:1418}}
Jun 15 18:20:13.446566 np0000002882 devstack@neutron-api.service[87029]: DEBUG dbcounter [-] [87029] Writing DB stats neutron:UPDATE=1,neutron:SELECT=1 {{(pid=87029) stat_writer /opt/stack/data/venv/lib/python3.12/site-packages/dbcounter.py:115}}
Jun 15 18:20:13.571500 np0000002882 devstack@neutron-api.service[87030]: DEBUG neutron.api.wsgi [None req-73b33b08-890d-4d31-8f04-5cbc9f336903 tempest-verify_tempest_config-380908842 tempest-verify_tempest_config-380908842-project-member] https://10.4.3.64/networking/v2.0/extensions returned with HTTP 200 {{(pid=87030) __call__ /opt/stack/neutron/neutron/api/wsgi.py:540}}
Jun 15 18:20:13.571936 np0000002882 devstack@neutron-api.service[87030]: [pid: 87030|app: 0|req: 20/41] 10.4.3.64 () {66 vars in 1254 bytes} [Mon Jun 15 18:20:13 2026] GET /networking/v2.0/extensions => generated 15873 bytes in 3 msecs (HTTP/1.1 200) 4 headers in 159 bytes (1 switches on core 0)
Jun 15 18:20:14.107400 np0000002882 devstack@neutron-api.service[87029]: DEBUG neutron_lib.callbacks.manager [None req-fca458d8-8731-47a6-b0c6-9aa86f75327f admin admin] Publish callbacks [] for security_group (None), before_create {{(pid=87029) _notify_loop /opt/stack/data/venv/lib/python3.12/site-packages/neutron_lib/callbacks/manager.py:184}}
Jun 15 18:20:14.211921 np0000002882 devstack@neutron-api.service[87029]: DEBUG neutron_lib.callbacks.manager [None req-fca458d8-8731-47a6-b0c6-9aa86f75327f admin admin] Publish callbacks ['neutron.plugins.ml2.drivers.ovn.mech_driver.mech_driver.OVNMechanismDriver._create_security_group_precommit-303446'] for security_group (a88c7be1-ccb4-4981-a649-e556bf958177), precommit_create {{(pid=87029) _notify_loop /opt/stack/data/venv/lib/python3.12/site-packages/neutron_lib/callbacks/manager.py:184}}
Jun 15 18:20:14.212094 np0000002882 devstack@neutron-api.service[87029]: DEBUG neutron.db.ovn_revision_numbers_db [None req-fca458d8-8731-47a6-b0c6-9aa86f75327f admin admin] create_initial_revision uuid=a88c7be1-ccb4-4981-a649-e556bf958177, type=security_groups, rev=-1 {{(pid=87029) create_initial_revision /opt/stack/neutron/neutron/db/ovn_revision_numbers_db.py:98}}
Jun 15 18:20:14.213221 np0000002882 devstack@neutron-api.service[87029]: DEBUG neutron.db.ovn_revision_numbers_db [None req-fca458d8-8731-47a6-b0c6-9aa86f75327f admin admin] create_initial_revision uuid=3ae422f9-0ce0-4994-9cc7-f783cfbeb1d3, type=security_group_rules, rev=-1 {{(pid=87029) create_initial_revision /opt/stack/neutron/neutron/db/ovn_revision_numbers_db.py:98}}
Jun 15 18:20:14.214123 np0000002882 devstack@neutron-api.service[87029]: DEBUG neutron.db.ovn_revision_numbers_db [None req-fca458d8-8731-47a6-b0c6-9aa86f75327f admin admin] create_initial_revision uuid=678fe27c-d35e-4ad8-8fbc-e7914152bb23, type=security_group_rules, rev=-1 {{(pid=87029) create_initial_revision /opt/stack/neutron/neutron/db/ovn_revision_numbers_db.py:98}}
Jun 15 18:20:14.215281 np0000002882 devstack@neutron-api.service[87029]: DEBUG neutron.db.ovn_revision_numbers_db [None req-fca458d8-8731-47a6-b0c6-9aa86f75327f admin admin] create_initial_revision uuid=70066b85-c76c-4061-a382-3024804edd1b, type=security_group_rules, rev=-1 {{(pid=87029) create_initial_revision /opt/stack/neutron/neutron/db/ovn_revision_numbers_db.py:98}}
Jun 15 18:20:14.216212 np0000002882 devstack@neutron-api.service[87029]: DEBUG neutron.db.ovn_revision_numbers_db [None req-fca458d8-8731-47a6-b0c6-9aa86f75327f admin admin] create_initial_revision uuid=856ada25-72ce-4053-bfdc-c586d9f34f3a, type=security_group_rules, rev=-1 {{(pid=87029) create_initial_revision /opt/stack/neutron/neutron/db/ovn_revision_numbers_db.py:98}}
Jun 15 18:20:14.219219 np0000002882 devstack@neutron-api.service[87029]: DEBUG neutron_lib.callbacks.manager [None req-fca458d8-8731-47a6-b0c6-9aa86f75327f admin admin] Publish callbacks ['neutron.plugins.ml2.drivers.ovn.mech_driver.mech_driver.OVNMechanismDriver._create_security_group-303452', 'neutron.plugins.ml2.ovo_rpc._ObjectChangeHandler.handle_event-3371226'] for security_group (a88c7be1-ccb4-4981-a649-e556bf958177), after_create {{(pid=87029) _notify_loop /opt/stack/data/venv/lib/python3.12/site-packages/neutron_lib/callbacks/manager.py:184}}
Jun 15 18:20:14.219866 np0000002882 devstack@neutron-api.service[87029]: DEBUG ovsdbapp.backend.ovs_idl.transaction [None req-1b664050-9d11-4c31-b93d-8425907b1fdd None None] Running txn n=1 command(idx=0): PgAddCommand(_result=None, name=pg_a88c7be1_ccb4_4981_a649_e556bf958177, may_exist=False, columns={'acls': [], 'external_ids': {'neutron:security_group_id': 'a88c7be1-ccb4-4981-a649-e556bf958177'}}) {{(pid=87029) do_commit /opt/stack/data/venv/lib/python3.12/site-packages/ovsdbapp/backend/ovs_idl/transaction.py:89}}
Jun 15 18:20:14.220199 np0000002882 devstack@neutron-api.service[87029]: DEBUG ovsdbapp.backend.ovs_idl.transaction [None req-1b664050-9d11-4c31-b93d-8425907b1fdd None None] Running txn n=1 command(idx=1): PgAclAddCommand(_result=None, entity=pg_a88c7be1_ccb4_4981_a649_e556bf958177, direction=from-lport, priority=1002, match=inport == @pg_a88c7be1_ccb4_4981_a649_e556bf958177 && ip6, action=allow-related, log=False, may_exist=True, severity=[], name=[], meter=[], external_ids={'neutron:security_group_rule_id': '3ae422f9-0ce0-4994-9cc7-f783cfbeb1d3'}) {{(pid=87029) do_commit /opt/stack/data/venv/lib/python3.12/site-packages/ovsdbapp/backend/ovs_idl/transaction.py:89}}
Jun 15 18:20:14.220601 np0000002882 devstack@neutron-api.service[87029]: DEBUG ovsdbapp.backend.ovs_idl.transaction [None req-1b664050-9d11-4c31-b93d-8425907b1fdd None None] Running txn n=1 command(idx=2): PgAclAddCommand(_result=None, entity=pg_a88c7be1_ccb4_4981_a649_e556bf958177, direction=from-lport, priority=1002, match=inport == @pg_a88c7be1_ccb4_4981_a649_e556bf958177 && ip4, action=allow-related, log=False, may_exist=True, severity=[], name=[], meter=[], external_ids={'neutron:security_group_rule_id': '678fe27c-d35e-4ad8-8fbc-e7914152bb23'}) {{(pid=87029) do_commit /opt/stack/data/venv/lib/python3.12/site-packages/ovsdbapp/backend/ovs_idl/transaction.py:89}}
Jun 15 18:20:14.220929 np0000002882 devstack@neutron-api.service[87029]: DEBUG ovsdbapp.backend.ovs_idl.transaction [None req-1b664050-9d11-4c31-b93d-8425907b1fdd None None] Running txn n=1 command(idx=3): PgAclAddCommand(_result=None, entity=pg_a88c7be1_ccb4_4981_a649_e556bf958177, direction=to-lport, priority=1002, match=outport == @pg_a88c7be1_ccb4_4981_a649_e556bf958177 && ip6 && ip6.src == $pg_a88c7be1_ccb4_4981_a649_e556bf958177_ip6, action=allow-related, log=False, may_exist=True, severity=[], name=[], meter=[], external_ids={'neutron:security_group_rule_id': '70066b85-c76c-4061-a382-3024804edd1b'}) {{(pid=87029) do_commit /opt/stack/data/venv/lib/python3.12/site-packages/ovsdbapp/backend/ovs_idl/transaction.py:89}}
Jun 15 18:20:14.221212 np0000002882 devstack@neutron-api.service[87029]: DEBUG ovsdbapp.backend.ovs_idl.transaction [None req-1b664050-9d11-4c31-b93d-8425907b1fdd None None] Running txn n=1 command(idx=4): PgAclAddCommand(_result=None, entity=pg_a88c7be1_ccb4_4981_a649_e556bf958177, direction=to-lport, priority=1002, match=outport == @pg_a88c7be1_ccb4_4981_a649_e556bf958177 && ip4 && ip4.src == $pg_a88c7be1_ccb4_4981_a649_e556bf958177_ip4, action=allow-related, log=False, may_exist=True, severity=[], name=[], meter=[], external_ids={'neutron:security_group_rule_id': '856ada25-72ce-4053-bfdc-c586d9f34f3a'}) {{(pid=87029) do_commit /opt/stack/data/venv/lib/python3.12/site-packages/ovsdbapp/backend/ovs_idl/transaction.py:89}}
Jun 15 18:20:14.226560 np0000002882 devstack@neutron-api.service[87030]: DEBUG neutron.plugins.ml2.drivers.ovn.mech_driver.ovsdb.ovsdb_monitor [None req-f0688cd3-0f3e-43d1-b1b8-820d3e92812b None None] Touching Hash Ring node "6c6816b7c7ca5b38aa906a11d317b9f2" from IDL notify handler {{(pid=87030) notify /opt/stack/neutron/neutron/plugins/ml2/drivers/ovn/mech_driver/ovsdb/ovsdb_monitor.py:1007}}
Jun 15 18:20:14.226995 np0000002882 devstack@neutron-api.service[87029]: DEBUG neutron.plugins.ml2.drivers.ovn.mech_driver.ovsdb.ovsdb_monitor [None req-1b664050-9d11-4c31-b93d-8425907b1fdd None None] Touching Hash Ring node "28daec22faa2569b9e27745b430c80cc" from IDL notify handler {{(pid=87029) notify /opt/stack/neutron/neutron/plugins/ml2/drivers/ovn/mech_driver/ovsdb/ovsdb_monitor.py:1007}}
Jun 15 18:20:14.233764 np0000002882 devstack@neutron-api.service[87030]: DEBUG neutron.plugins.ml2.drivers.ovn.mech_driver.ovsdb.ovsdb_monitor [None req-f0688cd3-0f3e-43d1-b1b8-820d3e92812b None None] Hash Ring: Node 6c6816b7c7ca5b38aa906a11d317b9f2 (host: np0000002882) handling event "create" for row 0f641c5d-c832-4262-aea9-fcfb86a02937 (table: ACL) {{(pid=87030) notify /opt/stack/neutron/neutron/plugins/ml2/drivers/ovn/mech_driver/ovsdb/ovsdb_monitor.py:1015}}
Jun 15 18:20:14.234297 np0000002882 devstack@neutron-api.service[87029]: DEBUG neutron.plugins.ml2.drivers.ovn.mech_driver.ovsdb.ovsdb_monitor [None req-1b664050-9d11-4c31-b93d-8425907b1fdd None None] Hash Ring: Node 28daec22faa2569b9e27745b430c80cc (host: np0000002882) handling event "create" for row b3cd0d48-701c-438d-b7e4-990be87b811e (table: ACL) {{(pid=87029) notify /opt/stack/neutron/neutron/plugins/ml2/drivers/ovn/mech_driver/ovsdb/ovsdb_monitor.py:1015}}
Jun 15 18:20:14.234834 np0000002882 devstack@neutron-api.service[87030]: DEBUG neutron.plugins.ml2.drivers.ovn.mech_driver.ovsdb.ovsdb_monitor [None req-f0688cd3-0f3e-43d1-b1b8-820d3e92812b None None] Touching Hash Ring node "6c6816b7c7ca5b38aa906a11d317b9f2" from IDL notify handler {{(pid=87030) notify /opt/stack/neutron/neutron/plugins/ml2/drivers/ovn/mech_driver/ovsdb/ovsdb_monitor.py:1007}}
Jun 15 18:20:14.235506 np0000002882 devstack@neutron-api.service[87029]: DEBUG neutron.plugins.ml2.drivers.ovn.mech_driver.ovsdb.ovsdb_monitor [None req-1b664050-9d11-4c31-b93d-8425907b1fdd None None] Touching Hash Ring node "28daec22faa2569b9e27745b430c80cc" from IDL notify handler {{(pid=87029) notify /opt/stack/neutron/neutron/plugins/ml2/drivers/ovn/mech_driver/ovsdb/ovsdb_monitor.py:1007}}
Jun 15 18:20:14.237759 np0000002882 devstack@neutron-api.service[87030]: DEBUG neutron.plugins.ml2.drivers.ovn.mech_driver.ovsdb.ovsdb_monitor [None req-f0688cd3-0f3e-43d1-b1b8-820d3e92812b None None] Hash Ring: Node 6c6816b7c7ca5b38aa906a11d317b9f2 (host: np0000002882) handling event "create" for row 89ff04fc-25f4-439f-8a3c-78932d2604f0 (table: ACL) {{(pid=87030) notify /opt/stack/neutron/neutron/plugins/ml2/drivers/ovn/mech_driver/ovsdb/ovsdb_monitor.py:1015}}
Jun 15 18:20:14.238887 np0000002882 devstack@neutron-api.service[87030]: DEBUG neutron.plugins.ml2.drivers.ovn.mech_driver.ovsdb.ovsdb_monitor [None req-f0688cd3-0f3e-43d1-b1b8-820d3e92812b None None] Touching Hash Ring node "6c6816b7c7ca5b38aa906a11d317b9f2" from IDL notify handler {{(pid=87030) notify /opt/stack/neutron/neutron/plugins/ml2/drivers/ovn/mech_driver/ovsdb/ovsdb_monitor.py:1007}}
Jun 15 18:20:14.239269 np0000002882 devstack@neutron-api.service[87029]: DEBUG neutron.plugins.ml2.drivers.ovn.mech_driver.ovsdb.ovsdb_monitor [None req-1b664050-9d11-4c31-b93d-8425907b1fdd None None] Hash Ring: Node 28daec22faa2569b9e27745b430c80cc (host: np0000002882) handling event "create" for row e44c7762-c5db-46db-8515-75ea0e496a84 (table: Port_Group) {{(pid=87029) notify /opt/stack/neutron/neutron/plugins/ml2/drivers/ovn/mech_driver/ovsdb/ovsdb_monitor.py:1015}}
Jun 15 18:20:14.241793 np0000002882 devstack@neutron-api.service[87030]: DEBUG neutron.plugins.ml2.drivers.ovn.mech_driver.ovsdb.ovsdb_monitor [None req-f0688cd3-0f3e-43d1-b1b8-820d3e92812b None None] Hash Ring: Node 6c6816b7c7ca5b38aa906a11d317b9f2 (host: np0000002882) handling event "create" for row eea198e9-2e41-4e2a-a81f-da04da5a8102 (table: ACL) {{(pid=87030) notify /opt/stack/neutron/neutron/plugins/ml2/drivers/ovn/mech_driver/ovsdb/ovsdb_monitor.py:1015}}
Jun 15 18:20:14.274055 np0000002882 devstack@neutron-api.service[87029]: INFO neutron.db.ovn_revision_numbers_db [None req-fca458d8-8731-47a6-b0c6-9aa86f75327f admin admin] Successfully bumped revision number for resource a88c7be1-ccb4-4981-a649-e556bf958177 (type: security_groups) to 1
Jun 15 18:20:14.291303 np0000002882 devstack@neutron-api.service[87029]: INFO neutron.db.ovn_revision_numbers_db [None req-fca458d8-8731-47a6-b0c6-9aa86f75327f admin admin] Successfully bumped revision number for resource 3ae422f9-0ce0-4994-9cc7-f783cfbeb1d3 (type: security_group_rules) to 0
Jun 15 18:20:14.300658 np0000002882 devstack@neutron-api.service[87029]: INFO neutron.db.ovn_revision_numbers_db [None req-fca458d8-8731-47a6-b0c6-9aa86f75327f admin admin] Successfully bumped revision number for resource 678fe27c-d35e-4ad8-8fbc-e7914152bb23 (type: security_group_rules) to 0
Jun 15 18:20:14.309821 np0000002882 devstack@neutron-api.service[87029]: INFO neutron.db.ovn_revision_numbers_db [None req-fca458d8-8731-47a6-b0c6-9aa86f75327f admin admin] Successfully bumped revision number for resource 70066b85-c76c-4061-a382-3024804edd1b (type: security_group_rules) to 0
Jun 15 18:20:14.318945 np0000002882 devstack@neutron-api.service[87029]: INFO neutron.db.ovn_revision_numbers_db [None req-fca458d8-8731-47a6-b0c6-9aa86f75327f admin admin] Successfully bumped revision number for resource 856ada25-72ce-4053-bfdc-c586d9f34f3a (type: security_group_rules) to 0
Jun 15 18:20:14.339687 np0000002882 devstack@neutron-api.service[87029]: DEBUG neutron.api.rpc.handlers.resources_rpc [None req-fca458d8-8731-47a6-b0c6-9aa86f75327f admin admin] Pushing event updated for resources: {'SecurityGroup': ['ID=a88c7be1-ccb4-4981-a649-e556bf958177,revision_number=1']} {{(pid=87029) push /opt/stack/neutron/neutron/api/rpc/handlers/resources_rpc.py:237}}
Jun 15 18:20:14.357334 np0000002882 devstack@neutron-api.service[87029]: [pid: 87029|app: 0|req: 22/42] 10.4.3.64 () {66 vars in 1382 bytes} [Mon Jun 15 18:20:13 2026] GET /networking/v2.0/security-groups?project_id=66206f7460cd4c2d8ec5f6a6b094965d&name=default => generated 2921 bytes in 424 msecs (HTTP/1.1 200) 4 headers in 158 bytes (1 switches on core 0)
Jun 15 18:20:14.400325 np0000002882 devstack@neutron-api.service[87030]: DEBUG neutron_lib.callbacks.manager [None req-b90aad70-8215-4af9-b333-3accdcd5057a admin admin] Publish callbacks [] for security_group (a88c7be1-ccb4-4981-a649-e556bf958177), before_delete {{(pid=87030) _notify_loop /opt/stack/data/venv/lib/python3.12/site-packages/neutron_lib/callbacks/manager.py:184}}
Jun 15 18:20:14.419498 np0000002882 devstack@neutron-api.service[87030]: DEBUG neutron_lib.callbacks.manager [None req-b90aad70-8215-4af9-b333-3accdcd5057a admin admin] Publish callbacks ['neutron.plugins.ml2.drivers.ovn.mech_driver.mech_driver.OVNMechanismDriver._delete_security_group_precommit-199389'] for security_group (a88c7be1-ccb4-4981-a649-e556bf958177), precommit_delete {{(pid=87030) _notify_loop /opt/stack/data/venv/lib/python3.12/site-packages/neutron_lib/callbacks/manager.py:184}}
Jun 15 18:20:14.449611 np0000002882 devstack@neutron-api.service[87030]: DEBUG neutron.db.ovn_revision_numbers_db [None req-b90aad70-8215-4af9-b333-3accdcd5057a admin admin] delete_revision(70066b85-c76c-4061-a382-3024804edd1b) {{(pid=87030) delete_revision /opt/stack/neutron/neutron/db/ovn_revision_numbers_db.py:112}}
Jun 15 18:20:14.454502 np0000002882 devstack@neutron-api.service[87030]: DEBUG neutron.db.ovn_revision_numbers_db [None req-b90aad70-8215-4af9-b333-3accdcd5057a admin admin] delete_revision(856ada25-72ce-4053-bfdc-c586d9f34f3a) {{(pid=87030) delete_revision /opt/stack/neutron/neutron/db/ovn_revision_numbers_db.py:112}}
Jun 15 18:20:14.456969 np0000002882 devstack@neutron-api.service[87030]: DEBUG ovsdbapp.backend.ovs_idl.transaction [None req-f0688cd3-0f3e-43d1-b1b8-820d3e92812b None None] Running txn n=1 command(idx=0): PgAclDelCommand(_result=None, entity=pg_a88c7be1_ccb4_4981_a649_e556bf958177, if_exists=False, conditions=[('direction', '=', 'to-lport'), ('priority', '=', 1002), ('match', '=', 'outport == @pg_a88c7be1_ccb4_4981_a649_e556bf958177 && ip6 && ip6.src == $pg_a88c7be1_ccb4_4981_a649_e556bf958177_ip6')]) {{(pid=87030) do_commit /opt/stack/data/venv/lib/python3.12/site-packages/ovsdbapp/backend/ovs_idl/transaction.py:89}}
Jun 15 18:20:14.457327 np0000002882 devstack@neutron-api.service[87030]: DEBUG ovsdbapp.backend.ovs_idl.transaction [None req-f0688cd3-0f3e-43d1-b1b8-820d3e92812b None None] Running txn n=1 command(idx=1): PgAclDelCommand(_result=None, entity=pg_a88c7be1_ccb4_4981_a649_e556bf958177, if_exists=False, conditions=[('direction', '=', 'to-lport'), ('priority', '=', 1002), ('match', '=', 'outport == @pg_a88c7be1_ccb4_4981_a649_e556bf958177 && ip4 && ip4.src == $pg_a88c7be1_ccb4_4981_a649_e556bf958177_ip4')]) {{(pid=87030) do_commit /opt/stack/data/venv/lib/python3.12/site-packages/ovsdbapp/backend/ovs_idl/transaction.py:89}}
Jun 15 18:20:14.460260 np0000002882 devstack@neutron-api.service[87030]: DEBUG neutron.plugins.ml2.drivers.ovn.mech_driver.ovsdb.ovsdb_monitor [None req-f0688cd3-0f3e-43d1-b1b8-820d3e92812b None None] Touching Hash Ring node "6c6816b7c7ca5b38aa906a11d317b9f2" from IDL notify handler {{(pid=87030) notify /opt/stack/neutron/neutron/plugins/ml2/drivers/ovn/mech_driver/ovsdb/ovsdb_monitor.py:1007}}
Jun 15 18:20:14.460760 np0000002882 devstack@neutron-api.service[87029]: DEBUG neutron.plugins.ml2.drivers.ovn.mech_driver.ovsdb.ovsdb_monitor [None req-1b664050-9d11-4c31-b93d-8425907b1fdd None None] Touching Hash Ring node "28daec22faa2569b9e27745b430c80cc" from IDL notify handler {{(pid=87029) notify /opt/stack/neutron/neutron/plugins/ml2/drivers/ovn/mech_driver/ovsdb/ovsdb_monitor.py:1007}}
Jun 15 18:20:14.467441 np0000002882 devstack@neutron-api.service[87030]: DEBUG neutron.plugins.ml2.drivers.ovn.mech_driver.ovsdb.ovsdb_monitor [None req-f0688cd3-0f3e-43d1-b1b8-820d3e92812b None None] Hash Ring: Node 6c6816b7c7ca5b38aa906a11d317b9f2 (host: np0000002882) handling event "delete" for row 0f641c5d-c832-4262-aea9-fcfb86a02937 (table: ACL) {{(pid=87030) notify /opt/stack/neutron/neutron/plugins/ml2/drivers/ovn/mech_driver/ovsdb/ovsdb_monitor.py:1015}}
Jun 15 18:20:14.467535 np0000002882 devstack@neutron-api.service[87029]: DEBUG neutron.plugins.ml2.drivers.ovn.mech_driver.ovsdb.ovsdb_monitor [None req-1b664050-9d11-4c31-b93d-8425907b1fdd None None] Hash Ring: Node 28daec22faa2569b9e27745b430c80cc (host: np0000002882) handling event "delete" for row b3cd0d48-701c-438d-b7e4-990be87b811e (table: ACL) {{(pid=87029) notify /opt/stack/neutron/neutron/plugins/ml2/drivers/ovn/mech_driver/ovsdb/ovsdb_monitor.py:1015}}
Jun 15 18:20:14.468424 np0000002882 devstack@neutron-api.service[87029]: DEBUG neutron.plugins.ml2.drivers.ovn.mech_driver.ovsdb.ovsdb_monitor [None req-1b664050-9d11-4c31-b93d-8425907b1fdd None None] Touching Hash Ring node "28daec22faa2569b9e27745b430c80cc" from IDL notify handler {{(pid=87029) notify /opt/stack/neutron/neutron/plugins/ml2/drivers/ovn/mech_driver/ovsdb/ovsdb_monitor.py:1007}}
Jun 15 18:20:14.471419 np0000002882 devstack@neutron-api.service[87029]: DEBUG neutron.plugins.ml2.drivers.ovn.mech_driver.ovsdb.ovsdb_monitor [None req-1b664050-9d11-4c31-b93d-8425907b1fdd None None] Hash Ring: Node 28daec22faa2569b9e27745b430c80cc (host: np0000002882) handling event "update" for row e44c7762-c5db-46db-8515-75ea0e496a84 (table: Port_Group) {{(pid=87029) notify /opt/stack/neutron/neutron/plugins/ml2/drivers/ovn/mech_driver/ovsdb/ovsdb_monitor.py:1015}}
Jun 15 18:20:14.500405 np0000002882 devstack@neutron-api.service[87030]: DEBUG neutron_lib.callbacks.manager [None req-b90aad70-8215-4af9-b333-3accdcd5057a admin admin] Publish callbacks ['neutron.plugins.ml2.drivers.ovn.mech_driver.mech_driver.OVNMechanismDriver._delete_security_group-199211', 'neutron.plugins.ml2.ovo_rpc._ObjectChangeHandler.handle_event-3317925'] for security_group (a88c7be1-ccb4-4981-a649-e556bf958177), after_delete {{(pid=87030) _notify_loop /opt/stack/data/venv/lib/python3.12/site-packages/neutron_lib/callbacks/manager.py:184}}
Jun 15 18:20:14.500945 np0000002882 devstack@neutron-api.service[87030]: DEBUG ovsdbapp.backend.ovs_idl.transaction [None req-f0688cd3-0f3e-43d1-b1b8-820d3e92812b None None] Running txn n=1 command(idx=0): PgDelCommand(_result=None, name=pg_a88c7be1_ccb4_4981_a649_e556bf958177, if_exists=True) {{(pid=87030) do_commit /opt/stack/data/venv/lib/python3.12/site-packages/ovsdbapp/backend/ovs_idl/transaction.py:89}}
Jun 15 18:20:14.503050 np0000002882 devstack@neutron-api.service[87030]: DEBUG neutron.plugins.ml2.drivers.ovn.mech_driver.ovsdb.ovsdb_monitor [None req-f0688cd3-0f3e-43d1-b1b8-820d3e92812b None None] Touching Hash Ring node "6c6816b7c7ca5b38aa906a11d317b9f2" from IDL notify handler {{(pid=87030) notify /opt/stack/neutron/neutron/plugins/ml2/drivers/ovn/mech_driver/ovsdb/ovsdb_monitor.py:1007}}
Jun 15 18:20:14.503582 np0000002882 devstack@neutron-api.service[87029]: DEBUG neutron.plugins.ml2.drivers.ovn.mech_driver.ovsdb.ovsdb_monitor [None req-1b664050-9d11-4c31-b93d-8425907b1fdd None None] Touching Hash Ring node "28daec22faa2569b9e27745b430c80cc" from IDL notify handler {{(pid=87029) notify /opt/stack/neutron/neutron/plugins/ml2/drivers/ovn/mech_driver/ovsdb/ovsdb_monitor.py:1007}}
Jun 15 18:20:14.507703 np0000002882 devstack@neutron-api.service[87030]: DEBUG neutron.plugins.ml2.drivers.ovn.mech_driver.ovsdb.ovsdb_monitor [None req-f0688cd3-0f3e-43d1-b1b8-820d3e92812b None None] Hash Ring: Node 6c6816b7c7ca5b38aa906a11d317b9f2 (host: np0000002882) handling event "delete" for row 89ff04fc-25f4-439f-8a3c-78932d2604f0 (table: ACL) {{(pid=87030) notify /opt/stack/neutron/neutron/plugins/ml2/drivers/ovn/mech_driver/ovsdb/ovsdb_monitor.py:1015}}
Jun 15 18:20:14.508460 np0000002882 devstack@neutron-api.service[87030]: DEBUG neutron.plugins.ml2.drivers.ovn.mech_driver.ovsdb.ovsdb_monitor [None req-f0688cd3-0f3e-43d1-b1b8-820d3e92812b None None] Touching Hash Ring node "6c6816b7c7ca5b38aa906a11d317b9f2" from IDL notify handler {{(pid=87030) notify /opt/stack/neutron/neutron/plugins/ml2/drivers/ovn/mech_driver/ovsdb/ovsdb_monitor.py:1007}}
Jun 15 18:20:14.508518 np0000002882 devstack@neutron-api.service[87029]: DEBUG neutron.plugins.ml2.drivers.ovn.mech_driver.ovsdb.ovsdb_monitor [None req-1b664050-9d11-4c31-b93d-8425907b1fdd None None] Hash Ring: Node 28daec22faa2569b9e27745b430c80cc (host: np0000002882) handling event "delete" for row e44c7762-c5db-46db-8515-75ea0e496a84 (table: Port_Group) {{(pid=87029) notify /opt/stack/neutron/neutron/plugins/ml2/drivers/ovn/mech_driver/ovsdb/ovsdb_monitor.py:1015}}
Jun 15 18:20:14.510518 np0000002882 devstack@neutron-api.service[87030]: DEBUG neutron.plugins.ml2.drivers.ovn.mech_driver.ovsdb.ovsdb_monitor [None req-f0688cd3-0f3e-43d1-b1b8-820d3e92812b None None] Hash Ring: Node 6c6816b7c7ca5b38aa906a11d317b9f2 (host: np0000002882) handling event "delete" for row eea198e9-2e41-4e2a-a81f-da04da5a8102 (table: ACL) {{(pid=87030) notify /opt/stack/neutron/neutron/plugins/ml2/drivers/ovn/mech_driver/ovsdb/ovsdb_monitor.py:1015}}
Jun 15 18:20:14.511156 np0000002882 devstack@neutron-api.service[87030]: DEBUG neutron.db.ovn_revision_numbers_db [None req-b90aad70-8215-4af9-b333-3accdcd5057a admin admin] delete_revision(a88c7be1-ccb4-4981-a649-e556bf958177) {{(pid=87030) delete_revision /opt/stack/neutron/neutron/db/ovn_revision_numbers_db.py:112}}
Jun 15 18:20:14.515512 np0000002882 devstack@neutron-api.service[87030]: DEBUG neutron.db.ovn_revision_numbers_db [None req-b90aad70-8215-4af9-b333-3accdcd5057a admin admin] delete_revisions(['678fe27c-d35e-4ad8-8fbc-e7914152bb23', '3ae422f9-0ce0-4994-9cc7-f783cfbeb1d3']) {{(pid=87030) delete_revisions /opt/stack/neutron/neutron/db/ovn_revision_numbers_db.py:127}}
Jun 15 18:20:14.522658 np0000002882 devstack@neutron-api.service[87030]: DEBUG neutron.api.rpc.handlers.resources_rpc [None req-b90aad70-8215-4af9-b333-3accdcd5057a admin admin] Pushing event deleted for resources: {'SecurityGroup': ['ID=a88c7be1-ccb4-4981-a649-e556bf958177,revision_number=None']} {{(pid=87030) push /opt/stack/neutron/neutron/api/rpc/handlers/resources_rpc.py:237}}
Jun 15 18:20:14.525597 np0000002882 devstack@neutron-api.service[87030]: DEBUG neutron_lib.callbacks.manager [None req-b90aad70-8215-4af9-b333-3accdcd5057a admin admin] Publish callbacks [] for security_group (None), before_response {{(pid=87030) _notify_loop /opt/stack/data/venv/lib/python3.12/site-packages/neutron_lib/callbacks/manager.py:184}}
Jun 15 18:20:14.526011 np0000002882 devstack@neutron-api.service[87030]: [pid: 87030|app: 0|req: 21/43] 10.4.3.64 () {66 vars in 1383 bytes} [Mon Jun 15 18:20:14 2026] DELETE /networking/v2.0/security-groups/a88c7be1-ccb4-4981-a649-e556bf958177 => generated 0 bytes in 162 msecs (HTTP/1.1 204) 2 headers in 112 bytes (1 switches on core 0)
Jun 15 18:20:18.437898 np0000002882 devstack@neutron-api.service[87029]: DEBUG futurist.periodics [-] Submitting periodic callback 'neutron.plugins.ml2.drivers.ovn.mech_driver.ovsdb.maintenance.HashRingHealthCheckPeriodics.touch_hash_ring_node' {{(pid=87029) _process_scheduled /opt/stack/data/venv/lib/python3.12/site-packages/futurist/periodics.py:784}}
Jun 15 18:20:18.439331 np0000002882 devstack@neutron-api.service[87029]: DEBUG neutron.plugins.ml2.drivers.ovn.mech_driver.ovsdb.maintenance [-] Touching Hash Ring node "28daec22faa2569b9e27745b430c80cc" from periodic health check thread {{(pid=87029) touch_hash_ring_node /opt/stack/neutron/neutron/plugins/ml2/drivers/ovn/mech_driver/ovsdb/maintenance.py:1418}}
Jun 15 18:20:19.292298 np0000002882 devstack@neutron-api.service[87030]: DEBUG futurist.periodics [-] Submitting periodic callback 'neutron.plugins.ml2.drivers.ovn.mech_driver.ovsdb.maintenance.HashRingHealthCheckPeriodics.touch_hash_ring_node' {{(pid=87030) _process_scheduled /opt/stack/data/venv/lib/python3.12/site-packages/futurist/periodics.py:784}}
Jun 15 18:20:19.292850 np0000002882 devstack@neutron-api.service[87030]: DEBUG neutron.plugins.ml2.drivers.ovn.mech_driver.ovsdb.maintenance [-] Touching Hash Ring node "6c6816b7c7ca5b38aa906a11d317b9f2" from periodic health check thread {{(pid=87030) touch_hash_ring_node /opt/stack/neutron/neutron/plugins/ml2/drivers/ovn/mech_driver/ovsdb/maintenance.py:1418}}
Jun 15 18:20:28.444979 np0000002882 devstack@neutron-api.service[87029]: DEBUG dbcounter [-] [87029] Writing DB stats neutron:SELECT=58,neutron:INSERT=16,neutron:UPDATE=12 {{(pid=87029) stat_writer /opt/stack/data/venv/lib/python3.12/site-packages/dbcounter.py:115}}
Jun 15 18:20:29.299165 np0000002882 devstack@neutron-api.service[87030]: DEBUG dbcounter [-] [87030] Writing DB stats neutron:UPDATE=8,neutron:SELECT=43,neutron:DELETE=8 {{(pid=87030) stat_writer /opt/stack/data/venv/lib/python3.12/site-packages/dbcounter.py:115}}
Jun 15 18:20:33.438799 np0000002882 devstack@neutron-api.service[87029]: DEBUG futurist.periodics [-] Submitting periodic callback 'neutron.plugins.ml2.drivers.ovn.mech_driver.ovsdb.maintenance.HashRingHealthCheckPeriodics.touch_hash_ring_node' {{(pid=87029) _process_scheduled /opt/stack/data/venv/lib/python3.12/site-packages/futurist/periodics.py:784}}
Jun 15 18:20:33.439408 np0000002882 devstack@neutron-api.service[87029]: DEBUG neutron.plugins.ml2.drivers.ovn.mech_driver.ovsdb.maintenance [-] Touching Hash Ring node "28daec22faa2569b9e27745b430c80cc" from periodic health check thread {{(pid=87029) touch_hash_ring_node /opt/stack/neutron/neutron/plugins/ml2/drivers/ovn/mech_driver/ovsdb/maintenance.py:1418}}
Jun 15 18:20:34.292929 np0000002882 devstack@neutron-api.service[87030]: DEBUG futurist.periodics [-] Submitting periodic callback 'neutron.plugins.ml2.drivers.ovn.mech_driver.ovsdb.maintenance.HashRingHealthCheckPeriodics.touch_hash_ring_node' {{(pid=87030) _process_scheduled /opt/stack/data/venv/lib/python3.12/site-packages/futurist/periodics.py:784}}
Jun 15 18:20:34.293330 np0000002882 devstack@neutron-api.service[87030]: DEBUG neutron.plugins.ml2.drivers.ovn.mech_driver.ovsdb.maintenance [-] Touching Hash Ring node "6c6816b7c7ca5b38aa906a11d317b9f2" from periodic health check thread {{(pid=87030) touch_hash_ring_node /opt/stack/neutron/neutron/plugins/ml2/drivers/ovn/mech_driver/ovsdb/maintenance.py:1418}}
Jun 15 18:20:43.445696 np0000002882 devstack@neutron-api.service[87029]: DEBUG dbcounter [-] [87029] Writing DB stats neutron:UPDATE=1,neutron:SELECT=1 {{(pid=87029) stat_writer /opt/stack/data/venv/lib/python3.12/site-packages/dbcounter.py:115}}
Jun 15 18:20:44.304106 np0000002882 devstack@neutron-api.service[87030]: DEBUG dbcounter [-] [87030] Writing DB stats neutron:UPDATE=1,neutron:SELECT=1 {{(pid=87030) stat_writer /opt/stack/data/venv/lib/python3.12/site-packages/dbcounter.py:115}}
Jun 15 18:20:48.439325 np0000002882 devstack@neutron-api.service[87029]: DEBUG futurist.periodics [-] Submitting periodic callback 'neutron.plugins.ml2.drivers.ovn.mech_driver.ovsdb.maintenance.HashRingHealthCheckPeriodics.touch_hash_ring_node' {{(pid=87029) _process_scheduled /opt/stack/data/venv/lib/python3.12/site-packages/futurist/periodics.py:784}}
Jun 15 18:20:48.439926 np0000002882 devstack@neutron-api.service[87029]: DEBUG neutron.plugins.ml2.drivers.ovn.mech_driver.ovsdb.maintenance [-] Touching Hash Ring node "28daec22faa2569b9e27745b430c80cc" from periodic health check thread {{(pid=87029) touch_hash_ring_node /opt/stack/neutron/neutron/plugins/ml2/drivers/ovn/mech_driver/ovsdb/maintenance.py:1418}}
Jun 15 18:20:49.293570 np0000002882 devstack@neutron-api.service[87030]: DEBUG futurist.periodics [-] Submitting periodic callback 'neutron.plugins.ml2.drivers.ovn.mech_driver.ovsdb.maintenance.HashRingHealthCheckPeriodics.touch_hash_ring_node' {{(pid=87030) _process_scheduled /opt/stack/data/venv/lib/python3.12/site-packages/futurist/periodics.py:784}}
Jun 15 18:20:49.294039 np0000002882 devstack@neutron-api.service[87030]: DEBUG neutron.plugins.ml2.drivers.ovn.mech_driver.ovsdb.maintenance [-] Touching Hash Ring node "6c6816b7c7ca5b38aa906a11d317b9f2" from periodic health check thread {{(pid=87030) touch_hash_ring_node /opt/stack/neutron/neutron/plugins/ml2/drivers/ovn/mech_driver/ovsdb/maintenance.py:1418}}
Jun 15 18:20:58.447358 np0000002882 devstack@neutron-api.service[87029]: DEBUG dbcounter [-] [87029] Writing DB stats neutron:UPDATE=1,neutron:SELECT=1 {{(pid=87029) stat_writer /opt/stack/data/venv/lib/python3.12/site-packages/dbcounter.py:115}}
Jun 15 18:20:59.303424 np0000002882 devstack@neutron-api.service[87030]: DEBUG dbcounter [-] [87030] Writing DB stats neutron:UPDATE=1,neutron:SELECT=1 {{(pid=87030) stat_writer /opt/stack/data/venv/lib/python3.12/site-packages/dbcounter.py:115}}
Jun 15 18:20:59.422070 np0000002882 devstack@neutron-api.service[87029]: DEBUG neutron.api.v2.base [None req-080a8aae-23be-4af8-b3d4-dd86cbd8f024 admin admin] Request body: {'network': {'name': 'tempest-TestVolumeSwap-1403896722-network', 'project_id': '0e0ae1d395cf41b0a4d11d30fd4ed255'}} {{(pid=87029) prepare_request_body /opt/stack/neutron/neutron/api/v2/base.py:727}}
Jun 15 18:20:59.437185 np0000002882 devstack@neutron-api.service[87029]: DEBUG neutron.pecan_wsgi.hooks.quota_enforcement [None req-080a8aae-23be-4af8-b3d4-dd86cbd8f024 admin admin] Made reservation on behalf of 0e0ae1d395cf41b0a4d11d30fd4ed255 for: {'network': 1} {{(pid=87029) before /opt/stack/neutron/neutron/pecan_wsgi/hooks/quota_enforcement.py:66}}
Jun 15 18:20:59.439583 np0000002882 devstack@neutron-api.service[87029]: DEBUG neutron_lib.callbacks.manager [None req-080a8aae-23be-4af8-b3d4-dd86cbd8f024 admin admin] Publish callbacks ['neutron.plugins.ml2.plugin.SecurityGroupDbMixin._ensure_default_security_group_handler-62260'] for network (None), before_create {{(pid=87029) _notify_loop /opt/stack/data/venv/lib/python3.12/site-packages/neutron_lib/callbacks/manager.py:184}}
Jun 15 18:20:59.444993 np0000002882 devstack@neutron-api.service[87029]: DEBUG neutron_lib.callbacks.manager [None req-080a8aae-23be-4af8-b3d4-dd86cbd8f024 admin admin] Publish callbacks [] for security_group (None), before_create {{(pid=87029) _notify_loop /opt/stack/data/venv/lib/python3.12/site-packages/neutron_lib/callbacks/manager.py:184}}
Jun 15 18:20:59.509240 np0000002882 devstack@neutron-api.service[87029]: DEBUG neutron_lib.callbacks.manager [None req-080a8aae-23be-4af8-b3d4-dd86cbd8f024 admin admin] Publish callbacks ['neutron.plugins.ml2.drivers.ovn.mech_driver.mech_driver.OVNMechanismDriver._create_security_group_precommit-303446'] for security_group (db8a2abe-09b2-48c3-979f-5c192d28cb93), precommit_create {{(pid=87029) _notify_loop /opt/stack/data/venv/lib/python3.12/site-packages/neutron_lib/callbacks/manager.py:184}}
Jun 15 18:20:59.509746 np0000002882 devstack@neutron-api.service[87029]: DEBUG neutron.db.ovn_revision_numbers_db [None req-080a8aae-23be-4af8-b3d4-dd86cbd8f024 admin admin] create_initial_revision uuid=db8a2abe-09b2-48c3-979f-5c192d28cb93, type=security_groups, rev=-1 {{(pid=87029) create_initial_revision /opt/stack/neutron/neutron/db/ovn_revision_numbers_db.py:98}}
Jun 15 18:20:59.510645 np0000002882 devstack@neutron-api.service[87029]: DEBUG neutron.db.ovn_revision_numbers_db [None req-080a8aae-23be-4af8-b3d4-dd86cbd8f024 admin admin] create_initial_revision uuid=630846d5-13f7-4205-8ddd-a80c7ceea135, type=security_group_rules, rev=-1 {{(pid=87029) create_initial_revision /opt/stack/neutron/neutron/db/ovn_revision_numbers_db.py:98}}
Jun 15 18:20:59.511695 np0000002882 devstack@neutron-api.service[87029]: DEBUG neutron.db.ovn_revision_numbers_db [None req-080a8aae-23be-4af8-b3d4-dd86cbd8f024 admin admin] create_initial_revision uuid=8f5faab4-9fdf-4806-9469-ced3651ccf82, type=security_group_rules, rev=-1 {{(pid=87029) create_initial_revision /opt/stack/neutron/neutron/db/ovn_revision_numbers_db.py:98}}
Jun 15 18:20:59.512654 np0000002882 devstack@neutron-api.service[87029]: DEBUG neutron.db.ovn_revision_numbers_db [None req-080a8aae-23be-4af8-b3d4-dd86cbd8f024 admin admin] create_initial_revision uuid=938e8ff5-4cba-48de-a585-50eb1fee6510, type=security_group_rules, rev=-1 {{(pid=87029) create_initial_revision /opt/stack/neutron/neutron/db/ovn_revision_numbers_db.py:98}}
Jun 15 18:20:59.513582 np0000002882 devstack@neutron-api.service[87029]: DEBUG neutron.db.ovn_revision_numbers_db [None req-080a8aae-23be-4af8-b3d4-dd86cbd8f024 admin admin] create_initial_revision uuid=fd37855e-692b-480e-b4bd-13d5c61af7eb, type=security_group_rules, rev=-1 {{(pid=87029) create_initial_revision /opt/stack/neutron/neutron/db/ovn_revision_numbers_db.py:98}}
Jun 15 18:20:59.517211 np0000002882 devstack@neutron-api.service[87029]: DEBUG neutron_lib.callbacks.manager [None req-080a8aae-23be-4af8-b3d4-dd86cbd8f024 admin admin] Publish callbacks ['neutron.plugins.ml2.drivers.ovn.mech_driver.mech_driver.OVNMechanismDriver._create_security_group-303452', 'neutron.plugins.ml2.ovo_rpc._ObjectChangeHandler.handle_event-3371226'] for security_group (db8a2abe-09b2-48c3-979f-5c192d28cb93), after_create {{(pid=87029) _notify_loop /opt/stack/data/venv/lib/python3.12/site-packages/neutron_lib/callbacks/manager.py:184}}
Jun 15 18:20:59.517954 np0000002882 devstack@neutron-api.service[87029]: DEBUG ovsdbapp.backend.ovs_idl.transaction [None req-1b664050-9d11-4c31-b93d-8425907b1fdd None None] Running txn n=1 command(idx=0): PgAddCommand(_result=None, name=pg_db8a2abe_09b2_48c3_979f_5c192d28cb93, may_exist=False, columns={'acls': [], 'external_ids': {'neutron:security_group_id': 'db8a2abe-09b2-48c3-979f-5c192d28cb93'}}) {{(pid=87029) do_commit /opt/stack/data/venv/lib/python3.12/site-packages/ovsdbapp/backend/ovs_idl/transaction.py:89}}
Jun 15 18:20:59.518263 np0000002882 devstack@neutron-api.service[87029]: DEBUG ovsdbapp.backend.ovs_idl.transaction [None req-1b664050-9d11-4c31-b93d-8425907b1fdd None None] Running txn n=1 command(idx=1): PgAclAddCommand(_result=None, entity=pg_db8a2abe_09b2_48c3_979f_5c192d28cb93, direction=from-lport, priority=1002, match=inport == @pg_db8a2abe_09b2_48c3_979f_5c192d28cb93 && ip6, action=allow-related, log=False, may_exist=True, severity=[], name=[], meter=[], external_ids={'neutron:security_group_rule_id': '630846d5-13f7-4205-8ddd-a80c7ceea135'}) {{(pid=87029) do_commit /opt/stack/data/venv/lib/python3.12/site-packages/ovsdbapp/backend/ovs_idl/transaction.py:89}}
Jun 15 18:20:59.518640 np0000002882 devstack@neutron-api.service[87029]: DEBUG ovsdbapp.backend.ovs_idl.transaction [None req-1b664050-9d11-4c31-b93d-8425907b1fdd None None] Running txn n=1 command(idx=2): PgAclAddCommand(_result=None, entity=pg_db8a2abe_09b2_48c3_979f_5c192d28cb93, direction=to-lport, priority=1002, match=outport == @pg_db8a2abe_09b2_48c3_979f_5c192d28cb93 && ip6 && ip6.src == $pg_db8a2abe_09b2_48c3_979f_5c192d28cb93_ip6, action=allow-related, log=False, may_exist=True, severity=[], name=[], meter=[], external_ids={'neutron:security_group_rule_id': '8f5faab4-9fdf-4806-9469-ced3651ccf82'}) {{(pid=87029) do_commit /opt/stack/data/venv/lib/python3.12/site-packages/ovsdbapp/backend/ovs_idl/transaction.py:89}}
Jun 15 18:20:59.519046 np0000002882 devstack@neutron-api.service[87029]: DEBUG ovsdbapp.backend.ovs_idl.transaction [None req-1b664050-9d11-4c31-b93d-8425907b1fdd None None] Running txn n=1 command(idx=3): PgAclAddCommand(_result=None, entity=pg_db8a2abe_09b2_48c3_979f_5c192d28cb93, direction=from-lport, priority=1002, match=inport == @pg_db8a2abe_09b2_48c3_979f_5c192d28cb93 && ip4, action=allow-related, log=False, may_exist=True, severity=[], name=[], meter=[], external_ids={'neutron:security_group_rule_id': '938e8ff5-4cba-48de-a585-50eb1fee6510'}) {{(pid=87029) do_commit /opt/stack/data/venv/lib/python3.12/site-packages/ovsdbapp/backend/ovs_idl/transaction.py:89}}
Jun 15 18:20:59.519306 np0000002882 devstack@neutron-api.service[87029]: DEBUG ovsdbapp.backend.ovs_idl.transaction [None req-1b664050-9d11-4c31-b93d-8425907b1fdd None None] Running txn n=1 command(idx=4): PgAclAddCommand(_result=None, entity=pg_db8a2abe_09b2_48c3_979f_5c192d28cb93, direction=to-lport, priority=1002, match=outport == @pg_db8a2abe_09b2_48c3_979f_5c192d28cb93 && ip4 && ip4.src == $pg_db8a2abe_09b2_48c3_979f_5c192d28cb93_ip4, action=allow-related, log=False, may_exist=True, severity=[], name=[], meter=[], external_ids={'neutron:security_group_rule_id': 'fd37855e-692b-480e-b4bd-13d5c61af7eb'}) {{(pid=87029) do_commit /opt/stack/data/venv/lib/python3.12/site-packages/ovsdbapp/backend/ovs_idl/transaction.py:89}}
Jun 15 18:20:59.529922 np0000002882 devstack@neutron-api.service[87029]: DEBUG neutron.common.ovn.hash_ring_manager [None req-1b664050-9d11-4c31-b93d-8425907b1fdd None None] Hash Ring loaded. 2 active nodes. 0 offline nodes {{(pid=87029) _load_hash_ring /opt/stack/neutron/neutron/common/ovn/hash_ring_manager.py:102}}
Jun 15 18:20:59.530092 np0000002882 devstack@neutron-api.service[87030]: DEBUG neutron.common.ovn.hash_ring_manager [None req-f0688cd3-0f3e-43d1-b1b8-820d3e92812b None None] Hash Ring loaded. 2 active nodes. 0 offline nodes {{(pid=87030) _load_hash_ring /opt/stack/neutron/neutron/common/ovn/hash_ring_manager.py:102}}
Jun 15 18:20:59.530130 np0000002882 devstack@neutron-api.service[87029]: DEBUG neutron.plugins.ml2.drivers.ovn.mech_driver.ovsdb.ovsdb_monitor [None req-1b664050-9d11-4c31-b93d-8425907b1fdd None None] Hash Ring: Node 28daec22faa2569b9e27745b430c80cc (host: np0000002882) handling event "create" for row 731815ab-abb7-4388-88c8-315f33a0f402 (table: ACL) {{(pid=87029) notify /opt/stack/neutron/neutron/plugins/ml2/drivers/ovn/mech_driver/ovsdb/ovsdb_monitor.py:1015}}
Jun 15 18:20:59.530283 np0000002882 devstack@neutron-api.service[87030]: DEBUG neutron.plugins.ml2.drivers.ovn.mech_driver.ovsdb.ovsdb_monitor [None req-f0688cd3-0f3e-43d1-b1b8-820d3e92812b None None] Hash Ring: Node 6c6816b7c7ca5b38aa906a11d317b9f2 (host: np0000002882) handling event "create" for row 491f42f5-5b6d-4a60-ae8c-50e422325103 (table: ACL) {{(pid=87030) notify /opt/stack/neutron/neutron/plugins/ml2/drivers/ovn/mech_driver/ovsdb/ovsdb_monitor.py:1015}}
Jun 15 18:20:59.530331 np0000002882 devstack@neutron-api.service[87029]: DEBUG neutron.plugins.ml2.drivers.ovn.mech_driver.ovsdb.ovsdb_monitor [None req-1b664050-9d11-4c31-b93d-8425907b1fdd None None] Hash Ring: Node 28daec22faa2569b9e27745b430c80cc (host: np0000002882) handling event "create" for row ddafe83f-73c9-4b4e-9e6c-ee9a09fb115d (table: ACL) {{(pid=87029) notify /opt/stack/neutron/neutron/plugins/ml2/drivers/ovn/mech_driver/ovsdb/ovsdb_monitor.py:1015}}
Jun 15 18:20:59.530540 np0000002882 devstack@neutron-api.service[87030]: DEBUG neutron.plugins.ml2.drivers.ovn.mech_driver.ovsdb.ovsdb_monitor [None req-f0688cd3-0f3e-43d1-b1b8-820d3e92812b None None] Hash Ring: Node 6c6816b7c7ca5b38aa906a11d317b9f2 (host: np0000002882) handling event "create" for row 886a4173-7d69-401f-82c3-63ade7394ad5 (table: ACL) {{(pid=87030) notify /opt/stack/neutron/neutron/plugins/ml2/drivers/ovn/mech_driver/ovsdb/ovsdb_monitor.py:1015}}
Jun 15 18:20:59.530786 np0000002882 devstack@neutron-api.service[87030]: DEBUG neutron.plugins.ml2.drivers.ovn.mech_driver.ovsdb.ovsdb_monitor [None req-f0688cd3-0f3e-43d1-b1b8-820d3e92812b None None] Hash Ring: Node 6c6816b7c7ca5b38aa906a11d317b9f2 (host: np0000002882) handling event "create" for row ceddf1a2-3b74-4c42-9c5a-1c746c7ac29f (table: Port_Group) {{(pid=87030) notify /opt/stack/neutron/neutron/plugins/ml2/drivers/ovn/mech_driver/ovsdb/ovsdb_monitor.py:1015}}
Jun 15 18:20:59.546013 np0000002882 devstack@neutron-api.service[87029]: INFO neutron.db.ovn_revision_numbers_db [None req-080a8aae-23be-4af8-b3d4-dd86cbd8f024 admin admin] Successfully bumped revision number for resource db8a2abe-09b2-48c3-979f-5c192d28cb93 (type: security_groups) to 1
Jun 15 18:20:59.560155 np0000002882 devstack@neutron-api.service[87029]: INFO neutron.db.ovn_revision_numbers_db [None req-080a8aae-23be-4af8-b3d4-dd86cbd8f024 admin admin] Successfully bumped revision number for resource 630846d5-13f7-4205-8ddd-a80c7ceea135 (type: security_group_rules) to 0
Jun 15 18:20:59.570815 np0000002882 devstack@neutron-api.service[87029]: INFO neutron.db.ovn_revision_numbers_db [None req-080a8aae-23be-4af8-b3d4-dd86cbd8f024 admin admin] Successfully bumped revision number for resource 8f5faab4-9fdf-4806-9469-ced3651ccf82 (type: security_group_rules) to 0
Jun 15 18:20:59.581404 np0000002882 devstack@neutron-api.service[87029]: INFO neutron.db.ovn_revision_numbers_db [None req-080a8aae-23be-4af8-b3d4-dd86cbd8f024 admin admin] Successfully bumped revision number for resource 938e8ff5-4cba-48de-a585-50eb1fee6510 (type: security_group_rules) to 0
Jun 15 18:20:59.593654 np0000002882 devstack@neutron-api.service[87029]: INFO neutron.db.ovn_revision_numbers_db [None req-080a8aae-23be-4af8-b3d4-dd86cbd8f024 admin admin] Successfully bumped revision number for resource fd37855e-692b-480e-b4bd-13d5c61af7eb (type: security_group_rules) to 0
Jun 15 18:20:59.620964 np0000002882 devstack@neutron-api.service[87029]: DEBUG neutron.api.rpc.handlers.resources_rpc [None req-080a8aae-23be-4af8-b3d4-dd86cbd8f024 admin admin] Pushing event updated for resources: {'SecurityGroup': ['ID=db8a2abe-09b2-48c3-979f-5c192d28cb93,revision_number=1']} {{(pid=87029) push /opt/stack/neutron/neutron/api/rpc/handlers/resources_rpc.py:237}}
Jun 15 18:20:59.626224 np0000002882 devstack@neutron-api.service[87029]: DEBUG ovsdbapp.backend.ovs_idl.transaction [None req-1b664050-9d11-4c31-b93d-8425907b1fdd None None] Running txn n=1 command(idx=0): CheckLivenessCommand(_result=None) {{(pid=87029) do_commit /opt/stack/data/venv/lib/python3.12/site-packages/ovsdbapp/backend/ovs_idl/transaction.py:89}}
Jun 15 18:20:59.628550 np0000002882 devstack@neutron-api.service[87030]: DEBUG neutron.plugins.ml2.drivers.ovn.mech_driver.ovsdb.ovsdb_monitor [None req-f0688cd3-0f3e-43d1-b1b8-820d3e92812b None None] Hash Ring: Node 6c6816b7c7ca5b38aa906a11d317b9f2 (host: np0000002882) handling event "update" for row 08539602-bf7d-49f5-9a99-d01c320e3214 (table: NB_Global) {{(pid=87030) notify /opt/stack/neutron/neutron/plugins/ml2/drivers/ovn/mech_driver/ovsdb/ovsdb_monitor.py:1015}}
Jun 15 18:20:59.630054 np0000002882 devstack@neutron-api.service[87030]: DEBUG neutron.plugins.ml2.drivers.ovn.mech_driver.ovsdb.ovsdb_monitor [None req-f0688cd3-0f3e-43d1-b1b8-820d3e92812b None None] Hash Ring: Node 6c6816b7c7ca5b38aa906a11d317b9f2 (host: np0000002882) handling event "update" for row 08539602-bf7d-49f5-9a99-d01c320e3214 (table: NB_Global) {{(pid=87030) notify /opt/stack/neutron/neutron/plugins/ml2/drivers/ovn/mech_driver/ovsdb/ovsdb_monitor.py:1015}}
Jun 15 18:20:59.631358 np0000002882 devstack@neutron-api.service[87029]: DEBUG neutron.api.rpc.callbacks.version_manager [None req-080a8aae-23be-4af8-b3d4-dd86cbd8f024 admin admin] Tracked resource versions report:
Jun 15 18:20:59.631358 np0000002882 devstack@neutron-api.service[87029]: pushed versions:
Jun 15 18:20:59.631358 np0000002882 devstack@neutron-api.service[87029]: { 'AddressGroup': {'1.2'},
Jun 15 18:20:59.631358 np0000002882 devstack@neutron-api.service[87029]: 'Agent': {'1.1'},
Jun 15 18:20:59.631358 np0000002882 devstack@neutron-api.service[87029]: 'ConntrackHelper': {'1.0'},
Jun 15 18:20:59.631358 np0000002882 devstack@neutron-api.service[87029]: 'LocalIPAssociation': {'1.0'},
Jun 15 18:20:59.631358 np0000002882 devstack@neutron-api.service[87029]: 'Log': {'1.0'},
Jun 15 18:20:59.631358 np0000002882 devstack@neutron-api.service[87029]: 'NDPProxy': {'1.0'},
Jun 15 18:20:59.631358 np0000002882 devstack@neutron-api.service[87029]: 'Network': {'1.3'},
Jun 15 18:20:59.631358 np0000002882 devstack@neutron-api.service[87029]: 'Port': {'1.11'},
Jun 15 18:20:59.631358 np0000002882 devstack@neutron-api.service[87029]: 'PortForwarding': {'1.3'},
Jun 15 18:20:59.631358 np0000002882 devstack@neutron-api.service[87029]: 'QosPolicy': {'1.10'},
Jun 15 18:20:59.631358 np0000002882 devstack@neutron-api.service[87029]: 'SecurityGroup': {'1.6'},
Jun 15 18:20:59.631358 np0000002882 devstack@neutron-api.service[87029]: 'SecurityGroupRule': {'1.3'},
Jun 15 18:20:59.631358 np0000002882 devstack@neutron-api.service[87029]: 'SubPort': {'1.0'},
Jun 15 18:20:59.631358 np0000002882 devstack@neutron-api.service[87029]: 'Subnet': {'1.2'},
Jun 15 18:20:59.631358 np0000002882 devstack@neutron-api.service[87029]: 'Trunk': {'1.1'}}
Jun 15 18:20:59.631358 np0000002882 devstack@neutron-api.service[87029]: consumer versions:
Jun 15 18:20:59.631358 np0000002882 devstack@neutron-api.service[87029]: { OVN Controller Gateway agent@np0000002882: {},
Jun 15 18:20:59.631358 np0000002882 devstack@neutron-api.service[87029]: OVN Neutron agent@np0000002882: {}}
Jun 15 18:20:59.631358 np0000002882 devstack@neutron-api.service[87029]: {{(pid=87029) report /opt/stack/neutron/neutron/api/rpc/callbacks/version_manager.py:183}}
Jun 15 18:20:59.632716 np0000002882 devstack@neutron-api.service[87030]: DEBUG neutron.plugins.ml2.drivers.ovn.mech_driver.ovsdb.ovsdb_monitor [None req-f0688cd3-0f3e-43d1-b1b8-820d3e92812b None None] Hash Ring: Node 6c6816b7c7ca5b38aa906a11d317b9f2 (host: np0000002882) handling event "update" for row 08539602-bf7d-49f5-9a99-d01c320e3214 (table: NB_Global) {{(pid=87030) notify /opt/stack/neutron/neutron/plugins/ml2/drivers/ovn/mech_driver/ovsdb/ovsdb_monitor.py:1015}}
Jun 15 18:20:59.632716 np0000002882 devstack@neutron-api.service[87030]: DEBUG neutron.plugins.ml2.drivers.ovn.mech_driver.ovsdb.ovsdb_monitor [None req-cf1df7eb-5a1d-46d2-b678-5a00ee270aa6 None None] ChassisAgentWriteEvent : Matched Chassis_Private, update, None None {{(pid=87030) matches /opt/stack/neutron/neutron/plugins/ml2/drivers/ovn/mech_driver/ovsdb/ovsdb_monitor.py:64}}
Jun 15 18:20:59.634832 np0000002882 devstack@neutron-api.service[87030]: DEBUG neutron.plugins.ml2.drivers.ovn.mech_driver.ovsdb.ovsdb_monitor [None req-f0688cd3-0f3e-43d1-b1b8-820d3e92812b None None] Hash Ring: Node 6c6816b7c7ca5b38aa906a11d317b9f2 (host: np0000002882) handling event "update" for row 08539602-bf7d-49f5-9a99-d01c320e3214 (table: NB_Global) {{(pid=87030) notify /opt/stack/neutron/neutron/plugins/ml2/drivers/ovn/mech_driver/ovsdb/ovsdb_monitor.py:1015}}
Jun 15 18:20:59.635015 np0000002882 devstack@neutron-api.service[87029]: DEBUG neutron.plugins.ml2.drivers.ovn.mech_driver.ovsdb.ovsdb_monitor [None req-4547ebac-a140-4473-96d8-34a80a594002 None None] ChassisAgentWriteEvent : Matched Chassis_Private, update, None None {{(pid=87029) matches /opt/stack/neutron/neutron/plugins/ml2/drivers/ovn/mech_driver/ovsdb/ovsdb_monitor.py:64}}
Jun 15 18:20:59.641477 np0000002882 devstack@neutron-api.service[87030]: DEBUG neutron.common.ovn.hash_ring_manager [None req-cf1df7eb-5a1d-46d2-b678-5a00ee270aa6 None None] Hash Ring loaded. 2 active nodes. 0 offline nodes {{(pid=87030) _load_hash_ring /opt/stack/neutron/neutron/common/ovn/hash_ring_manager.py:102}}
