Jul 22 21:40:08.384223 np0000005657 nova-scheduler[93451]: DEBUG cotyledon.oslo_config_glue [-] oslo_messaging_rabbit.rabbit_quorum_delivery_limit = 0 {{(pid=93451) log_opt_values /opt/stack/data/venv/lib/python3.12/site-packages/oslo_config/cfg.py:3253}}
Jul 22 21:40:08.384223 np0000005657 nova-scheduler[93451]: DEBUG cotyledon.oslo_config_glue [-] oslo_messaging_rabbit.rabbit_quorum_max_memory_bytes = 0 {{(pid=93451) log_opt_values /opt/stack/data/venv/lib/python3.12/site-packages/oslo_config/cfg.py:3253}}
Jul 22 21:40:08.384223 np0000005657 nova-scheduler[93451]: DEBUG cotyledon.oslo_config_glue [-] oslo_messaging_rabbit.rabbit_quorum_max_memory_length = 0 {{(pid=93451) log_opt_values /opt/stack/data/venv/lib/python3.12/site-packages/oslo_config/cfg.py:3253}}
Jul 22 21:40:08.384223 np0000005657 nova-scheduler[93451]: DEBUG cotyledon.oslo_config_glue [-] oslo_messaging_rabbit.rabbit_quorum_queue = False {{(pid=93451) log_opt_values /opt/stack/data/venv/lib/python3.12/site-packages/oslo_config/cfg.py:3253}}
Jul 22 21:40:08.384223 np0000005657 nova-scheduler[93451]: DEBUG cotyledon.oslo_config_glue [-] oslo_messaging_rabbit.rabbit_retry_backoff = 2 {{(pid=93451) log_opt_values /opt/stack/data/venv/lib/python3.12/site-packages/oslo_config/cfg.py:3253}}
Jul 22 21:40:08.384223 np0000005657 nova-scheduler[93451]: DEBUG cotyledon.oslo_config_glue [-] oslo_messaging_rabbit.rabbit_retry_interval = 1 {{(pid=93451) log_opt_values /opt/stack/data/venv/lib/python3.12/site-packages/oslo_config/cfg.py:3253}}
Jul 22 21:40:08.384223 np0000005657 nova-scheduler[93451]: DEBUG cotyledon.oslo_config_glue [-] oslo_messaging_rabbit.rabbit_stream_fanout = False {{(pid=93451) log_opt_values /opt/stack/data/venv/lib/python3.12/site-packages/oslo_config/cfg.py:3253}}
Jul 22 21:40:08.384376 np0000005657 nova-scheduler[93451]: DEBUG cotyledon.oslo_config_glue [-] oslo_messaging_rabbit.rabbit_transient_queues_ttl = 1800 {{(pid=93451) log_opt_values /opt/stack/data/venv/lib/python3.12/site-packages/oslo_config/cfg.py:3253}}
Jul 22 21:40:08.384376 np0000005657 nova-scheduler[93451]: DEBUG cotyledon.oslo_config_glue [-] oslo_messaging_rabbit.rabbit_transient_quorum_queue = False {{(pid=93451) log_opt_values /opt/stack/data/venv/lib/python3.12/site-packages/oslo_config/cfg.py:3253}}
Jul 22 21:40:08.384376 np0000005657 nova-scheduler[93451]: DEBUG cotyledon.oslo_config_glue [-] oslo_messaging_rabbit.rpc_conn_pool_size = 30 {{(pid=93451) log_opt_values /opt/stack/data/venv/lib/python3.12/site-packages/oslo_config/cfg.py:3253}}
Jul 22 21:40:08.384376 np0000005657 nova-scheduler[93451]: DEBUG cotyledon.oslo_config_glue [-] oslo_messaging_rabbit.ssl = False {{(pid=93451) log_opt_values /opt/stack/data/venv/lib/python3.12/site-packages/oslo_config/cfg.py:3253}}
Jul 22 21:40:08.384376 np0000005657 nova-scheduler[93451]: DEBUG cotyledon.oslo_config_glue [-] oslo_messaging_rabbit.ssl_ca_file = {{(pid=93451) log_opt_values /opt/stack/data/venv/lib/python3.12/site-packages/oslo_config/cfg.py:3253}}
Jul 22 21:40:08.384376 np0000005657 nova-scheduler[93451]: DEBUG cotyledon.oslo_config_glue [-] oslo_messaging_rabbit.ssl_cert_file = {{(pid=93451) log_opt_values /opt/stack/data/venv/lib/python3.12/site-packages/oslo_config/cfg.py:3253}}
Jul 22 21:40:08.384376 np0000005657 nova-scheduler[93451]: DEBUG cotyledon.oslo_config_glue [-] oslo_messaging_rabbit.ssl_enforce_fips_mode = False {{(pid=93451) log_opt_values /opt/stack/data/venv/lib/python3.12/site-packages/oslo_config/cfg.py:3253}}
Jul 22 21:40:08.384376 np0000005657 nova-scheduler[93451]: DEBUG cotyledon.oslo_config_glue [-] oslo_messaging_rabbit.ssl_enforce_hostname_verification = True {{(pid=93451) log_opt_values /opt/stack/data/venv/lib/python3.12/site-packages/oslo_config/cfg.py:3253}}
Jul 22 21:40:08.384376 np0000005657 nova-scheduler[93451]: DEBUG cotyledon.oslo_config_glue [-] oslo_messaging_rabbit.ssl_key_file = {{(pid=93451) log_opt_values /opt/stack/data/venv/lib/python3.12/site-packages/oslo_config/cfg.py:3253}}
Jul 22 21:40:08.384553 np0000005657 nova-scheduler[93451]: DEBUG cotyledon.oslo_config_glue [-] oslo_messaging_rabbit.ssl_version = {{(pid=93451) log_opt_values /opt/stack/data/venv/lib/python3.12/site-packages/oslo_config/cfg.py:3253}}
Jul 22 21:40:08.384553 np0000005657 nova-scheduler[93451]: DEBUG cotyledon.oslo_config_glue [-] oslo_messaging_rabbit.use_queue_manager = False {{(pid=93451) log_opt_values /opt/stack/data/venv/lib/python3.12/site-packages/oslo_config/cfg.py:3253}}
Jul 22 21:40:08.384553 np0000005657 nova-scheduler[93451]: DEBUG cotyledon.oslo_config_glue [-] oslo_messaging_notifications.driver = ['messagingv2'] {{(pid=93451) log_opt_values /opt/stack/data/venv/lib/python3.12/site-packages/oslo_config/cfg.py:3253}}
Jul 22 21:40:08.384553 np0000005657 nova-scheduler[93451]: DEBUG cotyledon.oslo_config_glue [-] oslo_messaging_notifications.retry = -1 {{(pid=93451) log_opt_values /opt/stack/data/venv/lib/python3.12/site-packages/oslo_config/cfg.py:3253}}
Jul 22 21:40:08.384553 np0000005657 nova-scheduler[93451]: DEBUG cotyledon.oslo_config_glue [-] oslo_messaging_notifications.topics = ['notifications'] {{(pid=93451) log_opt_values /opt/stack/data/venv/lib/python3.12/site-packages/oslo_config/cfg.py:3253}}
Jul 22 21:40:08.384553 np0000005657 nova-scheduler[93451]: DEBUG cotyledon.oslo_config_glue [-] oslo_messaging_notifications.transport_url = **** {{(pid=93451) log_opt_values /opt/stack/data/venv/lib/python3.12/site-packages/oslo_config/cfg.py:3253}}
Jul 22 21:40:08.384553 np0000005657 nova-scheduler[93451]: DEBUG cotyledon.oslo_config_glue [-] oslo_limit.auth_section = None {{(pid=93451) log_opt_values /opt/stack/data/venv/lib/python3.12/site-packages/oslo_config/cfg.py:3253}}
Jul 22 21:40:08.384553 np0000005657 nova-scheduler[93451]: DEBUG cotyledon.oslo_config_glue [-] oslo_limit.auth_type = None {{(pid=93451) log_opt_values /opt/stack/data/venv/lib/python3.12/site-packages/oslo_config/cfg.py:3253}}
Jul 22 21:40:08.384553 np0000005657 nova-scheduler[93451]: DEBUG cotyledon.oslo_config_glue [-] oslo_limit.cafile = None {{(pid=93451) log_opt_values /opt/stack/data/venv/lib/python3.12/site-packages/oslo_config/cfg.py:3253}}
Jul 22 21:40:08.384723 np0000005657 nova-scheduler[93451]: DEBUG cotyledon.oslo_config_glue [-] oslo_limit.certfile = None {{(pid=93451) log_opt_values /opt/stack/data/venv/lib/python3.12/site-packages/oslo_config/cfg.py:3253}}
Jul 22 21:40:08.384723 np0000005657 nova-scheduler[93451]: DEBUG cotyledon.oslo_config_glue [-] oslo_limit.collect_timing = False {{(pid=93451) log_opt_values /opt/stack/data/venv/lib/python3.12/site-packages/oslo_config/cfg.py:3253}}
Jul 22 21:40:08.384723 np0000005657 nova-scheduler[93451]: DEBUG cotyledon.oslo_config_glue [-] oslo_limit.connect_retries = None {{(pid=93451) log_opt_values /opt/stack/data/venv/lib/python3.12/site-packages/oslo_config/cfg.py:3253}}
Jul 22 21:40:08.384723 np0000005657 nova-scheduler[93451]: DEBUG cotyledon.oslo_config_glue [-] oslo_limit.connect_retry_delay = None {{(pid=93451) log_opt_values /opt/stack/data/venv/lib/python3.12/site-packages/oslo_config/cfg.py:3253}}
Jul 22 21:40:08.384723 np0000005657 nova-scheduler[93451]: DEBUG cotyledon.oslo_config_glue [-] oslo_limit.endpoint_id = None {{(pid=93451) log_opt_values /opt/stack/data/venv/lib/python3.12/site-packages/oslo_config/cfg.py:3253}}
Jul 22 21:40:08.384723 np0000005657 nova-scheduler[93451]: DEBUG cotyledon.oslo_config_glue [-] oslo_limit.endpoint_interface = public {{(pid=93451) log_opt_values /opt/stack/data/venv/lib/python3.12/site-packages/oslo_config/cfg.py:3253}}
Jul 22 21:40:08.384723 np0000005657 nova-scheduler[93451]: DEBUG cotyledon.oslo_config_glue [-] oslo_limit.endpoint_override = None {{(pid=93451) log_opt_values /opt/stack/data/venv/lib/python3.12/site-packages/oslo_config/cfg.py:3253}}
Jul 22 21:40:08.384723 np0000005657 nova-scheduler[93451]: DEBUG cotyledon.oslo_config_glue [-] oslo_limit.endpoint_region_name = None {{(pid=93451) log_opt_values /opt/stack/data/venv/lib/python3.12/site-packages/oslo_config/cfg.py:3253}}
Jul 22 21:40:08.384723 np0000005657 nova-scheduler[93451]: DEBUG cotyledon.oslo_config_glue [-] oslo_limit.endpoint_service_name = None {{(pid=93451) log_opt_values /opt/stack/data/venv/lib/python3.12/site-packages/oslo_config/cfg.py:3253}}
Jul 22 21:40:08.384914 np0000005657 nova-scheduler[93451]: DEBUG cotyledon.oslo_config_glue [-] oslo_limit.endpoint_service_type = None {{(pid=93451) log_opt_values /opt/stack/data/venv/lib/python3.12/site-packages/oslo_config/cfg.py:3253}}
Jul 22 21:40:08.384914 np0000005657 nova-scheduler[93451]: DEBUG cotyledon.oslo_config_glue [-] oslo_limit.insecure = False {{(pid=93451) log_opt_values /opt/stack/data/venv/lib/python3.12/site-packages/oslo_config/cfg.py:3253}}
Jul 22 21:40:08.384914 np0000005657 nova-scheduler[93451]: DEBUG cotyledon.oslo_config_glue [-] oslo_limit.keyfile = None {{(pid=93451) log_opt_values /opt/stack/data/venv/lib/python3.12/site-packages/oslo_config/cfg.py:3253}}
Jul 22 21:40:08.384914 np0000005657 nova-scheduler[93451]: DEBUG cotyledon.oslo_config_glue [-] oslo_limit.max_version = None {{(pid=93451) log_opt_values /opt/stack/data/venv/lib/python3.12/site-packages/oslo_config/cfg.py:3253}}
Jul 22 21:40:08.384914 np0000005657 nova-scheduler[93451]: DEBUG cotyledon.oslo_config_glue [-] oslo_limit.min_version = None {{(pid=93451) log_opt_values /opt/stack/data/venv/lib/python3.12/site-packages/oslo_config/cfg.py:3253}}
Jul 22 21:40:08.384914 np0000005657 nova-scheduler[93451]: DEBUG cotyledon.oslo_config_glue [-] oslo_limit.region_name = None {{(pid=93451) log_opt_values /opt/stack/data/venv/lib/python3.12/site-packages/oslo_config/cfg.py:3253}}
Jul 22 21:40:08.384914 np0000005657 nova-scheduler[93451]: DEBUG cotyledon.oslo_config_glue [-] oslo_limit.retriable_status_codes = None {{(pid=93451) log_opt_values /opt/stack/data/venv/lib/python3.12/site-packages/oslo_config/cfg.py:3253}}
Jul 22 21:40:08.384914 np0000005657 nova-scheduler[93451]: DEBUG cotyledon.oslo_config_glue [-] oslo_limit.service_name = None {{(pid=93451) log_opt_values /opt/stack/data/venv/lib/python3.12/site-packages/oslo_config/cfg.py:3253}}
Jul 22 21:40:08.384914 np0000005657 nova-scheduler[93451]: DEBUG cotyledon.oslo_config_glue [-] oslo_limit.service_type = None {{(pid=93451) log_opt_values /opt/stack/data/venv/lib/python3.12/site-packages/oslo_config/cfg.py:3253}}
Jul 22 21:40:08.385072 np0000005657 nova-scheduler[93451]: DEBUG cotyledon.oslo_config_glue [-] oslo_limit.split_loggers = False {{(pid=93451) log_opt_values /opt/stack/data/venv/lib/python3.12/site-packages/oslo_config/cfg.py:3253}}
Jul 22 21:40:08.385072 np0000005657 nova-scheduler[93451]: DEBUG cotyledon.oslo_config_glue [-] oslo_limit.status_code_retries = None {{(pid=93451) log_opt_values /opt/stack/data/venv/lib/python3.12/site-packages/oslo_config/cfg.py:3253}}
Jul 22 21:40:08.385072 np0000005657 nova-scheduler[93451]: DEBUG cotyledon.oslo_config_glue [-] oslo_limit.status_code_retry_delay = None {{(pid=93451) log_opt_values /opt/stack/data/venv/lib/python3.12/site-packages/oslo_config/cfg.py:3253}}
Jul 22 21:40:08.385072 np0000005657 nova-scheduler[93451]: DEBUG cotyledon.oslo_config_glue [-] oslo_limit.timeout = None {{(pid=93451) log_opt_values /opt/stack/data/venv/lib/python3.12/site-packages/oslo_config/cfg.py:3253}}
Jul 22 21:40:08.385072 np0000005657 nova-scheduler[93451]: DEBUG cotyledon.oslo_config_glue [-] oslo_limit.valid_interfaces = None {{(pid=93451) log_opt_values /opt/stack/data/venv/lib/python3.12/site-packages/oslo_config/cfg.py:3253}}
Jul 22 21:40:08.385072 np0000005657 nova-scheduler[93451]: DEBUG cotyledon.oslo_config_glue [-] oslo_limit.version = None {{(pid=93451) log_opt_values /opt/stack/data/venv/lib/python3.12/site-packages/oslo_config/cfg.py:3253}}
Jul 22 21:40:08.385072 np0000005657 nova-scheduler[93451]: DEBUG cotyledon.oslo_config_glue [-] oslo_reports.file_event_handler = None {{(pid=93451) log_opt_values /opt/stack/data/venv/lib/python3.12/site-packages/oslo_config/cfg.py:3253}}
Jul 22 21:40:08.385072 np0000005657 nova-scheduler[93451]: DEBUG cotyledon.oslo_config_glue [-] oslo_reports.file_event_handler_interval = 1 {{(pid=93451) log_opt_values /opt/stack/data/venv/lib/python3.12/site-packages/oslo_config/cfg.py:3253}}
Jul 22 21:40:08.385072 np0000005657 nova-scheduler[93451]: DEBUG cotyledon.oslo_config_glue [-] oslo_reports.log_dir = None {{(pid=93451) log_opt_values /opt/stack/data/venv/lib/python3.12/site-packages/oslo_config/cfg.py:3253}}
Jul 22 21:40:08.385220 np0000005657 nova-scheduler[93451]: DEBUG cotyledon.oslo_config_glue [-] ******************************************************************************** {{(pid=93451) log_opt_values /opt/stack/data/venv/lib/python3.12/site-packages/oslo_config/cfg.py:3260}}
Jul 22 21:40:08.385220 np0000005657 nova-scheduler[93451]: DEBUG cotyledon._service_worker [-] Run service ServiceWrapper(2) [93451] {{(pid=93451) wait_forever /opt/stack/data/venv/lib/python3.12/site-packages/cotyledon/_service_worker.py:218}}
Jul 22 21:40:08.385220 np0000005657 nova-scheduler[93451]: INFO nova.service [-] Starting scheduler node (version 33.1.0)
Jul 22 21:40:08.385220 np0000005657 nova-scheduler[93451]: INFO dbcounter [None req-5156494a-4970-4893-825d-b29a38f6b78c None None] Registered counter for database nova_cell0
Jul 22 21:40:08.388832 np0000005657 nova-scheduler[93449]: DEBUG oslo_db.sqlalchemy.engines [None req-b7879ab1-fdf3-4934-ac8d-52f0fe597afc None None] MySQL server mode set to STRICT_TRANS_TABLES,STRICT_ALL_TABLES,NO_ZERO_IN_DATE,NO_ZERO_DATE,ERROR_FOR_DIVISION_BY_ZERO,TRADITIONAL,NO_ENGINE_SUBSTITUTION {{(pid=93449) _check_effective_sql_mode /opt/stack/data/venv/lib/python3.12/site-packages/oslo_db/sqlalchemy/engines.py:325}}
Jul 22 21:40:08.397617 np0000005657 nova-scheduler[93449]: DEBUG dbcounter [-] [93449] Writer thread running {{(pid=93449) stat_writer /opt/stack/data/venv/lib/python3.12/site-packages/dbcounter.py:102}}
Jul 22 21:40:08.404220 np0000005657 nova-scheduler[93447]: DEBUG oslo_db.sqlalchemy.engines [None req-a4389480-0cc6-49e7-ba0e-ec2d4bf65638 None None] MySQL server mode set to STRICT_TRANS_TABLES,STRICT_ALL_TABLES,NO_ZERO_IN_DATE,NO_ZERO_DATE,ERROR_FOR_DIVISION_BY_ZERO,TRADITIONAL,NO_ENGINE_SUBSTITUTION {{(pid=93447) _check_effective_sql_mode /opt/stack/data/venv/lib/python3.12/site-packages/oslo_db/sqlalchemy/engines.py:325}}
Jul 22 21:40:08.412420 np0000005657 nova-scheduler[93451]: DEBUG oslo_db.sqlalchemy.engines [None req-5156494a-4970-4893-825d-b29a38f6b78c None None] MySQL server mode set to STRICT_TRANS_TABLES,STRICT_ALL_TABLES,NO_ZERO_IN_DATE,NO_ZERO_DATE,ERROR_FOR_DIVISION_BY_ZERO,TRADITIONAL,NO_ENGINE_SUBSTITUTION {{(pid=93451) _check_effective_sql_mode /opt/stack/data/venv/lib/python3.12/site-packages/oslo_db/sqlalchemy/engines.py:325}}
Jul 22 21:40:08.414646 np0000005657 nova-scheduler[93449]: DEBUG nova.service [None req-b7879ab1-fdf3-4934-ac8d-52f0fe597afc None None] Creating RPC server for service: nova-scheduler on topic: scheduler {{(pid=93449) start /opt/stack/nova/nova/service.py:196}}
Jul 22 21:40:08.421063 np0000005657 nova-scheduler[93451]: DEBUG dbcounter [-] [93451] Writer thread running {{(pid=93451) stat_writer /opt/stack/data/venv/lib/python3.12/site-packages/dbcounter.py:102}}
Jul 22 21:40:08.423560 np0000005657 nova-scheduler[93451]: DEBUG nova.service [None req-5156494a-4970-4893-825d-b29a38f6b78c None None] Creating RPC server for service: nova-scheduler on topic: scheduler {{(pid=93451) start /opt/stack/nova/nova/service.py:196}}
Jul 22 21:40:08.424432 np0000005657 nova-scheduler[93447]: DEBUG dbcounter [-] [93447] Writer thread running {{(pid=93447) stat_writer /opt/stack/data/venv/lib/python3.12/site-packages/dbcounter.py:102}}
Jul 22 21:40:08.428233 np0000005657 nova-scheduler[93447]: DEBUG nova.service [None req-a4389480-0cc6-49e7-ba0e-ec2d4bf65638 None None] Creating RPC server for service: nova-scheduler on topic: scheduler {{(pid=93447) start /opt/stack/nova/nova/service.py:196}}
Jul 22 21:40:08.441328 np0000005657 nova-scheduler[93451]: DEBUG nova.service [None req-5156494a-4970-4893-825d-b29a38f6b78c None None] Join ServiceGroup membership for this service scheduler {{(pid=93451) start /opt/stack/nova/nova/service.py:222}}
Jul 22 21:40:08.441858 np0000005657 nova-scheduler[93451]: DEBUG nova.servicegroup.drivers.db [None req-5156494a-4970-4893-825d-b29a38f6b78c None None] DB_Driver: join new ServiceGroup member np0000005657 to the scheduler group, service = {{(pid=93451) join /opt/stack/nova/nova/servicegroup/drivers/db.py:44}}
Jul 22 21:40:08.445142 np0000005657 nova-scheduler[93449]: DEBUG nova.service [None req-b7879ab1-fdf3-4934-ac8d-52f0fe597afc None None] Join ServiceGroup membership for this service scheduler {{(pid=93449) start /opt/stack/nova/nova/service.py:222}}
Jul 22 21:40:08.445380 np0000005657 nova-scheduler[93449]: DEBUG nova.servicegroup.drivers.db [None req-b7879ab1-fdf3-4934-ac8d-52f0fe597afc None None] DB_Driver: join new ServiceGroup member np0000005657 to the scheduler group, service = {{(pid=93449) join /opt/stack/nova/nova/servicegroup/drivers/db.py:44}}
Jul 22 21:40:08.451442 np0000005657 nova-scheduler[93447]: DEBUG nova.service [None req-a4389480-0cc6-49e7-ba0e-ec2d4bf65638 None None] Join ServiceGroup membership for this service scheduler {{(pid=93447) start /opt/stack/nova/nova/service.py:222}}
Jul 22 21:40:08.451675 np0000005657 nova-scheduler[93447]: DEBUG nova.servicegroup.drivers.db [None req-a4389480-0cc6-49e7-ba0e-ec2d4bf65638 None None] DB_Driver: join new ServiceGroup member np0000005657 to the scheduler group, service = {{(pid=93447) join /opt/stack/nova/nova/servicegroup/drivers/db.py:44}}
Jul 22 21:40:13.460703 np0000005657 nova-scheduler[93449]: DEBUG oslo.service.backend._threading.loopingcall [-] Fixed interval looping call 'nova.servicegroup.drivers.db.DbDriver._report_state' sleeping for 119.99 seconds {{(pid=93449) _run_loop /opt/stack/data/venv/lib/python3.12/site-packages/oslo_service/backend/_threading/loopingcall.py:125}}
Jul 22 21:40:13.462342 np0000005657 nova-scheduler[93451]: DEBUG oslo.service.backend._threading.loopingcall [-] Fixed interval looping call 'nova.servicegroup.drivers.db.DbDriver._report_state' sleeping for 119.98 seconds {{(pid=93451) _run_loop /opt/stack/data/venv/lib/python3.12/site-packages/oslo_service/backend/_threading/loopingcall.py:125}}
Jul 22 21:40:13.465631 np0000005657 nova-scheduler[93447]: DEBUG oslo.service.backend._threading.loopingcall [-] Fixed interval looping call 'nova.servicegroup.drivers.db.DbDriver._report_state' sleeping for 119.99 seconds {{(pid=93447) _run_loop /opt/stack/data/venv/lib/python3.12/site-packages/oslo_service/backend/_threading/loopingcall.py:125}}
Jul 22 21:40:17.024799 np0000005657 nova-scheduler[92231]: DEBUG dbcounter [-] [92231] Writing DB stats nova_api:SELECT=3 {{(pid=92231) stat_writer /opt/stack/data/venv/lib/python3.12/site-packages/dbcounter.py:115}}
Jul 22 21:40:17.156475 np0000005657 nova-scheduler[92231]: DEBUG dbcounter [-] [92231] Writing DB stats nova_cell0:SELECT=1 {{(pid=92231) stat_writer /opt/stack/data/venv/lib/python3.12/site-packages/dbcounter.py:115}}
Jul 22 21:40:17.158389 np0000005657 nova-scheduler[92231]: DEBUG dbcounter [-] [92231] Writing DB stats nova_cell1:SELECT=1 {{(pid=92231) stat_writer /opt/stack/data/venv/lib/python3.12/site-packages/dbcounter.py:115}}
Jul 22 21:40:23.458857 np0000005657 nova-scheduler[93449]: DEBUG dbcounter [-] [93449] Writing DB stats nova_cell0:SELECT=4,nova_cell0:INSERT=1,nova_cell0:UPDATE=1 {{(pid=93449) stat_writer /opt/stack/data/venv/lib/python3.12/site-packages/dbcounter.py:115}}
Jul 22 21:40:23.459323 np0000005657 nova-scheduler[93451]: DEBUG dbcounter [-] [93451] Writing DB stats nova_cell0:SELECT=3,nova_cell0:UPDATE=1 {{(pid=93451) stat_writer /opt/stack/data/venv/lib/python3.12/site-packages/dbcounter.py:115}}
Jul 22 21:40:23.463009 np0000005657 nova-scheduler[93447]: DEBUG dbcounter [-] [93447] Writing DB stats nova_cell0:SELECT=3 {{(pid=93447) stat_writer /opt/stack/data/venv/lib/python3.12/site-packages/dbcounter.py:115}}
Jul 22 21:40:30.447413 np0000005657 nova-scheduler[93449]: DEBUG oslo.service.backend._threading.loopingcall [None req-e987c25f-22b8-40ed-8e78-812f1767210a None None] Dynamic interval looping call 'nova.service.Service.periodic_tasks' sleeping for 60.00 seconds {{(pid=93449) _run_loop /opt/stack/data/venv/lib/python3.12/site-packages/oslo_service/backend/_threading/loopingcall.py:125}}
Jul 22 21:40:44.453713 np0000005657 nova-scheduler[93447]: DEBUG oslo.service.backend._threading.loopingcall [None req-d35e98cf-1700-4430-a9d9-a608468d98bf None None] Dynamic interval looping call 'nova.service.Service.periodic_tasks' sleeping for 60.00 seconds {{(pid=93447) _run_loop /opt/stack/data/venv/lib/python3.12/site-packages/oslo_service/backend/_threading/loopingcall.py:125}}
Jul 22 21:41:00.446318 np0000005657 nova-scheduler[93451]: DEBUG oslo.service.backend._threading.loopingcall [None req-4975f0c7-5828-4803-ba5f-6c1513885f55 None None] Dynamic interval looping call 'nova.service.Service.periodic_tasks' sleeping for 60.00 seconds {{(pid=93451) _run_loop /opt/stack/data/venv/lib/python3.12/site-packages/oslo_service/backend/_threading/loopingcall.py:125}}
Jul 22 21:41:30.447932 np0000005657 nova-scheduler[93449]: DEBUG oslo.service.backend._threading.loopingcall [None req-e987c25f-22b8-40ed-8e78-812f1767210a None None] Dynamic interval looping call 'nova.service.Service.periodic_tasks' sleeping for 60.00 seconds {{(pid=93449) _run_loop /opt/stack/data/venv/lib/python3.12/site-packages/oslo_service/backend/_threading/loopingcall.py:125}}
Jul 22 21:41:44.454259 np0000005657 nova-scheduler[93447]: DEBUG oslo.service.backend._threading.loopingcall [None req-d35e98cf-1700-4430-a9d9-a608468d98bf None None] Dynamic interval looping call 'nova.service.Service.periodic_tasks' sleeping for 60.00 seconds {{(pid=93447) _run_loop /opt/stack/data/venv/lib/python3.12/site-packages/oslo_service/backend/_threading/loopingcall.py:125}}
Jul 22 21:42:00.446831 np0000005657 nova-scheduler[93451]: DEBUG oslo.service.backend._threading.loopingcall [None req-4975f0c7-5828-4803-ba5f-6c1513885f55 None None] Dynamic interval looping call 'nova.service.Service.periodic_tasks' sleeping for 60.00 seconds {{(pid=93451) _run_loop /opt/stack/data/venv/lib/python3.12/site-packages/oslo_service/backend/_threading/loopingcall.py:125}}
Jul 22 21:42:13.447729 np0000005657 nova-scheduler[93451]: DEBUG oslo.service.backend._threading.loopingcall [-] Fixed interval looping call 'nova.servicegroup.drivers.db.DbDriver._report_state' sleeping for 119.99 seconds {{(pid=93451) _run_loop /opt/stack/data/venv/lib/python3.12/site-packages/oslo_service/backend/_threading/loopingcall.py:125}}
Jul 22 21:42:13.453694 np0000005657 nova-scheduler[93449]: DEBUG oslo.service.backend._threading.loopingcall [-] Fixed interval looping call 'nova.servicegroup.drivers.db.DbDriver._report_state' sleeping for 120.00 seconds {{(pid=93449) _run_loop /opt/stack/data/venv/lib/python3.12/site-packages/oslo_service/backend/_threading/loopingcall.py:125}}
Jul 22 21:42:13.459531 np0000005657 nova-scheduler[93447]: DEBUG oslo.service.backend._threading.loopingcall [-] Fixed interval looping call 'nova.servicegroup.drivers.db.DbDriver._report_state' sleeping for 120.00 seconds {{(pid=93447) _run_loop /opt/stack/data/venv/lib/python3.12/site-packages/oslo_service/backend/_threading/loopingcall.py:125}}
Jul 22 21:42:23.445115 np0000005657 nova-scheduler[93451]: DEBUG dbcounter [-] [93451] Writing DB stats nova_cell0:SELECT=1,nova_cell0:UPDATE=1 {{(pid=93451) stat_writer /opt/stack/data/venv/lib/python3.12/site-packages/dbcounter.py:115}}
Jul 22 21:42:23.454116 np0000005657 nova-scheduler[93449]: DEBUG dbcounter [-] [93449] Writing DB stats nova_cell0:SELECT=1 {{(pid=93449) stat_writer /opt/stack/data/venv/lib/python3.12/site-packages/dbcounter.py:115}}
Jul 22 21:42:23.457957 np0000005657 nova-scheduler[93447]: DEBUG dbcounter [-] [93447] Writing DB stats nova_cell0:SELECT=1 {{(pid=93447) stat_writer /opt/stack/data/venv/lib/python3.12/site-packages/dbcounter.py:115}}
Jul 22 21:42:30.449970 np0000005657 nova-scheduler[93449]: DEBUG oslo.service.backend._threading.loopingcall [None req-e987c25f-22b8-40ed-8e78-812f1767210a None None] Dynamic interval looping call 'nova.service.Service.periodic_tasks' sleeping for 60.00 seconds {{(pid=93449) _run_loop /opt/stack/data/venv/lib/python3.12/site-packages/oslo_service/backend/_threading/loopingcall.py:125}}
Jul 22 21:42:36.460444 np0000005657 nova-scheduler[93451]: DEBUG nova.scheduler.manager [None req-9bd8da7e-ffe5-48b7-8091-742976125f29 tempest-ServerBootFromVolumeStableRescueTest-280836173 tempest-ServerBootFromVolumeStableRescueTest-280836173-project-member] Starting to schedule for instances: ['0f2ddd6b-2013-495d-9e95-dc8de7724ca4'] {{(pid=93451) select_destinations /opt/stack/nova/nova/scheduler/manager.py:209}}
Jul 22 21:42:36.461030 np0000005657 nova-scheduler[93451]: DEBUG nova.scheduler.request_filter [None req-9bd8da7e-ffe5-48b7-8091-742976125f29 tempest-ServerBootFromVolumeStableRescueTest-280836173 tempest-ServerBootFromVolumeStableRescueTest-280836173-project-member] compute_status_filter request filter added forbidden trait COMPUTE_STATUS_DISABLED {{(pid=93451) compute_status_filter /opt/stack/nova/nova/scheduler/request_filter.py:253}}
Jul 22 21:42:36.461200 np0000005657 nova-scheduler[93451]: DEBUG nova.scheduler.request_filter [None req-9bd8da7e-ffe5-48b7-8091-742976125f29 tempest-ServerBootFromVolumeStableRescueTest-280836173 tempest-ServerBootFromVolumeStableRescueTest-280836173-project-member] Request filter 'compute_status_filter' took 0.0 seconds {{(pid=93451) wrapper /opt/stack/nova/nova/scheduler/request_filter.py:46}}
Jul 22 21:42:36.461453 np0000005657 nova-scheduler[93451]: DEBUG nova.scheduler.request_filter [None req-9bd8da7e-ffe5-48b7-8091-742976125f29 tempest-ServerBootFromVolumeStableRescueTest-280836173 tempest-ServerBootFromVolumeStableRescueTest-280836173-project-member] Request filter 'accelerators_filter' took 0.0 seconds {{(pid=93451) wrapper /opt/stack/nova/nova/scheduler/request_filter.py:46}}
Jul 22 21:42:36.461705 np0000005657 nova-scheduler[93451]: DEBUG nova.scheduler.request_filter [None req-9bd8da7e-ffe5-48b7-8091-742976125f29 tempest-ServerBootFromVolumeStableRescueTest-280836173 tempest-ServerBootFromVolumeStableRescueTest-280836173-project-member] Request filter 'packed_virtqueue_filter' took 0.0 seconds {{(pid=93451) wrapper /opt/stack/nova/nova/scheduler/request_filter.py:46}}
Jul 22 21:42:36.462224 np0000005657 nova-scheduler[93451]: DEBUG nova.scheduler.request_filter [None req-9bd8da7e-ffe5-48b7-8091-742976125f29 tempest-ServerBootFromVolumeStableRescueTest-280836173 tempest-ServerBootFromVolumeStableRescueTest-280836173-project-member] Request filter 'remote_managed_ports_filter' took 0.0 seconds {{(pid=93451) wrapper /opt/stack/nova/nova/scheduler/request_filter.py:46}}
Jul 22 21:42:36.462394 np0000005657 nova-scheduler[93451]: DEBUG nova.scheduler.request_filter [None req-9bd8da7e-ffe5-48b7-8091-742976125f29 tempest-ServerBootFromVolumeStableRescueTest-280836173 tempest-ServerBootFromVolumeStableRescueTest-280836173-project-member] ephemeral_encryption_filter skipped {{(pid=93451) ephemeral_encryption_filter /opt/stack/nova/nova/scheduler/request_filter.py:426}}
Jul 22 21:42:36.462567 np0000005657 nova-scheduler[93451]: DEBUG nova.scheduler.request_filter [None req-9bd8da7e-ffe5-48b7-8091-742976125f29 tempest-ServerBootFromVolumeStableRescueTest-280836173 tempest-ServerBootFromVolumeStableRescueTest-280836173-project-member] virtio_sound_filter skipped {{(pid=93451) virtio_sound_filter /opt/stack/nova/nova/scheduler/request_filter.py:460}}
Jul 22 21:42:36.462737 np0000005657 nova-scheduler[93451]: DEBUG nova.scheduler.request_filter [None req-9bd8da7e-ffe5-48b7-8091-742976125f29 tempest-ServerBootFromVolumeStableRescueTest-280836173 tempest-ServerBootFromVolumeStableRescueTest-280836173-project-member] tpm_secret_security_filter skipped {{(pid=93451) tpm_secret_security_filter /opt/stack/nova/nova/scheduler/request_filter.py:477}}
Jul 22 21:42:37.157771 np0000005657 nova-scheduler[93451]: INFO nova.utils [None req-9bd8da7e-ffe5-48b7-8091-742976125f29 tempest-ServerBootFromVolumeStableRescueTest-280836173 tempest-ServerBootFromVolumeStableRescueTest-280836173-project-member] The cell worker thread pool ForkProcess-3.cell_worker is initialized
Jul 22 21:42:37.158365 np0000005657 nova-scheduler[93451]: DEBUG oslo_concurrency.lockutils [None req-9bd8da7e-ffe5-48b7-8091-742976125f29 tempest-ServerBootFromVolumeStableRescueTest-280836173 tempest-ServerBootFromVolumeStableRescueTest-280836173-project-member] Acquiring lock "59790fc9-9ac5-4409-b132-8571353b223c" by "nova.context.set_target_cell..get_or_set_cached_cell_and_set_connections" {{(pid=93451) inner /opt/stack/data/venv/lib/python3.12/site-packages/oslo_concurrency/lockutils.py:512}}
Jul 22 21:42:37.158587 np0000005657 nova-scheduler[93451]: DEBUG oslo_concurrency.lockutils [None req-9bd8da7e-ffe5-48b7-8091-742976125f29 tempest-ServerBootFromVolumeStableRescueTest-280836173 tempest-ServerBootFromVolumeStableRescueTest-280836173-project-member] Lock "59790fc9-9ac5-4409-b132-8571353b223c" acquired by "nova.context.set_target_cell..get_or_set_cached_cell_and_set_connections" :: waited 0.000s {{(pid=93451) inner /opt/stack/data/venv/lib/python3.12/site-packages/oslo_concurrency/lockutils.py:525}}
Jul 22 21:42:37.160561 np0000005657 nova-scheduler[93451]: DEBUG oslo_concurrency.lockutils [None req-9bd8da7e-ffe5-48b7-8091-742976125f29 tempest-ServerBootFromVolumeStableRescueTest-280836173 tempest-ServerBootFromVolumeStableRescueTest-280836173-project-member] Lock "59790fc9-9ac5-4409-b132-8571353b223c" "released" by "nova.context.set_target_cell..get_or_set_cached_cell_and_set_connections" :: held 0.002s {{(pid=93451) inner /opt/stack/data/venv/lib/python3.12/site-packages/oslo_concurrency/lockutils.py:544}}
Jul 22 21:42:37.163368 np0000005657 nova-scheduler[93451]: INFO dbcounter [None req-9bd8da7e-ffe5-48b7-8091-742976125f29 tempest-ServerBootFromVolumeStableRescueTest-280836173 tempest-ServerBootFromVolumeStableRescueTest-280836173-project-member] Registered counter for database nova_cell1
Jul 22 21:42:37.208310 np0000005657 nova-scheduler[93451]: DEBUG oslo_db.sqlalchemy.engines [None req-9bd8da7e-ffe5-48b7-8091-742976125f29 tempest-ServerBootFromVolumeStableRescueTest-280836173 tempest-ServerBootFromVolumeStableRescueTest-280836173-project-member] MySQL server mode set to STRICT_TRANS_TABLES,STRICT_ALL_TABLES,NO_ZERO_IN_DATE,NO_ZERO_DATE,ERROR_FOR_DIVISION_BY_ZERO,TRADITIONAL,NO_ENGINE_SUBSTITUTION {{(pid=93451) _check_effective_sql_mode /opt/stack/data/venv/lib/python3.12/site-packages/oslo_db/sqlalchemy/engines.py:325}}
Jul 22 21:42:37.213472 np0000005657 nova-scheduler[93451]: DEBUG dbcounter [-] [93451] Writer thread running {{(pid=93451) stat_writer /opt/stack/data/venv/lib/python3.12/site-packages/dbcounter.py:102}}
Jul 22 21:42:37.231220 np0000005657 nova-scheduler[93451]: DEBUG oslo_db.sqlalchemy.engines [None req-9bd8da7e-ffe5-48b7-8091-742976125f29 tempest-ServerBootFromVolumeStableRescueTest-280836173 tempest-ServerBootFromVolumeStableRescueTest-280836173-project-member] Parent process 92231 forked (93451) with an open database connection, which is being discarded and recreated. {{(pid=93451) checkout /opt/stack/data/venv/lib/python3.12/site-packages/oslo_db/sqlalchemy/engines.py:402}}
Jul 22 21:42:37.277998 np0000005657 nova-scheduler[93451]: DEBUG dbcounter [-] [93451] Writer thread running {{(pid=93451) stat_writer /opt/stack/data/venv/lib/python3.12/site-packages/dbcounter.py:102}}
Jul 22 21:42:37.281705 np0000005657 nova-scheduler[93451]: DEBUG oslo_concurrency.lockutils [None req-9bd8da7e-ffe5-48b7-8091-742976125f29 tempest-ServerBootFromVolumeStableRescueTest-280836173 tempest-ServerBootFromVolumeStableRescueTest-280836173-project-member] Acquiring lock "59790fc9-9ac5-4409-b132-8571353b223c" by "nova.context.set_target_cell..get_or_set_cached_cell_and_set_connections" {{(pid=93451) inner /opt/stack/data/venv/lib/python3.12/site-packages/oslo_concurrency/lockutils.py:512}}
Jul 22 21:42:37.282025 np0000005657 nova-scheduler[93451]: DEBUG oslo_concurrency.lockutils [None req-9bd8da7e-ffe5-48b7-8091-742976125f29 tempest-ServerBootFromVolumeStableRescueTest-280836173 tempest-ServerBootFromVolumeStableRescueTest-280836173-project-member] Lock "59790fc9-9ac5-4409-b132-8571353b223c" acquired by "nova.context.set_target_cell..get_or_set_cached_cell_and_set_connections" :: waited 0.000s {{(pid=93451) inner /opt/stack/data/venv/lib/python3.12/site-packages/oslo_concurrency/lockutils.py:525}}
Jul 22 21:42:37.282941 np0000005657 nova-scheduler[93451]: DEBUG oslo_concurrency.lockutils [None req-9bd8da7e-ffe5-48b7-8091-742976125f29 tempest-ServerBootFromVolumeStableRescueTest-280836173 tempest-ServerBootFromVolumeStableRescueTest-280836173-project-member] Lock "59790fc9-9ac5-4409-b132-8571353b223c" "released" by "nova.context.set_target_cell..get_or_set_cached_cell_and_set_connections" :: held 0.000s {{(pid=93451) inner /opt/stack/data/venv/lib/python3.12/site-packages/oslo_concurrency/lockutils.py:544}}
Jul 22 21:42:37.286642 np0000005657 nova-scheduler[93451]: DEBUG oslo_concurrency.lockutils [None req-9bd8da7e-ffe5-48b7-8091-742976125f29 tempest-ServerBootFromVolumeStableRescueTest-280836173 tempest-ServerBootFromVolumeStableRescueTest-280836173-project-member] Acquiring lock "np0000005657-np0000005657" by "nova.scheduler.host_manager.HostState.update.._locked_update" {{(pid=93451) inner /opt/stack/data/venv/lib/python3.12/site-packages/oslo_concurrency/lockutils.py:512}}
Jul 22 21:42:37.286823 np0000005657 nova-scheduler[93451]: DEBUG oslo_concurrency.lockutils [None req-9bd8da7e-ffe5-48b7-8091-742976125f29 tempest-ServerBootFromVolumeStableRescueTest-280836173 tempest-ServerBootFromVolumeStableRescueTest-280836173-project-member] Lock "np0000005657-np0000005657" acquired by "nova.scheduler.host_manager.HostState.update.._locked_update" :: waited 0.000s {{(pid=93451) inner /opt/stack/data/venv/lib/python3.12/site-packages/oslo_concurrency/lockutils.py:525}}
Jul 22 21:42:37.287792 np0000005657 nova-scheduler[93451]: DEBUG nova.scheduler.host_manager [None req-9bd8da7e-ffe5-48b7-8091-742976125f29 tempest-ServerBootFromVolumeStableRescueTest-280836173 tempest-ServerBootFromVolumeStableRescueTest-280836173-project-member] Update host state from compute node: ComputeNode(cpu_allocation_ratio=4.0,cpu_info='{"arch": "x86_64", "model": "EPYC-Milan", "vendor": "AMD", "topology": {"cells": 1, "sockets": 16, "cores": 1, "threads": 1}, "maxphysaddr": {"mode": "emulate", "bits": 40}, "features": ["smep", "avx", "f16c", "bmi1", "fsgsbase", "no-nested-data-bp", "pause-filter", "pni", "lbrv", "hypervisor", "wbnoinvd", "mtrr", "mds-no", "x2apic", "arch-capabilities", "stibp-always-on", "msr", "lfence-always-serializing", "osvw", "nx", "3dnowprefetch", "fxsr_opt", "perfctr_core", "lm", "pse", "rdrand", "sse2", "sep", "tsc", "ssse3", "rdseed", "xsaveerptr", "pat", "movbe", "vpclmulqdq", "flushbyasid", "gds-no", "mmxext", "amd-psfd", "cx8", "clwb", "clflush", "bmi2", "sse4a", "fma", "pschange-mc-no", "vme", "amd-stibp", "clflushopt", "pfthreshold", "mce", "sse", "xsavec", "xgetbv1", "rdtscp", "null-sel-clr-base", "adx", "erms", "vgif", "pcid", "spec-ctrl", "pku", "misalignsse", "xsave", "pclmuldq", "pae", "pse36", "vaes", "apic", "sse4.1", "abm", "aes", "sse4.2", "popcnt", "xsaveopt", "vmcb-clean", "topoext", "syscall", "npt", "fpu", "cmp_legacy", "virt-ssbd", "cx16", "svm", "ibrs", "invpcid", "rdpid", "rdctl-no", "umip", "clzero", "amd-ssbd", "svme-addr-chk", "nrip-save", "skip-l1dfl-vmentry", "smap", "ibpb", "stibp", "fsrm", "avx2", "de", "tsc-scale", "xsaves", "pge", "ssbd", "mca", "arat", "cr8legacy", "cmov", "mmx", "sha-ni", "fxsr", "lahf_lm", "tsc_adjust", "tsc-deadline", "v-vmsave-vmload", "pdpe1gb"]}',created_at=2026-07-22T21:40:29Z,current_workload=0,deleted=False,deleted_at=None,disk_allocation_ratio=1.0,disk_available_least=73,free_disk_gb=95,free_ram_mb=62765,host='np0000005657',host_ip=10.4.3.22,hypervisor_hostname='np0000005657',hypervisor_type='QEMU',hypervisor_version=8002002,id=1,local_gb=95,local_gb_used=0,mapped=1,memory_mb=63277,memory_mb_used=512,metrics='[]',numa_topology='{"nova_object.name": "NUMATopology", "nova_object.namespace": "nova", "nova_object.version": "1.2", "nova_object.data": {"cells": [{"nova_object.name": "NUMACell", "nova_object.namespace": "nova", "nova_object.version": "1.5", "nova_object.data": {"id": 0, "cpuset": [0, 1, 2, 3, 4, 5, 6, 7, 8, 9, 10, 11, 12, 13, 14, 15], "pcpuset": [0, 1, 2, 3, 4, 5, 6, 7, 8, 9, 10, 11, 12, 13, 14, 15], "memory": 63277, "cpu_usage": 0, "memory_usage": 0, "pinned_cpus": [], "siblings": [[6], [12], [2], [15], [5], [11], [8], [14], [4], [1], [7], [10], [0], [13], [3], [9]], "mempages": [{"nova_object.name": "NUMAPagesTopology", "nova_object.namespace": "nova", "nova_object.version": "1.1", "nova_object.data": {"size_kb": 4, "total": 16177929, "used": 0, "reserved": 0}, "nova_object.changes": ["used", "total", "size_kb", "reserved"]}, {"nova_object.name": "NUMAPagesTopology", "nova_object.namespace": "nova", "nova_object.version": "1.1", "nova_object.data": {"size_kb": 2048, "total": 41, "used": 0, "reserved": 0}, "nova_object.changes": ["used", "total", "size_kb", "reserved"]}, {"nova_object.name": "NUMAPagesTopology", "nova_object.namespace": "nova", "nova_object.version": "1.1", "nova_object.data": {"size_kb": 1048576, "total": 0, "used": 0, "reserved": 0}, "nova_object.changes": ["used", "total", "size_kb", "reserved"]}], "network_metadata": {"nova_object.name": "NetworkMetadata", "nova_object.namespace": "nova", "nova_object.version": "1.0", "nova_object.data": {"physnets": [], "tunneled": false}, "nova_object.changes": ["tunneled", "physnets"]}, "socket": null}, "nova_object.changes": ["mempages", "cpuset", "pcpuset", "memory_usage", "siblings", "pinned_cpus", "socket", "id", "network_metadata", "cpu_usage", "memory"]}]}, "nova_object.changes": ["cells"]}',pci_device_pools=PciDevicePoolList,ram_allocation_ratio=1.0,running_vms=0,service_id=3,stats={failed_builds='0',uptime=' 21:42:18 up 13 min, 2 users, load average: 1.33, 1.37, 0.82
Jul 22 21:42:37.287792 np0000005657 nova-scheduler[93451]: '},supported_hv_specs=[HVSpec,HVSpec,HVSpec,HVSpec,HVSpec,HVSpec,HVSpec,HVSpec,HVSpec,HVSpec,HVSpec,HVSpec,HVSpec,HVSpec,HVSpec,HVSpec,HVSpec,HVSpec,HVSpec,HVSpec,HVSpec,HVSpec,HVSpec,HVSpec,HVSpec],updated_at=2026-07-22T21:42:18Z,uuid=3d41dce9-2395-4aea-aced-9700b634d501,vcpus=16,vcpus_used=0) {{(pid=93451) _locked_update /opt/stack/nova/nova/scheduler/host_manager.py:168}}
Jul 22 21:42:37.288563 np0000005657 nova-scheduler[93451]: DEBUG nova.scheduler.host_manager [None req-9bd8da7e-ffe5-48b7-8091-742976125f29 tempest-ServerBootFromVolumeStableRescueTest-280836173 tempest-ServerBootFromVolumeStableRescueTest-280836173-project-member] Update host state with aggregates: [] {{(pid=93451) _locked_update /opt/stack/nova/nova/scheduler/host_manager.py:171}}
Jul 22 21:42:37.288713 np0000005657 nova-scheduler[93451]: DEBUG nova.scheduler.host_manager [None req-9bd8da7e-ffe5-48b7-8091-742976125f29 tempest-ServerBootFromVolumeStableRescueTest-280836173 tempest-ServerBootFromVolumeStableRescueTest-280836173-project-member] Update host state with service dict: {'id': 3, 'uuid': 'd6ab52dc-5bbb-4846-921d-4a8a00205165', 'host': 'np0000005657', 'binary': 'nova-compute', 'topic': 'compute', 'report_count': 2, 'disabled': False, 'disabled_reason': None, 'last_seen_up': datetime.datetime(2026, 7, 22, 21, 42, 36, tzinfo=datetime.timezone.utc), 'forced_down': False, 'version': 72, 'created_at': datetime.datetime(2026, 7, 22, 21, 40, 29, tzinfo=datetime.timezone.utc), 'updated_at': datetime.datetime(2026, 7, 22, 21, 42, 36, tzinfo=datetime.timezone.utc), 'deleted_at': None, 'deleted': False} {{(pid=93451) _locked_update /opt/stack/nova/nova/scheduler/host_manager.py:174}}
Jul 22 21:42:37.288889 np0000005657 nova-scheduler[93451]: DEBUG nova.scheduler.host_manager [None req-9bd8da7e-ffe5-48b7-8091-742976125f29 tempest-ServerBootFromVolumeStableRescueTest-280836173 tempest-ServerBootFromVolumeStableRescueTest-280836173-project-member] Update host state with instances: [] {{(pid=93451) _locked_update /opt/stack/nova/nova/scheduler/host_manager.py:177}}
Jul 22 21:42:37.289046 np0000005657 nova-scheduler[93451]: DEBUG oslo_concurrency.lockutils [None req-9bd8da7e-ffe5-48b7-8091-742976125f29 tempest-ServerBootFromVolumeStableRescueTest-280836173 tempest-ServerBootFromVolumeStableRescueTest-280836173-project-member] Lock "np0000005657-np0000005657" "released" by "nova.scheduler.host_manager.HostState.update.._locked_update" :: held 0.002s {{(pid=93451) inner /opt/stack/data/venv/lib/python3.12/site-packages/oslo_concurrency/lockutils.py:544}}
Jul 22 21:42:37.289964 np0000005657 nova-scheduler[93451]: DEBUG nova.filters [None req-9bd8da7e-ffe5-48b7-8091-742976125f29 tempest-ServerBootFromVolumeStableRescueTest-280836173 tempest-ServerBootFromVolumeStableRescueTest-280836173-project-member] Starting with 1 host(s) {{(pid=93451) get_filtered_objects /opt/stack/nova/nova/filters.py:70}}
Jul 22 21:42:37.290190 np0000005657 nova-scheduler[93451]: DEBUG nova.filters [None req-9bd8da7e-ffe5-48b7-8091-742976125f29 tempest-ServerBootFromVolumeStableRescueTest-280836173 tempest-ServerBootFromVolumeStableRescueTest-280836173-project-member] Filter ComputeFilter returned 1 host(s) {{(pid=93451) get_filtered_objects /opt/stack/nova/nova/filters.py:102}}
Jul 22 21:42:37.290373 np0000005657 nova-scheduler[93451]: DEBUG nova.filters [None req-9bd8da7e-ffe5-48b7-8091-742976125f29 tempest-ServerBootFromVolumeStableRescueTest-280836173 tempest-ServerBootFromVolumeStableRescueTest-280836173-project-member] Filter ComputeCapabilitiesFilter returned 1 host(s) {{(pid=93451) get_filtered_objects /opt/stack/nova/nova/filters.py:102}}
Jul 22 21:42:37.290766 np0000005657 nova-scheduler[93451]: DEBUG nova.filters [None req-9bd8da7e-ffe5-48b7-8091-742976125f29 tempest-ServerBootFromVolumeStableRescueTest-280836173 tempest-ServerBootFromVolumeStableRescueTest-280836173-project-member] Filter ImagePropertiesFilter returned 1 host(s) {{(pid=93451) get_filtered_objects /opt/stack/nova/nova/filters.py:102}}
Jul 22 21:42:37.290929 np0000005657 nova-scheduler[93451]: DEBUG nova.filters [None req-9bd8da7e-ffe5-48b7-8091-742976125f29 tempest-ServerBootFromVolumeStableRescueTest-280836173 tempest-ServerBootFromVolumeStableRescueTest-280836173-project-member] Filter ServerGroupAntiAffinityFilter returned 1 host(s) {{(pid=93451) get_filtered_objects /opt/stack/nova/nova/filters.py:102}}
Jul 22 21:42:37.291083 np0000005657 nova-scheduler[93451]: DEBUG nova.filters [None req-9bd8da7e-ffe5-48b7-8091-742976125f29 tempest-ServerBootFromVolumeStableRescueTest-280836173 tempest-ServerBootFromVolumeStableRescueTest-280836173-project-member] Filter ServerGroupAffinityFilter returned 1 host(s) {{(pid=93451) get_filtered_objects /opt/stack/nova/nova/filters.py:102}}
Jul 22 21:42:37.291244 np0000005657 nova-scheduler[93451]: DEBUG nova.filters [None req-9bd8da7e-ffe5-48b7-8091-742976125f29 tempest-ServerBootFromVolumeStableRescueTest-280836173 tempest-ServerBootFromVolumeStableRescueTest-280836173-project-member] Filter SameHostFilter returned 1 host(s) {{(pid=93451) get_filtered_objects /opt/stack/nova/nova/filters.py:102}}
Jul 22 21:42:37.291391 np0000005657 nova-scheduler[93451]: DEBUG nova.filters [None req-9bd8da7e-ffe5-48b7-8091-742976125f29 tempest-ServerBootFromVolumeStableRescueTest-280836173 tempest-ServerBootFromVolumeStableRescueTest-280836173-project-member] Filter DifferentHostFilter returned 1 host(s) {{(pid=93451) get_filtered_objects /opt/stack/nova/nova/filters.py:102}}
Jul 22 21:42:37.291586 np0000005657 nova-scheduler[93451]: DEBUG nova.scheduler.manager [None req-9bd8da7e-ffe5-48b7-8091-742976125f29 tempest-ServerBootFromVolumeStableRescueTest-280836173 tempest-ServerBootFromVolumeStableRescueTest-280836173-project-member] Filtered [(np0000005657, np0000005657) ram: 62765MB disk: 74752MB io_ops: 0 instances: 0, allocation_candidates: 1] {{(pid=93451) _get_sorted_hosts /opt/stack/nova/nova/scheduler/manager.py:742}}
Jul 22 21:42:37.291899 np0000005657 nova-scheduler[93451]: DEBUG nova.scheduler.manager [None req-9bd8da7e-ffe5-48b7-8091-742976125f29 tempest-ServerBootFromVolumeStableRescueTest-280836173 tempest-ServerBootFromVolumeStableRescueTest-280836173-project-member] Weighed [WeighedHost [host: (np0000005657, np0000005657) ram: 62765MB disk: 74752MB io_ops: 0 instances: 0, allocation_candidates: 1, weight: 0.0]] {{(pid=93451) _get_sorted_hosts /opt/stack/nova/nova/scheduler/manager.py:764}}
Jul 22 21:42:37.292166 np0000005657 nova-scheduler[93451]: DEBUG nova.scheduler.utils [None req-9bd8da7e-ffe5-48b7-8091-742976125f29 tempest-ServerBootFromVolumeStableRescueTest-280836173 tempest-ServerBootFromVolumeStableRescueTest-280836173-project-member] Attempting to claim resources in the placement API for instance 0f2ddd6b-2013-495d-9e95-dc8de7724ca4 {{(pid=93451) claim_resources /opt/stack/nova/nova/scheduler/utils.py:1345}}
Jul 22 21:42:37.442398 np0000005657 nova-scheduler[93451]: DEBUG nova.scheduler.manager [None req-9bd8da7e-ffe5-48b7-8091-742976125f29 tempest-ServerBootFromVolumeStableRescueTest-280836173 tempest-ServerBootFromVolumeStableRescueTest-280836173-project-member] [instance: 0f2ddd6b-2013-495d-9e95-dc8de7724ca4] Selected host: (np0000005657, np0000005657) ram: 62765MB disk: 74752MB io_ops: 0 instances: 0, allocation_candidates: 1 {{(pid=93451) _consume_selected_host /opt/stack/nova/nova/scheduler/manager.py:624}}
Jul 22 21:42:37.442398 np0000005657 nova-scheduler[93451]: DEBUG oslo_concurrency.lockutils [None req-9bd8da7e-ffe5-48b7-8091-742976125f29 tempest-ServerBootFromVolumeStableRescueTest-280836173 tempest-ServerBootFromVolumeStableRescueTest-280836173-project-member] Acquiring lock "np0000005657-np0000005657" by "nova.scheduler.host_manager.HostState.consume_from_request.._locked" {{(pid=93451) inner /opt/stack/data/venv/lib/python3.12/site-packages/oslo_concurrency/lockutils.py:512}}
Jul 22 21:42:37.442769 np0000005657 nova-scheduler[93451]: DEBUG oslo_concurrency.lockutils [None req-9bd8da7e-ffe5-48b7-8091-742976125f29 tempest-ServerBootFromVolumeStableRescueTest-280836173 tempest-ServerBootFromVolumeStableRescueTest-280836173-project-member] Lock "np0000005657-np0000005657" acquired by "nova.scheduler.host_manager.HostState.consume_from_request.._locked" :: waited 0.000s {{(pid=93451) inner /opt/stack/data/venv/lib/python3.12/site-packages/oslo_concurrency/lockutils.py:525}}
Jul 22 21:42:37.442845 np0000005657 nova-scheduler[93451]: DEBUG oslo_concurrency.lockutils [None req-9bd8da7e-ffe5-48b7-8091-742976125f29 tempest-ServerBootFromVolumeStableRescueTest-280836173 tempest-ServerBootFromVolumeStableRescueTest-280836173-project-member] Lock "np0000005657-np0000005657" "released" by "nova.scheduler.host_manager.HostState.consume_from_request.._locked" :: held 0.000s {{(pid=93451) inner /opt/stack/data/venv/lib/python3.12/site-packages/oslo_concurrency/lockutils.py:544}}
Jul 22 21:42:44.454675 np0000005657 nova-scheduler[93447]: DEBUG oslo.service.backend._threading.loopingcall [None req-d35e98cf-1700-4430-a9d9-a608468d98bf None None] Dynamic interval looping call 'nova.service.Service.periodic_tasks' sleeping for 60.00 seconds {{(pid=93447) _run_loop /opt/stack/data/venv/lib/python3.12/site-packages/oslo_service/backend/_threading/loopingcall.py:125}}
Jul 22 21:42:46.281534 np0000005657 nova-scheduler[93449]: DEBUG nova.scheduler.manager [None req-474eb232-f0ed-443f-810f-3939cf525f86 tempest-ServerActionsV293TestJSON-626519921 tempest-ServerActionsV293TestJSON-626519921-project-member] Starting to schedule for instances: ['d219e32d-f67b-4e61-9f8d-b5325edc26d6'] {{(pid=93449) select_destinations /opt/stack/nova/nova/scheduler/manager.py:209}}
Jul 22 21:42:46.282006 np0000005657 nova-scheduler[93449]: DEBUG nova.scheduler.request_filter [None req-474eb232-f0ed-443f-810f-3939cf525f86 tempest-ServerActionsV293TestJSON-626519921 tempest-ServerActionsV293TestJSON-626519921-project-member] compute_status_filter request filter added forbidden trait COMPUTE_STATUS_DISABLED {{(pid=93449) compute_status_filter /opt/stack/nova/nova/scheduler/request_filter.py:253}}
Jul 22 21:42:46.282096 np0000005657 nova-scheduler[93449]: DEBUG nova.scheduler.request_filter [None req-474eb232-f0ed-443f-810f-3939cf525f86 tempest-ServerActionsV293TestJSON-626519921 tempest-ServerActionsV293TestJSON-626519921-project-member] Request filter 'compute_status_filter' took 0.0 seconds {{(pid=93449) wrapper /opt/stack/nova/nova/scheduler/request_filter.py:46}}
Jul 22 21:42:46.282282 np0000005657 nova-scheduler[93449]: DEBUG nova.scheduler.request_filter [None req-474eb232-f0ed-443f-810f-3939cf525f86 tempest-ServerActionsV293TestJSON-626519921 tempest-ServerActionsV293TestJSON-626519921-project-member] Request filter 'accelerators_filter' took 0.0 seconds {{(pid=93449) wrapper /opt/stack/nova/nova/scheduler/request_filter.py:46}}
Jul 22 21:42:46.284365 np0000005657 nova-scheduler[93449]: DEBUG nova.scheduler.request_filter [None req-474eb232-f0ed-443f-810f-3939cf525f86 tempest-ServerActionsV293TestJSON-626519921 tempest-ServerActionsV293TestJSON-626519921-project-member] Request filter 'packed_virtqueue_filter' took 0.0 seconds {{(pid=93449) wrapper /opt/stack/nova/nova/scheduler/request_filter.py:46}}
