Jul 22 21:40:13.631524 np0000005657 nova-conductor[95875]: DEBUG cotyledon.oslo_config_glue [-] oslo_messaging_rabbit.rabbit_quorum_delivery_limit = 0 {{(pid=95875) log_opt_values /opt/stack/data/venv/lib/python3.12/site-packages/oslo_config/cfg.py:3253}}
Jul 22 21:40:13.631524 np0000005657 nova-conductor[95875]: DEBUG cotyledon.oslo_config_glue [-] oslo_messaging_rabbit.rabbit_quorum_max_memory_bytes = 0 {{(pid=95875) log_opt_values /opt/stack/data/venv/lib/python3.12/site-packages/oslo_config/cfg.py:3253}}
Jul 22 21:40:13.631690 np0000005657 nova-conductor[95875]: DEBUG cotyledon.oslo_config_glue [-] oslo_messaging_rabbit.rabbit_quorum_max_memory_length = 0 {{(pid=95875) log_opt_values /opt/stack/data/venv/lib/python3.12/site-packages/oslo_config/cfg.py:3253}}
Jul 22 21:40:13.631690 np0000005657 nova-conductor[95875]: DEBUG cotyledon.oslo_config_glue [-] oslo_messaging_rabbit.rabbit_quorum_queue = False {{(pid=95875) log_opt_values /opt/stack/data/venv/lib/python3.12/site-packages/oslo_config/cfg.py:3253}}
Jul 22 21:40:13.631690 np0000005657 nova-conductor[95875]: DEBUG cotyledon.oslo_config_glue [-] oslo_messaging_rabbit.rabbit_retry_backoff = 2 {{(pid=95875) log_opt_values /opt/stack/data/venv/lib/python3.12/site-packages/oslo_config/cfg.py:3253}}
Jul 22 21:40:13.631762 np0000005657 nova-conductor[95854]: DEBUG oslo_db.sqlalchemy.engines [None req-8d099cf9-0a46-4a4b-b1b7-fd7cc869f405 None None] MySQL server mode set to STRICT_TRANS_TABLES,STRICT_ALL_TABLES,NO_ZERO_IN_DATE,NO_ZERO_DATE,ERROR_FOR_DIVISION_BY_ZERO,TRADITIONAL,NO_ENGINE_SUBSTITUTION {{(pid=95854) _check_effective_sql_mode /opt/stack/data/venv/lib/python3.12/site-packages/oslo_db/sqlalchemy/engines.py:325}}
Jul 22 21:40:13.631802 np0000005657 nova-conductor[95875]: DEBUG cotyledon.oslo_config_glue [-] oslo_messaging_rabbit.rabbit_retry_interval = 1 {{(pid=95875) log_opt_values /opt/stack/data/venv/lib/python3.12/site-packages/oslo_config/cfg.py:3253}}
Jul 22 21:40:13.631802 np0000005657 nova-conductor[95875]: DEBUG cotyledon.oslo_config_glue [-] oslo_messaging_rabbit.rabbit_stream_fanout = False {{(pid=95875) log_opt_values /opt/stack/data/venv/lib/python3.12/site-packages/oslo_config/cfg.py:3253}}
Jul 22 21:40:13.631802 np0000005657 nova-conductor[95875]: DEBUG cotyledon.oslo_config_glue [-] oslo_messaging_rabbit.rabbit_transient_queues_ttl = 1800 {{(pid=95875) log_opt_values /opt/stack/data/venv/lib/python3.12/site-packages/oslo_config/cfg.py:3253}}
Jul 22 21:40:13.631802 np0000005657 nova-conductor[95875]: DEBUG cotyledon.oslo_config_glue [-] oslo_messaging_rabbit.rabbit_transient_quorum_queue = False {{(pid=95875) log_opt_values /opt/stack/data/venv/lib/python3.12/site-packages/oslo_config/cfg.py:3253}}
Jul 22 21:40:13.631802 np0000005657 nova-conductor[95875]: DEBUG cotyledon.oslo_config_glue [-] oslo_messaging_rabbit.rpc_conn_pool_size = 30 {{(pid=95875) log_opt_values /opt/stack/data/venv/lib/python3.12/site-packages/oslo_config/cfg.py:3253}}
Jul 22 21:40:13.631802 np0000005657 nova-conductor[95875]: DEBUG cotyledon.oslo_config_glue [-] oslo_messaging_rabbit.ssl = False {{(pid=95875) log_opt_values /opt/stack/data/venv/lib/python3.12/site-packages/oslo_config/cfg.py:3253}}
Jul 22 21:40:13.631802 np0000005657 nova-conductor[95875]: DEBUG cotyledon.oslo_config_glue [-] oslo_messaging_rabbit.ssl_ca_file = {{(pid=95875) log_opt_values /opt/stack/data/venv/lib/python3.12/site-packages/oslo_config/cfg.py:3253}}
Jul 22 21:40:13.631802 np0000005657 nova-conductor[95875]: DEBUG cotyledon.oslo_config_glue [-] oslo_messaging_rabbit.ssl_cert_file = {{(pid=95875) log_opt_values /opt/stack/data/venv/lib/python3.12/site-packages/oslo_config/cfg.py:3253}}
Jul 22 21:40:13.631802 np0000005657 nova-conductor[95875]: DEBUG cotyledon.oslo_config_glue [-] oslo_messaging_rabbit.ssl_enforce_fips_mode = False {{(pid=95875) log_opt_values /opt/stack/data/venv/lib/python3.12/site-packages/oslo_config/cfg.py:3253}}
Jul 22 21:40:13.631973 np0000005657 nova-conductor[95875]: DEBUG cotyledon.oslo_config_glue [-] oslo_messaging_rabbit.ssl_enforce_hostname_verification = True {{(pid=95875) log_opt_values /opt/stack/data/venv/lib/python3.12/site-packages/oslo_config/cfg.py:3253}}
Jul 22 21:40:13.631973 np0000005657 nova-conductor[95875]: DEBUG cotyledon.oslo_config_glue [-] oslo_messaging_rabbit.ssl_key_file = {{(pid=95875) log_opt_values /opt/stack/data/venv/lib/python3.12/site-packages/oslo_config/cfg.py:3253}}
Jul 22 21:40:13.631973 np0000005657 nova-conductor[95875]: DEBUG cotyledon.oslo_config_glue [-] oslo_messaging_rabbit.ssl_version = {{(pid=95875) log_opt_values /opt/stack/data/venv/lib/python3.12/site-packages/oslo_config/cfg.py:3253}}
Jul 22 21:40:13.631973 np0000005657 nova-conductor[95875]: DEBUG cotyledon.oslo_config_glue [-] oslo_messaging_rabbit.use_queue_manager = False {{(pid=95875) log_opt_values /opt/stack/data/venv/lib/python3.12/site-packages/oslo_config/cfg.py:3253}}
Jul 22 21:40:13.631973 np0000005657 nova-conductor[95875]: DEBUG cotyledon.oslo_config_glue [-] oslo_messaging_notifications.driver = ['messagingv2'] {{(pid=95875) log_opt_values /opt/stack/data/venv/lib/python3.12/site-packages/oslo_config/cfg.py:3253}}
Jul 22 21:40:13.631973 np0000005657 nova-conductor[95875]: DEBUG cotyledon.oslo_config_glue [-] oslo_messaging_notifications.retry = -1 {{(pid=95875) log_opt_values /opt/stack/data/venv/lib/python3.12/site-packages/oslo_config/cfg.py:3253}}
Jul 22 21:40:13.631973 np0000005657 nova-conductor[95875]: DEBUG cotyledon.oslo_config_glue [-] oslo_messaging_notifications.topics = ['notifications'] {{(pid=95875) log_opt_values /opt/stack/data/venv/lib/python3.12/site-packages/oslo_config/cfg.py:3253}}
Jul 22 21:40:13.631973 np0000005657 nova-conductor[95875]: DEBUG cotyledon.oslo_config_glue [-] oslo_messaging_notifications.transport_url = **** {{(pid=95875) log_opt_values /opt/stack/data/venv/lib/python3.12/site-packages/oslo_config/cfg.py:3253}}
Jul 22 21:40:13.631973 np0000005657 nova-conductor[95875]: DEBUG cotyledon.oslo_config_glue [-] oslo_limit.auth_section = None {{(pid=95875) log_opt_values /opt/stack/data/venv/lib/python3.12/site-packages/oslo_config/cfg.py:3253}}
Jul 22 21:40:13.632156 np0000005657 nova-conductor[95875]: DEBUG cotyledon.oslo_config_glue [-] oslo_limit.auth_type = None {{(pid=95875) log_opt_values /opt/stack/data/venv/lib/python3.12/site-packages/oslo_config/cfg.py:3253}}
Jul 22 21:40:13.632156 np0000005657 nova-conductor[95875]: DEBUG cotyledon.oslo_config_glue [-] oslo_limit.cafile = None {{(pid=95875) log_opt_values /opt/stack/data/venv/lib/python3.12/site-packages/oslo_config/cfg.py:3253}}
Jul 22 21:40:13.632156 np0000005657 nova-conductor[95875]: DEBUG cotyledon.oslo_config_glue [-] oslo_limit.certfile = None {{(pid=95875) log_opt_values /opt/stack/data/venv/lib/python3.12/site-packages/oslo_config/cfg.py:3253}}
Jul 22 21:40:13.632156 np0000005657 nova-conductor[95875]: DEBUG cotyledon.oslo_config_glue [-] oslo_limit.collect_timing = False {{(pid=95875) log_opt_values /opt/stack/data/venv/lib/python3.12/site-packages/oslo_config/cfg.py:3253}}
Jul 22 21:40:13.632156 np0000005657 nova-conductor[95875]: DEBUG cotyledon.oslo_config_glue [-] oslo_limit.connect_retries = None {{(pid=95875) log_opt_values /opt/stack/data/venv/lib/python3.12/site-packages/oslo_config/cfg.py:3253}}
Jul 22 21:40:13.632156 np0000005657 nova-conductor[95875]: DEBUG cotyledon.oslo_config_glue [-] oslo_limit.connect_retry_delay = None {{(pid=95875) log_opt_values /opt/stack/data/venv/lib/python3.12/site-packages/oslo_config/cfg.py:3253}}
Jul 22 21:40:13.632156 np0000005657 nova-conductor[95875]: DEBUG cotyledon.oslo_config_glue [-] oslo_limit.endpoint_id = None {{(pid=95875) log_opt_values /opt/stack/data/venv/lib/python3.12/site-packages/oslo_config/cfg.py:3253}}
Jul 22 21:40:13.632156 np0000005657 nova-conductor[95875]: DEBUG cotyledon.oslo_config_glue [-] oslo_limit.endpoint_interface = public {{(pid=95875) log_opt_values /opt/stack/data/venv/lib/python3.12/site-packages/oslo_config/cfg.py:3253}}
Jul 22 21:40:13.632156 np0000005657 nova-conductor[95875]: DEBUG cotyledon.oslo_config_glue [-] oslo_limit.endpoint_override = None {{(pid=95875) log_opt_values /opt/stack/data/venv/lib/python3.12/site-packages/oslo_config/cfg.py:3253}}
Jul 22 21:40:13.632348 np0000005657 nova-conductor[95875]: DEBUG cotyledon.oslo_config_glue [-] oslo_limit.endpoint_region_name = None {{(pid=95875) log_opt_values /opt/stack/data/venv/lib/python3.12/site-packages/oslo_config/cfg.py:3253}}
Jul 22 21:40:13.632348 np0000005657 nova-conductor[95875]: DEBUG cotyledon.oslo_config_glue [-] oslo_limit.endpoint_service_name = None {{(pid=95875) log_opt_values /opt/stack/data/venv/lib/python3.12/site-packages/oslo_config/cfg.py:3253}}
Jul 22 21:40:13.632348 np0000005657 nova-conductor[95875]: DEBUG cotyledon.oslo_config_glue [-] oslo_limit.endpoint_service_type = None {{(pid=95875) log_opt_values /opt/stack/data/venv/lib/python3.12/site-packages/oslo_config/cfg.py:3253}}
Jul 22 21:40:13.632348 np0000005657 nova-conductor[95875]: DEBUG cotyledon.oslo_config_glue [-] oslo_limit.insecure = False {{(pid=95875) log_opt_values /opt/stack/data/venv/lib/python3.12/site-packages/oslo_config/cfg.py:3253}}
Jul 22 21:40:13.632348 np0000005657 nova-conductor[95875]: DEBUG cotyledon.oslo_config_glue [-] oslo_limit.keyfile = None {{(pid=95875) log_opt_values /opt/stack/data/venv/lib/python3.12/site-packages/oslo_config/cfg.py:3253}}
Jul 22 21:40:13.632484 np0000005657 nova-conductor[95861]: INFO dbcounter [None req-12a24f36-de5d-4992-8c71-6660808fb1f6 None None] Registered counter for database nova_cell0
Jul 22 21:40:13.632511 np0000005657 nova-conductor[95875]: DEBUG cotyledon.oslo_config_glue [-] oslo_limit.max_version = None {{(pid=95875) log_opt_values /opt/stack/data/venv/lib/python3.12/site-packages/oslo_config/cfg.py:3253}}
Jul 22 21:40:13.632511 np0000005657 nova-conductor[95875]: DEBUG cotyledon.oslo_config_glue [-] oslo_limit.min_version = None {{(pid=95875) log_opt_values /opt/stack/data/venv/lib/python3.12/site-packages/oslo_config/cfg.py:3253}}
Jul 22 21:40:13.632511 np0000005657 nova-conductor[95875]: DEBUG cotyledon.oslo_config_glue [-] oslo_limit.region_name = None {{(pid=95875) log_opt_values /opt/stack/data/venv/lib/python3.12/site-packages/oslo_config/cfg.py:3253}}
Jul 22 21:40:13.632511 np0000005657 nova-conductor[95875]: DEBUG cotyledon.oslo_config_glue [-] oslo_limit.retriable_status_codes = None {{(pid=95875) log_opt_values /opt/stack/data/venv/lib/python3.12/site-packages/oslo_config/cfg.py:3253}}
Jul 22 21:40:13.632511 np0000005657 nova-conductor[95875]: DEBUG cotyledon.oslo_config_glue [-] oslo_limit.service_name = None {{(pid=95875) log_opt_values /opt/stack/data/venv/lib/python3.12/site-packages/oslo_config/cfg.py:3253}}
Jul 22 21:40:13.632511 np0000005657 nova-conductor[95875]: DEBUG cotyledon.oslo_config_glue [-] oslo_limit.service_type = None {{(pid=95875) log_opt_values /opt/stack/data/venv/lib/python3.12/site-packages/oslo_config/cfg.py:3253}}
Jul 22 21:40:13.632511 np0000005657 nova-conductor[95875]: DEBUG cotyledon.oslo_config_glue [-] oslo_limit.split_loggers = False {{(pid=95875) log_opt_values /opt/stack/data/venv/lib/python3.12/site-packages/oslo_config/cfg.py:3253}}
Jul 22 21:40:13.632511 np0000005657 nova-conductor[95875]: DEBUG cotyledon.oslo_config_glue [-] oslo_limit.status_code_retries = None {{(pid=95875) log_opt_values /opt/stack/data/venv/lib/python3.12/site-packages/oslo_config/cfg.py:3253}}
Jul 22 21:40:13.632511 np0000005657 nova-conductor[95875]: DEBUG cotyledon.oslo_config_glue [-] oslo_limit.status_code_retry_delay = None {{(pid=95875) log_opt_values /opt/stack/data/venv/lib/python3.12/site-packages/oslo_config/cfg.py:3253}}
Jul 22 21:40:13.632683 np0000005657 nova-conductor[95875]: DEBUG cotyledon.oslo_config_glue [-] oslo_limit.timeout = None {{(pid=95875) log_opt_values /opt/stack/data/venv/lib/python3.12/site-packages/oslo_config/cfg.py:3253}}
Jul 22 21:40:13.632683 np0000005657 nova-conductor[95875]: DEBUG cotyledon.oslo_config_glue [-] oslo_limit.valid_interfaces = None {{(pid=95875) log_opt_values /opt/stack/data/venv/lib/python3.12/site-packages/oslo_config/cfg.py:3253}}
Jul 22 21:40:13.632683 np0000005657 nova-conductor[95875]: DEBUG cotyledon.oslo_config_glue [-] oslo_limit.version = None {{(pid=95875) log_opt_values /opt/stack/data/venv/lib/python3.12/site-packages/oslo_config/cfg.py:3253}}
Jul 22 21:40:13.632683 np0000005657 nova-conductor[95875]: DEBUG cotyledon.oslo_config_glue [-] oslo_reports.file_event_handler = None {{(pid=95875) log_opt_values /opt/stack/data/venv/lib/python3.12/site-packages/oslo_config/cfg.py:3253}}
Jul 22 21:40:13.632683 np0000005657 nova-conductor[95875]: DEBUG cotyledon.oslo_config_glue [-] oslo_reports.file_event_handler_interval = 1 {{(pid=95875) log_opt_values /opt/stack/data/venv/lib/python3.12/site-packages/oslo_config/cfg.py:3253}}
Jul 22 21:40:13.632683 np0000005657 nova-conductor[95875]: DEBUG cotyledon.oslo_config_glue [-] oslo_reports.log_dir = None {{(pid=95875) log_opt_values /opt/stack/data/venv/lib/python3.12/site-packages/oslo_config/cfg.py:3253}}
Jul 22 21:40:13.632683 np0000005657 nova-conductor[95875]: DEBUG cotyledon.oslo_config_glue [-] ******************************************************************************** {{(pid=95875) log_opt_values /opt/stack/data/venv/lib/python3.12/site-packages/oslo_config/cfg.py:3260}}
Jul 22 21:40:13.632683 np0000005657 nova-conductor[95875]: DEBUG cotyledon._service_worker [-] Run service ServiceWrapper(2) [95875] {{(pid=95875) wait_forever /opt/stack/data/venv/lib/python3.12/site-packages/cotyledon/_service_worker.py:218}}
Jul 22 21:40:13.632683 np0000005657 nova-conductor[95875]: INFO nova.service [-] Starting conductor node (version 33.1.0)
Jul 22 21:40:13.632683 np0000005657 nova-conductor[95875]: INFO dbcounter [None req-85025d5b-23e5-4bdf-810e-df844bbf4128 None None] Registered counter for database nova_cell0
Jul 22 21:40:13.632902 np0000005657 nova-conductor[95854]: DEBUG dbcounter [-] [95854] Writer thread running {{(pid=95854) stat_writer /opt/stack/data/venv/lib/python3.12/site-packages/dbcounter.py:102}}
Jul 22 21:40:13.642609 np0000005657 nova-conductor[95854]: DEBUG nova.service [None req-8d099cf9-0a46-4a4b-b1b7-fd7cc869f405 None None] Creating RPC server for service: nova-conductor on topic: conductor {{(pid=95854) start /opt/stack/nova/nova/service.py:196}}
Jul 22 21:40:13.650614 np0000005657 nova-conductor[95861]: DEBUG oslo_db.sqlalchemy.engines [None req-12a24f36-de5d-4992-8c71-6660808fb1f6 None None] MySQL server mode set to STRICT_TRANS_TABLES,STRICT_ALL_TABLES,NO_ZERO_IN_DATE,NO_ZERO_DATE,ERROR_FOR_DIVISION_BY_ZERO,TRADITIONAL,NO_ENGINE_SUBSTITUTION {{(pid=95861) _check_effective_sql_mode /opt/stack/data/venv/lib/python3.12/site-packages/oslo_db/sqlalchemy/engines.py:325}}
Jul 22 21:40:13.660290 np0000005657 nova-conductor[95861]: DEBUG dbcounter [-] [95861] Writer thread running {{(pid=95861) stat_writer /opt/stack/data/venv/lib/python3.12/site-packages/dbcounter.py:102}}
Jul 22 21:40:13.661219 np0000005657 nova-conductor[95875]: DEBUG oslo_db.sqlalchemy.engines [None req-85025d5b-23e5-4bdf-810e-df844bbf4128 None None] MySQL server mode set to STRICT_TRANS_TABLES,STRICT_ALL_TABLES,NO_ZERO_IN_DATE,NO_ZERO_DATE,ERROR_FOR_DIVISION_BY_ZERO,TRADITIONAL,NO_ENGINE_SUBSTITUTION {{(pid=95875) _check_effective_sql_mode /opt/stack/data/venv/lib/python3.12/site-packages/oslo_db/sqlalchemy/engines.py:325}}
Jul 22 21:40:13.663195 np0000005657 nova-conductor[95861]: DEBUG nova.service [None req-12a24f36-de5d-4992-8c71-6660808fb1f6 None None] Creating RPC server for service: nova-conductor on topic: conductor {{(pid=95861) start /opt/stack/nova/nova/service.py:196}}
Jul 22 21:40:13.665492 np0000005657 nova-conductor[95854]: DEBUG nova.service [None req-8d099cf9-0a46-4a4b-b1b7-fd7cc869f405 None None] Join ServiceGroup membership for this service conductor {{(pid=95854) start /opt/stack/nova/nova/service.py:222}}
Jul 22 21:40:13.665665 np0000005657 nova-conductor[95854]: DEBUG nova.servicegroup.drivers.db [None req-8d099cf9-0a46-4a4b-b1b7-fd7cc869f405 None None] DB_Driver: join new ServiceGroup member np0000005657 to the conductor group, service = {{(pid=95854) join /opt/stack/nova/nova/servicegroup/drivers/db.py:44}}
Jul 22 21:40:13.669866 np0000005657 nova-conductor[95875]: DEBUG dbcounter [-] [95875] Writer thread running {{(pid=95875) stat_writer /opt/stack/data/venv/lib/python3.12/site-packages/dbcounter.py:102}}
Jul 22 21:40:13.672431 np0000005657 nova-conductor[95875]: DEBUG nova.service [None req-85025d5b-23e5-4bdf-810e-df844bbf4128 None None] Creating RPC server for service: nova-conductor on topic: conductor {{(pid=95875) start /opt/stack/nova/nova/service.py:196}}
Jul 22 21:40:13.682339 np0000005657 nova-conductor[95861]: DEBUG nova.service [None req-12a24f36-de5d-4992-8c71-6660808fb1f6 None None] Join ServiceGroup membership for this service conductor {{(pid=95861) start /opt/stack/nova/nova/service.py:222}}
Jul 22 21:40:13.683240 np0000005657 nova-conductor[95861]: DEBUG nova.servicegroup.drivers.db [None req-12a24f36-de5d-4992-8c71-6660808fb1f6 None None] DB_Driver: join new ServiceGroup member np0000005657 to the conductor group, service = {{(pid=95861) join /opt/stack/nova/nova/servicegroup/drivers/db.py:44}}
Jul 22 21:40:13.691811 np0000005657 nova-conductor[95875]: DEBUG nova.service [None req-85025d5b-23e5-4bdf-810e-df844bbf4128 None None] Join ServiceGroup membership for this service conductor {{(pid=95875) start /opt/stack/nova/nova/service.py:222}}
Jul 22 21:40:13.691811 np0000005657 nova-conductor[95875]: DEBUG nova.servicegroup.drivers.db [None req-85025d5b-23e5-4bdf-810e-df844bbf4128 None None] DB_Driver: join new ServiceGroup member np0000005657 to the conductor group, service = {{(pid=95875) join /opt/stack/nova/nova/servicegroup/drivers/db.py:44}}
Jul 22 21:40:18.677054 np0000005657 nova-conductor[95854]: DEBUG oslo.service.backend._threading.loopingcall [-] Fixed interval looping call 'nova.servicegroup.drivers.db.DbDriver._report_state' sleeping for 119.99 seconds {{(pid=95854) _run_loop /opt/stack/data/venv/lib/python3.12/site-packages/oslo_service/backend/_threading/loopingcall.py:125}}
Jul 22 21:40:18.692551 np0000005657 nova-conductor[95861]: DEBUG oslo.service.backend._threading.loopingcall [-] Fixed interval looping call 'nova.servicegroup.drivers.db.DbDriver._report_state' sleeping for 119.99 seconds {{(pid=95861) _run_loop /opt/stack/data/venv/lib/python3.12/site-packages/oslo_service/backend/_threading/loopingcall.py:125}}
Jul 22 21:40:18.702291 np0000005657 nova-conductor[95875]: DEBUG oslo.service.backend._threading.loopingcall [-] Fixed interval looping call 'nova.servicegroup.drivers.db.DbDriver._report_state' sleeping for 119.99 seconds {{(pid=95875) _run_loop /opt/stack/data/venv/lib/python3.12/site-packages/oslo_service/backend/_threading/loopingcall.py:125}}
Jul 22 21:40:22.288425 np0000005657 nova-conductor[94377]: DEBUG dbcounter [-] [94377] Writing DB stats nova_api:SELECT=1 {{(pid=94377) stat_writer /opt/stack/data/venv/lib/python3.12/site-packages/dbcounter.py:115}}
Jul 22 21:40:22.413870 np0000005657 nova-conductor[94377]: DEBUG dbcounter [-] [94377] Writing DB stats nova_cell0:SELECT=1 {{(pid=94377) stat_writer /opt/stack/data/venv/lib/python3.12/site-packages/dbcounter.py:115}}
Jul 22 21:40:22.414447 np0000005657 nova-conductor[94377]: DEBUG dbcounter [-] [94377] Writing DB stats nova_cell1:SELECT=1 {{(pid=94377) stat_writer /opt/stack/data/venv/lib/python3.12/site-packages/dbcounter.py:115}}
Jul 22 21:40:25.694151 np0000005657 nova-conductor[95875]: DEBUG oslo.service.backend._threading.loopingcall [None req-1d5aa794-0864-432b-a435-8a540e8b048e None None] Dynamic interval looping call 'nova.service.Service.periodic_tasks' sleeping for 60.00 seconds {{(pid=95875) _run_loop /opt/stack/data/venv/lib/python3.12/site-packages/oslo_service/backend/_threading/loopingcall.py:125}}
Jul 22 21:40:28.676004 np0000005657 nova-conductor[95854]: DEBUG dbcounter [-] [95854] Writing DB stats nova_cell0:SELECT=4,nova_cell0:INSERT=1,nova_cell0:UPDATE=1 {{(pid=95854) stat_writer /opt/stack/data/venv/lib/python3.12/site-packages/dbcounter.py:115}}
Jul 22 21:40:28.690021 np0000005657 nova-conductor[95861]: DEBUG dbcounter [-] [95861] Writing DB stats nova_cell0:SELECT=3 {{(pid=95861) stat_writer /opt/stack/data/venv/lib/python3.12/site-packages/dbcounter.py:115}}
Jul 22 21:40:28.700894 np0000005657 nova-conductor[95875]: DEBUG dbcounter [-] [95875] Writing DB stats nova_cell0:SELECT=3 {{(pid=95875) stat_writer /opt/stack/data/venv/lib/python3.12/site-packages/dbcounter.py:115}}
Jul 22 21:40:48.684913 np0000005657 nova-conductor[95861]: DEBUG oslo.service.backend._threading.loopingcall [None req-739d5885-9403-4da3-8e59-000ffb1b33aa None None] Dynamic interval looping call 'nova.service.Service.periodic_tasks' sleeping for 60.00 seconds {{(pid=95861) _run_loop /opt/stack/data/venv/lib/python3.12/site-packages/oslo_service/backend/_threading/loopingcall.py:125}}
Jul 22 21:41:07.667578 np0000005657 nova-conductor[95854]: DEBUG oslo.service.backend._threading.loopingcall [None req-0c75feb8-8a11-4989-bdef-7e64fac3e306 None None] Dynamic interval looping call 'nova.service.Service.periodic_tasks' sleeping for 60.00 seconds {{(pid=95854) _run_loop /opt/stack/data/venv/lib/python3.12/site-packages/oslo_service/backend/_threading/loopingcall.py:125}}
Jul 22 21:41:25.694632 np0000005657 nova-conductor[95875]: DEBUG oslo.service.backend._threading.loopingcall [None req-1d5aa794-0864-432b-a435-8a540e8b048e None None] Dynamic interval looping call 'nova.service.Service.periodic_tasks' sleeping for 60.00 seconds {{(pid=95875) _run_loop /opt/stack/data/venv/lib/python3.12/site-packages/oslo_service/backend/_threading/loopingcall.py:125}}
Jul 22 21:41:48.685503 np0000005657 nova-conductor[95861]: DEBUG oslo.service.backend._threading.loopingcall [None req-739d5885-9403-4da3-8e59-000ffb1b33aa None None] Dynamic interval looping call 'nova.service.Service.periodic_tasks' sleeping for 60.00 seconds {{(pid=95861) _run_loop /opt/stack/data/venv/lib/python3.12/site-packages/oslo_service/backend/_threading/loopingcall.py:125}}
Jul 22 21:42:07.668038 np0000005657 nova-conductor[95854]: DEBUG oslo.service.backend._threading.loopingcall [None req-0c75feb8-8a11-4989-bdef-7e64fac3e306 None None] Dynamic interval looping call 'nova.service.Service.periodic_tasks' sleeping for 60.00 seconds {{(pid=95854) _run_loop /opt/stack/data/venv/lib/python3.12/site-packages/oslo_service/backend/_threading/loopingcall.py:125}}
Jul 22 21:42:18.672949 np0000005657 nova-conductor[95854]: DEBUG oslo.service.backend._threading.loopingcall [-] Fixed interval looping call 'nova.servicegroup.drivers.db.DbDriver._report_state' sleeping for 119.99 seconds {{(pid=95854) _run_loop /opt/stack/data/venv/lib/python3.12/site-packages/oslo_service/backend/_threading/loopingcall.py:125}}
Jul 22 21:42:18.686122 np0000005657 nova-conductor[95861]: DEBUG oslo.service.backend._threading.loopingcall [-] Fixed interval looping call 'nova.servicegroup.drivers.db.DbDriver._report_state' sleeping for 120.00 seconds {{(pid=95861) _run_loop /opt/stack/data/venv/lib/python3.12/site-packages/oslo_service/backend/_threading/loopingcall.py:125}}
Jul 22 21:42:18.695253 np0000005657 nova-conductor[95875]: DEBUG oslo.service.backend._threading.loopingcall [-] Fixed interval looping call 'nova.servicegroup.drivers.db.DbDriver._report_state' sleeping for 120.00 seconds {{(pid=95875) _run_loop /opt/stack/data/venv/lib/python3.12/site-packages/oslo_service/backend/_threading/loopingcall.py:125}}
Jul 22 21:42:25.695160 np0000005657 nova-conductor[95875]: DEBUG oslo.service.backend._threading.loopingcall [None req-1d5aa794-0864-432b-a435-8a540e8b048e None None] Dynamic interval looping call 'nova.service.Service.periodic_tasks' sleeping for 60.00 seconds {{(pid=95875) _run_loop /opt/stack/data/venv/lib/python3.12/site-packages/oslo_service/backend/_threading/loopingcall.py:125}}
Jul 22 21:42:28.671604 np0000005657 nova-conductor[95854]: DEBUG dbcounter [-] [95854] Writing DB stats nova_cell0:SELECT=1,nova_cell0:UPDATE=1 {{(pid=95854) stat_writer /opt/stack/data/venv/lib/python3.12/site-packages/dbcounter.py:115}}
Jul 22 21:42:28.684588 np0000005657 nova-conductor[95861]: DEBUG dbcounter [-] [95861] Writing DB stats nova_cell0:SELECT=1 {{(pid=95861) stat_writer /opt/stack/data/venv/lib/python3.12/site-packages/dbcounter.py:115}}
Jul 22 21:42:28.694219 np0000005657 nova-conductor[95875]: DEBUG dbcounter [-] [95875] Writing DB stats nova_cell0:SELECT=1 {{(pid=95875) stat_writer /opt/stack/data/venv/lib/python3.12/site-packages/dbcounter.py:115}}
Jul 22 21:42:36.366964 np0000005657 nova-conductor[95854]: DEBUG oslo_db.sqlalchemy.engines [None req-9bd8da7e-ffe5-48b7-8091-742976125f29 tempest-ServerBootFromVolumeStableRescueTest-280836173 tempest-ServerBootFromVolumeStableRescueTest-280836173-project-member] Parent process 94377 forked (95854) with an open database connection, which is being discarded and recreated. {{(pid=95854) checkout /opt/stack/data/venv/lib/python3.12/site-packages/oslo_db/sqlalchemy/engines.py:402}}
Jul 22 21:42:36.419553 np0000005657 nova-conductor[95854]: DEBUG dbcounter [-] [95854] Writer thread running {{(pid=95854) stat_writer /opt/stack/data/venv/lib/python3.12/site-packages/dbcounter.py:102}}
Jul 22 21:42:37.458565 np0000005657 nova-conductor[95854]: DEBUG nova.conductor.manager [None req-9bd8da7e-ffe5-48b7-8091-742976125f29 tempest-ServerBootFromVolumeStableRescueTest-280836173 tempest-ServerBootFromVolumeStableRescueTest-280836173-project-member] Took 1.04 seconds to select destinations for 1 instance(s). {{(pid=95854) _schedule_instances /opt/stack/nova/nova/conductor/manager.py:968}}
Jul 22 21:42:37.490522 np0000005657 nova-conductor[95854]: DEBUG oslo_concurrency.lockutils [None req-9bd8da7e-ffe5-48b7-8091-742976125f29 tempest-ServerBootFromVolumeStableRescueTest-280836173 tempest-ServerBootFromVolumeStableRescueTest-280836173-project-member] Acquiring lock "59790fc9-9ac5-4409-b132-8571353b223c" by "nova.context.set_target_cell..get_or_set_cached_cell_and_set_connections" {{(pid=95854) inner /opt/stack/data/venv/lib/python3.12/site-packages/oslo_concurrency/lockutils.py:512}}
Jul 22 21:42:37.490783 np0000005657 nova-conductor[95854]: DEBUG oslo_concurrency.lockutils [None req-9bd8da7e-ffe5-48b7-8091-742976125f29 tempest-ServerBootFromVolumeStableRescueTest-280836173 tempest-ServerBootFromVolumeStableRescueTest-280836173-project-member] Lock "59790fc9-9ac5-4409-b132-8571353b223c" acquired by "nova.context.set_target_cell..get_or_set_cached_cell_and_set_connections" :: waited 0.000s {{(pid=95854) inner /opt/stack/data/venv/lib/python3.12/site-packages/oslo_concurrency/lockutils.py:525}}
Jul 22 21:42:37.492602 np0000005657 nova-conductor[95854]: DEBUG oslo_concurrency.lockutils [None req-9bd8da7e-ffe5-48b7-8091-742976125f29 tempest-ServerBootFromVolumeStableRescueTest-280836173 tempest-ServerBootFromVolumeStableRescueTest-280836173-project-member] Lock "59790fc9-9ac5-4409-b132-8571353b223c" "released" by "nova.context.set_target_cell..get_or_set_cached_cell_and_set_connections" :: held 0.002s {{(pid=95854) inner /opt/stack/data/venv/lib/python3.12/site-packages/oslo_concurrency/lockutils.py:544}}
Jul 22 21:42:37.494417 np0000005657 nova-conductor[95854]: INFO dbcounter [None req-9bd8da7e-ffe5-48b7-8091-742976125f29 tempest-ServerBootFromVolumeStableRescueTest-280836173 tempest-ServerBootFromVolumeStableRescueTest-280836173-project-member] Registered counter for database nova_cell1
Jul 22 21:42:37.535495 np0000005657 nova-conductor[95854]: DEBUG oslo_db.sqlalchemy.engines [None req-9bd8da7e-ffe5-48b7-8091-742976125f29 tempest-ServerBootFromVolumeStableRescueTest-280836173 tempest-ServerBootFromVolumeStableRescueTest-280836173-project-member] MySQL server mode set to STRICT_TRANS_TABLES,STRICT_ALL_TABLES,NO_ZERO_IN_DATE,NO_ZERO_DATE,ERROR_FOR_DIVISION_BY_ZERO,TRADITIONAL,NO_ENGINE_SUBSTITUTION {{(pid=95854) _check_effective_sql_mode /opt/stack/data/venv/lib/python3.12/site-packages/oslo_db/sqlalchemy/engines.py:325}}
Jul 22 21:42:37.541715 np0000005657 nova-conductor[95854]: DEBUG dbcounter [-] [95854] Writer thread running {{(pid=95854) stat_writer /opt/stack/data/venv/lib/python3.12/site-packages/dbcounter.py:102}}
Jul 22 21:42:37.604443 np0000005657 nova-conductor[95854]: INFO nova.utils [None req-9bd8da7e-ffe5-48b7-8091-742976125f29 tempest-ServerBootFromVolumeStableRescueTest-280836173 tempest-ServerBootFromVolumeStableRescueTest-280836173-project-member] The cell worker thread pool ForkProcess-1.cell_worker is initialized
Jul 22 21:42:37.604715 np0000005657 nova-conductor[95854]: DEBUG oslo_concurrency.lockutils [None req-9bd8da7e-ffe5-48b7-8091-742976125f29 tempest-ServerBootFromVolumeStableRescueTest-280836173 tempest-ServerBootFromVolumeStableRescueTest-280836173-project-member] Acquiring lock "00000000-0000-0000-0000-000000000000" by "nova.context.set_target_cell..get_or_set_cached_cell_and_set_connections" {{(pid=95854) inner /opt/stack/data/venv/lib/python3.12/site-packages/oslo_concurrency/lockutils.py:512}}
Jul 22 21:42:37.604908 np0000005657 nova-conductor[95854]: DEBUG oslo_concurrency.lockutils [None req-9bd8da7e-ffe5-48b7-8091-742976125f29 tempest-ServerBootFromVolumeStableRescueTest-280836173 tempest-ServerBootFromVolumeStableRescueTest-280836173-project-member] Lock "00000000-0000-0000-0000-000000000000" acquired by "nova.context.set_target_cell..get_or_set_cached_cell_and_set_connections" :: waited 0.000s {{(pid=95854) inner /opt/stack/data/venv/lib/python3.12/site-packages/oslo_concurrency/lockutils.py:525}}
Jul 22 21:42:37.605346 np0000005657 nova-conductor[95854]: DEBUG oslo_concurrency.lockutils [None req-9bd8da7e-ffe5-48b7-8091-742976125f29 tempest-ServerBootFromVolumeStableRescueTest-280836173 tempest-ServerBootFromVolumeStableRescueTest-280836173-project-member] Lock "00000000-0000-0000-0000-000000000000" "released" by "nova.context.set_target_cell..get_or_set_cached_cell_and_set_connections" :: held 0.000s {{(pid=95854) inner /opt/stack/data/venv/lib/python3.12/site-packages/oslo_concurrency/lockutils.py:544}}
Jul 22 21:42:37.606010 np0000005657 nova-conductor[95854]: DEBUG oslo_concurrency.lockutils [None req-9bd8da7e-ffe5-48b7-8091-742976125f29 tempest-ServerBootFromVolumeStableRescueTest-280836173 tempest-ServerBootFromVolumeStableRescueTest-280836173-project-member] Acquiring lock "59790fc9-9ac5-4409-b132-8571353b223c" by "nova.context.set_target_cell..get_or_set_cached_cell_and_set_connections" {{(pid=95854) inner /opt/stack/data/venv/lib/python3.12/site-packages/oslo_concurrency/lockutils.py:512}}
Jul 22 21:42:37.606161 np0000005657 nova-conductor[95854]: DEBUG oslo_concurrency.lockutils [None req-9bd8da7e-ffe5-48b7-8091-742976125f29 tempest-ServerBootFromVolumeStableRescueTest-280836173 tempest-ServerBootFromVolumeStableRescueTest-280836173-project-member] Lock "59790fc9-9ac5-4409-b132-8571353b223c" acquired by "nova.context.set_target_cell..get_or_set_cached_cell_and_set_connections" :: waited 0.000s {{(pid=95854) inner /opt/stack/data/venv/lib/python3.12/site-packages/oslo_concurrency/lockutils.py:525}}
Jul 22 21:42:37.607930 np0000005657 nova-conductor[95854]: INFO dbcounter [None req-9bd8da7e-ffe5-48b7-8091-742976125f29 tempest-ServerBootFromVolumeStableRescueTest-280836173 tempest-ServerBootFromVolumeStableRescueTest-280836173-project-member] Registered counter for database nova_cell0
Jul 22 21:42:37.609561 np0000005657 nova-conductor[95854]: DEBUG oslo_concurrency.lockutils [None req-9bd8da7e-ffe5-48b7-8091-742976125f29 tempest-ServerBootFromVolumeStableRescueTest-280836173 tempest-ServerBootFromVolumeStableRescueTest-280836173-project-member] Lock "59790fc9-9ac5-4409-b132-8571353b223c" "released" by "nova.context.set_target_cell..get_or_set_cached_cell_and_set_connections" :: held 0.002s {{(pid=95854) inner /opt/stack/data/venv/lib/python3.12/site-packages/oslo_concurrency/lockutils.py:544}}
Jul 22 21:42:37.654267 np0000005657 nova-conductor[95854]: DEBUG oslo_db.sqlalchemy.engines [None req-9bd8da7e-ffe5-48b7-8091-742976125f29 tempest-ServerBootFromVolumeStableRescueTest-280836173 tempest-ServerBootFromVolumeStableRescueTest-280836173-project-member] MySQL server mode set to STRICT_TRANS_TABLES,STRICT_ALL_TABLES,NO_ZERO_IN_DATE,NO_ZERO_DATE,ERROR_FOR_DIVISION_BY_ZERO,TRADITIONAL,NO_ENGINE_SUBSTITUTION {{(pid=95854) _check_effective_sql_mode /opt/stack/data/venv/lib/python3.12/site-packages/oslo_db/sqlalchemy/engines.py:325}}
Jul 22 21:42:37.661122 np0000005657 nova-conductor[95854]: DEBUG dbcounter [-] [95854] Writer thread running {{(pid=95854) stat_writer /opt/stack/data/venv/lib/python3.12/site-packages/dbcounter.py:102}}
Jul 22 21:42:37.671154 np0000005657 nova-conductor[95854]: DEBUG nova.quota [None req-9bd8da7e-ffe5-48b7-8091-742976125f29 tempest-ServerBootFromVolumeStableRescueTest-280836173 tempest-ServerBootFromVolumeStableRescueTest-280836173-project-member] Getting quotas for project 10b84b5aed00496baeab3f4cf043532c. Resources: {'instances', 'ram', 'cores'} {{(pid=95854) _get_quotas /opt/stack/nova/nova/quota.py:389}}
Jul 22 21:42:37.677049 np0000005657 nova-conductor[95854]: DEBUG nova.quota [None req-9bd8da7e-ffe5-48b7-8091-742976125f29 tempest-ServerBootFromVolumeStableRescueTest-280836173 tempest-ServerBootFromVolumeStableRescueTest-280836173-project-member] Getting quotas for user 8ddafca7653b496da8f57d4d312d2155 and project 10b84b5aed00496baeab3f4cf043532c. Resources: {'instances', 'ram', 'cores'} {{(pid=95854) _get_quotas /opt/stack/nova/nova/quota.py:379}}
Jul 22 21:42:37.686800 np0000005657 nova-conductor[95854]: DEBUG nova.conductor.manager [None req-9bd8da7e-ffe5-48b7-8091-742976125f29 tempest-ServerBootFromVolumeStableRescueTest-280836173 tempest-ServerBootFromVolumeStableRescueTest-280836173-project-member] [instance: 0f2ddd6b-2013-495d-9e95-dc8de7724ca4] Selected host: np0000005657; Selected node: np0000005657; Alternates: [] {{(pid=95854) schedule_and_build_instances /opt/stack/nova/nova/conductor/manager.py:1784}}
Jul 22 21:42:37.687455 np0000005657 nova-conductor[95854]: DEBUG oslo_concurrency.lockutils [None req-9bd8da7e-ffe5-48b7-8091-742976125f29 tempest-ServerBootFromVolumeStableRescueTest-280836173 tempest-ServerBootFromVolumeStableRescueTest-280836173-project-member] Acquiring lock "59790fc9-9ac5-4409-b132-8571353b223c" by "nova.context.set_target_cell..get_or_set_cached_cell_and_set_connections" {{(pid=95854) inner /opt/stack/data/venv/lib/python3.12/site-packages/oslo_concurrency/lockutils.py:512}}
Jul 22 21:42:37.687816 np0000005657 nova-conductor[95854]: DEBUG oslo_concurrency.lockutils [None req-9bd8da7e-ffe5-48b7-8091-742976125f29 tempest-ServerBootFromVolumeStableRescueTest-280836173 tempest-ServerBootFromVolumeStableRescueTest-280836173-project-member] Lock "59790fc9-9ac5-4409-b132-8571353b223c" acquired by "nova.context.set_target_cell..get_or_set_cached_cell_and_set_connections" :: waited 0.000s {{(pid=95854) inner /opt/stack/data/venv/lib/python3.12/site-packages/oslo_concurrency/lockutils.py:525}}
Jul 22 21:42:37.688087 np0000005657 nova-conductor[95854]: DEBUG oslo_concurrency.lockutils [None req-9bd8da7e-ffe5-48b7-8091-742976125f29 tempest-ServerBootFromVolumeStableRescueTest-280836173 tempest-ServerBootFromVolumeStableRescueTest-280836173-project-member] Lock "59790fc9-9ac5-4409-b132-8571353b223c" "released" by "nova.context.set_target_cell..get_or_set_cached_cell_and_set_connections" :: held 0.000s {{(pid=95854) inner /opt/stack/data/venv/lib/python3.12/site-packages/oslo_concurrency/lockutils.py:544}}
Jul 22 21:42:37.701850 np0000005657 nova-conductor[95854]: DEBUG nova.conductor.manager [None req-9bd8da7e-ffe5-48b7-8091-742976125f29 tempest-ServerBootFromVolumeStableRescueTest-280836173 tempest-ServerBootFromVolumeStableRescueTest-280836173-project-member] [instance: 0f2ddd6b-2013-495d-9e95-dc8de7724ca4] block_device_mapping [BlockDeviceMapping(attachment_id=,boot_index=0,connection_info=None,created_at=,delete_on_termination=True,deleted=,deleted_at=,destination_type='local',device_name=None,device_type='disk',disk_bus=None,encrypted=False,encryption_format=None,encryption_options=None,encryption_secret_uuid=None,guest_format=None,id=,image_id='ed9d56a7-3026-4c11-bf78-da75a59f0823',instance=,instance_uuid=,no_device=False,snapshot_id=None,source_type='image',tag=None,updated_at=,uuid=,volume_id=None,volume_size=None,volume_type=None)] {{(pid=95854) _create_block_device_mapping /opt/stack/nova/nova/conductor/manager.py:1529}}
Jul 22 21:42:37.703275 np0000005657 nova-conductor[95854]: DEBUG oslo_concurrency.lockutils [None req-9bd8da7e-ffe5-48b7-8091-742976125f29 tempest-ServerBootFromVolumeStableRescueTest-280836173 tempest-ServerBootFromVolumeStableRescueTest-280836173-project-member] Acquiring lock "59790fc9-9ac5-4409-b132-8571353b223c" by "nova.context.set_target_cell..get_or_set_cached_cell_and_set_connections" {{(pid=95854) inner /opt/stack/data/venv/lib/python3.12/site-packages/oslo_concurrency/lockutils.py:512}}
Jul 22 21:42:37.703551 np0000005657 nova-conductor[95854]: DEBUG oslo_concurrency.lockutils [None req-9bd8da7e-ffe5-48b7-8091-742976125f29 tempest-ServerBootFromVolumeStableRescueTest-280836173 tempest-ServerBootFromVolumeStableRescueTest-280836173-project-member] Lock "59790fc9-9ac5-4409-b132-8571353b223c" acquired by "nova.context.set_target_cell..get_or_set_cached_cell_and_set_connections" :: waited 0.000s {{(pid=95854) inner /opt/stack/data/venv/lib/python3.12/site-packages/oslo_concurrency/lockutils.py:525}}
Jul 22 21:42:37.703726 np0000005657 nova-conductor[95854]: DEBUG oslo_concurrency.lockutils [None req-9bd8da7e-ffe5-48b7-8091-742976125f29 tempest-ServerBootFromVolumeStableRescueTest-280836173 tempest-ServerBootFromVolumeStableRescueTest-280836173-project-member] Lock "59790fc9-9ac5-4409-b132-8571353b223c" "released" by "nova.context.set_target_cell..get_or_set_cached_cell_and_set_connections" :: held 0.000s {{(pid=95854) inner /opt/stack/data/venv/lib/python3.12/site-packages/oslo_concurrency/lockutils.py:544}}
Jul 22 21:42:37.735786 np0000005657 nova-conductor[95854]: DEBUG oslo_concurrency.lockutils [None req-9bd8da7e-ffe5-48b7-8091-742976125f29 tempest-ServerBootFromVolumeStableRescueTest-280836173 tempest-ServerBootFromVolumeStableRescueTest-280836173-project-member] Acquiring lock "59790fc9-9ac5-4409-b132-8571353b223c" by "nova.context.set_target_cell..get_or_set_cached_cell_and_set_connections" {{(pid=95854) inner /opt/stack/data/venv/lib/python3.12/site-packages/oslo_concurrency/lockutils.py:512}}
Jul 22 21:42:37.735786 np0000005657 nova-conductor[95854]: DEBUG oslo_concurrency.lockutils [None req-9bd8da7e-ffe5-48b7-8091-742976125f29 tempest-ServerBootFromVolumeStableRescueTest-280836173 tempest-ServerBootFromVolumeStableRescueTest-280836173-project-member] Lock "59790fc9-9ac5-4409-b132-8571353b223c" acquired by "nova.context.set_target_cell..get_or_set_cached_cell_and_set_connections" :: waited 0.000s {{(pid=95854) inner /opt/stack/data/venv/lib/python3.12/site-packages/oslo_concurrency/lockutils.py:525}}
Jul 22 21:42:37.735786 np0000005657 nova-conductor[95854]: DEBUG oslo_concurrency.lockutils [None req-9bd8da7e-ffe5-48b7-8091-742976125f29 tempest-ServerBootFromVolumeStableRescueTest-280836173 tempest-ServerBootFromVolumeStableRescueTest-280836173-project-member] Lock "59790fc9-9ac5-4409-b132-8571353b223c" "released" by "nova.context.set_target_cell..get_or_set_cached_cell_and_set_connections" :: held 0.000s {{(pid=95854) inner /opt/stack/data/venv/lib/python3.12/site-packages/oslo_concurrency/lockutils.py:544}}
Jul 22 21:42:37.736135 np0000005657 nova-conductor[95854]: DEBUG oslo_concurrency.lockutils [None req-9bd8da7e-ffe5-48b7-8091-742976125f29 tempest-ServerBootFromVolumeStableRescueTest-280836173 tempest-ServerBootFromVolumeStableRescueTest-280836173-project-member] Acquiring lock "compute-rpcapi-router" {{(pid=95854) lock /opt/stack/data/venv/lib/python3.12/site-packages/oslo_concurrency/lockutils.py:396}}
Jul 22 21:42:37.736255 np0000005657 nova-conductor[95854]: DEBUG oslo_concurrency.lockutils [None req-9bd8da7e-ffe5-48b7-8091-742976125f29 tempest-ServerBootFromVolumeStableRescueTest-280836173 tempest-ServerBootFromVolumeStableRescueTest-280836173-project-member] Acquired lock "compute-rpcapi-router" {{(pid=95854) lock /opt/stack/data/venv/lib/python3.12/site-packages/oslo_concurrency/lockutils.py:399}}
Jul 22 21:42:37.736711 np0000005657 nova-conductor[95854]: DEBUG oslo_concurrency.lockutils [None req-6bfb2894-d594-4aca-8703-e6fb8c58002a None None] Acquiring lock "00000000-0000-0000-0000-000000000000" by "nova.context.set_target_cell..get_or_set_cached_cell_and_set_connections" {{(pid=95854) inner /opt/stack/data/venv/lib/python3.12/site-packages/oslo_concurrency/lockutils.py:512}}
Jul 22 21:42:37.736840 np0000005657 nova-conductor[95854]: DEBUG oslo_concurrency.lockutils [None req-6bfb2894-d594-4aca-8703-e6fb8c58002a None None] Lock "00000000-0000-0000-0000-000000000000" acquired by "nova.context.set_target_cell..get_or_set_cached_cell_and_set_connections" :: waited 0.000s {{(pid=95854) inner /opt/stack/data/venv/lib/python3.12/site-packages/oslo_concurrency/lockutils.py:525}}
Jul 22 21:42:37.737144 np0000005657 nova-conductor[95854]: DEBUG oslo_concurrency.lockutils [None req-6bfb2894-d594-4aca-8703-e6fb8c58002a None None] Lock "00000000-0000-0000-0000-000000000000" "released" by "nova.context.set_target_cell..get_or_set_cached_cell_and_set_connections" :: held 0.000s {{(pid=95854) inner /opt/stack/data/venv/lib/python3.12/site-packages/oslo_concurrency/lockutils.py:544}}
Jul 22 21:42:37.737944 np0000005657 nova-conductor[95854]: DEBUG oslo_concurrency.lockutils [None req-6bfb2894-d594-4aca-8703-e6fb8c58002a None None] Acquiring lock "59790fc9-9ac5-4409-b132-8571353b223c" by "nova.context.set_target_cell..get_or_set_cached_cell_and_set_connections" {{(pid=95854) inner /opt/stack/data/venv/lib/python3.12/site-packages/oslo_concurrency/lockutils.py:512}}
Jul 22 21:42:37.738189 np0000005657 nova-conductor[95854]: DEBUG oslo_concurrency.lockutils [None req-6bfb2894-d594-4aca-8703-e6fb8c58002a None None] Lock "59790fc9-9ac5-4409-b132-8571353b223c" acquired by "nova.context.set_target_cell..get_or_set_cached_cell_and_set_connections" :: waited 0.000s {{(pid=95854) inner /opt/stack/data/venv/lib/python3.12/site-packages/oslo_concurrency/lockutils.py:525}}
Jul 22 21:42:37.738367 np0000005657 nova-conductor[95854]: DEBUG oslo_concurrency.lockutils [None req-6bfb2894-d594-4aca-8703-e6fb8c58002a None None] Lock "59790fc9-9ac5-4409-b132-8571353b223c" "released" by "nova.context.set_target_cell..get_or_set_cached_cell_and_set_connections" :: held 0.000s {{(pid=95854) inner /opt/stack/data/venv/lib/python3.12/site-packages/oslo_concurrency/lockutils.py:544}}
Jul 22 21:42:37.745183 np0000005657 nova-conductor[95854]: INFO nova.compute.rpcapi [None req-6bfb2894-d594-4aca-8703-e6fb8c58002a None None] Automatically selected compute RPC version 6.5 from minimum service version 72
Jul 22 21:42:37.745183 np0000005657 nova-conductor[95854]: DEBUG oslo_concurrency.lockutils [None req-6bfb2894-d594-4aca-8703-e6fb8c58002a None None] Releasing lock "compute-rpcapi-router" {{(pid=95854) lock /opt/stack/data/venv/lib/python3.12/site-packages/oslo_concurrency/lockutils.py:419}}
Jul 22 21:42:46.243905 np0000005657 nova-conductor[95861]: DEBUG dbcounter [-] [95861] Writer thread running {{(pid=95861) stat_writer /opt/stack/data/venv/lib/python3.12/site-packages/dbcounter.py:102}}
Jul 22 21:42:46.647057 np0000005657 nova-conductor[95861]: DEBUG nova.conductor.manager [None req-474eb232-f0ed-443f-810f-3939cf525f86 tempest-ServerActionsV293TestJSON-626519921 tempest-ServerActionsV293TestJSON-626519921-project-member] Took 0.40 seconds to select destinations for 1 instance(s). {{(pid=95861) _schedule_instances /opt/stack/nova/nova/conductor/manager.py:968}}
Jul 22 21:42:46.678604 np0000005657 nova-conductor[95861]: DEBUG oslo_concurrency.lockutils [None req-474eb232-f0ed-443f-810f-3939cf525f86 tempest-ServerActionsV293TestJSON-626519921 tempest-ServerActionsV293TestJSON-626519921-project-member] Acquiring lock "59790fc9-9ac5-4409-b132-8571353b223c" by "nova.context.set_target_cell..get_or_set_cached_cell_and_set_connections" {{(pid=95861) inner /opt/stack/data/venv/lib/python3.12/site-packages/oslo_concurrency/lockutils.py:512}}
Jul 22 21:42:46.678883 np0000005657 nova-conductor[95861]: DEBUG oslo_concurrency.lockutils [None req-474eb232-f0ed-443f-810f-3939cf525f86 tempest-ServerActionsV293TestJSON-626519921 tempest-ServerActionsV293TestJSON-626519921-project-member] Lock "59790fc9-9ac5-4409-b132-8571353b223c" acquired by "nova.context.set_target_cell..get_or_set_cached_cell_and_set_connections" :: waited 0.000s {{(pid=95861) inner /opt/stack/data/venv/lib/python3.12/site-packages/oslo_concurrency/lockutils.py:525}}
Jul 22 21:42:46.680602 np0000005657 nova-conductor[95861]: DEBUG oslo_concurrency.lockutils [None req-474eb232-f0ed-443f-810f-3939cf525f86 tempest-ServerActionsV293TestJSON-626519921 tempest-ServerActionsV293TestJSON-626519921-project-member] Lock "59790fc9-9ac5-4409-b132-8571353b223c" "released" by "nova.context.set_target_cell..get_or_set_cached_cell_and_set_connections" :: held 0.002s {{(pid=95861) inner /opt/stack/data/venv/lib/python3.12/site-packages/oslo_concurrency/lockutils.py:544}}
Jul 22 21:42:46.683242 np0000005657 nova-conductor[95861]: INFO dbcounter [None req-474eb232-f0ed-443f-810f-3939cf525f86 tempest-ServerActionsV293TestJSON-626519921 tempest-ServerActionsV293TestJSON-626519921-project-member] Registered counter for database nova_cell1
Jul 22 21:42:46.723270 np0000005657 nova-conductor[95861]: DEBUG oslo_db.sqlalchemy.engines [None req-474eb232-f0ed-443f-810f-3939cf525f86 tempest-ServerActionsV293TestJSON-626519921 tempest-ServerActionsV293TestJSON-626519921-project-member] MySQL server mode set to STRICT_TRANS_TABLES,STRICT_ALL_TABLES,NO_ZERO_IN_DATE,NO_ZERO_DATE,ERROR_FOR_DIVISION_BY_ZERO,TRADITIONAL,NO_ENGINE_SUBSTITUTION {{(pid=95861) _check_effective_sql_mode /opt/stack/data/venv/lib/python3.12/site-packages/oslo_db/sqlalchemy/engines.py:325}}
Jul 22 21:42:46.729515 np0000005657 nova-conductor[95861]: DEBUG dbcounter [-] [95861] Writer thread running {{(pid=95861) stat_writer /opt/stack/data/venv/lib/python3.12/site-packages/dbcounter.py:102}}
Jul 22 21:42:46.785327 np0000005657 nova-conductor[95861]: INFO nova.utils [None req-474eb232-f0ed-443f-810f-3939cf525f86 tempest-ServerActionsV293TestJSON-626519921 tempest-ServerActionsV293TestJSON-626519921-project-member] The cell worker thread pool ForkProcess-2.cell_worker is initialized
Jul 22 21:42:46.785670 np0000005657 nova-conductor[95861]: DEBUG oslo_concurrency.lockutils [None req-474eb232-f0ed-443f-810f-3939cf525f86 tempest-ServerActionsV293TestJSON-626519921 tempest-ServerActionsV293TestJSON-626519921-project-member] Acquiring lock "00000000-0000-0000-0000-000000000000" by "nova.context.set_target_cell..get_or_set_cached_cell_and_set_connections" {{(pid=95861) inner /opt/stack/data/venv/lib/python3.12/site-packages/oslo_concurrency/lockutils.py:512}}
Jul 22 21:42:46.785882 np0000005657 nova-conductor[95861]: DEBUG oslo_concurrency.lockutils [None req-474eb232-f0ed-443f-810f-3939cf525f86 tempest-ServerActionsV293TestJSON-626519921 tempest-ServerActionsV293TestJSON-626519921-project-member] Lock "00000000-0000-0000-0000-000000000000" acquired by "nova.context.set_target_cell..get_or_set_cached_cell_and_set_connections" :: waited 0.000s {{(pid=95861) inner /opt/stack/data/venv/lib/python3.12/site-packages/oslo_concurrency/lockutils.py:525}}
Jul 22 21:42:46.786316 np0000005657 nova-conductor[95861]: DEBUG oslo_concurrency.lockutils [None req-474eb232-f0ed-443f-810f-3939cf525f86 tempest-ServerActionsV293TestJSON-626519921 tempest-ServerActionsV293TestJSON-626519921-project-member] Lock "00000000-0000-0000-0000-000000000000" "released" by "nova.context.set_target_cell..get_or_set_cached_cell_and_set_connections" :: held 0.000s {{(pid=95861) inner /opt/stack/data/venv/lib/python3.12/site-packages/oslo_concurrency/lockutils.py:544}}
Jul 22 21:42:46.787093 np0000005657 nova-conductor[95861]: DEBUG oslo_concurrency.lockutils [None req-474eb232-f0ed-443f-810f-3939cf525f86 tempest-ServerActionsV293TestJSON-626519921 tempest-ServerActionsV293TestJSON-626519921-project-member] Acquiring lock "59790fc9-9ac5-4409-b132-8571353b223c" by "nova.context.set_target_cell..get_or_set_cached_cell_and_set_connections" {{(pid=95861) inner /opt/stack/data/venv/lib/python3.12/site-packages/oslo_concurrency/lockutils.py:512}}
Jul 22 21:42:46.787272 np0000005657 nova-conductor[95861]: DEBUG oslo_concurrency.lockutils [None req-474eb232-f0ed-443f-810f-3939cf525f86 tempest-ServerActionsV293TestJSON-626519921 tempest-ServerActionsV293TestJSON-626519921-project-member] Lock "59790fc9-9ac5-4409-b132-8571353b223c" acquired by "nova.context.set_target_cell..get_or_set_cached_cell_and_set_connections" :: waited 0.000s {{(pid=95861) inner /opt/stack/data/venv/lib/python3.12/site-packages/oslo_concurrency/lockutils.py:525}}
Jul 22 21:42:46.787543 np0000005657 nova-conductor[95861]: DEBUG oslo_concurrency.lockutils [None req-474eb232-f0ed-443f-810f-3939cf525f86 tempest-ServerActionsV293TestJSON-626519921 tempest-ServerActionsV293TestJSON-626519921-project-member] Lock "59790fc9-9ac5-4409-b132-8571353b223c" "released" by "nova.context.set_target_cell..get_or_set_cached_cell_and_set_connections" :: held 0.000s {{(pid=95861) inner /opt/stack/data/venv/lib/python3.12/site-packages/oslo_concurrency/lockutils.py:544}}
