May 13 13:27:11.887859 np0000000696 neutron-periodic-workers[88510]: DEBUG cotyledon.oslo_config_glue [-] ovn.bfd_min_tx = 100 {{(pid=88510) log_opt_values /opt/stack/data/venv/lib/python3.12/site-packages/oslo_config/cfg.py:3006}}
May 13 13:27:11.887919 np0000000696 neutron-periodic-workers[88510]: DEBUG cotyledon.oslo_config_glue [-] ovn.bfd_mult = 3 {{(pid=88510) log_opt_values /opt/stack/data/venv/lib/python3.12/site-packages/oslo_config/cfg.py:3006}}
May 13 13:27:11.887979 np0000000696 neutron-periodic-workers[88510]: DEBUG cotyledon.oslo_config_glue [-] ovn.broadcast_arps_to_all_routers = True {{(pid=88510) log_opt_values /opt/stack/data/venv/lib/python3.12/site-packages/oslo_config/cfg.py:3006}}
May 13 13:27:11.888055 np0000000696 neutron-periodic-workers[88510]: DEBUG cotyledon.oslo_config_glue [-] ovn.dhcp_default_lease_time = 43200 {{(pid=88510) log_opt_values /opt/stack/data/venv/lib/python3.12/site-packages/oslo_config/cfg.py:3006}}
May 13 13:27:11.888115 np0000000696 neutron-periodic-workers[88510]: DEBUG cotyledon.oslo_config_glue [-] ovn.disable_ovn_dhcp_for_baremetal_ports = False {{(pid=88510) log_opt_values /opt/stack/data/venv/lib/python3.12/site-packages/oslo_config/cfg.py:3006}}
May 13 13:27:11.888173 np0000000696 neutron-periodic-workers[88510]: DEBUG cotyledon.oslo_config_glue [-] ovn.dns_records_ovn_owned = False {{(pid=88510) log_opt_values /opt/stack/data/venv/lib/python3.12/site-packages/oslo_config/cfg.py:3006}}
May 13 13:27:11.888552 np0000000696 neutron-periodic-workers[88510]: DEBUG cotyledon.oslo_config_glue [-] ovn.dns_servers = [] {{(pid=88510) log_opt_values /opt/stack/data/venv/lib/python3.12/site-packages/oslo_config/cfg.py:3006}}
May 13 13:27:11.888552 np0000000696 neutron-periodic-workers[88510]: DEBUG cotyledon.oslo_config_glue [-] ovn.enable_distributed_floating_ip = False {{(pid=88510) log_opt_values /opt/stack/data/venv/lib/python3.12/site-packages/oslo_config/cfg.py:3006}}
May 13 13:27:11.888552 np0000000696 neutron-periodic-workers[88510]: DEBUG cotyledon.oslo_config_glue [-] ovn.fdb_age_threshold = 300 {{(pid=88510) log_opt_values /opt/stack/data/venv/lib/python3.12/site-packages/oslo_config/cfg.py:3006}}
May 13 13:27:11.888552 np0000000696 neutron-periodic-workers[88510]: DEBUG cotyledon.oslo_config_glue [-] ovn.ha_failover_strategy = normal {{(pid=88510) log_opt_values /opt/stack/data/venv/lib/python3.12/site-packages/oslo_config/cfg.py:3006}}
May 13 13:27:11.888552 np0000000696 neutron-periodic-workers[88510]: DEBUG cotyledon.oslo_config_glue [-] ovn.live_migration_activation_strategy = rarp {{(pid=88510) log_opt_values /opt/stack/data/venv/lib/python3.12/site-packages/oslo_config/cfg.py:3006}}
May 13 13:27:11.888552 np0000000696 neutron-periodic-workers[88510]: DEBUG cotyledon.oslo_config_glue [-] ovn.localnet_learn_fdb = False {{(pid=88510) log_opt_values /opt/stack/data/venv/lib/python3.12/site-packages/oslo_config/cfg.py:3006}}
May 13 13:27:11.888683 np0000000696 neutron-periodic-workers[88510]: DEBUG cotyledon.oslo_config_glue [-] ovn.mac_binding_age_threshold = 300 {{(pid=88510) log_opt_values /opt/stack/data/venv/lib/python3.12/site-packages/oslo_config/cfg.py:3006}}
May 13 13:27:11.888683 np0000000696 neutron-periodic-workers[88510]: DEBUG cotyledon.oslo_config_glue [-] ovn.neutron_sync_mode = log {{(pid=88510) log_opt_values /opt/stack/data/venv/lib/python3.12/site-packages/oslo_config/cfg.py:3006}}
May 13 13:27:11.888683 np0000000696 neutron-periodic-workers[88510]: DEBUG cotyledon.oslo_config_glue [-] ovn.ovn_dhcp4_global_options = {} {{(pid=88510) log_opt_values /opt/stack/data/venv/lib/python3.12/site-packages/oslo_config/cfg.py:3006}}
May 13 13:27:11.888758 np0000000696 neutron-periodic-workers[88510]: DEBUG cotyledon.oslo_config_glue [-] ovn.ovn_dhcp6_global_options = {} {{(pid=88510) log_opt_values /opt/stack/data/venv/lib/python3.12/site-packages/oslo_config/cfg.py:3006}}
May 13 13:27:11.888827 np0000000696 neutron-periodic-workers[88510]: DEBUG cotyledon.oslo_config_glue [-] ovn.ovn_l3_scheduler = leastloaded {{(pid=88510) log_opt_values /opt/stack/data/venv/lib/python3.12/site-packages/oslo_config/cfg.py:3006}}
May 13 13:27:11.889064 np0000000696 neutron-periodic-workers[88510]: DEBUG cotyledon.oslo_config_glue [-] ovn.ovn_metadata_enabled = True {{(pid=88510) log_opt_values /opt/stack/data/venv/lib/python3.12/site-packages/oslo_config/cfg.py:3006}}
May 13 13:27:11.889064 np0000000696 neutron-periodic-workers[88510]: DEBUG cotyledon.oslo_config_glue [-] ovn.ovn_nb_ca_cert = /opt/stack/data/CA/int-ca/ca-chain.pem {{(pid=88510) log_opt_values /opt/stack/data/venv/lib/python3.12/site-packages/oslo_config/cfg.py:3006}}
May 13 13:27:11.889064 np0000000696 neutron-periodic-workers[88510]: DEBUG cotyledon.oslo_config_glue [-] ovn.ovn_nb_certificate = /opt/stack/data/CA/int-ca/devstack-cert.crt {{(pid=88510) log_opt_values /opt/stack/data/venv/lib/python3.12/site-packages/oslo_config/cfg.py:3006}}
May 13 13:27:11.889064 np0000000696 neutron-periodic-workers[88510]: DEBUG cotyledon.oslo_config_glue [-] ovn.ovn_nb_connection = ['ssl:10.4.3.125:6641'] {{(pid=88510) log_opt_values /opt/stack/data/venv/lib/python3.12/site-packages/oslo_config/cfg.py:3006}}
May 13 13:27:11.889154 np0000000696 neutron-periodic-workers[88510]: DEBUG cotyledon.oslo_config_glue [-] ovn.ovn_nb_private_key = /opt/stack/data/CA/int-ca/private/devstack-cert.key {{(pid=88510) log_opt_values /opt/stack/data/venv/lib/python3.12/site-packages/oslo_config/cfg.py:3006}}
May 13 13:27:11.889181 np0000000696 neutron-periodic-workers[88510]: DEBUG cotyledon.oslo_config_glue [-] ovn.ovn_router_indirect_snat = False {{(pid=88510) log_opt_values /opt/stack/data/venv/lib/python3.12/site-packages/oslo_config/cfg.py:3006}}
May 13 13:27:11.889243 np0000000696 neutron-periodic-workers[88510]: DEBUG cotyledon.oslo_config_glue [-] ovn.ovn_sb_ca_cert = /opt/stack/data/CA/int-ca/ca-chain.pem {{(pid=88510) log_opt_values /opt/stack/data/venv/lib/python3.12/site-packages/oslo_config/cfg.py:3006}}
May 13 13:27:11.889302 np0000000696 neutron-periodic-workers[88510]: DEBUG cotyledon.oslo_config_glue [-] ovn.ovn_sb_certificate = /opt/stack/data/CA/int-ca/devstack-cert.crt {{(pid=88510) log_opt_values /opt/stack/data/venv/lib/python3.12/site-packages/oslo_config/cfg.py:3006}}
May 13 13:27:11.889362 np0000000696 neutron-periodic-workers[88510]: DEBUG cotyledon.oslo_config_glue [-] ovn.ovn_sb_connection = ['ssl:10.4.3.125:6642'] {{(pid=88510) log_opt_values /opt/stack/data/venv/lib/python3.12/site-packages/oslo_config/cfg.py:3006}}
May 13 13:27:11.889420 np0000000696 neutron-periodic-workers[88510]: DEBUG cotyledon.oslo_config_glue [-] ovn.ovn_sb_private_key = /opt/stack/data/CA/int-ca/private/devstack-cert.key {{(pid=88510) log_opt_values /opt/stack/data/venv/lib/python3.12/site-packages/oslo_config/cfg.py:3006}}
May 13 13:27:11.889479 np0000000696 neutron-periodic-workers[88510]: DEBUG cotyledon.oslo_config_glue [-] ovn.ovs_create_tap = False {{(pid=88510) log_opt_values /opt/stack/data/venv/lib/python3.12/site-packages/oslo_config/cfg.py:3006}}
May 13 13:27:11.889560 np0000000696 neutron-periodic-workers[88510]: DEBUG cotyledon.oslo_config_glue [-] ovn.ovsdb_connection_timeout = 180 {{(pid=88510) log_opt_values /opt/stack/data/venv/lib/python3.12/site-packages/oslo_config/cfg.py:3006}}
May 13 13:27:11.889624 np0000000696 neutron-periodic-workers[88510]: DEBUG cotyledon.oslo_config_glue [-] ovn.ovsdb_log_level = INFO {{(pid=88510) log_opt_values /opt/stack/data/venv/lib/python3.12/site-packages/oslo_config/cfg.py:3006}}
May 13 13:27:11.889685 np0000000696 neutron-periodic-workers[88510]: DEBUG cotyledon.oslo_config_glue [-] ovn.ovsdb_probe_interval = 60000 {{(pid=88510) log_opt_values /opt/stack/data/venv/lib/python3.12/site-packages/oslo_config/cfg.py:3006}}
May 13 13:27:11.889746 np0000000696 neutron-periodic-workers[88510]: DEBUG cotyledon.oslo_config_glue [-] ovn.ovsdb_retry_max_interval = 180 {{(pid=88510) log_opt_values /opt/stack/data/venv/lib/python3.12/site-packages/oslo_config/cfg.py:3006}}
May 13 13:27:11.889812 np0000000696 neutron-periodic-workers[88510]: DEBUG cotyledon.oslo_config_glue [-] ovn.stateless_nat_enabled = False {{(pid=88510) log_opt_values /opt/stack/data/venv/lib/python3.12/site-packages/oslo_config/cfg.py:3006}}
May 13 13:27:11.889884 np0000000696 neutron-periodic-workers[88510]: DEBUG cotyledon.oslo_config_glue [-] ovn.vhost_sock_dir = /var/run/openvswitch {{(pid=88510) log_opt_values /opt/stack/data/venv/lib/python3.12/site-packages/oslo_config/cfg.py:3006}}
May 13 13:27:11.889961 np0000000696 neutron-periodic-workers[88510]: DEBUG cotyledon.oslo_config_glue [-] OVS.bridge_mac_table_size = 50000 {{(pid=88510) log_opt_values /opt/stack/data/venv/lib/python3.12/site-packages/oslo_config/cfg.py:3006}}
May 13 13:27:11.890051 np0000000696 neutron-periodic-workers[88510]: DEBUG cotyledon.oslo_config_glue [-] OVS.igmp_flood = False {{(pid=88510) log_opt_values /opt/stack/data/venv/lib/python3.12/site-packages/oslo_config/cfg.py:3006}}
May 13 13:27:11.890122 np0000000696 neutron-periodic-workers[88510]: DEBUG cotyledon.oslo_config_glue [-] OVS.igmp_flood_reports = True {{(pid=88510) log_opt_values /opt/stack/data/venv/lib/python3.12/site-packages/oslo_config/cfg.py:3006}}
May 13 13:27:11.890191 np0000000696 neutron-periodic-workers[88510]: DEBUG cotyledon.oslo_config_glue [-] OVS.igmp_flood_unregistered = False {{(pid=88510) log_opt_values /opt/stack/data/venv/lib/python3.12/site-packages/oslo_config/cfg.py:3006}}
May 13 13:27:11.890263 np0000000696 neutron-periodic-workers[88510]: DEBUG cotyledon.oslo_config_glue [-] OVS.igmp_snooping_enable = False {{(pid=88510) log_opt_values /opt/stack/data/venv/lib/python3.12/site-packages/oslo_config/cfg.py:3006}}
May 13 13:27:11.890324 np0000000696 neutron-periodic-workers[88510]: DEBUG cotyledon.oslo_config_glue [-] OVS.ovsdb_timeout = 10 {{(pid=88510) log_opt_values /opt/stack/data/venv/lib/python3.12/site-packages/oslo_config/cfg.py:3006}}
May 13 13:27:11.890408 np0000000696 neutron-periodic-workers[88510]: DEBUG cotyledon.oslo_config_glue [-] ovn_nb_global.fdb_removal_limit = 0 {{(pid=88510) log_opt_values /opt/stack/data/venv/lib/python3.12/site-packages/oslo_config/cfg.py:3006}}
May 13 13:27:11.890469 np0000000696 neutron-periodic-workers[88510]: DEBUG cotyledon.oslo_config_glue [-] ovn_nb_global.ignore_lsp_down = False {{(pid=88510) log_opt_values /opt/stack/data/venv/lib/python3.12/site-packages/oslo_config/cfg.py:3006}}
May 13 13:27:11.890556 np0000000696 neutron-periodic-workers[88510]: DEBUG cotyledon.oslo_config_glue [-] ovn_nb_global.mac_binding_removal_limit = 0 {{(pid=88510) log_opt_values /opt/stack/data/venv/lib/python3.12/site-packages/oslo_config/cfg.py:3006}}
May 13 13:27:11.890617 np0000000696 neutron-periodic-workers[88510]: DEBUG cotyledon.oslo_config_glue [-] ******************************************************************************** {{(pid=88510) log_opt_values /opt/stack/data/venv/lib/python3.12/site-packages/oslo_config/cfg.py:3013}}
May 13 13:27:11.890845 np0000000696 neutron-periodic-workers[88510]: DEBUG cotyledon._service_worker [-] Run service ServiceWrapper(0) [88510] {{(pid=88510) wait_forever /opt/stack/data/venv/lib/python3.12/site-packages/cotyledon/_service_worker.py:218}}
May 13 13:27:21.555977 np0000000696 neutron-periodic-workers[87634]: DEBUG dbcounter [-] [87634] Writing DB stats neutron:SELECT=4 {{(pid=87634) stat_writer /opt/stack/data/venv/lib/python3.12/site-packages/dbcounter.py:115}}
May 13 13:27:50.840874 np0000000696 neutron-periodic-workers[88475]: DEBUG oslo_db.sqlalchemy.engines [None req-4487575f-1af1-406e-a58c-845fe42a33a2 None None] Parent process 87634 forked (88475) with an open database connection, which is being discarded and recreated. {{(pid=88475) checkout /opt/stack/data/venv/lib/python3.12/site-packages/oslo_db/sqlalchemy/engines.py:402}}
May 13 13:27:50.849478 np0000000696 neutron-periodic-workers[88475]: DEBUG dbcounter [-] [88475] Writer thread running {{(pid=88475) stat_writer /opt/stack/data/venv/lib/python3.12/site-packages/dbcounter.py:102}}
May 13 13:27:50.861722 np0000000696 neutron-periodic-workers[88475]: DEBUG oslo.service.backend._threading.loopingcall [None req-4487575f-1af1-406e-a58c-845fe42a33a2 None None] Fixed interval looping call 'neutron.plugins.ml2.plugin.DhcpAgentSchedulerDbMixin.remove_networks_from_down_agents' sleeping for 36.97 seconds {{(pid=88475) _run_loop /opt/stack/data/venv/lib/python3.12/site-packages/oslo_service/backend/_threading/loopingcall.py:125}}
May 13 13:28:00.860321 np0000000696 neutron-periodic-workers[88475]: DEBUG dbcounter [-] [88475] Writing DB stats neutron:SELECT=3 {{(pid=88475) stat_writer /opt/stack/data/venv/lib/python3.12/site-packages/dbcounter.py:115}}
May 13 13:28:22.887888 np0000000696 neutron-periodic-workers[88484]: DEBUG dbcounter [-] [88484] Writer thread running {{(pid=88484) stat_writer /opt/stack/data/venv/lib/python3.12/site-packages/dbcounter.py:102}}
May 13 13:28:22.891708 np0000000696 neutron-periodic-workers[88484]: DEBUG neutron.db.agents_db [None req-b36759d1-6a20-48af-a453-9646746f02ed None None] Agent healthcheck: found 0 active agents {{(pid=88484) agent_health_check /opt/stack/neutron/neutron/db/agents_db.py:322}}
May 13 13:28:22.891988 np0000000696 neutron-periodic-workers[88484]: DEBUG oslo.service.backend._threading.loopingcall [None req-b36759d1-6a20-48af-a453-9646746f02ed None None] Fixed interval looping call 'neutron.plugins.ml2.plugin.AgentDbMixin.agent_health_check' sleeping for 36.98 seconds {{(pid=88484) _run_loop /opt/stack/data/venv/lib/python3.12/site-packages/oslo_service/backend/_threading/loopingcall.py:125}}
May 13 13:28:27.838108 np0000000696 neutron-periodic-workers[88475]: DEBUG oslo.service.backend._threading.loopingcall [None req-4487575f-1af1-406e-a58c-845fe42a33a2 None None] Fixed interval looping call 'neutron.plugins.ml2.plugin.DhcpAgentSchedulerDbMixin.remove_networks_from_down_agents' sleeping for 36.99 seconds {{(pid=88475) _run_loop /opt/stack/data/venv/lib/python3.12/site-packages/oslo_service/backend/_threading/loopingcall.py:125}}
May 13 13:28:32.888216 np0000000696 neutron-periodic-workers[88484]: DEBUG dbcounter [-] [88484] Writing DB stats neutron:SELECT=1 {{(pid=88484) stat_writer /opt/stack/data/venv/lib/python3.12/site-packages/dbcounter.py:115}}
May 13 13:28:37.837223 np0000000696 neutron-periodic-workers[88475]: DEBUG dbcounter [-] [88475] Writing DB stats neutron:SELECT=3 {{(pid=88475) stat_writer /opt/stack/data/venv/lib/python3.12/site-packages/dbcounter.py:115}}
May 13 13:28:59.876033 np0000000696 neutron-periodic-workers[88484]: DEBUG neutron.db.agents_db [None req-b36759d1-6a20-48af-a453-9646746f02ed None None] Agent healthcheck: found 0 active agents {{(pid=88484) agent_health_check /opt/stack/neutron/neutron/db/agents_db.py:322}}
May 13 13:28:59.876560 np0000000696 neutron-periodic-workers[88484]: DEBUG oslo.service.backend._threading.loopingcall [None req-b36759d1-6a20-48af-a453-9646746f02ed None None] Fixed interval looping call 'neutron.plugins.ml2.plugin.AgentDbMixin.agent_health_check' sleeping for 37.00 seconds {{(pid=88484) _run_loop /opt/stack/data/venv/lib/python3.12/site-packages/oslo_service/backend/_threading/loopingcall.py:125}}
May 13 13:29:04.834503 np0000000696 neutron-periodic-workers[88475]: DEBUG oslo.service.backend._threading.loopingcall [None req-4487575f-1af1-406e-a58c-845fe42a33a2 None None] Fixed interval looping call 'neutron.plugins.ml2.plugin.DhcpAgentSchedulerDbMixin.remove_networks_from_down_agents' sleeping for 36.99 seconds {{(pid=88475) _run_loop /opt/stack/data/venv/lib/python3.12/site-packages/oslo_service/backend/_threading/loopingcall.py:125}}
May 13 13:29:09.874781 np0000000696 neutron-periodic-workers[88484]: DEBUG dbcounter [-] [88484] Writing DB stats neutron:SELECT=1 {{(pid=88484) stat_writer /opt/stack/data/venv/lib/python3.12/site-packages/dbcounter.py:115}}
May 13 13:29:11.883785 np0000000696 neutron-periodic-workers[88493]: DEBUG dbcounter [-] [88493] Writer thread running {{(pid=88493) stat_writer /opt/stack/data/venv/lib/python3.12/site-packages/dbcounter.py:102}}
May 13 13:29:11.885811 np0000000696 neutron-periodic-workers[88493]: DEBUG oslo.service.backend._threading.loopingcall [None req-558c2827-ef41-4a57-a477-bfbda3be13af None None] Fixed interval looping call 'neutron.db.quota.driver_nolock.DbQuotaNoLockDriver._remove_expired_reservations' sleeping for 119.99 seconds {{(pid=88493) _run_loop /opt/stack/data/venv/lib/python3.12/site-packages/oslo_service/backend/_threading/loopingcall.py:125}}
May 13 13:29:14.833645 np0000000696 neutron-periodic-workers[88475]: DEBUG dbcounter [-] [88475] Writing DB stats neutron:SELECT=3 {{(pid=88475) stat_writer /opt/stack/data/venv/lib/python3.12/site-packages/dbcounter.py:115}}
May 13 13:29:21.884216 np0000000696 neutron-periodic-workers[88493]: DEBUG dbcounter [-] [88493] Writing DB stats neutron:DELETE=1 {{(pid=88493) stat_writer /opt/stack/data/venv/lib/python3.12/site-packages/dbcounter.py:115}}
May 13 13:29:36.879272 np0000000696 neutron-periodic-workers[88484]: DEBUG neutron.db.agents_db [None req-b36759d1-6a20-48af-a453-9646746f02ed None None] Agent healthcheck: found 0 active agents {{(pid=88484) agent_health_check /opt/stack/neutron/neutron/db/agents_db.py:322}}
May 13 13:29:36.879842 np0000000696 neutron-periodic-workers[88484]: DEBUG oslo.service.backend._threading.loopingcall [None req-b36759d1-6a20-48af-a453-9646746f02ed None None] Fixed interval looping call 'neutron.plugins.ml2.plugin.AgentDbMixin.agent_health_check' sleeping for 37.00 seconds {{(pid=88484) _run_loop /opt/stack/data/venv/lib/python3.12/site-packages/oslo_service/backend/_threading/loopingcall.py:125}}
May 13 13:29:41.829897 np0000000696 neutron-periodic-workers[88475]: DEBUG oslo.service.backend._threading.loopingcall [None req-4487575f-1af1-406e-a58c-845fe42a33a2 None None] Fixed interval looping call 'neutron.plugins.ml2.plugin.DhcpAgentSchedulerDbMixin.remove_networks_from_down_agents' sleeping for 36.99 seconds {{(pid=88475) _run_loop /opt/stack/data/venv/lib/python3.12/site-packages/oslo_service/backend/_threading/loopingcall.py:125}}
May 13 13:29:46.878881 np0000000696 neutron-periodic-workers[88484]: DEBUG dbcounter [-] [88484] Writing DB stats neutron:SELECT=1 {{(pid=88484) stat_writer /opt/stack/data/venv/lib/python3.12/site-packages/dbcounter.py:115}}
May 13 13:29:51.829243 np0000000696 neutron-periodic-workers[88475]: DEBUG dbcounter [-] [88475] Writing DB stats neutron:SELECT=3 {{(pid=88475) stat_writer /opt/stack/data/venv/lib/python3.12/site-packages/dbcounter.py:115}}
May 13 13:30:13.896593 np0000000696 neutron-periodic-workers[88484]: DEBUG neutron.db.agents_db [None req-b36759d1-6a20-48af-a453-9646746f02ed None None] Agent healthcheck: found 0 active agents {{(pid=88484) agent_health_check /opt/stack/neutron/neutron/db/agents_db.py:322}}
May 13 13:30:13.897037 np0000000696 neutron-periodic-workers[88484]: DEBUG oslo.service.backend._threading.loopingcall [None req-b36759d1-6a20-48af-a453-9646746f02ed None None] Fixed interval looping call 'neutron.plugins.ml2.plugin.AgentDbMixin.agent_health_check' sleeping for 36.99 seconds {{(pid=88484) _run_loop /opt/stack/data/venv/lib/python3.12/site-packages/oslo_service/backend/_threading/loopingcall.py:125}}
May 13 13:30:18.826160 np0000000696 neutron-periodic-workers[88475]: DEBUG oslo.service.backend._threading.loopingcall [None req-4487575f-1af1-406e-a58c-845fe42a33a2 None None] Fixed interval looping call 'neutron.plugins.ml2.plugin.DhcpAgentSchedulerDbMixin.remove_networks_from_down_agents' sleeping for 36.99 seconds {{(pid=88475) _run_loop /opt/stack/data/venv/lib/python3.12/site-packages/oslo_service/backend/_threading/loopingcall.py:125}}
May 13 13:30:23.890863 np0000000696 neutron-periodic-workers[88484]: DEBUG dbcounter [-] [88484] Writing DB stats neutron:SELECT=1 {{(pid=88484) stat_writer /opt/stack/data/venv/lib/python3.12/site-packages/dbcounter.py:115}}
May 13 13:30:28.824982 np0000000696 neutron-periodic-workers[88475]: DEBUG dbcounter [-] [88475] Writing DB stats neutron:SELECT=3 {{(pid=88475) stat_writer /opt/stack/data/venv/lib/python3.12/site-packages/dbcounter.py:115}}
May 13 13:30:50.890563 np0000000696 neutron-periodic-workers[88484]: DEBUG neutron.db.agents_db [None req-b36759d1-6a20-48af-a453-9646746f02ed None None] Agent healthcheck: found 0 active agents {{(pid=88484) agent_health_check /opt/stack/neutron/neutron/db/agents_db.py:322}}
May 13 13:30:50.891109 np0000000696 neutron-periodic-workers[88484]: DEBUG oslo.service.backend._threading.loopingcall [None req-b36759d1-6a20-48af-a453-9646746f02ed None None] Fixed interval looping call 'neutron.plugins.ml2.plugin.AgentDbMixin.agent_health_check' sleeping for 37.00 seconds {{(pid=88484) _run_loop /opt/stack/data/venv/lib/python3.12/site-packages/oslo_service/backend/_threading/loopingcall.py:125}}
May 13 13:30:55.823697 np0000000696 neutron-periodic-workers[88475]: DEBUG oslo.service.backend._threading.loopingcall [None req-4487575f-1af1-406e-a58c-845fe42a33a2 None None] Fixed interval looping call 'neutron.plugins.ml2.plugin.DhcpAgentSchedulerDbMixin.remove_networks_from_down_agents' sleeping for 36.99 seconds {{(pid=88475) _run_loop /opt/stack/data/venv/lib/python3.12/site-packages/oslo_service/backend/_threading/loopingcall.py:125}}
May 13 13:31:00.889697 np0000000696 neutron-periodic-workers[88484]: DEBUG dbcounter [-] [88484] Writing DB stats neutron:SELECT=1 {{(pid=88484) stat_writer /opt/stack/data/venv/lib/python3.12/site-packages/dbcounter.py:115}}
May 13 13:31:05.823115 np0000000696 neutron-periodic-workers[88475]: DEBUG dbcounter [-] [88475] Writing DB stats neutron:SELECT=3 {{(pid=88475) stat_writer /opt/stack/data/venv/lib/python3.12/site-packages/dbcounter.py:115}}
May 13 13:31:11.892901 np0000000696 neutron-periodic-workers[88493]: DEBUG oslo.service.backend._threading.loopingcall [None req-558c2827-ef41-4a57-a477-bfbda3be13af None None] Fixed interval looping call 'neutron.db.quota.driver_nolock.DbQuotaNoLockDriver._remove_expired_reservations' sleeping for 119.98 seconds {{(pid=88493) _run_loop /opt/stack/data/venv/lib/python3.12/site-packages/oslo_service/backend/_threading/loopingcall.py:125}}
May 13 13:31:15.943186 np0000000696 neutron-periodic-workers[88510]: DEBUG dbcounter [-] [88510] Writer thread running {{(pid=88510) stat_writer /opt/stack/data/venv/lib/python3.12/site-packages/dbcounter.py:102}}
May 13 13:31:15.965850 np0000000696 neutron-periodic-workers[88510]: DEBUG oslo.service.backend._threading.loopingcall [None req-ef88d13b-8651-4b50-ad5d-a3fb122e9644 None None] Fixed interval looping call 'neutron.services.ovn_l3.plugin.L3_NAT_dbonly_mixin._clean_garbage' sleeping for 299.93 seconds {{(pid=88510) _run_loop /opt/stack/data/venv/lib/python3.12/site-packages/oslo_service/backend/_threading/loopingcall.py:125}}
May 13 13:31:21.885736 np0000000696 neutron-periodic-workers[88493]: DEBUG dbcounter [-] [88493] Writing DB stats neutron:DELETE=1 {{(pid=88493) stat_writer /opt/stack/data/venv/lib/python3.12/site-packages/dbcounter.py:115}}
May 13 13:31:27.900917 np0000000696 neutron-periodic-workers[88484]: DEBUG neutron.db.agents_db [None req-b36759d1-6a20-48af-a453-9646746f02ed None None] Agent healthcheck: found 0 active agents {{(pid=88484) agent_health_check /opt/stack/neutron/neutron/db/agents_db.py:322}}
May 13 13:31:27.901422 np0000000696 neutron-periodic-workers[88484]: DEBUG oslo.service.backend._threading.loopingcall [None req-b36759d1-6a20-48af-a453-9646746f02ed None None] Fixed interval looping call 'neutron.plugins.ml2.plugin.AgentDbMixin.agent_health_check' sleeping for 36.99 seconds {{(pid=88484) _run_loop /opt/stack/data/venv/lib/python3.12/site-packages/oslo_service/backend/_threading/loopingcall.py:125}}
May 13 13:31:32.831421 np0000000696 neutron-periodic-workers[88475]: DEBUG oslo.service.backend._threading.loopingcall [None req-4487575f-1af1-406e-a58c-845fe42a33a2 None None] Fixed interval looping call 'neutron.plugins.ml2.plugin.DhcpAgentSchedulerDbMixin.remove_networks_from_down_agents' sleeping for 36.98 seconds {{(pid=88475) _run_loop /opt/stack/data/venv/lib/python3.12/site-packages/oslo_service/backend/_threading/loopingcall.py:125}}
May 13 13:31:35.944497 np0000000696 neutron-periodic-workers[88510]: DEBUG dbcounter [-] [88510] Writing DB stats neutron:SELECT=1 {{(pid=88510) stat_writer /opt/stack/data/venv/lib/python3.12/site-packages/dbcounter.py:115}}
May 13 13:31:37.896779 np0000000696 neutron-periodic-workers[88484]: DEBUG dbcounter [-] [88484] Writing DB stats neutron:SELECT=1 {{(pid=88484) stat_writer /opt/stack/data/venv/lib/python3.12/site-packages/dbcounter.py:115}}
May 13 13:31:42.830229 np0000000696 neutron-periodic-workers[88475]: DEBUG dbcounter [-] [88475] Writing DB stats neutron:SELECT=3 {{(pid=88475) stat_writer /opt/stack/data/venv/lib/python3.12/site-packages/dbcounter.py:115}}
May 13 13:32:04.899212 np0000000696 neutron-periodic-workers[88484]: DEBUG neutron.db.agents_db [None req-b36759d1-6a20-48af-a453-9646746f02ed None None] Agent healthcheck: found 0 active agents {{(pid=88484) agent_health_check /opt/stack/neutron/neutron/db/agents_db.py:322}}
May 13 13:32:04.899212 np0000000696 neutron-periodic-workers[88484]: DEBUG oslo.service.backend._threading.loopingcall [None req-b36759d1-6a20-48af-a453-9646746f02ed None None] Fixed interval looping call 'neutron.plugins.ml2.plugin.AgentDbMixin.agent_health_check' sleeping for 36.99 seconds {{(pid=88484) _run_loop /opt/stack/data/venv/lib/python3.12/site-packages/oslo_service/backend/_threading/loopingcall.py:125}}
May 13 13:32:09.818185 np0000000696 neutron-periodic-workers[88475]: DEBUG oslo.service.backend._threading.loopingcall [None req-4487575f-1af1-406e-a58c-845fe42a33a2 None None] Fixed interval looping call 'neutron.plugins.ml2.plugin.DhcpAgentSchedulerDbMixin.remove_networks_from_down_agents' sleeping for 36.99 seconds {{(pid=88475) _run_loop /opt/stack/data/venv/lib/python3.12/site-packages/oslo_service/backend/_threading/loopingcall.py:125}}
May 13 13:32:14.896675 np0000000696 neutron-periodic-workers[88484]: DEBUG dbcounter [-] [88484] Writing DB stats neutron:SELECT=1 {{(pid=88484) stat_writer /opt/stack/data/venv/lib/python3.12/site-packages/dbcounter.py:115}}
May 13 13:32:19.817101 np0000000696 neutron-periodic-workers[88475]: DEBUG dbcounter [-] [88475] Writing DB stats neutron:SELECT=3 {{(pid=88475) stat_writer /opt/stack/data/venv/lib/python3.12/site-packages/dbcounter.py:115}}
May 13 13:32:41.893506 np0000000696 neutron-periodic-workers[88484]: DEBUG neutron.db.agents_db [None req-b36759d1-6a20-48af-a453-9646746f02ed None None] Agent healthcheck: found 0 active agents {{(pid=88484) agent_health_check /opt/stack/neutron/neutron/db/agents_db.py:322}}
May 13 13:32:41.894112 np0000000696 neutron-periodic-workers[88484]: DEBUG oslo.service.backend._threading.loopingcall [None req-b36759d1-6a20-48af-a453-9646746f02ed None None] Fixed interval looping call 'neutron.plugins.ml2.plugin.AgentDbMixin.agent_health_check' sleeping for 37.00 seconds {{(pid=88484) _run_loop /opt/stack/data/venv/lib/python3.12/site-packages/oslo_service/backend/_threading/loopingcall.py:125}}
May 13 13:32:46.824688 np0000000696 neutron-periodic-workers[88475]: DEBUG oslo.service.backend._threading.loopingcall [None req-4487575f-1af1-406e-a58c-845fe42a33a2 None None] Fixed interval looping call 'neutron.plugins.ml2.plugin.DhcpAgentSchedulerDbMixin.remove_networks_from_down_agents' sleeping for 36.98 seconds {{(pid=88475) _run_loop /opt/stack/data/venv/lib/python3.12/site-packages/oslo_service/backend/_threading/loopingcall.py:125}}
May 13 13:32:51.894125 np0000000696 neutron-periodic-workers[88484]: DEBUG dbcounter [-] [88484] Writing DB stats neutron:SELECT=1 {{(pid=88484) stat_writer /opt/stack/data/venv/lib/python3.12/site-packages/dbcounter.py:115}}
May 13 13:32:56.822489 np0000000696 neutron-periodic-workers[88475]: DEBUG dbcounter [-] [88475] Writing DB stats neutron:SELECT=3 {{(pid=88475) stat_writer /opt/stack/data/venv/lib/python3.12/site-packages/dbcounter.py:115}}
May 13 13:33:11.877454 np0000000696 neutron-periodic-workers[88493]: DEBUG oslo.service.backend._threading.loopingcall [None req-558c2827-ef41-4a57-a477-bfbda3be13af None None] Fixed interval looping call 'neutron.db.quota.driver_nolock.DbQuotaNoLockDriver._remove_expired_reservations' sleeping for 120.00 seconds {{(pid=88493) _run_loop /opt/stack/data/venv/lib/python3.12/site-packages/oslo_service/backend/_threading/loopingcall.py:125}}
May 13 13:33:18.906541 np0000000696 neutron-periodic-workers[88484]: DEBUG neutron.db.agents_db [None req-b36759d1-6a20-48af-a453-9646746f02ed None None] Agent healthcheck: found 0 active agents {{(pid=88484) agent_health_check /opt/stack/neutron/neutron/db/agents_db.py:322}}
May 13 13:33:18.908157 np0000000696 neutron-periodic-workers[88484]: DEBUG oslo.service.backend._threading.loopingcall [None req-b36759d1-6a20-48af-a453-9646746f02ed None None] Fixed interval looping call 'neutron.plugins.ml2.plugin.AgentDbMixin.agent_health_check' sleeping for 36.99 seconds {{(pid=88484) _run_loop /opt/stack/data/venv/lib/python3.12/site-packages/oslo_service/backend/_threading/loopingcall.py:125}}
May 13 13:33:21.875706 np0000000696 neutron-periodic-workers[88493]: DEBUG dbcounter [-] [88493] Writing DB stats neutron:DELETE=1 {{(pid=88493) stat_writer /opt/stack/data/venv/lib/python3.12/site-packages/dbcounter.py:115}}
May 13 13:33:23.812856 np0000000696 neutron-periodic-workers[88475]: DEBUG oslo.service.backend._threading.loopingcall [None req-4487575f-1af1-406e-a58c-845fe42a33a2 None None] Fixed interval looping call 'neutron.plugins.ml2.plugin.DhcpAgentSchedulerDbMixin.remove_networks_from_down_agents' sleeping for 36.99 seconds {{(pid=88475) _run_loop /opt/stack/data/venv/lib/python3.12/site-packages/oslo_service/backend/_threading/loopingcall.py:125}}
May 13 13:33:28.902901 np0000000696 neutron-periodic-workers[88484]: DEBUG dbcounter [-] [88484] Writing DB stats neutron:SELECT=1 {{(pid=88484) stat_writer /opt/stack/data/venv/lib/python3.12/site-packages/dbcounter.py:115}}
May 13 13:33:33.814936 np0000000696 neutron-periodic-workers[88475]: DEBUG dbcounter [-] [88475] Writing DB stats neutron:SELECT=3 {{(pid=88475) stat_writer /opt/stack/data/venv/lib/python3.12/site-packages/dbcounter.py:115}}
May 13 13:33:55.913802 np0000000696 neutron-periodic-workers[88484]: DEBUG neutron.db.agents_db [None req-b36759d1-6a20-48af-a453-9646746f02ed None None] Agent healthcheck: found 0 active agents {{(pid=88484) agent_health_check /opt/stack/neutron/neutron/db/agents_db.py:322}}
May 13 13:33:55.914789 np0000000696 neutron-periodic-workers[88484]: DEBUG oslo.service.backend._threading.loopingcall [None req-b36759d1-6a20-48af-a453-9646746f02ed None None] Fixed interval looping call 'neutron.plugins.ml2.plugin.AgentDbMixin.agent_health_check' sleeping for 36.98 seconds {{(pid=88484) _run_loop /opt/stack/data/venv/lib/python3.12/site-packages/oslo_service/backend/_threading/loopingcall.py:125}}
May 13 13:34:00.823245 np0000000696 neutron-periodic-workers[88475]: DEBUG oslo.service.backend._threading.loopingcall [None req-4487575f-1af1-406e-a58c-845fe42a33a2 None None] Fixed interval looping call 'neutron.plugins.ml2.plugin.DhcpAgentSchedulerDbMixin.remove_networks_from_down_agents' sleeping for 36.98 seconds {{(pid=88475) _run_loop /opt/stack/data/venv/lib/python3.12/site-packages/oslo_service/backend/_threading/loopingcall.py:125}}
May 13 13:34:05.912360 np0000000696 neutron-periodic-workers[88484]: DEBUG dbcounter [-] [88484] Writing DB stats neutron:SELECT=1 {{(pid=88484) stat_writer /opt/stack/data/venv/lib/python3.12/site-packages/dbcounter.py:115}}
May 13 13:34:10.819550 np0000000696 neutron-periodic-workers[88475]: DEBUG dbcounter [-] [88475] Writing DB stats neutron:SELECT=3 {{(pid=88475) stat_writer /opt/stack/data/venv/lib/python3.12/site-packages/dbcounter.py:115}}
May 13 13:34:32.898243 np0000000696 neutron-periodic-workers[88484]: DEBUG neutron.db.agents_db [None req-b36759d1-6a20-48af-a453-9646746f02ed None None] Agent healthcheck: found 0 active agents {{(pid=88484) agent_health_check /opt/stack/neutron/neutron/db/agents_db.py:322}}
May 13 13:34:32.898832 np0000000696 neutron-periodic-workers[88484]: DEBUG oslo.service.backend._threading.loopingcall [None req-b36759d1-6a20-48af-a453-9646746f02ed None None] Fixed interval looping call 'neutron.plugins.ml2.plugin.AgentDbMixin.agent_health_check' sleeping for 37.00 seconds {{(pid=88484) _run_loop /opt/stack/data/venv/lib/python3.12/site-packages/oslo_service/backend/_threading/loopingcall.py:125}}
May 13 13:34:37.812429 np0000000696 neutron-periodic-workers[88475]: DEBUG oslo.service.backend._threading.loopingcall [None req-4487575f-1af1-406e-a58c-845fe42a33a2 None None] Fixed interval looping call 'neutron.plugins.ml2.plugin.DhcpAgentSchedulerDbMixin.remove_networks_from_down_agents' sleeping for 36.99 seconds {{(pid=88475) _run_loop /opt/stack/data/venv/lib/python3.12/site-packages/oslo_service/backend/_threading/loopingcall.py:125}}
May 13 13:34:42.897160 np0000000696 neutron-periodic-workers[88484]: DEBUG dbcounter [-] [88484] Writing DB stats neutron:SELECT=1 {{(pid=88484) stat_writer /opt/stack/data/venv/lib/python3.12/site-packages/dbcounter.py:115}}
May 13 13:34:47.814854 np0000000696 neutron-periodic-workers[88475]: DEBUG dbcounter [-] [88475] Writing DB stats neutron:SELECT=3 {{(pid=88475) stat_writer /opt/stack/data/venv/lib/python3.12/site-packages/dbcounter.py:115}}
May 13 13:35:09.918920 np0000000696 neutron-periodic-workers[88484]: DEBUG neutron.db.agents_db [None req-b36759d1-6a20-48af-a453-9646746f02ed None None] Agent healthcheck: found 0 active agents {{(pid=88484) agent_health_check /opt/stack/neutron/neutron/db/agents_db.py:322}}
May 13 13:35:09.919461 np0000000696 neutron-periodic-workers[88484]: DEBUG oslo.service.backend._threading.loopingcall [None req-b36759d1-6a20-48af-a453-9646746f02ed None None] Fixed interval looping call 'neutron.plugins.ml2.plugin.AgentDbMixin.agent_health_check' sleeping for 36.99 seconds {{(pid=88484) _run_loop /opt/stack/data/venv/lib/python3.12/site-packages/oslo_service/backend/_threading/loopingcall.py:125}}
May 13 13:35:11.885759 np0000000696 neutron-periodic-workers[88493]: DEBUG oslo.service.backend._threading.loopingcall [None req-558c2827-ef41-4a57-a477-bfbda3be13af None None] Fixed interval looping call 'neutron.db.quota.driver_nolock.DbQuotaNoLockDriver._remove_expired_reservations' sleeping for 119.99 seconds {{(pid=88493) _run_loop /opt/stack/data/venv/lib/python3.12/site-packages/oslo_service/backend/_threading/loopingcall.py:125}}
May 13 13:35:14.812412 np0000000696 neutron-periodic-workers[88475]: DEBUG oslo.service.backend._threading.loopingcall [None req-4487575f-1af1-406e-a58c-845fe42a33a2 None None] Fixed interval looping call 'neutron.plugins.ml2.plugin.DhcpAgentSchedulerDbMixin.remove_networks_from_down_agents' sleeping for 36.99 seconds {{(pid=88475) _run_loop /opt/stack/data/venv/lib/python3.12/site-packages/oslo_service/backend/_threading/loopingcall.py:125}}
May 13 13:35:19.915049 np0000000696 neutron-periodic-workers[88484]: DEBUG dbcounter [-] [88484] Writing DB stats neutron:SELECT=1 {{(pid=88484) stat_writer /opt/stack/data/venv/lib/python3.12/site-packages/dbcounter.py:115}}
May 13 13:35:21.882490 np0000000696 neutron-periodic-workers[88493]: DEBUG dbcounter [-] [88493] Writing DB stats neutron:DELETE=1 {{(pid=88493) stat_writer /opt/stack/data/venv/lib/python3.12/site-packages/dbcounter.py:115}}
May 13 13:35:24.810719 np0000000696 neutron-periodic-workers[88475]: DEBUG dbcounter [-] [88475] Writing DB stats neutron:SELECT=3 {{(pid=88475) stat_writer /opt/stack/data/venv/lib/python3.12/site-packages/dbcounter.py:115}}
May 13 13:35:46.914984 np0000000696 neutron-periodic-workers[88484]: DEBUG neutron.db.agents_db [None req-b36759d1-6a20-48af-a453-9646746f02ed None None] Agent healthcheck: found 0 active agents {{(pid=88484) agent_health_check /opt/stack/neutron/neutron/db/agents_db.py:322}}
May 13 13:35:46.915587 np0000000696 neutron-periodic-workers[88484]: DEBUG oslo.service.backend._threading.loopingcall [None req-b36759d1-6a20-48af-a453-9646746f02ed None None] Fixed interval looping call 'neutron.plugins.ml2.plugin.AgentDbMixin.agent_health_check' sleeping for 36.99 seconds {{(pid=88484) _run_loop /opt/stack/data/venv/lib/python3.12/site-packages/oslo_service/backend/_threading/loopingcall.py:125}}
May 13 13:35:51.816584 np0000000696 neutron-periodic-workers[88475]: DEBUG oslo.service.backend._threading.loopingcall [None req-4487575f-1af1-406e-a58c-845fe42a33a2 None None] Fixed interval looping call 'neutron.plugins.ml2.plugin.DhcpAgentSchedulerDbMixin.remove_networks_from_down_agents' sleeping for 36.99 seconds {{(pid=88475) _run_loop /opt/stack/data/venv/lib/python3.12/site-packages/oslo_service/backend/_threading/loopingcall.py:125}}
May 13 13:35:56.913030 np0000000696 neutron-periodic-workers[88484]: DEBUG dbcounter [-] [88484] Writing DB stats neutron:SELECT=1 {{(pid=88484) stat_writer /opt/stack/data/venv/lib/python3.12/site-packages/dbcounter.py:115}}
May 13 13:36:01.814544 np0000000696 neutron-periodic-workers[88475]: DEBUG dbcounter [-] [88475] Writing DB stats neutron:SELECT=3 {{(pid=88475) stat_writer /opt/stack/data/venv/lib/python3.12/site-packages/dbcounter.py:115}}
May 13 13:36:15.913538 np0000000696 neutron-periodic-workers[88510]: DEBUG oslo.service.backend._threading.loopingcall [None req-ef88d13b-8651-4b50-ad5d-a3fb122e9644 None None] Fixed interval looping call 'neutron.services.ovn_l3.plugin.L3_NAT_dbonly_mixin._clean_garbage' sleeping for 299.99 seconds {{(pid=88510) _run_loop /opt/stack/data/venv/lib/python3.12/site-packages/oslo_service/backend/_threading/loopingcall.py:125}}
May 13 13:36:23.918911 np0000000696 neutron-periodic-workers[88484]: DEBUG neutron.db.agents_db [None req-b36759d1-6a20-48af-a453-9646746f02ed None None] Agent healthcheck: found 0 active agents {{(pid=88484) agent_health_check /opt/stack/neutron/neutron/db/agents_db.py:322}}
May 13 13:36:23.919788 np0000000696 neutron-periodic-workers[88484]: DEBUG oslo.service.backend._threading.loopingcall [None req-b36759d1-6a20-48af-a453-9646746f02ed None None] Fixed interval looping call 'neutron.plugins.ml2.plugin.AgentDbMixin.agent_health_check' sleeping for 36.99 seconds {{(pid=88484) _run_loop /opt/stack/data/venv/lib/python3.12/site-packages/oslo_service/backend/_threading/loopingcall.py:125}}
May 13 13:36:25.915779 np0000000696 neutron-periodic-workers[88510]: DEBUG dbcounter [-] [88510] Writing DB stats neutron:SELECT=1 {{(pid=88510) stat_writer /opt/stack/data/venv/lib/python3.12/site-packages/dbcounter.py:115}}
May 13 13:36:28.817493 np0000000696 neutron-periodic-workers[88475]: DEBUG oslo.service.backend._threading.loopingcall [None req-4487575f-1af1-406e-a58c-845fe42a33a2 None None] Fixed interval looping call 'neutron.plugins.ml2.plugin.DhcpAgentSchedulerDbMixin.remove_networks_from_down_agents' sleeping for 36.99 seconds {{(pid=88475) _run_loop /opt/stack/data/venv/lib/python3.12/site-packages/oslo_service/backend/_threading/loopingcall.py:125}}
May 13 13:36:33.916247 np0000000696 neutron-periodic-workers[88484]: DEBUG dbcounter [-] [88484] Writing DB stats neutron:SELECT=1 {{(pid=88484) stat_writer /opt/stack/data/venv/lib/python3.12/site-packages/dbcounter.py:115}}
May 13 13:36:38.815445 np0000000696 neutron-periodic-workers[88475]: DEBUG dbcounter [-] [88475] Writing DB stats neutron:SELECT=3 {{(pid=88475) stat_writer /opt/stack/data/venv/lib/python3.12/site-packages/dbcounter.py:115}}
May 13 13:37:00.920066 np0000000696 neutron-periodic-workers[88484]: DEBUG neutron.db.agents_db [None req-b36759d1-6a20-48af-a453-9646746f02ed None None] Agent healthcheck: found 0 active agents {{(pid=88484) agent_health_check /opt/stack/neutron/neutron/db/agents_db.py:322}}
May 13 13:37:00.921227 np0000000696 neutron-periodic-workers[88484]: DEBUG oslo.service.backend._threading.loopingcall [None req-b36759d1-6a20-48af-a453-9646746f02ed None None] Fixed interval looping call 'neutron.plugins.ml2.plugin.AgentDbMixin.agent_health_check' sleeping for 36.99 seconds {{(pid=88484) _run_loop /opt/stack/data/venv/lib/python3.12/site-packages/oslo_service/backend/_threading/loopingcall.py:125}}
May 13 13:37:05.832692 np0000000696 neutron-periodic-workers[88475]: DEBUG oslo.service.backend._threading.loopingcall [None req-4487575f-1af1-406e-a58c-845fe42a33a2 None None] Fixed interval looping call 'neutron.plugins.ml2.plugin.DhcpAgentSchedulerDbMixin.remove_networks_from_down_agents' sleeping for 36.98 seconds {{(pid=88475) _run_loop /opt/stack/data/venv/lib/python3.12/site-packages/oslo_service/backend/_threading/loopingcall.py:125}}
May 13 13:37:10.917801 np0000000696 neutron-periodic-workers[88484]: DEBUG dbcounter [-] [88484] Writing DB stats neutron:SELECT=1 {{(pid=88484) stat_writer /opt/stack/data/venv/lib/python3.12/site-packages/dbcounter.py:115}}
May 13 13:37:11.880921 np0000000696 neutron-periodic-workers[88493]: DEBUG oslo.service.backend._threading.loopingcall [None req-558c2827-ef41-4a57-a477-bfbda3be13af None None] Fixed interval looping call 'neutron.db.quota.driver_nolock.DbQuotaNoLockDriver._remove_expired_reservations' sleeping for 120.00 seconds {{(pid=88493) _run_loop /opt/stack/data/venv/lib/python3.12/site-packages/oslo_service/backend/_threading/loopingcall.py:125}}
May 13 13:37:15.830299 np0000000696 neutron-periodic-workers[88475]: DEBUG dbcounter [-] [88475] Writing DB stats neutron:SELECT=3 {{(pid=88475) stat_writer /opt/stack/data/venv/lib/python3.12/site-packages/dbcounter.py:115}}
May 13 13:37:21.879733 np0000000696 neutron-periodic-workers[88493]: DEBUG dbcounter [-] [88493] Writing DB stats neutron:DELETE=1 {{(pid=88493) stat_writer /opt/stack/data/venv/lib/python3.12/site-packages/dbcounter.py:115}}
May 13 13:37:37.916318 np0000000696 neutron-periodic-workers[88484]: DEBUG neutron.db.agents_db [None req-b36759d1-6a20-48af-a453-9646746f02ed None None] Agent healthcheck: found 0 active agents {{(pid=88484) agent_health_check /opt/stack/neutron/neutron/db/agents_db.py:322}}
May 13 13:37:37.916799 np0000000696 neutron-periodic-workers[88484]: DEBUG oslo.service.backend._threading.loopingcall [None req-b36759d1-6a20-48af-a453-9646746f02ed None None] Fixed interval looping call 'neutron.plugins.ml2.plugin.AgentDbMixin.agent_health_check' sleeping for 36.99 seconds {{(pid=88484) _run_loop /opt/stack/data/venv/lib/python3.12/site-packages/oslo_service/backend/_threading/loopingcall.py:125}}
May 13 13:37:42.836922 np0000000696 neutron-periodic-workers[88475]: DEBUG oslo.service.backend._threading.loopingcall [None req-4487575f-1af1-406e-a58c-845fe42a33a2 None None] Fixed interval looping call 'neutron.plugins.ml2.plugin.DhcpAgentSchedulerDbMixin.remove_networks_from_down_agents' sleeping for 36.98 seconds {{(pid=88475) _run_loop /opt/stack/data/venv/lib/python3.12/site-packages/oslo_service/backend/_threading/loopingcall.py:125}}
May 13 13:37:47.914731 np0000000696 neutron-periodic-workers[88484]: DEBUG dbcounter [-] [88484] Writing DB stats neutron:SELECT=1 {{(pid=88484) stat_writer /opt/stack/data/venv/lib/python3.12/site-packages/dbcounter.py:115}}
May 13 13:37:52.835873 np0000000696 neutron-periodic-workers[88475]: DEBUG dbcounter [-] [88475] Writing DB stats neutron:SELECT=3 {{(pid=88475) stat_writer /opt/stack/data/venv/lib/python3.12/site-packages/dbcounter.py:115}}
May 13 13:38:14.910171 np0000000696 neutron-periodic-workers[88484]: DEBUG neutron.db.agents_db [None req-b36759d1-6a20-48af-a453-9646746f02ed None None] Agent healthcheck: found 0 active agents {{(pid=88484) agent_health_check /opt/stack/neutron/neutron/db/agents_db.py:322}}
May 13 13:38:14.910171 np0000000696 neutron-periodic-workers[88484]: DEBUG oslo.service.backend._threading.loopingcall [None req-b36759d1-6a20-48af-a453-9646746f02ed None None] Fixed interval looping call 'neutron.plugins.ml2.plugin.AgentDbMixin.agent_health_check' sleeping for 37.00 seconds {{(pid=88484) _run_loop /opt/stack/data/venv/lib/python3.12/site-packages/oslo_service/backend/_threading/loopingcall.py:125}}
May 13 13:38:19.828089 np0000000696 neutron-periodic-workers[88475]: DEBUG oslo.service.backend._threading.loopingcall [None req-4487575f-1af1-406e-a58c-845fe42a33a2 None None] Fixed interval looping call 'neutron.plugins.ml2.plugin.DhcpAgentSchedulerDbMixin.remove_networks_from_down_agents' sleeping for 36.99 seconds {{(pid=88475) _run_loop /opt/stack/data/venv/lib/python3.12/site-packages/oslo_service/backend/_threading/loopingcall.py:125}}
May 13 13:38:24.909273 np0000000696 neutron-periodic-workers[88484]: DEBUG dbcounter [-] [88484] Writing DB stats neutron:SELECT=1 {{(pid=88484) stat_writer /opt/stack/data/venv/lib/python3.12/site-packages/dbcounter.py:115}}
May 13 13:38:29.827840 np0000000696 neutron-periodic-workers[88475]: DEBUG dbcounter [-] [88475] Writing DB stats neutron:SELECT=3 {{(pid=88475) stat_writer /opt/stack/data/venv/lib/python3.12/site-packages/dbcounter.py:115}}
May 13 13:38:51.915199 np0000000696 neutron-periodic-workers[88484]: DEBUG neutron.db.agents_db [None req-b36759d1-6a20-48af-a453-9646746f02ed None None] Agent healthcheck: found 0 active agents {{(pid=88484) agent_health_check /opt/stack/neutron/neutron/db/agents_db.py:322}}
May 13 13:38:51.915617 np0000000696 neutron-periodic-workers[88484]: DEBUG oslo.service.backend._threading.loopingcall [None req-b36759d1-6a20-48af-a453-9646746f02ed None None] Fixed interval looping call 'neutron.plugins.ml2.plugin.AgentDbMixin.agent_health_check' sleeping for 37.00 seconds {{(pid=88484) _run_loop /opt/stack/data/venv/lib/python3.12/site-packages/oslo_service/backend/_threading/loopingcall.py:125}}
May 13 13:38:56.826431 np0000000696 neutron-periodic-workers[88475]: DEBUG oslo.service.backend._threading.loopingcall [None req-4487575f-1af1-406e-a58c-845fe42a33a2 None None] Fixed interval looping call 'neutron.plugins.ml2.plugin.DhcpAgentSchedulerDbMixin.remove_networks_from_down_agents' sleeping for 36.99 seconds {{(pid=88475) _run_loop /opt/stack/data/venv/lib/python3.12/site-packages/oslo_service/backend/_threading/loopingcall.py:125}}
May 13 13:39:01.913843 np0000000696 neutron-periodic-workers[88484]: DEBUG dbcounter [-] [88484] Writing DB stats neutron:SELECT=1 {{(pid=88484) stat_writer /opt/stack/data/venv/lib/python3.12/site-packages/dbcounter.py:115}}
May 13 13:39:06.826737 np0000000696 neutron-periodic-workers[88475]: DEBUG dbcounter [-] [88475] Writing DB stats neutron:SELECT=3 {{(pid=88475) stat_writer /opt/stack/data/venv/lib/python3.12/site-packages/dbcounter.py:115}}
May 13 13:39:11.884131 np0000000696 neutron-periodic-workers[88493]: DEBUG oslo.service.backend._threading.loopingcall [None req-558c2827-ef41-4a57-a477-bfbda3be13af None None] Fixed interval looping call 'neutron.db.quota.driver_nolock.DbQuotaNoLockDriver._remove_expired_reservations' sleeping for 120.00 seconds {{(pid=88493) _run_loop /opt/stack/data/venv/lib/python3.12/site-packages/oslo_service/backend/_threading/loopingcall.py:125}}
May 13 13:39:21.883460 np0000000696 neutron-periodic-workers[88493]: DEBUG dbcounter [-] [88493] Writing DB stats neutron:DELETE=1 {{(pid=88493) stat_writer /opt/stack/data/venv/lib/python3.12/site-packages/dbcounter.py:115}}
May 13 13:39:28.920805 np0000000696 neutron-periodic-workers[88484]: DEBUG neutron.db.agents_db [None req-b36759d1-6a20-48af-a453-9646746f02ed None None] Agent healthcheck: found 0 active agents {{(pid=88484) agent_health_check /opt/stack/neutron/neutron/db/agents_db.py:322}}
May 13 13:39:28.921390 np0000000696 neutron-periodic-workers[88484]: DEBUG oslo.service.backend._threading.loopingcall [None req-b36759d1-6a20-48af-a453-9646746f02ed None None] Fixed interval looping call 'neutron.plugins.ml2.plugin.AgentDbMixin.agent_health_check' sleeping for 36.99 seconds {{(pid=88484) _run_loop /opt/stack/data/venv/lib/python3.12/site-packages/oslo_service/backend/_threading/loopingcall.py:125}}
May 13 13:39:33.822067 np0000000696 neutron-periodic-workers[88475]: DEBUG oslo.service.backend._threading.loopingcall [None req-4487575f-1af1-406e-a58c-845fe42a33a2 None None] Fixed interval looping call 'neutron.plugins.ml2.plugin.DhcpAgentSchedulerDbMixin.remove_networks_from_down_agents' sleeping for 36.99 seconds {{(pid=88475) _run_loop /opt/stack/data/venv/lib/python3.12/site-packages/oslo_service/backend/_threading/loopingcall.py:125}}
May 13 13:39:38.919445 np0000000696 neutron-periodic-workers[88484]: DEBUG dbcounter [-] [88484] Writing DB stats neutron:SELECT=1 {{(pid=88484) stat_writer /opt/stack/data/venv/lib/python3.12/site-packages/dbcounter.py:115}}
May 13 13:39:43.821293 np0000000696 neutron-periodic-workers[88475]: DEBUG dbcounter [-] [88475] Writing DB stats neutron:SELECT=3 {{(pid=88475) stat_writer /opt/stack/data/venv/lib/python3.12/site-packages/dbcounter.py:115}}
May 13 13:40:05.914244 np0000000696 neutron-periodic-workers[88484]: DEBUG neutron.db.agents_db [None req-b36759d1-6a20-48af-a453-9646746f02ed None None] Agent healthcheck: found 0 active agents {{(pid=88484) agent_health_check /opt/stack/neutron/neutron/db/agents_db.py:322}}
May 13 13:40:05.914660 np0000000696 neutron-periodic-workers[88484]: DEBUG oslo.service.backend._threading.loopingcall [None req-b36759d1-6a20-48af-a453-9646746f02ed None None] Fixed interval looping call 'neutron.plugins.ml2.plugin.AgentDbMixin.agent_health_check' sleeping for 37.00 seconds {{(pid=88484) _run_loop /opt/stack/data/venv/lib/python3.12/site-packages/oslo_service/backend/_threading/loopingcall.py:125}}
