Aug 13 04:14:46.769375 np0000007148 nova-scheduler[93415]: DEBUG cotyledon.oslo_config_glue [-] oslo_messaging_rabbit.rabbit_quorum_max_memory_bytes = 0 {{(pid=93415) log_opt_values /opt/stack/data/venv/lib/python3.12/site-packages/oslo_config/cfg.py:3545}}
Aug 13 04:14:46.769375 np0000007148 nova-scheduler[93415]: DEBUG cotyledon.oslo_config_glue [-] oslo_messaging_rabbit.rabbit_quorum_max_memory_length = 0 {{(pid=93415) log_opt_values /opt/stack/data/venv/lib/python3.12/site-packages/oslo_config/cfg.py:3545}}
Aug 13 04:14:46.769375 np0000007148 nova-scheduler[93415]: DEBUG cotyledon.oslo_config_glue [-] oslo_messaging_rabbit.rabbit_quorum_queue = False {{(pid=93415) log_opt_values /opt/stack/data/venv/lib/python3.12/site-packages/oslo_config/cfg.py:3545}}
Aug 13 04:14:46.769375 np0000007148 nova-scheduler[93415]: DEBUG cotyledon.oslo_config_glue [-] oslo_messaging_rabbit.rabbit_retry_backoff = 2 {{(pid=93415) log_opt_values /opt/stack/data/venv/lib/python3.12/site-packages/oslo_config/cfg.py:3545}}
Aug 13 04:14:46.769375 np0000007148 nova-scheduler[93415]: DEBUG cotyledon.oslo_config_glue [-] oslo_messaging_rabbit.rabbit_retry_interval = 1 {{(pid=93415) log_opt_values /opt/stack/data/venv/lib/python3.12/site-packages/oslo_config/cfg.py:3545}}
Aug 13 04:14:46.769375 np0000007148 nova-scheduler[93415]: DEBUG cotyledon.oslo_config_glue [-] oslo_messaging_rabbit.rabbit_stream_fanout = False {{(pid=93415) log_opt_values /opt/stack/data/venv/lib/python3.12/site-packages/oslo_config/cfg.py:3545}}
Aug 13 04:14:46.769550 np0000007148 nova-scheduler[93415]: DEBUG cotyledon.oslo_config_glue [-] oslo_messaging_rabbit.rabbit_transient_queues_ttl = 1800 {{(pid=93415) log_opt_values /opt/stack/data/venv/lib/python3.12/site-packages/oslo_config/cfg.py:3545}}
Aug 13 04:14:46.769550 np0000007148 nova-scheduler[93415]: DEBUG cotyledon.oslo_config_glue [-] oslo_messaging_rabbit.rabbit_transient_quorum_queue = False {{(pid=93415) log_opt_values /opt/stack/data/venv/lib/python3.12/site-packages/oslo_config/cfg.py:3545}}
Aug 13 04:14:46.769550 np0000007148 nova-scheduler[93415]: DEBUG cotyledon.oslo_config_glue [-] oslo_messaging_rabbit.rpc_conn_pool_size = 30 {{(pid=93415) log_opt_values /opt/stack/data/venv/lib/python3.12/site-packages/oslo_config/cfg.py:3545}}
Aug 13 04:14:46.769550 np0000007148 nova-scheduler[93415]: DEBUG cotyledon.oslo_config_glue [-] oslo_messaging_rabbit.ssl = False {{(pid=93415) log_opt_values /opt/stack/data/venv/lib/python3.12/site-packages/oslo_config/cfg.py:3545}}
Aug 13 04:14:46.769550 np0000007148 nova-scheduler[93415]: DEBUG cotyledon.oslo_config_glue [-] oslo_messaging_rabbit.ssl_ca_file = {{(pid=93415) log_opt_values /opt/stack/data/venv/lib/python3.12/site-packages/oslo_config/cfg.py:3545}}
Aug 13 04:14:46.769550 np0000007148 nova-scheduler[93415]: DEBUG cotyledon.oslo_config_glue [-] oslo_messaging_rabbit.ssl_cert_file = {{(pid=93415) log_opt_values /opt/stack/data/venv/lib/python3.12/site-packages/oslo_config/cfg.py:3545}}
Aug 13 04:14:46.769550 np0000007148 nova-scheduler[93415]: DEBUG cotyledon.oslo_config_glue [-] oslo_messaging_rabbit.ssl_enforce_fips_mode = False {{(pid=93415) log_opt_values /opt/stack/data/venv/lib/python3.12/site-packages/oslo_config/cfg.py:3545}}
Aug 13 04:14:46.769550 np0000007148 nova-scheduler[93415]: DEBUG cotyledon.oslo_config_glue [-] oslo_messaging_rabbit.ssl_enforce_hostname_verification = True {{(pid=93415) log_opt_values /opt/stack/data/venv/lib/python3.12/site-packages/oslo_config/cfg.py:3545}}
Aug 13 04:14:46.769550 np0000007148 nova-scheduler[93415]: DEBUG cotyledon.oslo_config_glue [-] oslo_messaging_rabbit.ssl_key_file = {{(pid=93415) log_opt_values /opt/stack/data/venv/lib/python3.12/site-packages/oslo_config/cfg.py:3545}}
Aug 13 04:14:46.769739 np0000007148 nova-scheduler[93415]: DEBUG cotyledon.oslo_config_glue [-] oslo_messaging_rabbit.ssl_version = {{(pid=93415) log_opt_values /opt/stack/data/venv/lib/python3.12/site-packages/oslo_config/cfg.py:3545}}
Aug 13 04:14:46.769739 np0000007148 nova-scheduler[93415]: DEBUG cotyledon.oslo_config_glue [-] oslo_messaging_rabbit.use_queue_manager = False {{(pid=93415) log_opt_values /opt/stack/data/venv/lib/python3.12/site-packages/oslo_config/cfg.py:3545}}
Aug 13 04:14:46.769739 np0000007148 nova-scheduler[93415]: DEBUG cotyledon.oslo_config_glue [-] oslo_messaging_notifications.driver = ['messagingv2'] {{(pid=93415) log_opt_values /opt/stack/data/venv/lib/python3.12/site-packages/oslo_config/cfg.py:3545}}
Aug 13 04:14:46.769739 np0000007148 nova-scheduler[93415]: DEBUG cotyledon.oslo_config_glue [-] oslo_messaging_notifications.retry = -1 {{(pid=93415) log_opt_values /opt/stack/data/venv/lib/python3.12/site-packages/oslo_config/cfg.py:3545}}
Aug 13 04:14:46.769739 np0000007148 nova-scheduler[93415]: DEBUG cotyledon.oslo_config_glue [-] oslo_messaging_notifications.topics = ['notifications'] {{(pid=93415) log_opt_values /opt/stack/data/venv/lib/python3.12/site-packages/oslo_config/cfg.py:3545}}
Aug 13 04:14:46.769739 np0000007148 nova-scheduler[93415]: DEBUG cotyledon.oslo_config_glue [-] oslo_messaging_notifications.transport_url = **** {{(pid=93415) log_opt_values /opt/stack/data/venv/lib/python3.12/site-packages/oslo_config/cfg.py:3545}}
Aug 13 04:14:46.769739 np0000007148 nova-scheduler[93415]: DEBUG cotyledon.oslo_config_glue [-] oslo_limit.auth_section = None {{(pid=93415) log_opt_values /opt/stack/data/venv/lib/python3.12/site-packages/oslo_config/cfg.py:3545}}
Aug 13 04:14:46.769739 np0000007148 nova-scheduler[93415]: DEBUG cotyledon.oslo_config_glue [-] oslo_limit.auth_type = None {{(pid=93415) log_opt_values /opt/stack/data/venv/lib/python3.12/site-packages/oslo_config/cfg.py:3545}}
Aug 13 04:14:46.769739 np0000007148 nova-scheduler[93415]: DEBUG cotyledon.oslo_config_glue [-] oslo_limit.cafile = None {{(pid=93415) log_opt_values /opt/stack/data/venv/lib/python3.12/site-packages/oslo_config/cfg.py:3545}}
Aug 13 04:14:46.769918 np0000007148 nova-scheduler[93415]: DEBUG cotyledon.oslo_config_glue [-] oslo_limit.certfile = None {{(pid=93415) log_opt_values /opt/stack/data/venv/lib/python3.12/site-packages/oslo_config/cfg.py:3545}}
Aug 13 04:14:46.769918 np0000007148 nova-scheduler[93415]: DEBUG cotyledon.oslo_config_glue [-] oslo_limit.collect_timing = False {{(pid=93415) log_opt_values /opt/stack/data/venv/lib/python3.12/site-packages/oslo_config/cfg.py:3545}}
Aug 13 04:14:46.769918 np0000007148 nova-scheduler[93415]: DEBUG cotyledon.oslo_config_glue [-] oslo_limit.connect_retries = None {{(pid=93415) log_opt_values /opt/stack/data/venv/lib/python3.12/site-packages/oslo_config/cfg.py:3545}}
Aug 13 04:14:46.769918 np0000007148 nova-scheduler[93415]: DEBUG cotyledon.oslo_config_glue [-] oslo_limit.connect_retry_delay = None {{(pid=93415) log_opt_values /opt/stack/data/venv/lib/python3.12/site-packages/oslo_config/cfg.py:3545}}
Aug 13 04:14:46.769918 np0000007148 nova-scheduler[93415]: DEBUG cotyledon.oslo_config_glue [-] oslo_limit.endpoint_id = None {{(pid=93415) log_opt_values /opt/stack/data/venv/lib/python3.12/site-packages/oslo_config/cfg.py:3545}}
Aug 13 04:14:46.769918 np0000007148 nova-scheduler[93415]: DEBUG cotyledon.oslo_config_glue [-] oslo_limit.endpoint_interface = public {{(pid=93415) log_opt_values /opt/stack/data/venv/lib/python3.12/site-packages/oslo_config/cfg.py:3545}}
Aug 13 04:14:46.769918 np0000007148 nova-scheduler[93415]: DEBUG cotyledon.oslo_config_glue [-] oslo_limit.endpoint_override = None {{(pid=93415) log_opt_values /opt/stack/data/venv/lib/python3.12/site-packages/oslo_config/cfg.py:3545}}
Aug 13 04:14:46.769918 np0000007148 nova-scheduler[93415]: DEBUG cotyledon.oslo_config_glue [-] oslo_limit.endpoint_region_name = None {{(pid=93415) log_opt_values /opt/stack/data/venv/lib/python3.12/site-packages/oslo_config/cfg.py:3545}}
Aug 13 04:14:46.769918 np0000007148 nova-scheduler[93415]: DEBUG cotyledon.oslo_config_glue [-] oslo_limit.endpoint_service_name = None {{(pid=93415) log_opt_values /opt/stack/data/venv/lib/python3.12/site-packages/oslo_config/cfg.py:3545}}
Aug 13 04:14:46.770179 np0000007148 nova-scheduler[93415]: DEBUG cotyledon.oslo_config_glue [-] oslo_limit.endpoint_service_type = None {{(pid=93415) log_opt_values /opt/stack/data/venv/lib/python3.12/site-packages/oslo_config/cfg.py:3545}}
Aug 13 04:14:46.770179 np0000007148 nova-scheduler[93415]: DEBUG cotyledon.oslo_config_glue [-] oslo_limit.insecure = False {{(pid=93415) log_opt_values /opt/stack/data/venv/lib/python3.12/site-packages/oslo_config/cfg.py:3545}}
Aug 13 04:14:46.770179 np0000007148 nova-scheduler[93415]: DEBUG cotyledon.oslo_config_glue [-] oslo_limit.keyfile = None {{(pid=93415) log_opt_values /opt/stack/data/venv/lib/python3.12/site-packages/oslo_config/cfg.py:3545}}
Aug 13 04:14:46.770179 np0000007148 nova-scheduler[93415]: DEBUG cotyledon.oslo_config_glue [-] oslo_limit.max_version = None {{(pid=93415) log_opt_values /opt/stack/data/venv/lib/python3.12/site-packages/oslo_config/cfg.py:3545}}
Aug 13 04:14:46.770179 np0000007148 nova-scheduler[93415]: DEBUG cotyledon.oslo_config_glue [-] oslo_limit.min_version = None {{(pid=93415) log_opt_values /opt/stack/data/venv/lib/python3.12/site-packages/oslo_config/cfg.py:3545}}
Aug 13 04:14:46.770179 np0000007148 nova-scheduler[93415]: DEBUG cotyledon.oslo_config_glue [-] oslo_limit.region_name = None {{(pid=93415) log_opt_values /opt/stack/data/venv/lib/python3.12/site-packages/oslo_config/cfg.py:3545}}
Aug 13 04:14:46.770179 np0000007148 nova-scheduler[93415]: DEBUG cotyledon.oslo_config_glue [-] oslo_limit.retriable_status_codes = None {{(pid=93415) log_opt_values /opt/stack/data/venv/lib/python3.12/site-packages/oslo_config/cfg.py:3545}}
Aug 13 04:14:46.770179 np0000007148 nova-scheduler[93415]: DEBUG cotyledon.oslo_config_glue [-] oslo_limit.service_name = None {{(pid=93415) log_opt_values /opt/stack/data/venv/lib/python3.12/site-packages/oslo_config/cfg.py:3545}}
Aug 13 04:14:46.770179 np0000007148 nova-scheduler[93415]: DEBUG cotyledon.oslo_config_glue [-] oslo_limit.service_type = None {{(pid=93415) log_opt_values /opt/stack/data/venv/lib/python3.12/site-packages/oslo_config/cfg.py:3545}}
Aug 13 04:14:46.770368 np0000007148 nova-scheduler[93415]: DEBUG cotyledon.oslo_config_glue [-] oslo_limit.split_loggers = False {{(pid=93415) log_opt_values /opt/stack/data/venv/lib/python3.12/site-packages/oslo_config/cfg.py:3545}}
Aug 13 04:14:46.770368 np0000007148 nova-scheduler[93415]: DEBUG cotyledon.oslo_config_glue [-] oslo_limit.status_code_retries = None {{(pid=93415) log_opt_values /opt/stack/data/venv/lib/python3.12/site-packages/oslo_config/cfg.py:3545}}
Aug 13 04:14:46.770368 np0000007148 nova-scheduler[93415]: DEBUG cotyledon.oslo_config_glue [-] oslo_limit.status_code_retry_delay = None {{(pid=93415) log_opt_values /opt/stack/data/venv/lib/python3.12/site-packages/oslo_config/cfg.py:3545}}
Aug 13 04:14:46.770368 np0000007148 nova-scheduler[93415]: DEBUG cotyledon.oslo_config_glue [-] oslo_limit.timeout = None {{(pid=93415) log_opt_values /opt/stack/data/venv/lib/python3.12/site-packages/oslo_config/cfg.py:3545}}
Aug 13 04:14:46.770368 np0000007148 nova-scheduler[93415]: DEBUG cotyledon.oslo_config_glue [-] oslo_limit.valid_interfaces = None {{(pid=93415) log_opt_values /opt/stack/data/venv/lib/python3.12/site-packages/oslo_config/cfg.py:3545}}
Aug 13 04:14:46.770368 np0000007148 nova-scheduler[93415]: DEBUG cotyledon.oslo_config_glue [-] oslo_limit.version = None {{(pid=93415) log_opt_values /opt/stack/data/venv/lib/python3.12/site-packages/oslo_config/cfg.py:3545}}
Aug 13 04:14:46.770368 np0000007148 nova-scheduler[93415]: DEBUG cotyledon.oslo_config_glue [-] oslo_reports.file_event_handler = None {{(pid=93415) log_opt_values /opt/stack/data/venv/lib/python3.12/site-packages/oslo_config/cfg.py:3545}}
Aug 13 04:14:46.770368 np0000007148 nova-scheduler[93415]: DEBUG cotyledon.oslo_config_glue [-] oslo_reports.file_event_handler_interval = 1 {{(pid=93415) log_opt_values /opt/stack/data/venv/lib/python3.12/site-packages/oslo_config/cfg.py:3545}}
Aug 13 04:14:46.770368 np0000007148 nova-scheduler[93415]: DEBUG cotyledon.oslo_config_glue [-] oslo_reports.log_dir = None {{(pid=93415) log_opt_values /opt/stack/data/venv/lib/python3.12/site-packages/oslo_config/cfg.py:3545}}
Aug 13 04:14:46.770550 np0000007148 nova-scheduler[93415]: DEBUG cotyledon.oslo_config_glue [-] ******************************************************************************** {{(pid=93415) log_opt_values /opt/stack/data/venv/lib/python3.12/site-packages/oslo_config/cfg.py:3552}}
Aug 13 04:14:46.770550 np0000007148 nova-scheduler[93415]: DEBUG cotyledon._service_worker [-] Run service ServiceWrapper(2) [93415] {{(pid=93415) wait_forever /opt/stack/data/venv/lib/python3.12/site-packages/cotyledon/_service_worker.py:218}}
Aug 13 04:14:46.770594 np0000007148 nova-scheduler[93412]: INFO dbcounter [None req-f9b6eefb-dde0-46b0-80f7-166a98a126b5 None None] Registered counter for database nova_cell0
Aug 13 04:14:46.770621 np0000007148 nova-scheduler[93415]: INFO nova.service [-] Starting scheduler node (version 33.1.0)
Aug 13 04:14:46.770621 np0000007148 nova-scheduler[93415]: INFO dbcounter [None req-9a661004-375b-4fea-9321-b9269bc077d5 None None] Registered counter for database nova_cell0
Aug 13 04:14:46.785556 np0000007148 nova-scheduler[93415]: DEBUG oslo_db.sqlalchemy.engines [None req-9a661004-375b-4fea-9321-b9269bc077d5 None None] MySQL server mode set to STRICT_TRANS_TABLES,STRICT_ALL_TABLES,NO_ZERO_IN_DATE,NO_ZERO_DATE,ERROR_FOR_DIVISION_BY_ZERO,TRADITIONAL,NO_ENGINE_SUBSTITUTION {{(pid=93415) _check_effective_sql_mode /opt/stack/data/venv/lib/python3.12/site-packages/oslo_db/sqlalchemy/engines.py:325}}
Aug 13 04:14:46.796076 np0000007148 nova-scheduler[93412]: DEBUG oslo_db.sqlalchemy.engines [None req-f9b6eefb-dde0-46b0-80f7-166a98a126b5 None None] MySQL server mode set to STRICT_TRANS_TABLES,STRICT_ALL_TABLES,NO_ZERO_IN_DATE,NO_ZERO_DATE,ERROR_FOR_DIVISION_BY_ZERO,TRADITIONAL,NO_ENGINE_SUBSTITUTION {{(pid=93412) _check_effective_sql_mode /opt/stack/data/venv/lib/python3.12/site-packages/oslo_db/sqlalchemy/engines.py:325}}
Aug 13 04:14:46.796211 np0000007148 nova-scheduler[93415]: DEBUG dbcounter [-] [93415] Writer thread running {{(pid=93415) stat_writer /opt/stack/data/venv/lib/python3.12/site-packages/dbcounter.py:102}}
Aug 13 04:14:46.798858 np0000007148 nova-scheduler[93410]: DEBUG oslo_db.sqlalchemy.engines [None req-13714fb8-2074-44fc-8a09-e654663979f6 None None] MySQL server mode set to STRICT_TRANS_TABLES,STRICT_ALL_TABLES,NO_ZERO_IN_DATE,NO_ZERO_DATE,ERROR_FOR_DIVISION_BY_ZERO,TRADITIONAL,NO_ENGINE_SUBSTITUTION {{(pid=93410) _check_effective_sql_mode /opt/stack/data/venv/lib/python3.12/site-packages/oslo_db/sqlalchemy/engines.py:325}}
Aug 13 04:14:46.804565 np0000007148 nova-scheduler[93412]: DEBUG dbcounter [-] [93412] Writer thread running {{(pid=93412) stat_writer /opt/stack/data/venv/lib/python3.12/site-packages/dbcounter.py:102}}
Aug 13 04:14:46.807247 np0000007148 nova-scheduler[93410]: DEBUG dbcounter [-] [93410] Writer thread running {{(pid=93410) stat_writer /opt/stack/data/venv/lib/python3.12/site-packages/dbcounter.py:102}}
Aug 13 04:14:46.810726 np0000007148 nova-scheduler[93415]: DEBUG nova.service [None req-9a661004-375b-4fea-9321-b9269bc077d5 None None] Creating RPC server for service: nova-scheduler on topic: scheduler {{(pid=93415) start /opt/stack/nova/nova/service.py:196}}
Aug 13 04:14:46.820670 np0000007148 nova-scheduler[93412]: DEBUG nova.service [None req-f9b6eefb-dde0-46b0-80f7-166a98a126b5 None None] Creating RPC server for service: nova-scheduler on topic: scheduler {{(pid=93412) start /opt/stack/nova/nova/service.py:196}}
Aug 13 04:14:46.820816 np0000007148 nova-scheduler[93410]: DEBUG nova.service [None req-13714fb8-2074-44fc-8a09-e654663979f6 None None] Creating RPC server for service: nova-scheduler on topic: scheduler {{(pid=93410) start /opt/stack/nova/nova/service.py:196}}
Aug 13 04:14:46.838639 np0000007148 nova-scheduler[93412]: DEBUG nova.service [None req-f9b6eefb-dde0-46b0-80f7-166a98a126b5 None None] Join ServiceGroup membership for this service scheduler {{(pid=93412) start /opt/stack/nova/nova/service.py:222}}
Aug 13 04:14:46.838816 np0000007148 nova-scheduler[93412]: DEBUG nova.servicegroup.drivers.db [None req-f9b6eefb-dde0-46b0-80f7-166a98a126b5 None None] DB_Driver: join new ServiceGroup member np0000007148 to the scheduler group, service = {{(pid=93412) join /opt/stack/nova/nova/servicegroup/drivers/db.py:44}}
Aug 13 04:14:46.839154 np0000007148 nova-scheduler[93410]: DEBUG nova.service [None req-13714fb8-2074-44fc-8a09-e654663979f6 None None] Join ServiceGroup membership for this service scheduler {{(pid=93410) start /opt/stack/nova/nova/service.py:222}}
Aug 13 04:14:46.839373 np0000007148 nova-scheduler[93410]: DEBUG nova.servicegroup.drivers.db [None req-13714fb8-2074-44fc-8a09-e654663979f6 None None] DB_Driver: join new ServiceGroup member np0000007148 to the scheduler group, service = {{(pid=93410) join /opt/stack/nova/nova/servicegroup/drivers/db.py:44}}
Aug 13 04:14:46.841382 np0000007148 nova-scheduler[93415]: DEBUG nova.service [None req-9a661004-375b-4fea-9321-b9269bc077d5 None None] Join ServiceGroup membership for this service scheduler {{(pid=93415) start /opt/stack/nova/nova/service.py:222}}
Aug 13 04:14:46.841661 np0000007148 nova-scheduler[93415]: DEBUG nova.servicegroup.drivers.db [None req-9a661004-375b-4fea-9321-b9269bc077d5 None None] DB_Driver: join new ServiceGroup member np0000007148 to the scheduler group, service = {{(pid=93415) join /opt/stack/nova/nova/servicegroup/drivers/db.py:44}}
Aug 13 04:14:50.843565 np0000007148 nova-scheduler[93415]: DEBUG oslo.service.backend._threading.loopingcall [None req-7cdee47c-f233-40f7-b2d2-cf78e678c235 None None] Dynamic interval looping call 'nova.service.Service.periodic_tasks' sleeping for 60.00 seconds {{(pid=93415) _run_loop /opt/stack/data/venv/lib/python3.12/site-packages/oslo_service/backend/_threading/loopingcall.py:125}}
Aug 13 04:14:51.854666 np0000007148 nova-scheduler[93412]: DEBUG oslo.service.backend._threading.loopingcall [-] Fixed interval looping call 'nova.servicegroup.drivers.db.DbDriver._report_state' sleeping for 119.99 seconds {{(pid=93412) _run_loop /opt/stack/data/venv/lib/python3.12/site-packages/oslo_service/backend/_threading/loopingcall.py:125}}
Aug 13 04:14:51.855082 np0000007148 nova-scheduler[93410]: DEBUG oslo.service.backend._threading.loopingcall [-] Fixed interval looping call 'nova.servicegroup.drivers.db.DbDriver._report_state' sleeping for 119.99 seconds {{(pid=93410) _run_loop /opt/stack/data/venv/lib/python3.12/site-packages/oslo_service/backend/_threading/loopingcall.py:125}}
Aug 13 04:14:51.857246 np0000007148 nova-scheduler[93415]: DEBUG oslo.service.backend._threading.loopingcall [-] Fixed interval looping call 'nova.servicegroup.drivers.db.DbDriver._report_state' sleeping for 119.99 seconds {{(pid=93415) _run_loop /opt/stack/data/venv/lib/python3.12/site-packages/oslo_service/backend/_threading/loopingcall.py:125}}
Aug 13 04:14:55.406246 np0000007148 nova-scheduler[92202]: DEBUG dbcounter [-] [92202] Writing DB stats nova_api:SELECT=3 {{(pid=92202) stat_writer /opt/stack/data/venv/lib/python3.12/site-packages/dbcounter.py:115}}
Aug 13 04:14:55.548974 np0000007148 nova-scheduler[92202]: DEBUG dbcounter [-] [92202] Writing DB stats nova_cell0:SELECT=1 {{(pid=92202) stat_writer /opt/stack/data/venv/lib/python3.12/site-packages/dbcounter.py:115}}
Aug 13 04:14:55.555938 np0000007148 nova-scheduler[92202]: DEBUG dbcounter [-] [92202] Writing DB stats nova_cell1:SELECT=1 {{(pid=92202) stat_writer /opt/stack/data/venv/lib/python3.12/site-packages/dbcounter.py:115}}
Aug 13 04:15:01.849987 np0000007148 nova-scheduler[93412]: DEBUG dbcounter [-] [93412] Writing DB stats nova_cell0:SELECT=4,nova_cell0:INSERT=1,nova_cell0:UPDATE=1 {{(pid=93412) stat_writer /opt/stack/data/venv/lib/python3.12/site-packages/dbcounter.py:115}}
Aug 13 04:15:01.851884 np0000007148 nova-scheduler[93410]: DEBUG dbcounter [-] [93410] Writing DB stats nova_cell0:SELECT=4,nova_cell0:INSERT=1,nova_cell0:UPDATE=1 {{(pid=93410) stat_writer /opt/stack/data/venv/lib/python3.12/site-packages/dbcounter.py:115}}
Aug 13 04:15:01.856006 np0000007148 nova-scheduler[93415]: DEBUG dbcounter [-] [93415] Writing DB stats nova_cell0:SELECT=4,nova_cell0:INSERT=1 {{(pid=93415) stat_writer /opt/stack/data/venv/lib/python3.12/site-packages/dbcounter.py:115}}
Aug 13 04:15:03.841665 np0000007148 nova-scheduler[93412]: DEBUG oslo.service.backend._threading.loopingcall [None req-adf6a930-81c8-4f9b-901c-aac715c42818 None None] Dynamic interval looping call 'nova.service.Service.periodic_tasks' sleeping for 60.00 seconds {{(pid=93412) _run_loop /opt/stack/data/venv/lib/python3.12/site-packages/oslo_service/backend/_threading/loopingcall.py:125}}
Aug 13 04:15:14.841329 np0000007148 nova-scheduler[93410]: DEBUG oslo.service.backend._threading.loopingcall [None req-1ff1fb05-948a-4fd5-a5e2-6973307c580a None None] Dynamic interval looping call 'nova.service.Service.periodic_tasks' sleeping for 60.00 seconds {{(pid=93410) _run_loop /opt/stack/data/venv/lib/python3.12/site-packages/oslo_service/backend/_threading/loopingcall.py:125}}
Aug 13 04:15:50.844030 np0000007148 nova-scheduler[93415]: DEBUG oslo.service.backend._threading.loopingcall [None req-7cdee47c-f233-40f7-b2d2-cf78e678c235 None None] Dynamic interval looping call 'nova.service.Service.periodic_tasks' sleeping for 60.00 seconds {{(pid=93415) _run_loop /opt/stack/data/venv/lib/python3.12/site-packages/oslo_service/backend/_threading/loopingcall.py:125}}
Aug 13 04:16:03.842496 np0000007148 nova-scheduler[93412]: DEBUG oslo.service.backend._threading.loopingcall [None req-adf6a930-81c8-4f9b-901c-aac715c42818 None None] Dynamic interval looping call 'nova.service.Service.periodic_tasks' sleeping for 60.00 seconds {{(pid=93412) _run_loop /opt/stack/data/venv/lib/python3.12/site-packages/oslo_service/backend/_threading/loopingcall.py:125}}
Aug 13 04:16:14.842004 np0000007148 nova-scheduler[93410]: DEBUG oslo.service.backend._threading.loopingcall [None req-1ff1fb05-948a-4fd5-a5e2-6973307c580a None None] Dynamic interval looping call 'nova.service.Service.periodic_tasks' sleeping for 60.00 seconds {{(pid=93410) _run_loop /opt/stack/data/venv/lib/python3.12/site-packages/oslo_service/backend/_threading/loopingcall.py:125}}
Aug 13 04:16:50.844540 np0000007148 nova-scheduler[93415]: DEBUG oslo.service.backend._threading.loopingcall [None req-7cdee47c-f233-40f7-b2d2-cf78e678c235 None None] Dynamic interval looping call 'nova.service.Service.periodic_tasks' sleeping for 60.00 seconds {{(pid=93415) _run_loop /opt/stack/data/venv/lib/python3.12/site-packages/oslo_service/backend/_threading/loopingcall.py:125}}
Aug 13 04:16:51.851534 np0000007148 nova-scheduler[93412]: DEBUG oslo.service.backend._threading.loopingcall [-] Fixed interval looping call 'nova.servicegroup.drivers.db.DbDriver._report_state' sleeping for 119.99 seconds {{(pid=93412) _run_loop /opt/stack/data/venv/lib/python3.12/site-packages/oslo_service/backend/_threading/loopingcall.py:125}}
Aug 13 04:16:51.852066 np0000007148 nova-scheduler[93410]: DEBUG oslo.service.backend._threading.loopingcall [-] Fixed interval looping call 'nova.servicegroup.drivers.db.DbDriver._report_state' sleeping for 119.99 seconds {{(pid=93410) _run_loop /opt/stack/data/venv/lib/python3.12/site-packages/oslo_service/backend/_threading/loopingcall.py:125}}
Aug 13 04:16:51.853204 np0000007148 nova-scheduler[93415]: DEBUG oslo.service.backend._threading.loopingcall [-] Fixed interval looping call 'nova.servicegroup.drivers.db.DbDriver._report_state' sleeping for 119.99 seconds {{(pid=93415) _run_loop /opt/stack/data/venv/lib/python3.12/site-packages/oslo_service/backend/_threading/loopingcall.py:125}}
Aug 13 04:17:01.848200 np0000007148 nova-scheduler[93412]: DEBUG dbcounter [-] [93412] Writing DB stats nova_cell0:SELECT=1,nova_cell0:UPDATE=1 {{(pid=93412) stat_writer /opt/stack/data/venv/lib/python3.12/site-packages/dbcounter.py:115}}
Aug 13 04:17:01.850514 np0000007148 nova-scheduler[93410]: DEBUG dbcounter [-] [93410] Writing DB stats nova_cell0:SELECT=1,nova_cell0:UPDATE=1 {{(pid=93410) stat_writer /opt/stack/data/venv/lib/python3.12/site-packages/dbcounter.py:115}}
Aug 13 04:17:01.851126 np0000007148 nova-scheduler[93415]: DEBUG dbcounter [-] [93415] Writing DB stats nova_cell0:SELECT=1 {{(pid=93415) stat_writer /opt/stack/data/venv/lib/python3.12/site-packages/dbcounter.py:115}}
Aug 13 04:17:03.843479 np0000007148 nova-scheduler[93412]: DEBUG oslo.service.backend._threading.loopingcall [None req-adf6a930-81c8-4f9b-901c-aac715c42818 None None] Dynamic interval looping call 'nova.service.Service.periodic_tasks' sleeping for 60.00 seconds {{(pid=93412) _run_loop /opt/stack/data/venv/lib/python3.12/site-packages/oslo_service/backend/_threading/loopingcall.py:125}}
Aug 13 04:17:05.060947 np0000007148 nova-scheduler[93410]: DEBUG nova.scheduler.manager [None req-196d2723-b481-4e90-b848-8cd835e8c35f tempest-DeleteServersTestJSON-1394119520 tempest-DeleteServersTestJSON-1394119520-project-member] Starting to schedule for instances: ['2dd18579-75ec-43a4-9498-1e3837ee7b2e'] {{(pid=93410) select_destinations /opt/stack/nova/nova/scheduler/manager.py:209}}
Aug 13 04:17:05.061433 np0000007148 nova-scheduler[93410]: DEBUG nova.scheduler.request_filter [None req-196d2723-b481-4e90-b848-8cd835e8c35f tempest-DeleteServersTestJSON-1394119520 tempest-DeleteServersTestJSON-1394119520-project-member] compute_status_filter request filter added forbidden trait COMPUTE_STATUS_DISABLED {{(pid=93410) compute_status_filter /opt/stack/nova/nova/scheduler/request_filter.py:253}}
Aug 13 04:17:05.061581 np0000007148 nova-scheduler[93410]: DEBUG nova.scheduler.request_filter [None req-196d2723-b481-4e90-b848-8cd835e8c35f tempest-DeleteServersTestJSON-1394119520 tempest-DeleteServersTestJSON-1394119520-project-member] Request filter 'compute_status_filter' took 0.0 seconds {{(pid=93410) wrapper /opt/stack/nova/nova/scheduler/request_filter.py:46}}
Aug 13 04:17:05.062352 np0000007148 nova-scheduler[93410]: DEBUG nova.scheduler.request_filter [None req-196d2723-b481-4e90-b848-8cd835e8c35f tempest-DeleteServersTestJSON-1394119520 tempest-DeleteServersTestJSON-1394119520-project-member] Request filter 'accelerators_filter' took 0.0 seconds {{(pid=93410) wrapper /opt/stack/nova/nova/scheduler/request_filter.py:46}}
Aug 13 04:17:05.062352 np0000007148 nova-scheduler[93410]: DEBUG nova.scheduler.request_filter [None req-196d2723-b481-4e90-b848-8cd835e8c35f tempest-DeleteServersTestJSON-1394119520 tempest-DeleteServersTestJSON-1394119520-project-member] Request filter 'packed_virtqueue_filter' took 0.0 seconds {{(pid=93410) wrapper /opt/stack/nova/nova/scheduler/request_filter.py:46}}
Aug 13 04:17:05.062602 np0000007148 nova-scheduler[93410]: DEBUG nova.scheduler.request_filter [None req-196d2723-b481-4e90-b848-8cd835e8c35f tempest-DeleteServersTestJSON-1394119520 tempest-DeleteServersTestJSON-1394119520-project-member] Request filter 'remote_managed_ports_filter' took 0.0 seconds {{(pid=93410) wrapper /opt/stack/nova/nova/scheduler/request_filter.py:46}}
Aug 13 04:17:05.062743 np0000007148 nova-scheduler[93410]: DEBUG nova.scheduler.request_filter [None req-196d2723-b481-4e90-b848-8cd835e8c35f tempest-DeleteServersTestJSON-1394119520 tempest-DeleteServersTestJSON-1394119520-project-member] ephemeral_encryption_filter skipped {{(pid=93410) ephemeral_encryption_filter /opt/stack/nova/nova/scheduler/request_filter.py:426}}
Aug 13 04:17:05.063199 np0000007148 nova-scheduler[93410]: DEBUG nova.scheduler.request_filter [None req-196d2723-b481-4e90-b848-8cd835e8c35f tempest-DeleteServersTestJSON-1394119520 tempest-DeleteServersTestJSON-1394119520-project-member] virtio_sound_filter skipped {{(pid=93410) virtio_sound_filter /opt/stack/nova/nova/scheduler/request_filter.py:460}}
Aug 13 04:17:05.063339 np0000007148 nova-scheduler[93410]: DEBUG nova.scheduler.request_filter [None req-196d2723-b481-4e90-b848-8cd835e8c35f tempest-DeleteServersTestJSON-1394119520 tempest-DeleteServersTestJSON-1394119520-project-member] tpm_secret_security_filter skipped {{(pid=93410) tpm_secret_security_filter /opt/stack/nova/nova/scheduler/request_filter.py:477}}
Aug 13 04:17:05.448600 np0000007148 nova-scheduler[93412]: DEBUG nova.scheduler.manager [None req-c3ab8b39-588e-4ff4-89b6-dc95296ae88a tempest-ServerActionsTestOtherB-1340766272 tempest-ServerActionsTestOtherB-1340766272-project-member] Starting to schedule for instances: ['4c721209-f8e2-4f3f-af89-eb0820627f14'] {{(pid=93412) select_destinations /opt/stack/nova/nova/scheduler/manager.py:209}}
Aug 13 04:17:05.449168 np0000007148 nova-scheduler[93412]: DEBUG nova.scheduler.request_filter [None req-c3ab8b39-588e-4ff4-89b6-dc95296ae88a tempest-ServerActionsTestOtherB-1340766272 tempest-ServerActionsTestOtherB-1340766272-project-member] compute_status_filter request filter added forbidden trait COMPUTE_STATUS_DISABLED {{(pid=93412) compute_status_filter /opt/stack/nova/nova/scheduler/request_filter.py:253}}
Aug 13 04:17:05.450226 np0000007148 nova-scheduler[93412]: DEBUG nova.scheduler.request_filter [None req-c3ab8b39-588e-4ff4-89b6-dc95296ae88a tempest-ServerActionsTestOtherB-1340766272 tempest-ServerActionsTestOtherB-1340766272-project-member] Request filter 'compute_status_filter' took 0.0 seconds {{(pid=93412) wrapper /opt/stack/nova/nova/scheduler/request_filter.py:46}}
Aug 13 04:17:05.450226 np0000007148 nova-scheduler[93412]: DEBUG nova.scheduler.request_filter [None req-c3ab8b39-588e-4ff4-89b6-dc95296ae88a tempest-ServerActionsTestOtherB-1340766272 tempest-ServerActionsTestOtherB-1340766272-project-member] Request filter 'accelerators_filter' took 0.0 seconds {{(pid=93412) wrapper /opt/stack/nova/nova/scheduler/request_filter.py:46}}
Aug 13 04:17:05.450226 np0000007148 nova-scheduler[93412]: DEBUG nova.scheduler.request_filter [None req-c3ab8b39-588e-4ff4-89b6-dc95296ae88a tempest-ServerActionsTestOtherB-1340766272 tempest-ServerActionsTestOtherB-1340766272-project-member] Request filter 'packed_virtqueue_filter' took 0.0 seconds {{(pid=93412) wrapper /opt/stack/nova/nova/scheduler/request_filter.py:46}}
Aug 13 04:17:05.450226 np0000007148 nova-scheduler[93412]: DEBUG nova.scheduler.request_filter [None req-c3ab8b39-588e-4ff4-89b6-dc95296ae88a tempest-ServerActionsTestOtherB-1340766272 tempest-ServerActionsTestOtherB-1340766272-project-member] Request filter 'remote_managed_ports_filter' took 0.0 seconds {{(pid=93412) wrapper /opt/stack/nova/nova/scheduler/request_filter.py:46}}
Aug 13 04:17:05.450459 np0000007148 nova-scheduler[93412]: DEBUG nova.scheduler.request_filter [None req-c3ab8b39-588e-4ff4-89b6-dc95296ae88a tempest-ServerActionsTestOtherB-1340766272 tempest-ServerActionsTestOtherB-1340766272-project-member] ephemeral_encryption_filter skipped {{(pid=93412) ephemeral_encryption_filter /opt/stack/nova/nova/scheduler/request_filter.py:426}}
Aug 13 04:17:05.450581 np0000007148 nova-scheduler[93412]: DEBUG nova.scheduler.request_filter [None req-c3ab8b39-588e-4ff4-89b6-dc95296ae88a tempest-ServerActionsTestOtherB-1340766272 tempest-ServerActionsTestOtherB-1340766272-project-member] virtio_sound_filter skipped {{(pid=93412) virtio_sound_filter /opt/stack/nova/nova/scheduler/request_filter.py:460}}
Aug 13 04:17:05.450738 np0000007148 nova-scheduler[93412]: DEBUG nova.scheduler.request_filter [None req-c3ab8b39-588e-4ff4-89b6-dc95296ae88a tempest-ServerActionsTestOtherB-1340766272 tempest-ServerActionsTestOtherB-1340766272-project-member] tpm_secret_security_filter skipped {{(pid=93412) tpm_secret_security_filter /opt/stack/nova/nova/scheduler/request_filter.py:477}}
Aug 13 04:17:05.656885 np0000007148 nova-scheduler[93410]: INFO nova.utils [None req-196d2723-b481-4e90-b848-8cd835e8c35f tempest-DeleteServersTestJSON-1394119520 tempest-DeleteServersTestJSON-1394119520-project-member] The cell worker thread pool ForkProcess-1.cell_worker is initialized
Aug 13 04:17:05.657462 np0000007148 nova-scheduler[93410]: DEBUG oslo_concurrency.lockutils [None req-196d2723-b481-4e90-b848-8cd835e8c35f tempest-DeleteServersTestJSON-1394119520 tempest-DeleteServersTestJSON-1394119520-project-member] Acquiring lock "c27160b4-fc09-4fb6-a5fc-3fa9929293a6" by "nova.context.set_target_cell..get_or_set_cached_cell_and_set_connections" {{(pid=93410) inner /opt/stack/data/venv/lib/python3.12/site-packages/oslo_concurrency/lockutils.py:512}}
Aug 13 04:17:05.657830 np0000007148 nova-scheduler[93410]: DEBUG oslo_concurrency.lockutils [None req-196d2723-b481-4e90-b848-8cd835e8c35f tempest-DeleteServersTestJSON-1394119520 tempest-DeleteServersTestJSON-1394119520-project-member] Lock "c27160b4-fc09-4fb6-a5fc-3fa9929293a6" acquired by "nova.context.set_target_cell..get_or_set_cached_cell_and_set_connections" :: waited 0.000s {{(pid=93410) inner /opt/stack/data/venv/lib/python3.12/site-packages/oslo_concurrency/lockutils.py:525}}
Aug 13 04:17:05.659776 np0000007148 nova-scheduler[93410]: DEBUG oslo_concurrency.lockutils [None req-196d2723-b481-4e90-b848-8cd835e8c35f tempest-DeleteServersTestJSON-1394119520 tempest-DeleteServersTestJSON-1394119520-project-member] Lock "c27160b4-fc09-4fb6-a5fc-3fa9929293a6" "released" by "nova.context.set_target_cell..get_or_set_cached_cell_and_set_connections" :: held 0.002s {{(pid=93410) inner /opt/stack/data/venv/lib/python3.12/site-packages/oslo_concurrency/lockutils.py:544}}
Aug 13 04:17:05.661833 np0000007148 nova-scheduler[93410]: INFO dbcounter [None req-196d2723-b481-4e90-b848-8cd835e8c35f tempest-DeleteServersTestJSON-1394119520 tempest-DeleteServersTestJSON-1394119520-project-member] Registered counter for database nova_cell1
Aug 13 04:17:05.709296 np0000007148 nova-scheduler[93410]: DEBUG oslo_db.sqlalchemy.engines [None req-196d2723-b481-4e90-b848-8cd835e8c35f tempest-DeleteServersTestJSON-1394119520 tempest-DeleteServersTestJSON-1394119520-project-member] MySQL server mode set to STRICT_TRANS_TABLES,STRICT_ALL_TABLES,NO_ZERO_IN_DATE,NO_ZERO_DATE,ERROR_FOR_DIVISION_BY_ZERO,TRADITIONAL,NO_ENGINE_SUBSTITUTION {{(pid=93410) _check_effective_sql_mode /opt/stack/data/venv/lib/python3.12/site-packages/oslo_db/sqlalchemy/engines.py:325}}
Aug 13 04:17:05.715309 np0000007148 nova-scheduler[93410]: DEBUG dbcounter [-] [93410] Writer thread running {{(pid=93410) stat_writer /opt/stack/data/venv/lib/python3.12/site-packages/dbcounter.py:102}}
Aug 13 04:17:05.725513 np0000007148 nova-scheduler[93410]: DEBUG oslo_db.sqlalchemy.engines [None req-196d2723-b481-4e90-b848-8cd835e8c35f tempest-DeleteServersTestJSON-1394119520 tempest-DeleteServersTestJSON-1394119520-project-member] Parent process 92202 forked (93410) with an open database connection, which is being discarded and recreated. {{(pid=93410) checkout /opt/stack/data/venv/lib/python3.12/site-packages/oslo_db/sqlalchemy/engines.py:402}}
Aug 13 04:17:05.774344 np0000007148 nova-scheduler[93410]: DEBUG dbcounter [-] [93410] Writer thread running {{(pid=93410) stat_writer /opt/stack/data/venv/lib/python3.12/site-packages/dbcounter.py:102}}
Aug 13 04:17:05.776938 np0000007148 nova-scheduler[93410]: DEBUG oslo_concurrency.lockutils [None req-196d2723-b481-4e90-b848-8cd835e8c35f tempest-DeleteServersTestJSON-1394119520 tempest-DeleteServersTestJSON-1394119520-project-member] Acquiring lock "c27160b4-fc09-4fb6-a5fc-3fa9929293a6" by "nova.context.set_target_cell..get_or_set_cached_cell_and_set_connections" {{(pid=93410) inner /opt/stack/data/venv/lib/python3.12/site-packages/oslo_concurrency/lockutils.py:512}}
Aug 13 04:17:05.777126 np0000007148 nova-scheduler[93410]: DEBUG oslo_concurrency.lockutils [None req-196d2723-b481-4e90-b848-8cd835e8c35f tempest-DeleteServersTestJSON-1394119520 tempest-DeleteServersTestJSON-1394119520-project-member] Lock "c27160b4-fc09-4fb6-a5fc-3fa9929293a6" acquired by "nova.context.set_target_cell..get_or_set_cached_cell_and_set_connections" :: waited 0.000s {{(pid=93410) inner /opt/stack/data/venv/lib/python3.12/site-packages/oslo_concurrency/lockutils.py:525}}
Aug 13 04:17:05.777252 np0000007148 nova-scheduler[93410]: DEBUG oslo_concurrency.lockutils [None req-196d2723-b481-4e90-b848-8cd835e8c35f tempest-DeleteServersTestJSON-1394119520 tempest-DeleteServersTestJSON-1394119520-project-member] Lock "c27160b4-fc09-4fb6-a5fc-3fa9929293a6" "released" by "nova.context.set_target_cell..get_or_set_cached_cell_and_set_connections" :: held 0.000s {{(pid=93410) inner /opt/stack/data/venv/lib/python3.12/site-packages/oslo_concurrency/lockutils.py:544}}
Aug 13 04:17:05.780619 np0000007148 nova-scheduler[93410]: DEBUG oslo_concurrency.lockutils [None req-196d2723-b481-4e90-b848-8cd835e8c35f tempest-DeleteServersTestJSON-1394119520 tempest-DeleteServersTestJSON-1394119520-project-member] Acquiring lock "np0000007148-np0000007148" by "nova.scheduler.host_manager.HostState.update.._locked_update" {{(pid=93410) inner /opt/stack/data/venv/lib/python3.12/site-packages/oslo_concurrency/lockutils.py:512}}
Aug 13 04:17:05.782058 np0000007148 nova-scheduler[93410]: DEBUG oslo_concurrency.lockutils [None req-196d2723-b481-4e90-b848-8cd835e8c35f tempest-DeleteServersTestJSON-1394119520 tempest-DeleteServersTestJSON-1394119520-project-member] Lock "np0000007148-np0000007148" acquired by "nova.scheduler.host_manager.HostState.update.._locked_update" :: waited 0.000s {{(pid=93410) inner /opt/stack/data/venv/lib/python3.12/site-packages/oslo_concurrency/lockutils.py:525}}
Aug 13 04:17:05.782136 np0000007148 nova-scheduler[93410]: DEBUG nova.scheduler.host_manager [None req-196d2723-b481-4e90-b848-8cd835e8c35f tempest-DeleteServersTestJSON-1394119520 tempest-DeleteServersTestJSON-1394119520-project-member] Update host state from compute node: ComputeNode(cpu_allocation_ratio=4.0,cpu_info='{"arch": "x86_64", "model": "EPYC-Milan", "vendor": "AMD", "topology": {"cells": 1, "sockets": 16, "cores": 1, "threads": 1}, "maxphysaddr": {"mode": "emulate", "bits": 40}, "features": ["popcnt", "npt", "tsc-deadline", "xsavec", "mds-no", "pdpe1gb", "smap", "sse4.1", "vaes", "xsave", "vgif", "vmcb-clean", "movbe", "syscall", "pat", "fxsr", "cmov", "svme-addr-chk", "lahf_lm", "skip-l1dfl-vmentry", "mmxext", "sse4a", "lbrv", "clwb", "hypervisor", "umip", "rdpid", "aes", "sha-ni", "misalignsse", "fsgsbase", "msr", "avx", "f16c", "spec-ctrl", "arat", "cx16", "cr8legacy", "wbnoinvd", "clflush", "pschange-mc-no", "amd-psfd", "osvw", "pku", "mce", "tsc", "topoext", "pcid", "gds-no", "rdrand", "sep", "mtrr", "xsaveopt", "cmp_legacy", "perfctr_core", "abm", "tsc_adjust", "pge", "fma", "apic", "pni", "fxsr_opt", "sse", "no-nested-data-bp", "stibp-always-on", "vpclmulqdq", "flushbyasid", "pfthreshold", "svm", "fpu", "amd-ssbd", "ssse3", "xsaves", "clzero", "xsaveerptr", "mca", "invpcid", "v-vmsave-vmload", "nrip-save", "sse4.2", "3dnowprefetch", "vme", "lm", "de", "arch-capabilities", "adx", "pae", "avx2", "stibp", "rdtscp", "pause-filter", "fsrm", "ibpb", "virt-ssbd", "lfence-always-serializing", "pse36", "bmi1", "rdseed", "pse", "sse2", "nx", "null-sel-clr-base", "cx8", "rdctl-no", "mmx", "ibrs", "xgetbv1", "pclmuldq", "tsc-scale", "ssbd", "bmi2", "smep", "amd-stibp", "clflushopt", "x2apic", "erms"]}',created_at=2026-08-13T04:15:07Z,current_workload=0,deleted=False,deleted_at=None,disk_allocation_ratio=1.0,disk_available_least=73,free_disk_gb=95,free_ram_mb=62765,host='np0000007148',host_ip=10.4.3.252,hypervisor_hostname='np0000007148',hypervisor_type='QEMU',hypervisor_version=8002002,id=1,local_gb=95,local_gb_used=0,mapped=1,memory_mb=63277,memory_mb_used=512,metrics='[]',numa_topology='{"nova_object.name": "NUMATopology", "nova_object.namespace": "nova", "nova_object.version": "1.2", "nova_object.data": {"cells": [{"nova_object.name": "NUMACell", "nova_object.namespace": "nova", "nova_object.version": "1.5", "nova_object.data": {"id": 0, "cpuset": [0, 1, 2, 3, 4, 5, 6, 7, 8, 9, 10, 11, 12, 13, 14, 15], "pcpuset": [0, 1, 2, 3, 4, 5, 6, 7, 8, 9, 10, 11, 12, 13, 14, 15], "memory": 63277, "cpu_usage": 0, "memory_usage": 0, "pinned_cpus": [], "siblings": [[6], [12], [2], [15], [5], [11], [8], [14], [4], [1], [7], [10], [0], [13], [3], [9]], "mempages": [{"nova_object.name": "NUMAPagesTopology", "nova_object.namespace": "nova", "nova_object.version": "1.1", "nova_object.data": {"size_kb": 4, "total": 16177927, "used": 0, "reserved": 0}, "nova_object.changes": ["size_kb", "total", "reserved", "used"]}, {"nova_object.name": "NUMAPagesTopology", "nova_object.namespace": "nova", "nova_object.version": "1.1", "nova_object.data": {"size_kb": 2048, "total": 41, "used": 0, "reserved": 0}, "nova_object.changes": ["size_kb", "total", "reserved", "used"]}, {"nova_object.name": "NUMAPagesTopology", "nova_object.namespace": "nova", "nova_object.version": "1.1", "nova_object.data": {"size_kb": 1048576, "total": 0, "used": 0, "reserved": 0}, "nova_object.changes": ["size_kb", "total", "reserved", "used"]}], "network_metadata": {"nova_object.name": "NetworkMetadata", "nova_object.namespace": "nova", "nova_object.version": "1.0", "nova_object.data": {"physnets": [], "tunneled": false}, "nova_object.changes": ["tunneled", "physnets"]}, "socket": null}, "nova_object.changes": ["memory", "pcpuset", "id", "pinned_cpus", "siblings", "socket", "memory_usage", "cpu_usage", "network_metadata", "cpuset", "mempages"]}]}, "nova_object.changes": ["cells"]}',pci_device_pools=PciDevicePoolList,ram_allocation_ratio=1.0,running_vms=0,service_id=3,stats={failed_builds='0',uptime=' 04:16:56 up 13 min, 2 users, load average: 2.72, 1.60, 0.83
Aug 13 04:17:05.782136 np0000007148 nova-scheduler[93410]: '},supported_hv_specs=[HVSpec,HVSpec,HVSpec,HVSpec,HVSpec,HVSpec,HVSpec,HVSpec,HVSpec,HVSpec,HVSpec,HVSpec,HVSpec,HVSpec,HVSpec,HVSpec,HVSpec,HVSpec,HVSpec,HVSpec,HVSpec,HVSpec,HVSpec,HVSpec,HVSpec],updated_at=2026-08-13T04:16:57Z,uuid=e0a87cf6-1049-4046-95e6-abf975255b16,vcpus=16,vcpus_used=0) {{(pid=93410) _locked_update /opt/stack/nova/nova/scheduler/host_manager.py:168}}
Aug 13 04:17:05.782592 np0000007148 nova-scheduler[93410]: DEBUG nova.scheduler.host_manager [None req-196d2723-b481-4e90-b848-8cd835e8c35f tempest-DeleteServersTestJSON-1394119520 tempest-DeleteServersTestJSON-1394119520-project-member] Update host state with aggregates: [] {{(pid=93410) _locked_update /opt/stack/nova/nova/scheduler/host_manager.py:171}}
Aug 13 04:17:05.782592 np0000007148 nova-scheduler[93410]: DEBUG nova.scheduler.host_manager [None req-196d2723-b481-4e90-b848-8cd835e8c35f tempest-DeleteServersTestJSON-1394119520 tempest-DeleteServersTestJSON-1394119520-project-member] Update host state with service dict: {'id': 3, 'uuid': '2edd9808-f736-472b-80fc-c3380bccc013', 'host': 'np0000007148', 'binary': 'nova-compute', 'topic': 'compute', 'report_count': 1, 'disabled': False, 'disabled_reason': None, 'last_seen_up': datetime.datetime(2026, 8, 13, 4, 15, 14, tzinfo=datetime.timezone.utc), 'forced_down': False, 'version': 72, 'created_at': datetime.datetime(2026, 8, 13, 4, 15, 7, tzinfo=datetime.timezone.utc), 'updated_at': datetime.datetime(2026, 8, 13, 4, 15, 14, tzinfo=datetime.timezone.utc), 'deleted_at': None, 'deleted': False} {{(pid=93410) _locked_update /opt/stack/nova/nova/scheduler/host_manager.py:174}}
Aug 13 04:17:05.782592 np0000007148 nova-scheduler[93410]: DEBUG nova.scheduler.host_manager [None req-196d2723-b481-4e90-b848-8cd835e8c35f tempest-DeleteServersTestJSON-1394119520 tempest-DeleteServersTestJSON-1394119520-project-member] Update host state with instances: [] {{(pid=93410) _locked_update /opt/stack/nova/nova/scheduler/host_manager.py:177}}
Aug 13 04:17:05.782722 np0000007148 nova-scheduler[93410]: DEBUG oslo_concurrency.lockutils [None req-196d2723-b481-4e90-b848-8cd835e8c35f tempest-DeleteServersTestJSON-1394119520 tempest-DeleteServersTestJSON-1394119520-project-member] Lock "np0000007148-np0000007148" "released" by "nova.scheduler.host_manager.HostState.update.._locked_update" :: held 0.002s {{(pid=93410) inner /opt/stack/data/venv/lib/python3.12/site-packages/oslo_concurrency/lockutils.py:544}}
Aug 13 04:17:05.783400 np0000007148 nova-scheduler[93410]: DEBUG nova.filters [None req-196d2723-b481-4e90-b848-8cd835e8c35f tempest-DeleteServersTestJSON-1394119520 tempest-DeleteServersTestJSON-1394119520-project-member] Starting with 1 host(s) {{(pid=93410) get_filtered_objects /opt/stack/nova/nova/filters.py:70}}
Aug 13 04:17:05.783620 np0000007148 nova-scheduler[93410]: DEBUG nova.filters [None req-196d2723-b481-4e90-b848-8cd835e8c35f tempest-DeleteServersTestJSON-1394119520 tempest-DeleteServersTestJSON-1394119520-project-member] Filter ComputeFilter returned 1 host(s) {{(pid=93410) get_filtered_objects /opt/stack/nova/nova/filters.py:102}}
Aug 13 04:17:05.783760 np0000007148 nova-scheduler[93410]: DEBUG nova.filters [None req-196d2723-b481-4e90-b848-8cd835e8c35f tempest-DeleteServersTestJSON-1394119520 tempest-DeleteServersTestJSON-1394119520-project-member] Filter ComputeCapabilitiesFilter returned 1 host(s) {{(pid=93410) get_filtered_objects /opt/stack/nova/nova/filters.py:102}}
Aug 13 04:17:05.783971 np0000007148 nova-scheduler[93410]: DEBUG nova.filters [None req-196d2723-b481-4e90-b848-8cd835e8c35f tempest-DeleteServersTestJSON-1394119520 tempest-DeleteServersTestJSON-1394119520-project-member] Filter ImagePropertiesFilter returned 1 host(s) {{(pid=93410) get_filtered_objects /opt/stack/nova/nova/filters.py:102}}
Aug 13 04:17:05.784221 np0000007148 nova-scheduler[93410]: DEBUG nova.filters [None req-196d2723-b481-4e90-b848-8cd835e8c35f tempest-DeleteServersTestJSON-1394119520 tempest-DeleteServersTestJSON-1394119520-project-member] Filter ServerGroupAntiAffinityFilter returned 1 host(s) {{(pid=93410) get_filtered_objects /opt/stack/nova/nova/filters.py:102}}
Aug 13 04:17:05.784368 np0000007148 nova-scheduler[93410]: DEBUG nova.filters [None req-196d2723-b481-4e90-b848-8cd835e8c35f tempest-DeleteServersTestJSON-1394119520 tempest-DeleteServersTestJSON-1394119520-project-member] Filter ServerGroupAffinityFilter returned 1 host(s) {{(pid=93410) get_filtered_objects /opt/stack/nova/nova/filters.py:102}}
Aug 13 04:17:05.784486 np0000007148 nova-scheduler[93410]: DEBUG nova.filters [None req-196d2723-b481-4e90-b848-8cd835e8c35f tempest-DeleteServersTestJSON-1394119520 tempest-DeleteServersTestJSON-1394119520-project-member] Filter SameHostFilter returned 1 host(s) {{(pid=93410) get_filtered_objects /opt/stack/nova/nova/filters.py:102}}
Aug 13 04:17:05.784621 np0000007148 nova-scheduler[93410]: DEBUG nova.filters [None req-196d2723-b481-4e90-b848-8cd835e8c35f tempest-DeleteServersTestJSON-1394119520 tempest-DeleteServersTestJSON-1394119520-project-member] Filter DifferentHostFilter returned 1 host(s) {{(pid=93410) get_filtered_objects /opt/stack/nova/nova/filters.py:102}}
Aug 13 04:17:05.784805 np0000007148 nova-scheduler[93410]: DEBUG nova.scheduler.manager [None req-196d2723-b481-4e90-b848-8cd835e8c35f tempest-DeleteServersTestJSON-1394119520 tempest-DeleteServersTestJSON-1394119520-project-member] Filtered [(np0000007148, np0000007148) ram: 62765MB disk: 74752MB io_ops: 0 instances: 0, allocation_candidates: 1] {{(pid=93410) _get_sorted_hosts /opt/stack/nova/nova/scheduler/manager.py:742}}
Aug 13 04:17:05.785126 np0000007148 nova-scheduler[93410]: DEBUG nova.scheduler.manager [None req-196d2723-b481-4e90-b848-8cd835e8c35f tempest-DeleteServersTestJSON-1394119520 tempest-DeleteServersTestJSON-1394119520-project-member] Weighed [WeighedHost [host: (np0000007148, np0000007148) ram: 62765MB disk: 74752MB io_ops: 0 instances: 0, allocation_candidates: 1, weight: 0.0]] {{(pid=93410) _get_sorted_hosts /opt/stack/nova/nova/scheduler/manager.py:764}}
Aug 13 04:17:05.785322 np0000007148 nova-scheduler[93410]: DEBUG nova.scheduler.utils [None req-196d2723-b481-4e90-b848-8cd835e8c35f tempest-DeleteServersTestJSON-1394119520 tempest-DeleteServersTestJSON-1394119520-project-member] Attempting to claim resources in the placement API for instance 2dd18579-75ec-43a4-9498-1e3837ee7b2e {{(pid=93410) claim_resources /opt/stack/nova/nova/scheduler/utils.py:1345}}
Aug 13 04:17:05.851371 np0000007148 nova-scheduler[93412]: INFO nova.utils [None req-c3ab8b39-588e-4ff4-89b6-dc95296ae88a tempest-ServerActionsTestOtherB-1340766272 tempest-ServerActionsTestOtherB-1340766272-project-member] The cell worker thread pool ForkProcess-2.cell_worker is initialized
Aug 13 04:17:05.851762 np0000007148 nova-scheduler[93412]: DEBUG oslo_concurrency.lockutils [None req-c3ab8b39-588e-4ff4-89b6-dc95296ae88a tempest-ServerActionsTestOtherB-1340766272 tempest-ServerActionsTestOtherB-1340766272-project-member] Acquiring lock "c27160b4-fc09-4fb6-a5fc-3fa9929293a6" by "nova.context.set_target_cell..get_or_set_cached_cell_and_set_connections" {{(pid=93412) inner /opt/stack/data/venv/lib/python3.12/site-packages/oslo_concurrency/lockutils.py:512}}
Aug 13 04:17:05.851945 np0000007148 nova-scheduler[93412]: DEBUG oslo_concurrency.lockutils [None req-c3ab8b39-588e-4ff4-89b6-dc95296ae88a tempest-ServerActionsTestOtherB-1340766272 tempest-ServerActionsTestOtherB-1340766272-project-member] Lock "c27160b4-fc09-4fb6-a5fc-3fa9929293a6" acquired by "nova.context.set_target_cell..get_or_set_cached_cell_and_set_connections" :: waited 0.000s {{(pid=93412) inner /opt/stack/data/venv/lib/python3.12/site-packages/oslo_concurrency/lockutils.py:525}}
Aug 13 04:17:05.853942 np0000007148 nova-scheduler[93412]: DEBUG oslo_concurrency.lockutils [None req-c3ab8b39-588e-4ff4-89b6-dc95296ae88a tempest-ServerActionsTestOtherB-1340766272 tempest-ServerActionsTestOtherB-1340766272-project-member] Lock "c27160b4-fc09-4fb6-a5fc-3fa9929293a6" "released" by "nova.context.set_target_cell..get_or_set_cached_cell_and_set_connections" :: held 0.002s {{(pid=93412) inner /opt/stack/data/venv/lib/python3.12/site-packages/oslo_concurrency/lockutils.py:544}}
