Jul 28 15:05:24.699803 np0000006014 nova-conductor[99120]: DEBUG cotyledon.oslo_config_glue [-] workarounds.disable_fallback_pcpu_query = False {{(pid=99120) log_opt_values /opt/stack/data/venv/lib/python3.12/site-packages/oslo_config/cfg.py:3253}}
Jul 28 15:05:24.700062 np0000006014 nova-conductor[99120]: DEBUG cotyledon.oslo_config_glue [-] workarounds.disable_group_policy_check_upcall = False {{(pid=99120) log_opt_values /opt/stack/data/venv/lib/python3.12/site-packages/oslo_config/cfg.py:3253}}
Jul 28 15:05:24.700062 np0000006014 nova-conductor[99120]: DEBUG cotyledon.oslo_config_glue [-] workarounds.disable_libvirt_livesnapshot = False {{(pid=99120) log_opt_values /opt/stack/data/venv/lib/python3.12/site-packages/oslo_config/cfg.py:3253}}
Jul 28 15:05:24.700062 np0000006014 nova-conductor[99120]: DEBUG cotyledon.oslo_config_glue [-] workarounds.disable_rootwrap = False {{(pid=99120) log_opt_values /opt/stack/data/venv/lib/python3.12/site-packages/oslo_config/cfg.py:3253}}
Jul 28 15:05:24.700062 np0000006014 nova-conductor[99120]: DEBUG cotyledon.oslo_config_glue [-] workarounds.enable_numa_live_migration = False {{(pid=99120) log_opt_values /opt/stack/data/venv/lib/python3.12/site-packages/oslo_config/cfg.py:3253}}
Jul 28 15:05:24.700062 np0000006014 nova-conductor[99120]: DEBUG cotyledon.oslo_config_glue [-] workarounds.enable_qemu_monitor_announce_self = False {{(pid=99120) log_opt_values /opt/stack/data/venv/lib/python3.12/site-packages/oslo_config/cfg.py:3253}}
Jul 28 15:05:24.700062 np0000006014 nova-conductor[99120]: DEBUG cotyledon.oslo_config_glue [-] workarounds.ensure_libvirt_rbd_instance_dir_cleanup = False {{(pid=99120) log_opt_values /opt/stack/data/venv/lib/python3.12/site-packages/oslo_config/cfg.py:3253}}
Jul 28 15:05:24.700062 np0000006014 nova-conductor[99120]: DEBUG cotyledon.oslo_config_glue [-] workarounds.handle_virt_lifecycle_events = True {{(pid=99120) log_opt_values /opt/stack/data/venv/lib/python3.12/site-packages/oslo_config/cfg.py:3253}}
Jul 28 15:05:24.700062 np0000006014 nova-conductor[99120]: DEBUG cotyledon.oslo_config_glue [-] workarounds.libvirt_disable_apic = False {{(pid=99120) log_opt_values /opt/stack/data/venv/lib/python3.12/site-packages/oslo_config/cfg.py:3253}}
Jul 28 15:05:24.700062 np0000006014 nova-conductor[99120]: DEBUG cotyledon.oslo_config_glue [-] workarounds.never_download_image_if_on_rbd = False {{(pid=99120) log_opt_values /opt/stack/data/venv/lib/python3.12/site-packages/oslo_config/cfg.py:3253}}
Jul 28 15:05:24.700527 np0000006014 nova-conductor[99120]: DEBUG cotyledon.oslo_config_glue [-] workarounds.qemu_monitor_announce_self_count = 3 {{(pid=99120) log_opt_values /opt/stack/data/venv/lib/python3.12/site-packages/oslo_config/cfg.py:3253}}
Jul 28 15:05:24.700527 np0000006014 nova-conductor[99120]: DEBUG cotyledon.oslo_config_glue [-] workarounds.qemu_monitor_announce_self_interval = 1 {{(pid=99120) log_opt_values /opt/stack/data/venv/lib/python3.12/site-packages/oslo_config/cfg.py:3253}}
Jul 28 15:05:24.700527 np0000006014 nova-conductor[99120]: DEBUG cotyledon.oslo_config_glue [-] workarounds.reserve_disk_resource_for_image_cache = False {{(pid=99120) log_opt_values /opt/stack/data/venv/lib/python3.12/site-packages/oslo_config/cfg.py:3253}}
Jul 28 15:05:24.700527 np0000006014 nova-conductor[99120]: DEBUG cotyledon.oslo_config_glue [-] workarounds.skip_cpu_compare_at_startup = False {{(pid=99120) log_opt_values /opt/stack/data/venv/lib/python3.12/site-packages/oslo_config/cfg.py:3253}}
Jul 28 15:05:24.700527 np0000006014 nova-conductor[99120]: DEBUG cotyledon.oslo_config_glue [-] workarounds.skip_cpu_compare_on_dest = False {{(pid=99120) log_opt_values /opt/stack/data/venv/lib/python3.12/site-packages/oslo_config/cfg.py:3253}}
Jul 28 15:05:24.700527 np0000006014 nova-conductor[99120]: DEBUG cotyledon.oslo_config_glue [-] workarounds.skip_hypervisor_version_check_on_lm = False {{(pid=99120) log_opt_values /opt/stack/data/venv/lib/python3.12/site-packages/oslo_config/cfg.py:3253}}
Jul 28 15:05:24.700527 np0000006014 nova-conductor[99120]: DEBUG cotyledon.oslo_config_glue [-] workarounds.skip_reserve_in_use_ironic_nodes = False {{(pid=99120) log_opt_values /opt/stack/data/venv/lib/python3.12/site-packages/oslo_config/cfg.py:3253}}
Jul 28 15:05:24.700527 np0000006014 nova-conductor[99120]: DEBUG cotyledon.oslo_config_glue [-] workarounds.unified_limits_count_pcpu_as_vcpu = False {{(pid=99120) log_opt_values /opt/stack/data/venv/lib/python3.12/site-packages/oslo_config/cfg.py:3253}}
Jul 28 15:05:24.700726 np0000006014 nova-conductor[99120]: DEBUG cotyledon.oslo_config_glue [-] workarounds.wait_for_vif_plugged_event_during_hard_reboot = [] {{(pid=99120) log_opt_values /opt/stack/data/venv/lib/python3.12/site-packages/oslo_config/cfg.py:3253}}
Jul 28 15:05:24.700726 np0000006014 nova-conductor[99120]: DEBUG cotyledon.oslo_config_glue [-] wsgi.api_paste_config = /etc/nova/api-paste.ini {{(pid=99120) log_opt_values /opt/stack/data/venv/lib/python3.12/site-packages/oslo_config/cfg.py:3253}}
Jul 28 15:05:24.700726 np0000006014 nova-conductor[99120]: DEBUG cotyledon.oslo_config_glue [-] wsgi.secure_proxy_ssl_header = None {{(pid=99120) log_opt_values /opt/stack/data/venv/lib/python3.12/site-packages/oslo_config/cfg.py:3253}}
Jul 28 15:05:24.700726 np0000006014 nova-conductor[99120]: DEBUG cotyledon.oslo_config_glue [-] zvm.ca_file = None {{(pid=99120) log_opt_values /opt/stack/data/venv/lib/python3.12/site-packages/oslo_config/cfg.py:3253}}
Jul 28 15:05:24.700726 np0000006014 nova-conductor[99120]: DEBUG cotyledon.oslo_config_glue [-] zvm.cloud_connector_url = None {{(pid=99120) log_opt_values /opt/stack/data/venv/lib/python3.12/site-packages/oslo_config/cfg.py:3253}}
Jul 28 15:05:24.700726 np0000006014 nova-conductor[99120]: DEBUG cotyledon.oslo_config_glue [-] zvm.image_tmp_path = /opt/stack/data/nova/images {{(pid=99120) log_opt_values /opt/stack/data/venv/lib/python3.12/site-packages/oslo_config/cfg.py:3253}}
Jul 28 15:05:24.700726 np0000006014 nova-conductor[99120]: DEBUG cotyledon.oslo_config_glue [-] zvm.reachable_timeout = 300 {{(pid=99120) log_opt_values /opt/stack/data/venv/lib/python3.12/site-packages/oslo_config/cfg.py:3253}}
Jul 28 15:05:24.700726 np0000006014 nova-conductor[99120]: DEBUG cotyledon.oslo_config_glue [-] oslo_versionedobjects.fatal_exception_format_errors = False {{(pid=99120) log_opt_values /opt/stack/data/venv/lib/python3.12/site-packages/oslo_config/cfg.py:3253}}
Jul 28 15:05:24.700726 np0000006014 nova-conductor[99120]: DEBUG cotyledon.oslo_config_glue [-] oslo_middleware.http_basic_auth_user_file = /etc/htpasswd {{(pid=99120) log_opt_values /opt/stack/data/venv/lib/python3.12/site-packages/oslo_config/cfg.py:3253}}
Jul 28 15:05:24.700977 np0000006014 nova-conductor[99120]: DEBUG cotyledon.oslo_config_glue [-] profiler.connection_string = messaging:// {{(pid=99120) log_opt_values /opt/stack/data/venv/lib/python3.12/site-packages/oslo_config/cfg.py:3253}}
Jul 28 15:05:24.700977 np0000006014 nova-conductor[99120]: DEBUG cotyledon.oslo_config_glue [-] profiler.enabled = False {{(pid=99120) log_opt_values /opt/stack/data/venv/lib/python3.12/site-packages/oslo_config/cfg.py:3253}}
Jul 28 15:05:24.700977 np0000006014 nova-conductor[99120]: DEBUG cotyledon.oslo_config_glue [-] profiler.es_doc_type = notification {{(pid=99120) log_opt_values /opt/stack/data/venv/lib/python3.12/site-packages/oslo_config/cfg.py:3253}}
Jul 28 15:05:24.700977 np0000006014 nova-conductor[99120]: DEBUG cotyledon.oslo_config_glue [-] profiler.es_scroll_size = 10000 {{(pid=99120) log_opt_values /opt/stack/data/venv/lib/python3.12/site-packages/oslo_config/cfg.py:3253}}
Jul 28 15:05:24.700977 np0000006014 nova-conductor[99120]: DEBUG cotyledon.oslo_config_glue [-] profiler.es_scroll_time = 2m {{(pid=99120) log_opt_values /opt/stack/data/venv/lib/python3.12/site-packages/oslo_config/cfg.py:3253}}
Jul 28 15:05:24.700977 np0000006014 nova-conductor[99120]: DEBUG cotyledon.oslo_config_glue [-] profiler.filter_error_trace = False {{(pid=99120) log_opt_values /opt/stack/data/venv/lib/python3.12/site-packages/oslo_config/cfg.py:3253}}
Jul 28 15:05:24.700977 np0000006014 nova-conductor[99120]: DEBUG cotyledon.oslo_config_glue [-] profiler.hmac_keys = **** {{(pid=99120) log_opt_values /opt/stack/data/venv/lib/python3.12/site-packages/oslo_config/cfg.py:3253}}
Jul 28 15:05:24.700977 np0000006014 nova-conductor[99120]: DEBUG cotyledon.oslo_config_glue [-] profiler.sentinel_service_name = mymaster {{(pid=99120) log_opt_values /opt/stack/data/venv/lib/python3.12/site-packages/oslo_config/cfg.py:3253}}
Jul 28 15:05:24.700977 np0000006014 nova-conductor[99120]: DEBUG cotyledon.oslo_config_glue [-] profiler.socket_timeout = 0.1 {{(pid=99120) log_opt_values /opt/stack/data/venv/lib/python3.12/site-packages/oslo_config/cfg.py:3253}}
Jul 28 15:05:24.701222 np0000006014 nova-conductor[99120]: DEBUG cotyledon.oslo_config_glue [-] profiler.trace_requests = False {{(pid=99120) log_opt_values /opt/stack/data/venv/lib/python3.12/site-packages/oslo_config/cfg.py:3253}}
Jul 28 15:05:24.701222 np0000006014 nova-conductor[99120]: DEBUG cotyledon.oslo_config_glue [-] profiler.trace_sqlalchemy = False {{(pid=99120) log_opt_values /opt/stack/data/venv/lib/python3.12/site-packages/oslo_config/cfg.py:3253}}
Jul 28 15:05:24.701222 np0000006014 nova-conductor[99120]: DEBUG cotyledon.oslo_config_glue [-] profiler_jaeger.process_tags = {} {{(pid=99120) log_opt_values /opt/stack/data/venv/lib/python3.12/site-packages/oslo_config/cfg.py:3253}}
Jul 28 15:05:24.701222 np0000006014 nova-conductor[99120]: DEBUG cotyledon.oslo_config_glue [-] profiler_jaeger.service_name_prefix = None {{(pid=99120) log_opt_values /opt/stack/data/venv/lib/python3.12/site-packages/oslo_config/cfg.py:3253}}
Jul 28 15:05:24.701222 np0000006014 nova-conductor[99120]: DEBUG cotyledon.oslo_config_glue [-] profiler_otlp.service_name_prefix = None {{(pid=99120) log_opt_values /opt/stack/data/venv/lib/python3.12/site-packages/oslo_config/cfg.py:3253}}
Jul 28 15:05:24.701222 np0000006014 nova-conductor[99120]: DEBUG cotyledon.oslo_config_glue [-] oslo_messaging_rabbit.amqp_auto_delete = False {{(pid=99120) log_opt_values /opt/stack/data/venv/lib/python3.12/site-packages/oslo_config/cfg.py:3253}}
Jul 28 15:05:24.701222 np0000006014 nova-conductor[99120]: DEBUG cotyledon.oslo_config_glue [-] oslo_messaging_rabbit.amqp_durable_queues = False {{(pid=99120) log_opt_values /opt/stack/data/venv/lib/python3.12/site-packages/oslo_config/cfg.py:3253}}
Jul 28 15:05:24.701222 np0000006014 nova-conductor[99120]: DEBUG cotyledon.oslo_config_glue [-] oslo_messaging_rabbit.conn_pool_min_size = 2 {{(pid=99120) log_opt_values /opt/stack/data/venv/lib/python3.12/site-packages/oslo_config/cfg.py:3253}}
Jul 28 15:05:24.701222 np0000006014 nova-conductor[99120]: DEBUG cotyledon.oslo_config_glue [-] oslo_messaging_rabbit.conn_pool_ttl = 1200 {{(pid=99120) log_opt_values /opt/stack/data/venv/lib/python3.12/site-packages/oslo_config/cfg.py:3253}}
Jul 28 15:05:24.701449 np0000006014 nova-conductor[99120]: DEBUG cotyledon.oslo_config_glue [-] oslo_messaging_rabbit.direct_mandatory_flag = True {{(pid=99120) log_opt_values /opt/stack/data/venv/lib/python3.12/site-packages/oslo_config/cfg.py:3253}}
Jul 28 15:05:24.701449 np0000006014 nova-conductor[99120]: DEBUG cotyledon.oslo_config_glue [-] oslo_messaging_rabbit.enable_cancel_on_failover = False {{(pid=99120) log_opt_values /opt/stack/data/venv/lib/python3.12/site-packages/oslo_config/cfg.py:3253}}
Jul 28 15:05:24.701449 np0000006014 nova-conductor[99120]: DEBUG cotyledon.oslo_config_glue [-] oslo_messaging_rabbit.heartbeat_rate = 3 {{(pid=99120) log_opt_values /opt/stack/data/venv/lib/python3.12/site-packages/oslo_config/cfg.py:3253}}
Jul 28 15:05:24.701449 np0000006014 nova-conductor[99120]: DEBUG cotyledon.oslo_config_glue [-] oslo_messaging_rabbit.heartbeat_timeout_threshold = 60 {{(pid=99120) log_opt_values /opt/stack/data/venv/lib/python3.12/site-packages/oslo_config/cfg.py:3253}}
Jul 28 15:05:24.701449 np0000006014 nova-conductor[99120]: DEBUG cotyledon.oslo_config_glue [-] oslo_messaging_rabbit.hostname = np0000006014 {{(pid=99120) log_opt_values /opt/stack/data/venv/lib/python3.12/site-packages/oslo_config/cfg.py:3253}}
Jul 28 15:05:24.701449 np0000006014 nova-conductor[99120]: DEBUG cotyledon.oslo_config_glue [-] oslo_messaging_rabbit.kombu_compression = None {{(pid=99120) log_opt_values /opt/stack/data/venv/lib/python3.12/site-packages/oslo_config/cfg.py:3253}}
Jul 28 15:05:24.701449 np0000006014 nova-conductor[99120]: DEBUG cotyledon.oslo_config_glue [-] oslo_messaging_rabbit.kombu_failover_strategy = round-robin {{(pid=99120) log_opt_values /opt/stack/data/venv/lib/python3.12/site-packages/oslo_config/cfg.py:3253}}
Jul 28 15:05:24.701449 np0000006014 nova-conductor[99120]: DEBUG cotyledon.oslo_config_glue [-] oslo_messaging_rabbit.kombu_missing_consumer_retry_timeout = 60 {{(pid=99120) log_opt_values /opt/stack/data/venv/lib/python3.12/site-packages/oslo_config/cfg.py:3253}}
Jul 28 15:05:24.701449 np0000006014 nova-conductor[99120]: DEBUG cotyledon.oslo_config_glue [-] oslo_messaging_rabbit.kombu_reconnect_delay = 1.0 {{(pid=99120) log_opt_values /opt/stack/data/venv/lib/python3.12/site-packages/oslo_config/cfg.py:3253}}
Jul 28 15:05:24.701667 np0000006014 nova-conductor[99120]: DEBUG cotyledon.oslo_config_glue [-] oslo_messaging_rabbit.kombu_reconnect_splay = 0.0 {{(pid=99120) log_opt_values /opt/stack/data/venv/lib/python3.12/site-packages/oslo_config/cfg.py:3253}}
Jul 28 15:05:24.701667 np0000006014 nova-conductor[99120]: DEBUG cotyledon.oslo_config_glue [-] oslo_messaging_rabbit.processname = nova-conductor {{(pid=99120) log_opt_values /opt/stack/data/venv/lib/python3.12/site-packages/oslo_config/cfg.py:3253}}
Jul 28 15:05:24.701667 np0000006014 nova-conductor[99120]: DEBUG cotyledon.oslo_config_glue [-] oslo_messaging_rabbit.rabbit_ha_queues = False {{(pid=99120) log_opt_values /opt/stack/data/venv/lib/python3.12/site-packages/oslo_config/cfg.py:3253}}
Jul 28 15:05:24.701667 np0000006014 nova-conductor[99120]: DEBUG cotyledon.oslo_config_glue [-] oslo_messaging_rabbit.rabbit_interval_max = 30 {{(pid=99120) log_opt_values /opt/stack/data/venv/lib/python3.12/site-packages/oslo_config/cfg.py:3253}}
Jul 28 15:05:24.701667 np0000006014 nova-conductor[99120]: DEBUG cotyledon.oslo_config_glue [-] oslo_messaging_rabbit.rabbit_login_method = AMQPLAIN {{(pid=99120) log_opt_values /opt/stack/data/venv/lib/python3.12/site-packages/oslo_config/cfg.py:3253}}
Jul 28 15:05:24.701667 np0000006014 nova-conductor[99120]: DEBUG cotyledon.oslo_config_glue [-] oslo_messaging_rabbit.rabbit_qos_prefetch_count = 0 {{(pid=99120) log_opt_values /opt/stack/data/venv/lib/python3.12/site-packages/oslo_config/cfg.py:3253}}
Jul 28 15:05:24.701667 np0000006014 nova-conductor[99120]: DEBUG cotyledon.oslo_config_glue [-] oslo_messaging_rabbit.rabbit_quorum_delivery_limit = 0 {{(pid=99120) log_opt_values /opt/stack/data/venv/lib/python3.12/site-packages/oslo_config/cfg.py:3253}}
Jul 28 15:05:24.701667 np0000006014 nova-conductor[99120]: DEBUG cotyledon.oslo_config_glue [-] oslo_messaging_rabbit.rabbit_quorum_max_memory_bytes = 0 {{(pid=99120) log_opt_values /opt/stack/data/venv/lib/python3.12/site-packages/oslo_config/cfg.py:3253}}
Jul 28 15:05:24.701667 np0000006014 nova-conductor[99120]: DEBUG cotyledon.oslo_config_glue [-] oslo_messaging_rabbit.rabbit_quorum_max_memory_length = 0 {{(pid=99120) log_opt_values /opt/stack/data/venv/lib/python3.12/site-packages/oslo_config/cfg.py:3253}}
Jul 28 15:05:24.701917 np0000006014 nova-conductor[99120]: DEBUG cotyledon.oslo_config_glue [-] oslo_messaging_rabbit.rabbit_quorum_queue = False {{(pid=99120) log_opt_values /opt/stack/data/venv/lib/python3.12/site-packages/oslo_config/cfg.py:3253}}
Jul 28 15:05:24.701917 np0000006014 nova-conductor[99120]: DEBUG cotyledon.oslo_config_glue [-] oslo_messaging_rabbit.rabbit_retry_backoff = 2 {{(pid=99120) log_opt_values /opt/stack/data/venv/lib/python3.12/site-packages/oslo_config/cfg.py:3253}}
Jul 28 15:05:24.701917 np0000006014 nova-conductor[99120]: DEBUG cotyledon.oslo_config_glue [-] oslo_messaging_rabbit.rabbit_retry_interval = 1 {{(pid=99120) log_opt_values /opt/stack/data/venv/lib/python3.12/site-packages/oslo_config/cfg.py:3253}}
Jul 28 15:05:24.701917 np0000006014 nova-conductor[99120]: DEBUG cotyledon.oslo_config_glue [-] oslo_messaging_rabbit.rabbit_stream_fanout = False {{(pid=99120) log_opt_values /opt/stack/data/venv/lib/python3.12/site-packages/oslo_config/cfg.py:3253}}
Jul 28 15:05:24.701917 np0000006014 nova-conductor[99120]: DEBUG cotyledon.oslo_config_glue [-] oslo_messaging_rabbit.rabbit_transient_queues_ttl = 1800 {{(pid=99120) log_opt_values /opt/stack/data/venv/lib/python3.12/site-packages/oslo_config/cfg.py:3253}}
Jul 28 15:05:24.701917 np0000006014 nova-conductor[99120]: DEBUG cotyledon.oslo_config_glue [-] oslo_messaging_rabbit.rabbit_transient_quorum_queue = False {{(pid=99120) log_opt_values /opt/stack/data/venv/lib/python3.12/site-packages/oslo_config/cfg.py:3253}}
Jul 28 15:05:24.701917 np0000006014 nova-conductor[99120]: DEBUG cotyledon.oslo_config_glue [-] oslo_messaging_rabbit.rpc_conn_pool_size = 30 {{(pid=99120) log_opt_values /opt/stack/data/venv/lib/python3.12/site-packages/oslo_config/cfg.py:3253}}
Jul 28 15:05:24.701917 np0000006014 nova-conductor[99120]: DEBUG cotyledon.oslo_config_glue [-] oslo_messaging_rabbit.ssl = False {{(pid=99120) log_opt_values /opt/stack/data/venv/lib/python3.12/site-packages/oslo_config/cfg.py:3253}}
Jul 28 15:05:24.701917 np0000006014 nova-conductor[99120]: DEBUG cotyledon.oslo_config_glue [-] oslo_messaging_rabbit.ssl_ca_file = {{(pid=99120) log_opt_values /opt/stack/data/venv/lib/python3.12/site-packages/oslo_config/cfg.py:3253}}
Jul 28 15:05:24.702142 np0000006014 nova-conductor[99120]: DEBUG cotyledon.oslo_config_glue [-] oslo_messaging_rabbit.ssl_cert_file = {{(pid=99120) log_opt_values /opt/stack/data/venv/lib/python3.12/site-packages/oslo_config/cfg.py:3253}}
Jul 28 15:05:24.702142 np0000006014 nova-conductor[99120]: DEBUG cotyledon.oslo_config_glue [-] oslo_messaging_rabbit.ssl_enforce_fips_mode = False {{(pid=99120) log_opt_values /opt/stack/data/venv/lib/python3.12/site-packages/oslo_config/cfg.py:3253}}
Jul 28 15:05:24.702142 np0000006014 nova-conductor[99120]: DEBUG cotyledon.oslo_config_glue [-] oslo_messaging_rabbit.ssl_enforce_hostname_verification = True {{(pid=99120) log_opt_values /opt/stack/data/venv/lib/python3.12/site-packages/oslo_config/cfg.py:3253}}
Jul 28 15:05:24.702142 np0000006014 nova-conductor[99120]: DEBUG cotyledon.oslo_config_glue [-] oslo_messaging_rabbit.ssl_key_file = {{(pid=99120) log_opt_values /opt/stack/data/venv/lib/python3.12/site-packages/oslo_config/cfg.py:3253}}
Jul 28 15:05:24.702142 np0000006014 nova-conductor[99120]: DEBUG cotyledon.oslo_config_glue [-] oslo_messaging_rabbit.ssl_version = {{(pid=99120) log_opt_values /opt/stack/data/venv/lib/python3.12/site-packages/oslo_config/cfg.py:3253}}
Jul 28 15:05:24.702142 np0000006014 nova-conductor[99120]: DEBUG cotyledon.oslo_config_glue [-] oslo_messaging_rabbit.use_queue_manager = False {{(pid=99120) log_opt_values /opt/stack/data/venv/lib/python3.12/site-packages/oslo_config/cfg.py:3253}}
Jul 28 15:05:24.702142 np0000006014 nova-conductor[99120]: DEBUG cotyledon.oslo_config_glue [-] oslo_messaging_notifications.driver = ['messagingv2'] {{(pid=99120) log_opt_values /opt/stack/data/venv/lib/python3.12/site-packages/oslo_config/cfg.py:3253}}
Jul 28 15:05:24.702142 np0000006014 nova-conductor[99120]: DEBUG cotyledon.oslo_config_glue [-] oslo_messaging_notifications.retry = -1 {{(pid=99120) log_opt_values /opt/stack/data/venv/lib/python3.12/site-packages/oslo_config/cfg.py:3253}}
Jul 28 15:05:24.702142 np0000006014 nova-conductor[99120]: DEBUG cotyledon.oslo_config_glue [-] oslo_messaging_notifications.topics = ['notifications'] {{(pid=99120) log_opt_values /opt/stack/data/venv/lib/python3.12/site-packages/oslo_config/cfg.py:3253}}
Jul 28 15:05:24.702367 np0000006014 nova-conductor[99120]: DEBUG cotyledon.oslo_config_glue [-] oslo_messaging_notifications.transport_url = **** {{(pid=99120) log_opt_values /opt/stack/data/venv/lib/python3.12/site-packages/oslo_config/cfg.py:3253}}
Jul 28 15:05:24.702367 np0000006014 nova-conductor[99120]: DEBUG cotyledon.oslo_config_glue [-] oslo_limit.auth_section = None {{(pid=99120) log_opt_values /opt/stack/data/venv/lib/python3.12/site-packages/oslo_config/cfg.py:3253}}
Jul 28 15:05:24.702367 np0000006014 nova-conductor[99120]: DEBUG cotyledon.oslo_config_glue [-] oslo_limit.auth_type = None {{(pid=99120) log_opt_values /opt/stack/data/venv/lib/python3.12/site-packages/oslo_config/cfg.py:3253}}
Jul 28 15:05:24.702367 np0000006014 nova-conductor[99120]: DEBUG cotyledon.oslo_config_glue [-] oslo_limit.cafile = None {{(pid=99120) log_opt_values /opt/stack/data/venv/lib/python3.12/site-packages/oslo_config/cfg.py:3253}}
Jul 28 15:05:24.702367 np0000006014 nova-conductor[99120]: DEBUG cotyledon.oslo_config_glue [-] oslo_limit.certfile = None {{(pid=99120) log_opt_values /opt/stack/data/venv/lib/python3.12/site-packages/oslo_config/cfg.py:3253}}
Jul 28 15:05:24.702367 np0000006014 nova-conductor[99120]: DEBUG cotyledon.oslo_config_glue [-] oslo_limit.collect_timing = False {{(pid=99120) log_opt_values /opt/stack/data/venv/lib/python3.12/site-packages/oslo_config/cfg.py:3253}}
Jul 28 15:05:24.702367 np0000006014 nova-conductor[99120]: DEBUG cotyledon.oslo_config_glue [-] oslo_limit.connect_retries = None {{(pid=99120) log_opt_values /opt/stack/data/venv/lib/python3.12/site-packages/oslo_config/cfg.py:3253}}
Jul 28 15:05:24.702367 np0000006014 nova-conductor[99120]: DEBUG cotyledon.oslo_config_glue [-] oslo_limit.connect_retry_delay = None {{(pid=99120) log_opt_values /opt/stack/data/venv/lib/python3.12/site-packages/oslo_config/cfg.py:3253}}
Jul 28 15:05:24.702367 np0000006014 nova-conductor[99120]: DEBUG cotyledon.oslo_config_glue [-] oslo_limit.endpoint_id = None {{(pid=99120) log_opt_values /opt/stack/data/venv/lib/python3.12/site-packages/oslo_config/cfg.py:3253}}
Jul 28 15:05:24.702585 np0000006014 nova-conductor[99120]: DEBUG cotyledon.oslo_config_glue [-] oslo_limit.endpoint_interface = public {{(pid=99120) log_opt_values /opt/stack/data/venv/lib/python3.12/site-packages/oslo_config/cfg.py:3253}}
Jul 28 15:05:24.702585 np0000006014 nova-conductor[99120]: DEBUG cotyledon.oslo_config_glue [-] oslo_limit.endpoint_override = None {{(pid=99120) log_opt_values /opt/stack/data/venv/lib/python3.12/site-packages/oslo_config/cfg.py:3253}}
Jul 28 15:05:24.702585 np0000006014 nova-conductor[99120]: DEBUG cotyledon.oslo_config_glue [-] oslo_limit.endpoint_region_name = None {{(pid=99120) log_opt_values /opt/stack/data/venv/lib/python3.12/site-packages/oslo_config/cfg.py:3253}}
Jul 28 15:05:24.702585 np0000006014 nova-conductor[99120]: DEBUG cotyledon.oslo_config_glue [-] oslo_limit.endpoint_service_name = None {{(pid=99120) log_opt_values /opt/stack/data/venv/lib/python3.12/site-packages/oslo_config/cfg.py:3253}}
Jul 28 15:05:24.702585 np0000006014 nova-conductor[99120]: DEBUG cotyledon.oslo_config_glue [-] oslo_limit.endpoint_service_type = None {{(pid=99120) log_opt_values /opt/stack/data/venv/lib/python3.12/site-packages/oslo_config/cfg.py:3253}}
Jul 28 15:05:24.702585 np0000006014 nova-conductor[99120]: DEBUG cotyledon.oslo_config_glue [-] oslo_limit.insecure = False {{(pid=99120) log_opt_values /opt/stack/data/venv/lib/python3.12/site-packages/oslo_config/cfg.py:3253}}
Jul 28 15:05:24.702585 np0000006014 nova-conductor[99120]: DEBUG cotyledon.oslo_config_glue [-] oslo_limit.keyfile = None {{(pid=99120) log_opt_values /opt/stack/data/venv/lib/python3.12/site-packages/oslo_config/cfg.py:3253}}
Jul 28 15:05:24.702585 np0000006014 nova-conductor[99120]: DEBUG cotyledon.oslo_config_glue [-] oslo_limit.max_version = None {{(pid=99120) log_opt_values /opt/stack/data/venv/lib/python3.12/site-packages/oslo_config/cfg.py:3253}}
Jul 28 15:05:24.702585 np0000006014 nova-conductor[99120]: DEBUG cotyledon.oslo_config_glue [-] oslo_limit.min_version = None {{(pid=99120) log_opt_values /opt/stack/data/venv/lib/python3.12/site-packages/oslo_config/cfg.py:3253}}
Jul 28 15:05:24.702810 np0000006014 nova-conductor[99120]: DEBUG cotyledon.oslo_config_glue [-] oslo_limit.region_name = None {{(pid=99120) log_opt_values /opt/stack/data/venv/lib/python3.12/site-packages/oslo_config/cfg.py:3253}}
Jul 28 15:05:24.702810 np0000006014 nova-conductor[99120]: DEBUG cotyledon.oslo_config_glue [-] oslo_limit.retriable_status_codes = None {{(pid=99120) log_opt_values /opt/stack/data/venv/lib/python3.12/site-packages/oslo_config/cfg.py:3253}}
Jul 28 15:05:24.702810 np0000006014 nova-conductor[99120]: DEBUG cotyledon.oslo_config_glue [-] oslo_limit.service_name = None {{(pid=99120) log_opt_values /opt/stack/data/venv/lib/python3.12/site-packages/oslo_config/cfg.py:3253}}
Jul 28 15:05:24.702810 np0000006014 nova-conductor[99120]: DEBUG cotyledon.oslo_config_glue [-] oslo_limit.service_type = None {{(pid=99120) log_opt_values /opt/stack/data/venv/lib/python3.12/site-packages/oslo_config/cfg.py:3253}}
Jul 28 15:05:24.702810 np0000006014 nova-conductor[99120]: DEBUG cotyledon.oslo_config_glue [-] oslo_limit.split_loggers = False {{(pid=99120) log_opt_values /opt/stack/data/venv/lib/python3.12/site-packages/oslo_config/cfg.py:3253}}
Jul 28 15:05:24.702810 np0000006014 nova-conductor[99120]: DEBUG cotyledon.oslo_config_glue [-] oslo_limit.status_code_retries = None {{(pid=99120) log_opt_values /opt/stack/data/venv/lib/python3.12/site-packages/oslo_config/cfg.py:3253}}
Jul 28 15:05:24.702810 np0000006014 nova-conductor[99120]: DEBUG cotyledon.oslo_config_glue [-] oslo_limit.status_code_retry_delay = None {{(pid=99120) log_opt_values /opt/stack/data/venv/lib/python3.12/site-packages/oslo_config/cfg.py:3253}}
Jul 28 15:05:24.702810 np0000006014 nova-conductor[99120]: DEBUG cotyledon.oslo_config_glue [-] oslo_limit.timeout = None {{(pid=99120) log_opt_values /opt/stack/data/venv/lib/python3.12/site-packages/oslo_config/cfg.py:3253}}
Jul 28 15:05:24.702810 np0000006014 nova-conductor[99120]: DEBUG cotyledon.oslo_config_glue [-] oslo_limit.valid_interfaces = None {{(pid=99120) log_opt_values /opt/stack/data/venv/lib/python3.12/site-packages/oslo_config/cfg.py:3253}}
Jul 28 15:05:24.703053 np0000006014 nova-conductor[99120]: DEBUG cotyledon.oslo_config_glue [-] oslo_limit.version = None {{(pid=99120) log_opt_values /opt/stack/data/venv/lib/python3.12/site-packages/oslo_config/cfg.py:3253}}
Jul 28 15:05:24.703053 np0000006014 nova-conductor[99120]: DEBUG cotyledon.oslo_config_glue [-] oslo_reports.file_event_handler = None {{(pid=99120) log_opt_values /opt/stack/data/venv/lib/python3.12/site-packages/oslo_config/cfg.py:3253}}
Jul 28 15:05:24.703053 np0000006014 nova-conductor[99120]: DEBUG cotyledon.oslo_config_glue [-] oslo_reports.file_event_handler_interval = 1 {{(pid=99120) log_opt_values /opt/stack/data/venv/lib/python3.12/site-packages/oslo_config/cfg.py:3253}}
Jul 28 15:05:24.703053 np0000006014 nova-conductor[99120]: DEBUG cotyledon.oslo_config_glue [-] oslo_reports.log_dir = None {{(pid=99120) log_opt_values /opt/stack/data/venv/lib/python3.12/site-packages/oslo_config/cfg.py:3253}}
Jul 28 15:05:24.703053 np0000006014 nova-conductor[99120]: DEBUG cotyledon.oslo_config_glue [-] ******************************************************************************** {{(pid=99120) log_opt_values /opt/stack/data/venv/lib/python3.12/site-packages/oslo_config/cfg.py:3260}}
Jul 28 15:05:24.703053 np0000006014 nova-conductor[99120]: DEBUG cotyledon._service_worker [-] Run service ServiceWrapper(3) [99120] {{(pid=99120) wait_forever /opt/stack/data/venv/lib/python3.12/site-packages/cotyledon/_service_worker.py:218}}
Jul 28 15:05:24.703053 np0000006014 nova-conductor[99120]: INFO nova.service [-] Starting conductor node (version 33.1.0)
Jul 28 15:05:24.703229 np0000006014 nova-conductor[99067]: DEBUG oslo_db.sqlalchemy.engines [None req-1e9b049f-3a84-4ca2-bc26-6a9ba9053cbc None None] MySQL server mode set to STRICT_TRANS_TABLES,STRICT_ALL_TABLES,NO_ZERO_IN_DATE,NO_ZERO_DATE,ERROR_FOR_DIVISION_BY_ZERO,TRADITIONAL,NO_ENGINE_SUBSTITUTION {{(pid=99067) _check_effective_sql_mode /opt/stack/data/venv/lib/python3.12/site-packages/oslo_db/sqlalchemy/engines.py:325}}
Jul 28 15:05:24.703270 np0000006014 nova-conductor[99120]: INFO dbcounter [None req-e6cc6ca8-c783-47cc-a81a-dc690320efc4 None None] Registered counter for database nova_cell0
Jul 28 15:05:24.703300 np0000006014 nova-conductor[99067]: DEBUG dbcounter [-] [99067] Writer thread running {{(pid=99067) stat_writer /opt/stack/data/venv/lib/python3.12/site-packages/dbcounter.py:102}}
Jul 28 15:05:24.703330 np0000006014 nova-conductor[99070]: DEBUG oslo_db.sqlalchemy.engines [None req-7193143f-4113-4abc-bf0a-29d0123de23e None None] MySQL server mode set to STRICT_TRANS_TABLES,STRICT_ALL_TABLES,NO_ZERO_IN_DATE,NO_ZERO_DATE,ERROR_FOR_DIVISION_BY_ZERO,TRADITIONAL,NO_ENGINE_SUBSTITUTION {{(pid=99070) _check_effective_sql_mode /opt/stack/data/venv/lib/python3.12/site-packages/oslo_db/sqlalchemy/engines.py:325}}
Jul 28 15:05:24.703366 np0000006014 nova-conductor[99067]: DEBUG nova.service [None req-1e9b049f-3a84-4ca2-bc26-6a9ba9053cbc None None] Creating RPC server for service: nova-conductor on topic: conductor {{(pid=99067) start /opt/stack/nova/nova/service.py:196}}
Jul 28 15:05:24.703677 np0000006014 nova-conductor[99070]: DEBUG dbcounter [-] [99070] Writer thread running {{(pid=99070) stat_writer /opt/stack/data/venv/lib/python3.12/site-packages/dbcounter.py:102}}
Jul 28 15:05:24.706359 np0000006014 nova-conductor[99070]: DEBUG nova.service [None req-7193143f-4113-4abc-bf0a-29d0123de23e None None] Creating RPC server for service: nova-conductor on topic: conductor {{(pid=99070) start /opt/stack/nova/nova/service.py:196}}
Jul 28 15:05:24.719854 np0000006014 nova-conductor[99101]: DEBUG oslo_db.sqlalchemy.engines [None req-c45f8372-642f-476b-87b2-b196d99c075c None None] MySQL server mode set to STRICT_TRANS_TABLES,STRICT_ALL_TABLES,NO_ZERO_IN_DATE,NO_ZERO_DATE,ERROR_FOR_DIVISION_BY_ZERO,TRADITIONAL,NO_ENGINE_SUBSTITUTION {{(pid=99101) _check_effective_sql_mode /opt/stack/data/venv/lib/python3.12/site-packages/oslo_db/sqlalchemy/engines.py:325}}
Jul 28 15:05:24.727744 np0000006014 nova-conductor[99120]: DEBUG oslo_db.sqlalchemy.engines [None req-e6cc6ca8-c783-47cc-a81a-dc690320efc4 None None] MySQL server mode set to STRICT_TRANS_TABLES,STRICT_ALL_TABLES,NO_ZERO_IN_DATE,NO_ZERO_DATE,ERROR_FOR_DIVISION_BY_ZERO,TRADITIONAL,NO_ENGINE_SUBSTITUTION {{(pid=99120) _check_effective_sql_mode /opt/stack/data/venv/lib/python3.12/site-packages/oslo_db/sqlalchemy/engines.py:325}}
Jul 28 15:05:24.729258 np0000006014 nova-conductor[99101]: DEBUG dbcounter [-] [99101] Writer thread running {{(pid=99101) stat_writer /opt/stack/data/venv/lib/python3.12/site-packages/dbcounter.py:102}}
Jul 28 15:05:24.732166 np0000006014 nova-conductor[99101]: DEBUG nova.service [None req-c45f8372-642f-476b-87b2-b196d99c075c None None] Creating RPC server for service: nova-conductor on topic: conductor {{(pid=99101) start /opt/stack/nova/nova/service.py:196}}
Jul 28 15:05:24.732760 np0000006014 nova-conductor[99067]: DEBUG nova.service [None req-1e9b049f-3a84-4ca2-bc26-6a9ba9053cbc None None] Join ServiceGroup membership for this service conductor {{(pid=99067) start /opt/stack/nova/nova/service.py:222}}
Jul 28 15:05:24.733016 np0000006014 nova-conductor[99067]: DEBUG nova.servicegroup.drivers.db [None req-1e9b049f-3a84-4ca2-bc26-6a9ba9053cbc None None] DB_Driver: join new ServiceGroup member np0000006014 to the conductor group, service = {{(pid=99067) join /opt/stack/nova/nova/servicegroup/drivers/db.py:44}}
Jul 28 15:05:24.735885 np0000006014 nova-conductor[99070]: DEBUG nova.service [None req-7193143f-4113-4abc-bf0a-29d0123de23e None None] Join ServiceGroup membership for this service conductor {{(pid=99070) start /opt/stack/nova/nova/service.py:222}}
Jul 28 15:05:24.736177 np0000006014 nova-conductor[99070]: DEBUG nova.servicegroup.drivers.db [None req-7193143f-4113-4abc-bf0a-29d0123de23e None None] DB_Driver: join new ServiceGroup member np0000006014 to the conductor group, service = {{(pid=99070) join /opt/stack/nova/nova/servicegroup/drivers/db.py:44}}
Jul 28 15:05:24.738528 np0000006014 nova-conductor[99120]: DEBUG dbcounter [-] [99120] Writer thread running {{(pid=99120) stat_writer /opt/stack/data/venv/lib/python3.12/site-packages/dbcounter.py:102}}
Jul 28 15:05:24.742195 np0000006014 nova-conductor[99120]: DEBUG nova.service [None req-e6cc6ca8-c783-47cc-a81a-dc690320efc4 None None] Creating RPC server for service: nova-conductor on topic: conductor {{(pid=99120) start /opt/stack/nova/nova/service.py:196}}
Jul 28 15:05:24.750615 np0000006014 nova-conductor[99101]: DEBUG nova.service [None req-c45f8372-642f-476b-87b2-b196d99c075c None None] Join ServiceGroup membership for this service conductor {{(pid=99101) start /opt/stack/nova/nova/service.py:222}}
Jul 28 15:05:24.750926 np0000006014 nova-conductor[99101]: DEBUG nova.servicegroup.drivers.db [None req-c45f8372-642f-476b-87b2-b196d99c075c None None] DB_Driver: join new ServiceGroup member np0000006014 to the conductor group, service = {{(pid=99101) join /opt/stack/nova/nova/servicegroup/drivers/db.py:44}}
Jul 28 15:05:24.760165 np0000006014 nova-conductor[99120]: DEBUG nova.service [None req-e6cc6ca8-c783-47cc-a81a-dc690320efc4 None None] Join ServiceGroup membership for this service conductor {{(pid=99120) start /opt/stack/nova/nova/service.py:222}}
Jul 28 15:05:24.760380 np0000006014 nova-conductor[99120]: DEBUG nova.servicegroup.drivers.db [None req-e6cc6ca8-c783-47cc-a81a-dc690320efc4 None None] DB_Driver: join new ServiceGroup member np0000006014 to the conductor group, service = {{(pid=99120) join /opt/stack/nova/nova/servicegroup/drivers/db.py:44}}
Jul 28 15:05:25.762311 np0000006014 nova-conductor[99120]: DEBUG oslo.service.backend._threading.loopingcall [None req-c8cd47e1-6c73-48aa-a56f-a854b702e8a0 None None] Dynamic interval looping call 'nova.service.Service.periodic_tasks' sleeping for 60.00 seconds {{(pid=99120) _run_loop /opt/stack/data/venv/lib/python3.12/site-packages/oslo_service/backend/_threading/loopingcall.py:125}}
Jul 28 15:05:29.749787 np0000006014 nova-conductor[99067]: DEBUG oslo.service.backend._threading.loopingcall [-] Fixed interval looping call 'nova.servicegroup.drivers.db.DbDriver._report_state' sleeping for 119.98 seconds {{(pid=99067) _run_loop /opt/stack/data/venv/lib/python3.12/site-packages/oslo_service/backend/_threading/loopingcall.py:125}}
Jul 28 15:05:29.760144 np0000006014 nova-conductor[99070]: DEBUG oslo.service.backend._threading.loopingcall [-] Fixed interval looping call 'nova.servicegroup.drivers.db.DbDriver._report_state' sleeping for 119.98 seconds {{(pid=99070) _run_loop /opt/stack/data/venv/lib/python3.12/site-packages/oslo_service/backend/_threading/loopingcall.py:125}}
Jul 28 15:05:29.773710 np0000006014 nova-conductor[99120]: DEBUG oslo.service.backend._threading.loopingcall [-] Fixed interval looping call 'nova.servicegroup.drivers.db.DbDriver._report_state' sleeping for 119.99 seconds {{(pid=99120) _run_loop /opt/stack/data/venv/lib/python3.12/site-packages/oslo_service/backend/_threading/loopingcall.py:125}}
Jul 28 15:05:29.783720 np0000006014 nova-conductor[99101]: DEBUG oslo.service.backend._threading.loopingcall [-] Fixed interval looping call 'nova.servicegroup.drivers.db.DbDriver._report_state' sleeping for 119.97 seconds {{(pid=99101) _run_loop /opt/stack/data/venv/lib/python3.12/site-packages/oslo_service/backend/_threading/loopingcall.py:125}}
Jul 28 15:05:33.325774 np0000006014 nova-conductor[97556]: DEBUG dbcounter [-] [97556] Writing DB stats nova_api:SELECT=1 {{(pid=97556) stat_writer /opt/stack/data/venv/lib/python3.12/site-packages/dbcounter.py:115}}
Jul 28 15:05:33.456892 np0000006014 nova-conductor[97556]: DEBUG dbcounter [-] [97556] Writing DB stats nova_cell0:SELECT=1 {{(pid=97556) stat_writer /opt/stack/data/venv/lib/python3.12/site-packages/dbcounter.py:115}}
Jul 28 15:05:33.461097 np0000006014 nova-conductor[97556]: DEBUG dbcounter [-] [97556] Writing DB stats nova_cell1:SELECT=1 {{(pid=97556) stat_writer /opt/stack/data/venv/lib/python3.12/site-packages/dbcounter.py:115}}
Jul 28 15:05:36.738511 np0000006014 nova-conductor[99070]: DEBUG oslo.service.backend._threading.loopingcall [None req-5413e117-50d2-4d6f-8a49-041f7cdd3fb3 None None] Dynamic interval looping call 'nova.service.Service.periodic_tasks' sleeping for 60.00 seconds {{(pid=99070) _run_loop /opt/stack/data/venv/lib/python3.12/site-packages/oslo_service/backend/_threading/loopingcall.py:125}}
Jul 28 15:05:39.742052 np0000006014 nova-conductor[99067]: DEBUG dbcounter [-] [99067] Writing DB stats nova_cell0:SELECT=4,nova_cell0:INSERT=1,nova_cell0:UPDATE=1 {{(pid=99067) stat_writer /opt/stack/data/venv/lib/python3.12/site-packages/dbcounter.py:115}}
Jul 28 15:05:39.754260 np0000006014 nova-conductor[99070]: DEBUG dbcounter [-] [99070] Writing DB stats nova_cell0:SELECT=3,nova_cell0:UPDATE=1 {{(pid=99070) stat_writer /opt/stack/data/venv/lib/python3.12/site-packages/dbcounter.py:115}}
Jul 28 15:05:39.769825 np0000006014 nova-conductor[99120]: DEBUG dbcounter [-] [99120] Writing DB stats nova_cell0:SELECT=3 {{(pid=99120) stat_writer /opt/stack/data/venv/lib/python3.12/site-packages/dbcounter.py:115}}
Jul 28 15:05:39.780884 np0000006014 nova-conductor[99101]: DEBUG dbcounter [-] [99101] Writing DB stats nova_cell0:SELECT=3 {{(pid=99101) stat_writer /opt/stack/data/venv/lib/python3.12/site-packages/dbcounter.py:115}}
Jul 28 15:05:44.734826 np0000006014 nova-conductor[99067]: DEBUG oslo.service.backend._threading.loopingcall [None req-ef9262d0-d8fe-4d3f-8a01-2f52c9ff2a85 None None] Dynamic interval looping call 'nova.service.Service.periodic_tasks' sleeping for 60.00 seconds {{(pid=99067) _run_loop /opt/stack/data/venv/lib/python3.12/site-packages/oslo_service/backend/_threading/loopingcall.py:125}}
Jul 28 15:05:52.752941 np0000006014 nova-conductor[99101]: DEBUG oslo.service.backend._threading.loopingcall [None req-e690ceb4-e49e-424f-89ee-dca83662a625 None None] Dynamic interval looping call 'nova.service.Service.periodic_tasks' sleeping for 60.00 seconds {{(pid=99101) _run_loop /opt/stack/data/venv/lib/python3.12/site-packages/oslo_service/backend/_threading/loopingcall.py:125}}
Jul 28 15:06:25.762832 np0000006014 nova-conductor[99120]: DEBUG oslo.service.backend._threading.loopingcall [None req-c8cd47e1-6c73-48aa-a56f-a854b702e8a0 None None] Dynamic interval looping call 'nova.service.Service.periodic_tasks' sleeping for 60.00 seconds {{(pid=99120) _run_loop /opt/stack/data/venv/lib/python3.12/site-packages/oslo_service/backend/_threading/loopingcall.py:125}}
Jul 28 15:06:36.739075 np0000006014 nova-conductor[99070]: DEBUG oslo.service.backend._threading.loopingcall [None req-5413e117-50d2-4d6f-8a49-041f7cdd3fb3 None None] Dynamic interval looping call 'nova.service.Service.periodic_tasks' sleeping for 60.00 seconds {{(pid=99070) _run_loop /opt/stack/data/venv/lib/python3.12/site-packages/oslo_service/backend/_threading/loopingcall.py:125}}
Jul 28 15:06:44.735319 np0000006014 nova-conductor[99067]: DEBUG oslo.service.backend._threading.loopingcall [None req-ef9262d0-d8fe-4d3f-8a01-2f52c9ff2a85 None None] Dynamic interval looping call 'nova.service.Service.periodic_tasks' sleeping for 60.00 seconds {{(pid=99067) _run_loop /opt/stack/data/venv/lib/python3.12/site-packages/oslo_service/backend/_threading/loopingcall.py:125}}
Jul 28 15:06:52.753411 np0000006014 nova-conductor[99101]: DEBUG oslo.service.backend._threading.loopingcall [None req-e690ceb4-e49e-424f-89ee-dca83662a625 None None] Dynamic interval looping call 'nova.service.Service.periodic_tasks' sleeping for 60.00 seconds {{(pid=99101) _run_loop /opt/stack/data/venv/lib/python3.12/site-packages/oslo_service/backend/_threading/loopingcall.py:125}}
Jul 28 15:07:25.763345 np0000006014 nova-conductor[99120]: DEBUG oslo.service.backend._threading.loopingcall [None req-c8cd47e1-6c73-48aa-a56f-a854b702e8a0 None None] Dynamic interval looping call 'nova.service.Service.periodic_tasks' sleeping for 60.00 seconds {{(pid=99120) _run_loop /opt/stack/data/venv/lib/python3.12/site-packages/oslo_service/backend/_threading/loopingcall.py:125}}
Jul 28 15:07:29.737518 np0000006014 nova-conductor[99067]: DEBUG oslo.service.backend._threading.loopingcall [-] Fixed interval looping call 'nova.servicegroup.drivers.db.DbDriver._report_state' sleeping for 119.99 seconds {{(pid=99067) _run_loop /opt/stack/data/venv/lib/python3.12/site-packages/oslo_service/backend/_threading/loopingcall.py:125}}
Jul 28 15:07:29.743572 np0000006014 nova-conductor[99070]: DEBUG oslo.service.backend._threading.loopingcall [-] Fixed interval looping call 'nova.servicegroup.drivers.db.DbDriver._report_state' sleeping for 120.00 seconds {{(pid=99070) _run_loop /opt/stack/data/venv/lib/python3.12/site-packages/oslo_service/backend/_threading/loopingcall.py:125}}
Jul 28 15:07:29.757732 np0000006014 nova-conductor[99101]: DEBUG oslo.service.backend._threading.loopingcall [-] Fixed interval looping call 'nova.servicegroup.drivers.db.DbDriver._report_state' sleeping for 120.00 seconds {{(pid=99101) _run_loop /opt/stack/data/venv/lib/python3.12/site-packages/oslo_service/backend/_threading/loopingcall.py:125}}
Jul 28 15:07:29.768064 np0000006014 nova-conductor[99120]: DEBUG oslo.service.backend._threading.loopingcall [-] Fixed interval looping call 'nova.servicegroup.drivers.db.DbDriver._report_state' sleeping for 120.00 seconds {{(pid=99120) _run_loop /opt/stack/data/venv/lib/python3.12/site-packages/oslo_service/backend/_threading/loopingcall.py:125}}
Jul 28 15:07:36.329973 np0000006014 nova-conductor[99067]: DEBUG oslo_db.sqlalchemy.engines [None req-5ba4e1e7-e002-4bdc-b296-9ef4207ac3a7 tempest-DeleteServersTestJSON-1092933175 tempest-DeleteServersTestJSON-1092933175-project-member] Parent process 97556 forked (99067) with an open database connection, which is being discarded and recreated. {{(pid=99067) checkout /opt/stack/data/venv/lib/python3.12/site-packages/oslo_db/sqlalchemy/engines.py:402}}
Jul 28 15:07:36.373969 np0000006014 nova-conductor[99067]: DEBUG dbcounter [-] [99067] Writer thread running {{(pid=99067) stat_writer /opt/stack/data/venv/lib/python3.12/site-packages/dbcounter.py:102}}
Jul 28 15:07:36.739611 np0000006014 nova-conductor[99070]: DEBUG oslo.service.backend._threading.loopingcall [None req-5413e117-50d2-4d6f-8a49-041f7cdd3fb3 None None] Dynamic interval looping call 'nova.service.Service.periodic_tasks' sleeping for 60.00 seconds {{(pid=99070) _run_loop /opt/stack/data/venv/lib/python3.12/site-packages/oslo_service/backend/_threading/loopingcall.py:125}}
Jul 28 15:07:37.148494 np0000006014 nova-conductor[99067]: DEBUG nova.conductor.manager [None req-5ba4e1e7-e002-4bdc-b296-9ef4207ac3a7 tempest-DeleteServersTestJSON-1092933175 tempest-DeleteServersTestJSON-1092933175-project-member] Took 0.77 seconds to select destinations for 1 instance(s). {{(pid=99067) _schedule_instances /opt/stack/nova/nova/conductor/manager.py:968}}
Jul 28 15:07:37.188907 np0000006014 nova-conductor[99067]: DEBUG oslo_concurrency.lockutils [None req-5ba4e1e7-e002-4bdc-b296-9ef4207ac3a7 tempest-DeleteServersTestJSON-1092933175 tempest-DeleteServersTestJSON-1092933175-project-member] Acquiring lock "ec8c29c9-a8bb-42e2-a7b2-47420376b9a7" by "nova.context.set_target_cell..get_or_set_cached_cell_and_set_connections" {{(pid=99067) inner /opt/stack/data/venv/lib/python3.12/site-packages/oslo_concurrency/lockutils.py:512}}
Jul 28 15:07:37.189120 np0000006014 nova-conductor[99067]: DEBUG oslo_concurrency.lockutils [None req-5ba4e1e7-e002-4bdc-b296-9ef4207ac3a7 tempest-DeleteServersTestJSON-1092933175 tempest-DeleteServersTestJSON-1092933175-project-member] Lock "ec8c29c9-a8bb-42e2-a7b2-47420376b9a7" acquired by "nova.context.set_target_cell..get_or_set_cached_cell_and_set_connections" :: waited 0.000s {{(pid=99067) inner /opt/stack/data/venv/lib/python3.12/site-packages/oslo_concurrency/lockutils.py:525}}
Jul 28 15:07:37.190621 np0000006014 nova-conductor[99067]: DEBUG oslo_concurrency.lockutils [None req-5ba4e1e7-e002-4bdc-b296-9ef4207ac3a7 tempest-DeleteServersTestJSON-1092933175 tempest-DeleteServersTestJSON-1092933175-project-member] Lock "ec8c29c9-a8bb-42e2-a7b2-47420376b9a7" "released" by "nova.context.set_target_cell..get_or_set_cached_cell_and_set_connections" :: held 0.001s {{(pid=99067) inner /opt/stack/data/venv/lib/python3.12/site-packages/oslo_concurrency/lockutils.py:544}}
Jul 28 15:07:37.193140 np0000006014 nova-conductor[99067]: INFO dbcounter [None req-5ba4e1e7-e002-4bdc-b296-9ef4207ac3a7 tempest-DeleteServersTestJSON-1092933175 tempest-DeleteServersTestJSON-1092933175-project-member] Registered counter for database nova_cell1
Jul 28 15:07:37.235296 np0000006014 nova-conductor[99067]: DEBUG oslo_db.sqlalchemy.engines [None req-5ba4e1e7-e002-4bdc-b296-9ef4207ac3a7 tempest-DeleteServersTestJSON-1092933175 tempest-DeleteServersTestJSON-1092933175-project-member] MySQL server mode set to STRICT_TRANS_TABLES,STRICT_ALL_TABLES,NO_ZERO_IN_DATE,NO_ZERO_DATE,ERROR_FOR_DIVISION_BY_ZERO,TRADITIONAL,NO_ENGINE_SUBSTITUTION {{(pid=99067) _check_effective_sql_mode /opt/stack/data/venv/lib/python3.12/site-packages/oslo_db/sqlalchemy/engines.py:325}}
Jul 28 15:07:37.240656 np0000006014 nova-conductor[99067]: DEBUG dbcounter [-] [99067] Writer thread running {{(pid=99067) stat_writer /opt/stack/data/venv/lib/python3.12/site-packages/dbcounter.py:102}}
Jul 28 15:07:37.306225 np0000006014 nova-conductor[99067]: INFO nova.utils [None req-5ba4e1e7-e002-4bdc-b296-9ef4207ac3a7 tempest-DeleteServersTestJSON-1092933175 tempest-DeleteServersTestJSON-1092933175-project-member] The cell worker thread pool ForkProcess-1.cell_worker is initialized
Jul 28 15:07:37.306514 np0000006014 nova-conductor[99067]: DEBUG oslo_concurrency.lockutils [None req-5ba4e1e7-e002-4bdc-b296-9ef4207ac3a7 tempest-DeleteServersTestJSON-1092933175 tempest-DeleteServersTestJSON-1092933175-project-member] Acquiring lock "00000000-0000-0000-0000-000000000000" by "nova.context.set_target_cell..get_or_set_cached_cell_and_set_connections" {{(pid=99067) inner /opt/stack/data/venv/lib/python3.12/site-packages/oslo_concurrency/lockutils.py:512}}
Jul 28 15:07:37.306655 np0000006014 nova-conductor[99067]: DEBUG oslo_concurrency.lockutils [None req-5ba4e1e7-e002-4bdc-b296-9ef4207ac3a7 tempest-DeleteServersTestJSON-1092933175 tempest-DeleteServersTestJSON-1092933175-project-member] Lock "00000000-0000-0000-0000-000000000000" acquired by "nova.context.set_target_cell..get_or_set_cached_cell_and_set_connections" :: waited 0.000s {{(pid=99067) inner /opt/stack/data/venv/lib/python3.12/site-packages/oslo_concurrency/lockutils.py:525}}
Jul 28 15:07:37.306992 np0000006014 nova-conductor[99067]: DEBUG oslo_concurrency.lockutils [None req-5ba4e1e7-e002-4bdc-b296-9ef4207ac3a7 tempest-DeleteServersTestJSON-1092933175 tempest-DeleteServersTestJSON-1092933175-project-member] Lock "00000000-0000-0000-0000-000000000000" "released" by "nova.context.set_target_cell..get_or_set_cached_cell_and_set_connections" :: held 0.000s {{(pid=99067) inner /opt/stack/data/venv/lib/python3.12/site-packages/oslo_concurrency/lockutils.py:544}}
Jul 28 15:07:37.307516 np0000006014 nova-conductor[99067]: DEBUG oslo_concurrency.lockutils [None req-5ba4e1e7-e002-4bdc-b296-9ef4207ac3a7 tempest-DeleteServersTestJSON-1092933175 tempest-DeleteServersTestJSON-1092933175-project-member] Acquiring lock "ec8c29c9-a8bb-42e2-a7b2-47420376b9a7" by "nova.context.set_target_cell..get_or_set_cached_cell_and_set_connections" {{(pid=99067) inner /opt/stack/data/venv/lib/python3.12/site-packages/oslo_concurrency/lockutils.py:512}}
Jul 28 15:07:37.307660 np0000006014 nova-conductor[99067]: DEBUG oslo_concurrency.lockutils [None req-5ba4e1e7-e002-4bdc-b296-9ef4207ac3a7 tempest-DeleteServersTestJSON-1092933175 tempest-DeleteServersTestJSON-1092933175-project-member] Lock "ec8c29c9-a8bb-42e2-a7b2-47420376b9a7" acquired by "nova.context.set_target_cell..get_or_set_cached_cell_and_set_connections" :: waited 0.000s {{(pid=99067) inner /opt/stack/data/venv/lib/python3.12/site-packages/oslo_concurrency/lockutils.py:525}}
Jul 28 15:07:37.308769 np0000006014 nova-conductor[99067]: INFO dbcounter [None req-5ba4e1e7-e002-4bdc-b296-9ef4207ac3a7 tempest-DeleteServersTestJSON-1092933175 tempest-DeleteServersTestJSON-1092933175-project-member] Registered counter for database nova_cell0
Jul 28 15:07:37.309952 np0000006014 nova-conductor[99067]: DEBUG oslo_concurrency.lockutils [None req-5ba4e1e7-e002-4bdc-b296-9ef4207ac3a7 tempest-DeleteServersTestJSON-1092933175 tempest-DeleteServersTestJSON-1092933175-project-member] Lock "ec8c29c9-a8bb-42e2-a7b2-47420376b9a7" "released" by "nova.context.set_target_cell..get_or_set_cached_cell_and_set_connections" :: held 0.001s {{(pid=99067) inner /opt/stack/data/venv/lib/python3.12/site-packages/oslo_concurrency/lockutils.py:544}}
Jul 28 15:07:37.350497 np0000006014 nova-conductor[99067]: DEBUG oslo_db.sqlalchemy.engines [None req-5ba4e1e7-e002-4bdc-b296-9ef4207ac3a7 tempest-DeleteServersTestJSON-1092933175 tempest-DeleteServersTestJSON-1092933175-project-member] MySQL server mode set to STRICT_TRANS_TABLES,STRICT_ALL_TABLES,NO_ZERO_IN_DATE,NO_ZERO_DATE,ERROR_FOR_DIVISION_BY_ZERO,TRADITIONAL,NO_ENGINE_SUBSTITUTION {{(pid=99067) _check_effective_sql_mode /opt/stack/data/venv/lib/python3.12/site-packages/oslo_db/sqlalchemy/engines.py:325}}
Jul 28 15:07:37.355394 np0000006014 nova-conductor[99067]: DEBUG dbcounter [-] [99067] Writer thread running {{(pid=99067) stat_writer /opt/stack/data/venv/lib/python3.12/site-packages/dbcounter.py:102}}
