Jul 02 22:25:49.033629 np0000004328 nova-scheduler[96294]: DEBUG cotyledon.oslo_config_glue [-] profiler.es_scroll_size = 10000 {{(pid=96294) log_opt_values /opt/stack/data/venv/lib/python3.12/site-packages/oslo_config/cfg.py:3253}}
Jul 02 22:25:49.033629 np0000004328 nova-scheduler[96294]: DEBUG cotyledon.oslo_config_glue [-] profiler.es_scroll_time = 2m {{(pid=96294) log_opt_values /opt/stack/data/venv/lib/python3.12/site-packages/oslo_config/cfg.py:3253}}
Jul 02 22:25:49.033629 np0000004328 nova-scheduler[96294]: DEBUG cotyledon.oslo_config_glue [-] profiler.filter_error_trace = False {{(pid=96294) log_opt_values /opt/stack/data/venv/lib/python3.12/site-packages/oslo_config/cfg.py:3253}}
Jul 02 22:25:49.033629 np0000004328 nova-scheduler[96294]: DEBUG cotyledon.oslo_config_glue [-] profiler.hmac_keys = **** {{(pid=96294) log_opt_values /opt/stack/data/venv/lib/python3.12/site-packages/oslo_config/cfg.py:3253}}
Jul 02 22:25:49.033953 np0000004328 nova-scheduler[96294]: DEBUG cotyledon.oslo_config_glue [-] profiler.sentinel_service_name = mymaster {{(pid=96294) log_opt_values /opt/stack/data/venv/lib/python3.12/site-packages/oslo_config/cfg.py:3253}}
Jul 02 22:25:49.033953 np0000004328 nova-scheduler[96294]: DEBUG cotyledon.oslo_config_glue [-] profiler.socket_timeout = 0.1 {{(pid=96294) log_opt_values /opt/stack/data/venv/lib/python3.12/site-packages/oslo_config/cfg.py:3253}}
Jul 02 22:25:49.033953 np0000004328 nova-scheduler[96294]: DEBUG cotyledon.oslo_config_glue [-] profiler.trace_requests = False {{(pid=96294) log_opt_values /opt/stack/data/venv/lib/python3.12/site-packages/oslo_config/cfg.py:3253}}
Jul 02 22:25:49.033953 np0000004328 nova-scheduler[96294]: DEBUG cotyledon.oslo_config_glue [-] profiler.trace_sqlalchemy = False {{(pid=96294) log_opt_values /opt/stack/data/venv/lib/python3.12/site-packages/oslo_config/cfg.py:3253}}
Jul 02 22:25:49.033953 np0000004328 nova-scheduler[96294]: DEBUG cotyledon.oslo_config_glue [-] profiler_jaeger.process_tags = {} {{(pid=96294) log_opt_values /opt/stack/data/venv/lib/python3.12/site-packages/oslo_config/cfg.py:3253}}
Jul 02 22:25:49.033953 np0000004328 nova-scheduler[96294]: DEBUG cotyledon.oslo_config_glue [-] profiler_jaeger.service_name_prefix = None {{(pid=96294) log_opt_values /opt/stack/data/venv/lib/python3.12/site-packages/oslo_config/cfg.py:3253}}
Jul 02 22:25:49.033953 np0000004328 nova-scheduler[96294]: DEBUG cotyledon.oslo_config_glue [-] profiler_otlp.service_name_prefix = None {{(pid=96294) log_opt_values /opt/stack/data/venv/lib/python3.12/site-packages/oslo_config/cfg.py:3253}}
Jul 02 22:25:49.033953 np0000004328 nova-scheduler[96294]: DEBUG cotyledon.oslo_config_glue [-] oslo_messaging_rabbit.amqp_auto_delete = False {{(pid=96294) log_opt_values /opt/stack/data/venv/lib/python3.12/site-packages/oslo_config/cfg.py:3253}}
Jul 02 22:25:49.033953 np0000004328 nova-scheduler[96294]: DEBUG cotyledon.oslo_config_glue [-] oslo_messaging_rabbit.amqp_durable_queues = False {{(pid=96294) log_opt_values /opt/stack/data/venv/lib/python3.12/site-packages/oslo_config/cfg.py:3253}}
Jul 02 22:25:49.034301 np0000004328 nova-scheduler[96294]: DEBUG cotyledon.oslo_config_glue [-] oslo_messaging_rabbit.conn_pool_min_size = 2 {{(pid=96294) log_opt_values /opt/stack/data/venv/lib/python3.12/site-packages/oslo_config/cfg.py:3253}}
Jul 02 22:25:49.034301 np0000004328 nova-scheduler[96294]: DEBUG cotyledon.oslo_config_glue [-] oslo_messaging_rabbit.conn_pool_ttl = 1200 {{(pid=96294) log_opt_values /opt/stack/data/venv/lib/python3.12/site-packages/oslo_config/cfg.py:3253}}
Jul 02 22:25:49.034301 np0000004328 nova-scheduler[96294]: DEBUG cotyledon.oslo_config_glue [-] oslo_messaging_rabbit.direct_mandatory_flag = True {{(pid=96294) log_opt_values /opt/stack/data/venv/lib/python3.12/site-packages/oslo_config/cfg.py:3253}}
Jul 02 22:25:49.034301 np0000004328 nova-scheduler[96294]: DEBUG cotyledon.oslo_config_glue [-] oslo_messaging_rabbit.enable_cancel_on_failover = False {{(pid=96294) log_opt_values /opt/stack/data/venv/lib/python3.12/site-packages/oslo_config/cfg.py:3253}}
Jul 02 22:25:49.034301 np0000004328 nova-scheduler[96294]: DEBUG cotyledon.oslo_config_glue [-] oslo_messaging_rabbit.heartbeat_rate = 3 {{(pid=96294) log_opt_values /opt/stack/data/venv/lib/python3.12/site-packages/oslo_config/cfg.py:3253}}
Jul 02 22:25:49.034301 np0000004328 nova-scheduler[96294]: DEBUG cotyledon.oslo_config_glue [-] oslo_messaging_rabbit.heartbeat_timeout_threshold = 60 {{(pid=96294) log_opt_values /opt/stack/data/venv/lib/python3.12/site-packages/oslo_config/cfg.py:3253}}
Jul 02 22:25:49.034301 np0000004328 nova-scheduler[96294]: DEBUG cotyledon.oslo_config_glue [-] oslo_messaging_rabbit.hostname = np0000004328 {{(pid=96294) log_opt_values /opt/stack/data/venv/lib/python3.12/site-packages/oslo_config/cfg.py:3253}}
Jul 02 22:25:49.034301 np0000004328 nova-scheduler[96294]: DEBUG cotyledon.oslo_config_glue [-] oslo_messaging_rabbit.kombu_compression = None {{(pid=96294) log_opt_values /opt/stack/data/venv/lib/python3.12/site-packages/oslo_config/cfg.py:3253}}
Jul 02 22:25:49.034301 np0000004328 nova-scheduler[96294]: DEBUG cotyledon.oslo_config_glue [-] oslo_messaging_rabbit.kombu_failover_strategy = round-robin {{(pid=96294) log_opt_values /opt/stack/data/venv/lib/python3.12/site-packages/oslo_config/cfg.py:3253}}
Jul 02 22:25:49.034595 np0000004328 nova-scheduler[96294]: DEBUG cotyledon.oslo_config_glue [-] oslo_messaging_rabbit.kombu_missing_consumer_retry_timeout = 60 {{(pid=96294) log_opt_values /opt/stack/data/venv/lib/python3.12/site-packages/oslo_config/cfg.py:3253}}
Jul 02 22:25:49.034595 np0000004328 nova-scheduler[96294]: DEBUG cotyledon.oslo_config_glue [-] oslo_messaging_rabbit.kombu_reconnect_delay = 1.0 {{(pid=96294) log_opt_values /opt/stack/data/venv/lib/python3.12/site-packages/oslo_config/cfg.py:3253}}
Jul 02 22:25:49.034595 np0000004328 nova-scheduler[96294]: DEBUG cotyledon.oslo_config_glue [-] oslo_messaging_rabbit.kombu_reconnect_splay = 0.0 {{(pid=96294) log_opt_values /opt/stack/data/venv/lib/python3.12/site-packages/oslo_config/cfg.py:3253}}
Jul 02 22:25:49.034595 np0000004328 nova-scheduler[96294]: DEBUG cotyledon.oslo_config_glue [-] oslo_messaging_rabbit.processname = nova-scheduler {{(pid=96294) log_opt_values /opt/stack/data/venv/lib/python3.12/site-packages/oslo_config/cfg.py:3253}}
Jul 02 22:25:49.034595 np0000004328 nova-scheduler[96294]: DEBUG cotyledon.oslo_config_glue [-] oslo_messaging_rabbit.rabbit_ha_queues = False {{(pid=96294) log_opt_values /opt/stack/data/venv/lib/python3.12/site-packages/oslo_config/cfg.py:3253}}
Jul 02 22:25:49.034595 np0000004328 nova-scheduler[96294]: DEBUG cotyledon.oslo_config_glue [-] oslo_messaging_rabbit.rabbit_interval_max = 30 {{(pid=96294) log_opt_values /opt/stack/data/venv/lib/python3.12/site-packages/oslo_config/cfg.py:3253}}
Jul 02 22:25:49.034595 np0000004328 nova-scheduler[96294]: DEBUG cotyledon.oslo_config_glue [-] oslo_messaging_rabbit.rabbit_login_method = AMQPLAIN {{(pid=96294) log_opt_values /opt/stack/data/venv/lib/python3.12/site-packages/oslo_config/cfg.py:3253}}
Jul 02 22:25:49.034595 np0000004328 nova-scheduler[96294]: DEBUG cotyledon.oslo_config_glue [-] oslo_messaging_rabbit.rabbit_qos_prefetch_count = 0 {{(pid=96294) log_opt_values /opt/stack/data/venv/lib/python3.12/site-packages/oslo_config/cfg.py:3253}}
Jul 02 22:25:49.034595 np0000004328 nova-scheduler[96294]: DEBUG cotyledon.oslo_config_glue [-] oslo_messaging_rabbit.rabbit_quorum_delivery_limit = 0 {{(pid=96294) log_opt_values /opt/stack/data/venv/lib/python3.12/site-packages/oslo_config/cfg.py:3253}}
Jul 02 22:25:49.034860 np0000004328 nova-scheduler[96294]: DEBUG cotyledon.oslo_config_glue [-] oslo_messaging_rabbit.rabbit_quorum_max_memory_bytes = 0 {{(pid=96294) log_opt_values /opt/stack/data/venv/lib/python3.12/site-packages/oslo_config/cfg.py:3253}}
Jul 02 22:25:49.034860 np0000004328 nova-scheduler[96294]: DEBUG cotyledon.oslo_config_glue [-] oslo_messaging_rabbit.rabbit_quorum_max_memory_length = 0 {{(pid=96294) log_opt_values /opt/stack/data/venv/lib/python3.12/site-packages/oslo_config/cfg.py:3253}}
Jul 02 22:25:49.034860 np0000004328 nova-scheduler[96294]: DEBUG cotyledon.oslo_config_glue [-] oslo_messaging_rabbit.rabbit_quorum_queue = False {{(pid=96294) log_opt_values /opt/stack/data/venv/lib/python3.12/site-packages/oslo_config/cfg.py:3253}}
Jul 02 22:25:49.034860 np0000004328 nova-scheduler[96294]: DEBUG cotyledon.oslo_config_glue [-] oslo_messaging_rabbit.rabbit_retry_backoff = 2 {{(pid=96294) log_opt_values /opt/stack/data/venv/lib/python3.12/site-packages/oslo_config/cfg.py:3253}}
Jul 02 22:25:49.034860 np0000004328 nova-scheduler[96294]: DEBUG cotyledon.oslo_config_glue [-] oslo_messaging_rabbit.rabbit_retry_interval = 1 {{(pid=96294) log_opt_values /opt/stack/data/venv/lib/python3.12/site-packages/oslo_config/cfg.py:3253}}
Jul 02 22:25:49.034860 np0000004328 nova-scheduler[96294]: DEBUG cotyledon.oslo_config_glue [-] oslo_messaging_rabbit.rabbit_stream_fanout = False {{(pid=96294) log_opt_values /opt/stack/data/venv/lib/python3.12/site-packages/oslo_config/cfg.py:3253}}
Jul 02 22:25:49.034860 np0000004328 nova-scheduler[96294]: DEBUG cotyledon.oslo_config_glue [-] oslo_messaging_rabbit.rabbit_transient_queues_ttl = 1800 {{(pid=96294) log_opt_values /opt/stack/data/venv/lib/python3.12/site-packages/oslo_config/cfg.py:3253}}
Jul 02 22:25:49.034860 np0000004328 nova-scheduler[96294]: DEBUG cotyledon.oslo_config_glue [-] oslo_messaging_rabbit.rabbit_transient_quorum_queue = False {{(pid=96294) log_opt_values /opt/stack/data/venv/lib/python3.12/site-packages/oslo_config/cfg.py:3253}}
Jul 02 22:25:49.035099 np0000004328 nova-scheduler[96294]: DEBUG cotyledon.oslo_config_glue [-] oslo_messaging_rabbit.rpc_conn_pool_size = 30 {{(pid=96294) log_opt_values /opt/stack/data/venv/lib/python3.12/site-packages/oslo_config/cfg.py:3253}}
Jul 02 22:25:49.035099 np0000004328 nova-scheduler[96294]: DEBUG cotyledon.oslo_config_glue [-] oslo_messaging_rabbit.ssl = False {{(pid=96294) log_opt_values /opt/stack/data/venv/lib/python3.12/site-packages/oslo_config/cfg.py:3253}}
Jul 02 22:25:49.035099 np0000004328 nova-scheduler[96294]: DEBUG cotyledon.oslo_config_glue [-] oslo_messaging_rabbit.ssl_ca_file = {{(pid=96294) log_opt_values /opt/stack/data/venv/lib/python3.12/site-packages/oslo_config/cfg.py:3253}}
Jul 02 22:25:49.035099 np0000004328 nova-scheduler[96294]: DEBUG cotyledon.oslo_config_glue [-] oslo_messaging_rabbit.ssl_cert_file = {{(pid=96294) log_opt_values /opt/stack/data/venv/lib/python3.12/site-packages/oslo_config/cfg.py:3253}}
Jul 02 22:25:49.035099 np0000004328 nova-scheduler[96294]: DEBUG cotyledon.oslo_config_glue [-] oslo_messaging_rabbit.ssl_enforce_fips_mode = False {{(pid=96294) log_opt_values /opt/stack/data/venv/lib/python3.12/site-packages/oslo_config/cfg.py:3253}}
Jul 02 22:25:49.035099 np0000004328 nova-scheduler[96294]: DEBUG cotyledon.oslo_config_glue [-] oslo_messaging_rabbit.ssl_enforce_hostname_verification = True {{(pid=96294) log_opt_values /opt/stack/data/venv/lib/python3.12/site-packages/oslo_config/cfg.py:3253}}
Jul 02 22:25:49.035099 np0000004328 nova-scheduler[96294]: DEBUG cotyledon.oslo_config_glue [-] oslo_messaging_rabbit.ssl_key_file = {{(pid=96294) log_opt_values /opt/stack/data/venv/lib/python3.12/site-packages/oslo_config/cfg.py:3253}}
Jul 02 22:25:49.035099 np0000004328 nova-scheduler[96294]: DEBUG cotyledon.oslo_config_glue [-] oslo_messaging_rabbit.ssl_version = {{(pid=96294) log_opt_values /opt/stack/data/venv/lib/python3.12/site-packages/oslo_config/cfg.py:3253}}
Jul 02 22:25:49.035099 np0000004328 nova-scheduler[96294]: DEBUG cotyledon.oslo_config_glue [-] oslo_messaging_rabbit.use_queue_manager = False {{(pid=96294) log_opt_values /opt/stack/data/venv/lib/python3.12/site-packages/oslo_config/cfg.py:3253}}
Jul 02 22:25:49.035428 np0000004328 nova-scheduler[96294]: DEBUG cotyledon.oslo_config_glue [-] oslo_messaging_notifications.driver = ['messagingv2'] {{(pid=96294) log_opt_values /opt/stack/data/venv/lib/python3.12/site-packages/oslo_config/cfg.py:3253}}
Jul 02 22:25:49.035428 np0000004328 nova-scheduler[96294]: DEBUG cotyledon.oslo_config_glue [-] oslo_messaging_notifications.retry = -1 {{(pid=96294) log_opt_values /opt/stack/data/venv/lib/python3.12/site-packages/oslo_config/cfg.py:3253}}
Jul 02 22:25:49.035428 np0000004328 nova-scheduler[96294]: DEBUG cotyledon.oslo_config_glue [-] oslo_messaging_notifications.topics = ['notifications'] {{(pid=96294) log_opt_values /opt/stack/data/venv/lib/python3.12/site-packages/oslo_config/cfg.py:3253}}
Jul 02 22:25:49.035428 np0000004328 nova-scheduler[96294]: DEBUG cotyledon.oslo_config_glue [-] oslo_messaging_notifications.transport_url = **** {{(pid=96294) log_opt_values /opt/stack/data/venv/lib/python3.12/site-packages/oslo_config/cfg.py:3253}}
Jul 02 22:25:49.035428 np0000004328 nova-scheduler[96294]: DEBUG cotyledon.oslo_config_glue [-] oslo_limit.auth_section = None {{(pid=96294) log_opt_values /opt/stack/data/venv/lib/python3.12/site-packages/oslo_config/cfg.py:3253}}
Jul 02 22:25:49.035428 np0000004328 nova-scheduler[96294]: DEBUG cotyledon.oslo_config_glue [-] oslo_limit.auth_type = None {{(pid=96294) log_opt_values /opt/stack/data/venv/lib/python3.12/site-packages/oslo_config/cfg.py:3253}}
Jul 02 22:25:49.035428 np0000004328 nova-scheduler[96294]: DEBUG cotyledon.oslo_config_glue [-] oslo_limit.cafile = None {{(pid=96294) log_opt_values /opt/stack/data/venv/lib/python3.12/site-packages/oslo_config/cfg.py:3253}}
Jul 02 22:25:49.035428 np0000004328 nova-scheduler[96294]: DEBUG cotyledon.oslo_config_glue [-] oslo_limit.certfile = None {{(pid=96294) log_opt_values /opt/stack/data/venv/lib/python3.12/site-packages/oslo_config/cfg.py:3253}}
Jul 02 22:25:49.035428 np0000004328 nova-scheduler[96294]: DEBUG cotyledon.oslo_config_glue [-] oslo_limit.collect_timing = False {{(pid=96294) log_opt_values /opt/stack/data/venv/lib/python3.12/site-packages/oslo_config/cfg.py:3253}}
Jul 02 22:25:49.035710 np0000004328 nova-scheduler[96294]: DEBUG cotyledon.oslo_config_glue [-] oslo_limit.connect_retries = None {{(pid=96294) log_opt_values /opt/stack/data/venv/lib/python3.12/site-packages/oslo_config/cfg.py:3253}}
Jul 02 22:25:49.035710 np0000004328 nova-scheduler[96294]: DEBUG cotyledon.oslo_config_glue [-] oslo_limit.connect_retry_delay = None {{(pid=96294) log_opt_values /opt/stack/data/venv/lib/python3.12/site-packages/oslo_config/cfg.py:3253}}
Jul 02 22:25:49.035710 np0000004328 nova-scheduler[96294]: DEBUG cotyledon.oslo_config_glue [-] oslo_limit.endpoint_id = None {{(pid=96294) log_opt_values /opt/stack/data/venv/lib/python3.12/site-packages/oslo_config/cfg.py:3253}}
Jul 02 22:25:49.035710 np0000004328 nova-scheduler[96294]: DEBUG cotyledon.oslo_config_glue [-] oslo_limit.endpoint_interface = public {{(pid=96294) log_opt_values /opt/stack/data/venv/lib/python3.12/site-packages/oslo_config/cfg.py:3253}}
Jul 02 22:25:49.035710 np0000004328 nova-scheduler[96294]: DEBUG cotyledon.oslo_config_glue [-] oslo_limit.endpoint_override = None {{(pid=96294) log_opt_values /opt/stack/data/venv/lib/python3.12/site-packages/oslo_config/cfg.py:3253}}
Jul 02 22:25:49.035710 np0000004328 nova-scheduler[96294]: DEBUG cotyledon.oslo_config_glue [-] oslo_limit.endpoint_region_name = None {{(pid=96294) log_opt_values /opt/stack/data/venv/lib/python3.12/site-packages/oslo_config/cfg.py:3253}}
Jul 02 22:25:49.035710 np0000004328 nova-scheduler[96294]: DEBUG cotyledon.oslo_config_glue [-] oslo_limit.endpoint_service_name = None {{(pid=96294) log_opt_values /opt/stack/data/venv/lib/python3.12/site-packages/oslo_config/cfg.py:3253}}
Jul 02 22:25:49.035710 np0000004328 nova-scheduler[96294]: DEBUG cotyledon.oslo_config_glue [-] oslo_limit.endpoint_service_type = None {{(pid=96294) log_opt_values /opt/stack/data/venv/lib/python3.12/site-packages/oslo_config/cfg.py:3253}}
Jul 02 22:25:49.035710 np0000004328 nova-scheduler[96294]: DEBUG cotyledon.oslo_config_glue [-] oslo_limit.insecure = False {{(pid=96294) log_opt_values /opt/stack/data/venv/lib/python3.12/site-packages/oslo_config/cfg.py:3253}}
Jul 02 22:25:49.035987 np0000004328 nova-scheduler[96294]: DEBUG cotyledon.oslo_config_glue [-] oslo_limit.keyfile = None {{(pid=96294) log_opt_values /opt/stack/data/venv/lib/python3.12/site-packages/oslo_config/cfg.py:3253}}
Jul 02 22:25:49.035987 np0000004328 nova-scheduler[96294]: DEBUG cotyledon.oslo_config_glue [-] oslo_limit.max_version = None {{(pid=96294) log_opt_values /opt/stack/data/venv/lib/python3.12/site-packages/oslo_config/cfg.py:3253}}
Jul 02 22:25:49.035987 np0000004328 nova-scheduler[96294]: DEBUG cotyledon.oslo_config_glue [-] oslo_limit.min_version = None {{(pid=96294) log_opt_values /opt/stack/data/venv/lib/python3.12/site-packages/oslo_config/cfg.py:3253}}
Jul 02 22:25:49.035987 np0000004328 nova-scheduler[96294]: DEBUG cotyledon.oslo_config_glue [-] oslo_limit.region_name = None {{(pid=96294) log_opt_values /opt/stack/data/venv/lib/python3.12/site-packages/oslo_config/cfg.py:3253}}
Jul 02 22:25:49.035987 np0000004328 nova-scheduler[96294]: DEBUG cotyledon.oslo_config_glue [-] oslo_limit.retriable_status_codes = None {{(pid=96294) log_opt_values /opt/stack/data/venv/lib/python3.12/site-packages/oslo_config/cfg.py:3253}}
Jul 02 22:25:49.035987 np0000004328 nova-scheduler[96294]: DEBUG cotyledon.oslo_config_glue [-] oslo_limit.service_name = None {{(pid=96294) log_opt_values /opt/stack/data/venv/lib/python3.12/site-packages/oslo_config/cfg.py:3253}}
Jul 02 22:25:49.035987 np0000004328 nova-scheduler[96294]: DEBUG cotyledon.oslo_config_glue [-] oslo_limit.service_type = None {{(pid=96294) log_opt_values /opt/stack/data/venv/lib/python3.12/site-packages/oslo_config/cfg.py:3253}}
Jul 02 22:25:49.035987 np0000004328 nova-scheduler[96294]: DEBUG cotyledon.oslo_config_glue [-] oslo_limit.split_loggers = False {{(pid=96294) log_opt_values /opt/stack/data/venv/lib/python3.12/site-packages/oslo_config/cfg.py:3253}}
Jul 02 22:25:49.035987 np0000004328 nova-scheduler[96294]: DEBUG cotyledon.oslo_config_glue [-] oslo_limit.status_code_retries = None {{(pid=96294) log_opt_values /opt/stack/data/venv/lib/python3.12/site-packages/oslo_config/cfg.py:3253}}
Jul 02 22:25:49.036286 np0000004328 nova-scheduler[96294]: DEBUG cotyledon.oslo_config_glue [-] oslo_limit.status_code_retry_delay = None {{(pid=96294) log_opt_values /opt/stack/data/venv/lib/python3.12/site-packages/oslo_config/cfg.py:3253}}
Jul 02 22:25:49.036286 np0000004328 nova-scheduler[96294]: DEBUG cotyledon.oslo_config_glue [-] oslo_limit.timeout = None {{(pid=96294) log_opt_values /opt/stack/data/venv/lib/python3.12/site-packages/oslo_config/cfg.py:3253}}
Jul 02 22:25:49.036286 np0000004328 nova-scheduler[96294]: DEBUG cotyledon.oslo_config_glue [-] oslo_limit.valid_interfaces = None {{(pid=96294) log_opt_values /opt/stack/data/venv/lib/python3.12/site-packages/oslo_config/cfg.py:3253}}
Jul 02 22:25:49.036286 np0000004328 nova-scheduler[96294]: DEBUG cotyledon.oslo_config_glue [-] oslo_limit.version = None {{(pid=96294) log_opt_values /opt/stack/data/venv/lib/python3.12/site-packages/oslo_config/cfg.py:3253}}
Jul 02 22:25:49.036286 np0000004328 nova-scheduler[96294]: DEBUG cotyledon.oslo_config_glue [-] oslo_reports.file_event_handler = None {{(pid=96294) log_opt_values /opt/stack/data/venv/lib/python3.12/site-packages/oslo_config/cfg.py:3253}}
Jul 02 22:25:49.036286 np0000004328 nova-scheduler[96294]: DEBUG cotyledon.oslo_config_glue [-] oslo_reports.file_event_handler_interval = 1 {{(pid=96294) log_opt_values /opt/stack/data/venv/lib/python3.12/site-packages/oslo_config/cfg.py:3253}}
Jul 02 22:25:49.036286 np0000004328 nova-scheduler[96294]: DEBUG cotyledon.oslo_config_glue [-] oslo_reports.log_dir = None {{(pid=96294) log_opt_values /opt/stack/data/venv/lib/python3.12/site-packages/oslo_config/cfg.py:3253}}
Jul 02 22:25:49.036286 np0000004328 nova-scheduler[96294]: DEBUG cotyledon.oslo_config_glue [-] ******************************************************************************** {{(pid=96294) log_opt_values /opt/stack/data/venv/lib/python3.12/site-packages/oslo_config/cfg.py:3260}}
Jul 02 22:25:49.036286 np0000004328 nova-scheduler[96294]: DEBUG cotyledon._service_worker [-] Run service ServiceWrapper(3) [96294] {{(pid=96294) wait_forever /opt/stack/data/venv/lib/python3.12/site-packages/cotyledon/_service_worker.py:218}}
Jul 02 22:25:49.036576 np0000004328 nova-scheduler[96294]: INFO nova.service [-] Starting scheduler node (version 33.1.0)
Jul 02 22:25:49.036613 np0000004328 nova-scheduler[96288]: DEBUG oslo_db.sqlalchemy.engines [None req-b6a91cd1-f945-4417-91a0-241c9bb052b3 None None] MySQL server mode set to STRICT_TRANS_TABLES,STRICT_ALL_TABLES,NO_ZERO_IN_DATE,NO_ZERO_DATE,ERROR_FOR_DIVISION_BY_ZERO,TRADITIONAL,NO_ENGINE_SUBSTITUTION {{(pid=96288) _check_effective_sql_mode /opt/stack/data/venv/lib/python3.12/site-packages/oslo_db/sqlalchemy/engines.py:325}}
Jul 02 22:25:49.036660 np0000004328 nova-scheduler[96294]: INFO dbcounter [None req-338eeb3a-97bf-4fd7-bda8-564f557eb298 None None] Registered counter for database nova_cell0
Jul 02 22:25:49.036694 np0000004328 nova-scheduler[96292]: DEBUG oslo_db.sqlalchemy.engines [None req-514271f1-813e-4a45-81c8-c5a4331feb4f None None] MySQL server mode set to STRICT_TRANS_TABLES,STRICT_ALL_TABLES,NO_ZERO_IN_DATE,NO_ZERO_DATE,ERROR_FOR_DIVISION_BY_ZERO,TRADITIONAL,NO_ENGINE_SUBSTITUTION {{(pid=96292) _check_effective_sql_mode /opt/stack/data/venv/lib/python3.12/site-packages/oslo_db/sqlalchemy/engines.py:325}}
Jul 02 22:25:49.036740 np0000004328 nova-scheduler[96288]: DEBUG dbcounter [-] [96288] Writer thread running {{(pid=96288) stat_writer /opt/stack/data/venv/lib/python3.12/site-packages/dbcounter.py:102}}
Jul 02 22:25:49.036783 np0000004328 nova-scheduler[96292]: DEBUG dbcounter [-] [96292] Writer thread running {{(pid=96292) stat_writer /opt/stack/data/venv/lib/python3.12/site-packages/dbcounter.py:102}}
Jul 02 22:25:49.038154 np0000004328 nova-scheduler[96288]: DEBUG nova.service [None req-b6a91cd1-f945-4417-91a0-241c9bb052b3 None None] Creating RPC server for service: nova-scheduler on topic: scheduler {{(pid=96288) start /opt/stack/nova/nova/service.py:196}}
Jul 02 22:25:49.044541 np0000004328 nova-scheduler[96292]: DEBUG nova.service [None req-514271f1-813e-4a45-81c8-c5a4331feb4f None None] Creating RPC server for service: nova-scheduler on topic: scheduler {{(pid=96292) start /opt/stack/nova/nova/service.py:196}}
Jul 02 22:25:49.046963 np0000004328 nova-scheduler[96290]: DEBUG oslo_db.sqlalchemy.engines [None req-874210fb-effd-4a97-91de-9839ba491af9 None None] MySQL server mode set to STRICT_TRANS_TABLES,STRICT_ALL_TABLES,NO_ZERO_IN_DATE,NO_ZERO_DATE,ERROR_FOR_DIVISION_BY_ZERO,TRADITIONAL,NO_ENGINE_SUBSTITUTION {{(pid=96290) _check_effective_sql_mode /opt/stack/data/venv/lib/python3.12/site-packages/oslo_db/sqlalchemy/engines.py:325}}
Jul 02 22:25:49.055772 np0000004328 nova-scheduler[96294]: DEBUG oslo_db.sqlalchemy.engines [None req-338eeb3a-97bf-4fd7-bda8-564f557eb298 None None] MySQL server mode set to STRICT_TRANS_TABLES,STRICT_ALL_TABLES,NO_ZERO_IN_DATE,NO_ZERO_DATE,ERROR_FOR_DIVISION_BY_ZERO,TRADITIONAL,NO_ENGINE_SUBSTITUTION {{(pid=96294) _check_effective_sql_mode /opt/stack/data/venv/lib/python3.12/site-packages/oslo_db/sqlalchemy/engines.py:325}}
Jul 02 22:25:49.057280 np0000004328 nova-scheduler[96290]: DEBUG dbcounter [-] [96290] Writer thread running {{(pid=96290) stat_writer /opt/stack/data/venv/lib/python3.12/site-packages/dbcounter.py:102}}
Jul 02 22:25:49.060253 np0000004328 nova-scheduler[96290]: DEBUG nova.service [None req-874210fb-effd-4a97-91de-9839ba491af9 None None] Creating RPC server for service: nova-scheduler on topic: scheduler {{(pid=96290) start /opt/stack/nova/nova/service.py:196}}
Jul 02 22:25:49.064509 np0000004328 nova-scheduler[96294]: DEBUG dbcounter [-] [96294] Writer thread running {{(pid=96294) stat_writer /opt/stack/data/venv/lib/python3.12/site-packages/dbcounter.py:102}}
Jul 02 22:25:49.066984 np0000004328 nova-scheduler[96294]: DEBUG nova.service [None req-338eeb3a-97bf-4fd7-bda8-564f557eb298 None None] Creating RPC server for service: nova-scheduler on topic: scheduler {{(pid=96294) start /opt/stack/nova/nova/service.py:196}}
Jul 02 22:25:49.073690 np0000004328 nova-scheduler[96292]: DEBUG nova.service [None req-514271f1-813e-4a45-81c8-c5a4331feb4f None None] Join ServiceGroup membership for this service scheduler {{(pid=96292) start /opt/stack/nova/nova/service.py:222}}
Jul 02 22:25:49.073861 np0000004328 nova-scheduler[96292]: DEBUG nova.servicegroup.drivers.db [None req-514271f1-813e-4a45-81c8-c5a4331feb4f None None] DB_Driver: join new ServiceGroup member np0000004328 to the scheduler group, service = {{(pid=96292) join /opt/stack/nova/nova/servicegroup/drivers/db.py:44}}
Jul 02 22:25:49.084538 np0000004328 nova-scheduler[96288]: DEBUG nova.service [None req-b6a91cd1-f945-4417-91a0-241c9bb052b3 None None] Join ServiceGroup membership for this service scheduler {{(pid=96288) start /opt/stack/nova/nova/service.py:222}}
Jul 02 22:25:49.085090 np0000004328 nova-scheduler[96288]: DEBUG nova.servicegroup.drivers.db [None req-b6a91cd1-f945-4417-91a0-241c9bb052b3 None None] DB_Driver: join new ServiceGroup member np0000004328 to the scheduler group, service = {{(pid=96288) join /opt/stack/nova/nova/servicegroup/drivers/db.py:44}}
Jul 02 22:25:49.085646 np0000004328 nova-scheduler[96294]: DEBUG nova.service [None req-338eeb3a-97bf-4fd7-bda8-564f557eb298 None None] Join ServiceGroup membership for this service scheduler {{(pid=96294) start /opt/stack/nova/nova/service.py:222}}
Jul 02 22:25:49.085863 np0000004328 nova-scheduler[96294]: DEBUG nova.servicegroup.drivers.db [None req-338eeb3a-97bf-4fd7-bda8-564f557eb298 None None] DB_Driver: join new ServiceGroup member np0000004328 to the scheduler group, service = {{(pid=96294) join /opt/stack/nova/nova/servicegroup/drivers/db.py:44}}
Jul 02 22:25:49.085955 np0000004328 nova-scheduler[96290]: DEBUG nova.service [None req-874210fb-effd-4a97-91de-9839ba491af9 None None] Join ServiceGroup membership for this service scheduler {{(pid=96290) start /opt/stack/nova/nova/service.py:222}}
Jul 02 22:25:49.086223 np0000004328 nova-scheduler[96290]: DEBUG nova.servicegroup.drivers.db [None req-874210fb-effd-4a97-91de-9839ba491af9 None None] DB_Driver: join new ServiceGroup member np0000004328 to the scheduler group, service = {{(pid=96290) join /opt/stack/nova/nova/servicegroup/drivers/db.py:44}}
Jul 02 22:25:54.094087 np0000004328 nova-scheduler[96292]: DEBUG oslo.service.backend._threading.loopingcall [-] Fixed interval looping call 'nova.servicegroup.drivers.db.DbDriver._report_state' sleeping for 119.98 seconds {{(pid=96292) _run_loop /opt/stack/data/venv/lib/python3.12/site-packages/oslo_service/backend/_threading/loopingcall.py:125}}
Jul 02 22:25:54.097558 np0000004328 nova-scheduler[96288]: DEBUG oslo.service.backend._threading.loopingcall [-] Fixed interval looping call 'nova.servicegroup.drivers.db.DbDriver._report_state' sleeping for 119.99 seconds {{(pid=96288) _run_loop /opt/stack/data/venv/lib/python3.12/site-packages/oslo_service/backend/_threading/loopingcall.py:125}}
Jul 02 22:25:54.099193 np0000004328 nova-scheduler[96294]: DEBUG oslo.service.backend._threading.loopingcall [-] Fixed interval looping call 'nova.servicegroup.drivers.db.DbDriver._report_state' sleeping for 119.99 seconds {{(pid=96294) _run_loop /opt/stack/data/venv/lib/python3.12/site-packages/oslo_service/backend/_threading/loopingcall.py:125}}
Jul 02 22:25:54.100339 np0000004328 nova-scheduler[96290]: DEBUG oslo.service.backend._threading.loopingcall [-] Fixed interval looping call 'nova.servicegroup.drivers.db.DbDriver._report_state' sleeping for 119.99 seconds {{(pid=96290) _run_loop /opt/stack/data/venv/lib/python3.12/site-packages/oslo_service/backend/_threading/loopingcall.py:125}}
Jul 02 22:25:57.612145 np0000004328 nova-scheduler[95094]: DEBUG dbcounter [-] [95094] Writing DB stats nova_api:SELECT=3 {{(pid=95094) stat_writer /opt/stack/data/venv/lib/python3.12/site-packages/dbcounter.py:115}}
Jul 02 22:25:57.762185 np0000004328 nova-scheduler[95094]: DEBUG dbcounter [-] [95094] Writing DB stats nova_cell1:SELECT=1 {{(pid=95094) stat_writer /opt/stack/data/venv/lib/python3.12/site-packages/dbcounter.py:115}}
Jul 02 22:25:57.767798 np0000004328 nova-scheduler[95094]: DEBUG dbcounter [-] [95094] Writing DB stats nova_cell0:SELECT=1 {{(pid=95094) stat_writer /opt/stack/data/venv/lib/python3.12/site-packages/dbcounter.py:115}}
Jul 02 22:26:04.087206 np0000004328 nova-scheduler[96292]: DEBUG dbcounter [-] [96292] Writing DB stats nova_cell0:SELECT=5,nova_cell0:INSERT=1,nova_cell0:UPDATE=1 {{(pid=96292) stat_writer /opt/stack/data/venv/lib/python3.12/site-packages/dbcounter.py:115}}
Jul 02 22:26:04.098194 np0000004328 nova-scheduler[96294]: DEBUG dbcounter [-] [96294] Writing DB stats nova_cell0:SELECT=3 {{(pid=96294) stat_writer /opt/stack/data/venv/lib/python3.12/site-packages/dbcounter.py:115}}
Jul 02 22:26:04.098562 np0000004328 nova-scheduler[96288]: DEBUG dbcounter [-] [96288] Writing DB stats nova_cell0:SELECT=4,nova_cell0:INSERT=1,nova_cell0:UPDATE=1 {{(pid=96288) stat_writer /opt/stack/data/venv/lib/python3.12/site-packages/dbcounter.py:115}}
Jul 02 22:26:04.099434 np0000004328 nova-scheduler[96290]: DEBUG dbcounter [-] [96290] Writing DB stats nova_cell0:SELECT=3 {{(pid=96290) stat_writer /opt/stack/data/venv/lib/python3.12/site-packages/dbcounter.py:115}}
Jul 02 22:26:05.087318 np0000004328 nova-scheduler[96288]: DEBUG oslo.service.backend._threading.loopingcall [None req-395bb1f4-6b16-4e8a-b64c-fca07d69ebcb None None] Dynamic interval looping call 'nova.service.Service.periodic_tasks' sleeping for 60.00 seconds {{(pid=96288) _run_loop /opt/stack/data/venv/lib/python3.12/site-packages/oslo_service/backend/_threading/loopingcall.py:125}}
Jul 02 22:26:25.088410 np0000004328 nova-scheduler[96294]: DEBUG oslo.service.backend._threading.loopingcall [None req-d497d2ab-d0d9-4e5e-931d-4cb8df08cf61 None None] Dynamic interval looping call 'nova.service.Service.periodic_tasks' sleeping for 60.00 seconds {{(pid=96294) _run_loop /opt/stack/data/venv/lib/python3.12/site-packages/oslo_service/backend/_threading/loopingcall.py:125}}
Jul 02 22:26:30.089189 np0000004328 nova-scheduler[96290]: DEBUG oslo.service.backend._threading.loopingcall [None req-7c10ebc0-e6d3-45eb-aa4c-6103f88249d5 None None] Dynamic interval looping call 'nova.service.Service.periodic_tasks' sleeping for 60.00 seconds {{(pid=96290) _run_loop /opt/stack/data/venv/lib/python3.12/site-packages/oslo_service/backend/_threading/loopingcall.py:125}}
Jul 02 22:26:37.076585 np0000004328 nova-scheduler[96292]: DEBUG oslo.service.backend._threading.loopingcall [None req-d3861dd1-809e-403d-8253-22fe533e83a9 None None] Dynamic interval looping call 'nova.service.Service.periodic_tasks' sleeping for 60.00 seconds {{(pid=96292) _run_loop /opt/stack/data/venv/lib/python3.12/site-packages/oslo_service/backend/_threading/loopingcall.py:125}}
Jul 02 22:27:05.087796 np0000004328 nova-scheduler[96288]: DEBUG oslo.service.backend._threading.loopingcall [None req-395bb1f4-6b16-4e8a-b64c-fca07d69ebcb None None] Dynamic interval looping call 'nova.service.Service.periodic_tasks' sleeping for 60.00 seconds {{(pid=96288) _run_loop /opt/stack/data/venv/lib/python3.12/site-packages/oslo_service/backend/_threading/loopingcall.py:125}}
Jul 02 22:27:25.088902 np0000004328 nova-scheduler[96294]: DEBUG oslo.service.backend._threading.loopingcall [None req-d497d2ab-d0d9-4e5e-931d-4cb8df08cf61 None None] Dynamic interval looping call 'nova.service.Service.periodic_tasks' sleeping for 60.00 seconds {{(pid=96294) _run_loop /opt/stack/data/venv/lib/python3.12/site-packages/oslo_service/backend/_threading/loopingcall.py:125}}
Jul 02 22:27:30.089719 np0000004328 nova-scheduler[96290]: DEBUG oslo.service.backend._threading.loopingcall [None req-7c10ebc0-e6d3-45eb-aa4c-6103f88249d5 None None] Dynamic interval looping call 'nova.service.Service.periodic_tasks' sleeping for 60.00 seconds {{(pid=96290) _run_loop /opt/stack/data/venv/lib/python3.12/site-packages/oslo_service/backend/_threading/loopingcall.py:125}}
Jul 02 22:27:37.077049 np0000004328 nova-scheduler[96292]: DEBUG oslo.service.backend._threading.loopingcall [None req-d3861dd1-809e-403d-8253-22fe533e83a9 None None] Dynamic interval looping call 'nova.service.Service.periodic_tasks' sleeping for 60.00 seconds {{(pid=96292) _run_loop /opt/stack/data/venv/lib/python3.12/site-packages/oslo_service/backend/_threading/loopingcall.py:125}}
Jul 02 22:27:54.094780 np0000004328 nova-scheduler[96292]: DEBUG oslo.service.backend._threading.loopingcall [-] Fixed interval looping call 'nova.servicegroup.drivers.db.DbDriver._report_state' sleeping for 119.98 seconds {{(pid=96292) _run_loop /opt/stack/data/venv/lib/python3.12/site-packages/oslo_service/backend/_threading/loopingcall.py:125}}
Jul 02 22:27:54.095247 np0000004328 nova-scheduler[96288]: DEBUG oslo.service.backend._threading.loopingcall [-] Fixed interval looping call 'nova.servicegroup.drivers.db.DbDriver._report_state' sleeping for 119.99 seconds {{(pid=96288) _run_loop /opt/stack/data/venv/lib/python3.12/site-packages/oslo_service/backend/_threading/loopingcall.py:125}}
Jul 02 22:27:54.095638 np0000004328 nova-scheduler[96294]: DEBUG oslo.service.backend._threading.loopingcall [-] Fixed interval looping call 'nova.servicegroup.drivers.db.DbDriver._report_state' sleeping for 119.99 seconds {{(pid=96294) _run_loop /opt/stack/data/venv/lib/python3.12/site-packages/oslo_service/backend/_threading/loopingcall.py:125}}
Jul 02 22:27:54.099332 np0000004328 nova-scheduler[96290]: DEBUG oslo.service.backend._threading.loopingcall [-] Fixed interval looping call 'nova.servicegroup.drivers.db.DbDriver._report_state' sleeping for 119.99 seconds {{(pid=96290) _run_loop /opt/stack/data/venv/lib/python3.12/site-packages/oslo_service/backend/_threading/loopingcall.py:125}}
Jul 02 22:28:04.078085 np0000004328 nova-scheduler[96292]: DEBUG dbcounter [-] [96292] Writing DB stats nova_cell0:SELECT=1,nova_cell0:UPDATE=1 {{(pid=96292) stat_writer /opt/stack/data/venv/lib/python3.12/site-packages/dbcounter.py:115}}
Jul 02 22:28:04.091057 np0000004328 nova-scheduler[96288]: DEBUG dbcounter [-] [96288] Writing DB stats nova_cell0:SELECT=1,nova_cell0:UPDATE=1 {{(pid=96288) stat_writer /opt/stack/data/venv/lib/python3.12/site-packages/dbcounter.py:115}}
Jul 02 22:28:04.092878 np0000004328 nova-scheduler[96290]: DEBUG dbcounter [-] [96290] Writing DB stats nova_cell0:SELECT=1 {{(pid=96290) stat_writer /opt/stack/data/venv/lib/python3.12/site-packages/dbcounter.py:115}}
Jul 02 22:28:04.094412 np0000004328 nova-scheduler[96294]: DEBUG dbcounter [-] [96294] Writing DB stats nova_cell0:SELECT=1,nova_cell0:UPDATE=1 {{(pid=96294) stat_writer /opt/stack/data/venv/lib/python3.12/site-packages/dbcounter.py:115}}
Jul 02 22:28:04.199847 np0000004328 nova-scheduler[96292]: DEBUG nova.scheduler.manager [None req-d69583b9-09ba-43e2-a97a-f2f693db557e tempest-DeleteServersTestJSON-1839099550 tempest-DeleteServersTestJSON-1839099550-project-member] Starting to schedule for instances: ['6a722a46-1872-493b-acc4-123fefc7d8dc'] {{(pid=96292) select_destinations /opt/stack/nova/nova/scheduler/manager.py:209}}
Jul 02 22:28:04.200261 np0000004328 nova-scheduler[96292]: DEBUG nova.scheduler.request_filter [None req-d69583b9-09ba-43e2-a97a-f2f693db557e tempest-DeleteServersTestJSON-1839099550 tempest-DeleteServersTestJSON-1839099550-project-member] compute_status_filter request filter added forbidden trait COMPUTE_STATUS_DISABLED {{(pid=96292) compute_status_filter /opt/stack/nova/nova/scheduler/request_filter.py:253}}
Jul 02 22:28:04.200423 np0000004328 nova-scheduler[96292]: DEBUG nova.scheduler.request_filter [None req-d69583b9-09ba-43e2-a97a-f2f693db557e tempest-DeleteServersTestJSON-1839099550 tempest-DeleteServersTestJSON-1839099550-project-member] Request filter 'compute_status_filter' took 0.0 seconds {{(pid=96292) wrapper /opt/stack/nova/nova/scheduler/request_filter.py:46}}
Jul 02 22:28:04.200678 np0000004328 nova-scheduler[96292]: DEBUG nova.scheduler.request_filter [None req-d69583b9-09ba-43e2-a97a-f2f693db557e tempest-DeleteServersTestJSON-1839099550 tempest-DeleteServersTestJSON-1839099550-project-member] Request filter 'accelerators_filter' took 0.0 seconds {{(pid=96292) wrapper /opt/stack/nova/nova/scheduler/request_filter.py:46}}
Jul 02 22:28:04.200869 np0000004328 nova-scheduler[96292]: DEBUG nova.scheduler.request_filter [None req-d69583b9-09ba-43e2-a97a-f2f693db557e tempest-DeleteServersTestJSON-1839099550 tempest-DeleteServersTestJSON-1839099550-project-member] Request filter 'packed_virtqueue_filter' took 0.0 seconds {{(pid=96292) wrapper /opt/stack/nova/nova/scheduler/request_filter.py:46}}
Jul 02 22:28:04.201151 np0000004328 nova-scheduler[96292]: DEBUG nova.scheduler.request_filter [None req-d69583b9-09ba-43e2-a97a-f2f693db557e tempest-DeleteServersTestJSON-1839099550 tempest-DeleteServersTestJSON-1839099550-project-member] Request filter 'remote_managed_ports_filter' took 0.0 seconds {{(pid=96292) wrapper /opt/stack/nova/nova/scheduler/request_filter.py:46}}
Jul 02 22:28:04.201325 np0000004328 nova-scheduler[96292]: DEBUG nova.scheduler.request_filter [None req-d69583b9-09ba-43e2-a97a-f2f693db557e tempest-DeleteServersTestJSON-1839099550 tempest-DeleteServersTestJSON-1839099550-project-member] ephemeral_encryption_filter skipped {{(pid=96292) ephemeral_encryption_filter /opt/stack/nova/nova/scheduler/request_filter.py:426}}
Jul 02 22:28:04.201803 np0000004328 nova-scheduler[96292]: DEBUG nova.scheduler.request_filter [None req-d69583b9-09ba-43e2-a97a-f2f693db557e tempest-DeleteServersTestJSON-1839099550 tempest-DeleteServersTestJSON-1839099550-project-member] virtio_sound_filter skipped {{(pid=96292) virtio_sound_filter /opt/stack/nova/nova/scheduler/request_filter.py:460}}
Jul 02 22:28:04.201920 np0000004328 nova-scheduler[96292]: DEBUG nova.scheduler.request_filter [None req-d69583b9-09ba-43e2-a97a-f2f693db557e tempest-DeleteServersTestJSON-1839099550 tempest-DeleteServersTestJSON-1839099550-project-member] tpm_secret_security_filter skipped {{(pid=96292) tpm_secret_security_filter /opt/stack/nova/nova/scheduler/request_filter.py:477}}
Jul 02 22:28:04.843846 np0000004328 nova-scheduler[96292]: INFO nova.utils [None req-d69583b9-09ba-43e2-a97a-f2f693db557e tempest-DeleteServersTestJSON-1839099550 tempest-DeleteServersTestJSON-1839099550-project-member] The cell worker thread pool ForkProcess-3.cell_worker is initialized
Jul 02 22:28:04.844356 np0000004328 nova-scheduler[96292]: DEBUG oslo_concurrency.lockutils [None req-d69583b9-09ba-43e2-a97a-f2f693db557e tempest-DeleteServersTestJSON-1839099550 tempest-DeleteServersTestJSON-1839099550-project-member] Acquiring lock "c46304d6-4962-45c6-b56e-b6dd4e443560" by "nova.context.set_target_cell..get_or_set_cached_cell_and_set_connections" {{(pid=96292) inner /opt/stack/data/venv/lib/python3.12/site-packages/oslo_concurrency/lockutils.py:511}}
Jul 02 22:28:04.844662 np0000004328 nova-scheduler[96292]: DEBUG oslo_concurrency.lockutils [None req-d69583b9-09ba-43e2-a97a-f2f693db557e tempest-DeleteServersTestJSON-1839099550 tempest-DeleteServersTestJSON-1839099550-project-member] Lock "c46304d6-4962-45c6-b56e-b6dd4e443560" acquired by "nova.context.set_target_cell..get_or_set_cached_cell_and_set_connections" :: waited 0.000s {{(pid=96292) inner /opt/stack/data/venv/lib/python3.12/site-packages/oslo_concurrency/lockutils.py:524}}
Jul 02 22:28:04.846964 np0000004328 nova-scheduler[96292]: DEBUG oslo_concurrency.lockutils [None req-d69583b9-09ba-43e2-a97a-f2f693db557e tempest-DeleteServersTestJSON-1839099550 tempest-DeleteServersTestJSON-1839099550-project-member] Lock "c46304d6-4962-45c6-b56e-b6dd4e443560" "released" by "nova.context.set_target_cell..get_or_set_cached_cell_and_set_connections" :: held 0.002s {{(pid=96292) inner /opt/stack/data/venv/lib/python3.12/site-packages/oslo_concurrency/lockutils.py:543}}
Jul 02 22:28:04.850521 np0000004328 nova-scheduler[96292]: INFO dbcounter [None req-d69583b9-09ba-43e2-a97a-f2f693db557e tempest-DeleteServersTestJSON-1839099550 tempest-DeleteServersTestJSON-1839099550-project-member] Registered counter for database nova_cell1
Jul 02 22:28:04.902429 np0000004328 nova-scheduler[96292]: DEBUG oslo_db.sqlalchemy.engines [None req-d69583b9-09ba-43e2-a97a-f2f693db557e tempest-DeleteServersTestJSON-1839099550 tempest-DeleteServersTestJSON-1839099550-project-member] MySQL server mode set to STRICT_TRANS_TABLES,STRICT_ALL_TABLES,NO_ZERO_IN_DATE,NO_ZERO_DATE,ERROR_FOR_DIVISION_BY_ZERO,TRADITIONAL,NO_ENGINE_SUBSTITUTION {{(pid=96292) _check_effective_sql_mode /opt/stack/data/venv/lib/python3.12/site-packages/oslo_db/sqlalchemy/engines.py:325}}
Jul 02 22:28:04.907237 np0000004328 nova-scheduler[96292]: DEBUG dbcounter [-] [96292] Writer thread running {{(pid=96292) stat_writer /opt/stack/data/venv/lib/python3.12/site-packages/dbcounter.py:102}}
Jul 02 22:28:04.925331 np0000004328 nova-scheduler[96292]: DEBUG oslo_db.sqlalchemy.engines [None req-d69583b9-09ba-43e2-a97a-f2f693db557e tempest-DeleteServersTestJSON-1839099550 tempest-DeleteServersTestJSON-1839099550-project-member] Parent process 95094 forked (96292) with an open database connection, which is being discarded and recreated. {{(pid=96292) checkout /opt/stack/data/venv/lib/python3.12/site-packages/oslo_db/sqlalchemy/engines.py:402}}
Jul 02 22:28:04.966317 np0000004328 nova-scheduler[96292]: DEBUG dbcounter [-] [96292] Writer thread running {{(pid=96292) stat_writer /opt/stack/data/venv/lib/python3.12/site-packages/dbcounter.py:102}}
Jul 02 22:28:04.970844 np0000004328 nova-scheduler[96292]: DEBUG oslo_concurrency.lockutils [None req-d69583b9-09ba-43e2-a97a-f2f693db557e tempest-DeleteServersTestJSON-1839099550 tempest-DeleteServersTestJSON-1839099550-project-member] Acquiring lock "c46304d6-4962-45c6-b56e-b6dd4e443560" by "nova.context.set_target_cell..get_or_set_cached_cell_and_set_connections" {{(pid=96292) inner /opt/stack/data/venv/lib/python3.12/site-packages/oslo_concurrency/lockutils.py:511}}
Jul 02 22:28:04.970971 np0000004328 nova-scheduler[96292]: DEBUG oslo_concurrency.lockutils [None req-d69583b9-09ba-43e2-a97a-f2f693db557e tempest-DeleteServersTestJSON-1839099550 tempest-DeleteServersTestJSON-1839099550-project-member] Lock "c46304d6-4962-45c6-b56e-b6dd4e443560" acquired by "nova.context.set_target_cell..get_or_set_cached_cell_and_set_connections" :: waited 0.000s {{(pid=96292) inner /opt/stack/data/venv/lib/python3.12/site-packages/oslo_concurrency/lockutils.py:524}}
Jul 02 22:28:04.971074 np0000004328 nova-scheduler[96292]: DEBUG oslo_concurrency.lockutils [None req-d69583b9-09ba-43e2-a97a-f2f693db557e tempest-DeleteServersTestJSON-1839099550 tempest-DeleteServersTestJSON-1839099550-project-member] Lock "c46304d6-4962-45c6-b56e-b6dd4e443560" "released" by "nova.context.set_target_cell..get_or_set_cached_cell_and_set_connections" :: held 0.000s {{(pid=96292) inner /opt/stack/data/venv/lib/python3.12/site-packages/oslo_concurrency/lockutils.py:543}}
Jul 02 22:28:04.974140 np0000004328 nova-scheduler[96292]: DEBUG oslo_concurrency.lockutils [None req-d69583b9-09ba-43e2-a97a-f2f693db557e tempest-DeleteServersTestJSON-1839099550 tempest-DeleteServersTestJSON-1839099550-project-member] Acquiring lock "np0000004328-np0000004328" by "nova.scheduler.host_manager.HostState.update.._locked_update" {{(pid=96292) inner /opt/stack/data/venv/lib/python3.12/site-packages/oslo_concurrency/lockutils.py:511}}
Jul 02 22:28:04.974315 np0000004328 nova-scheduler[96292]: DEBUG oslo_concurrency.lockutils [None req-d69583b9-09ba-43e2-a97a-f2f693db557e tempest-DeleteServersTestJSON-1839099550 tempest-DeleteServersTestJSON-1839099550-project-member] Lock "np0000004328-np0000004328" acquired by "nova.scheduler.host_manager.HostState.update.._locked_update" :: waited 0.000s {{(pid=96292) inner /opt/stack/data/venv/lib/python3.12/site-packages/oslo_concurrency/lockutils.py:524}}
Jul 02 22:28:04.975205 np0000004328 nova-scheduler[96292]: DEBUG nova.scheduler.host_manager [None req-d69583b9-09ba-43e2-a97a-f2f693db557e tempest-DeleteServersTestJSON-1839099550 tempest-DeleteServersTestJSON-1839099550-project-member] Update host state from compute node: ComputeNode(cpu_allocation_ratio=4.0,cpu_info='{"arch": "x86_64", "model": "EPYC-Milan", "vendor": "AMD", "topology": {"cells": 1, "sockets": 16, "cores": 1, "threads": 1}, "maxphysaddr": {"mode": "emulate", "bits": 40}, "features": ["cx16", "virt-ssbd", "xsave", "avx", "pni", "pat", "bmi1", "cx8", "rdctl-no", "amd-psfd", "fsgsbase", "flushbyasid", "pschange-mc-no", "rdpid", "msr", "cr8legacy", "stibp-always-on", "fpu", "skip-l1dfl-vmentry", "stibp", "amd-stibp", "invpcid", "svme-addr-chk", "pause-filter", "lm", "rdseed", "xsaves", "sse2", "pdpe1gb", "abm", "mmxext", "lahf_lm", "vme", "fxsr_opt", "nx", "sse4.2", "smep", "fxsr", "hypervisor", "misalignsse", "apic", "xsaveopt", "3dnowprefetch", "erms", "sse4.1", "lfence-always-serializing", "amd-ssbd", "no-nested-data-bp", "mtrr", "pclmuldq", "tsc", "bmi2", "x2apic", "pge", "wbnoinvd", "null-sel-clr-base", "npt", "tsc-scale", "osvw", "gds-no", "avx2", "pse36", "sha-ni", "xgetbv1", "arat", "fma", "rdtscp", "ibrs", "pae", "clwb", "vmcb-clean", "nrip-save", "ssse3", "f16c", "movbe", "clflushopt", "sep", "sse4a", "xsaveerptr", "v-vmsave-vmload", "adx", "pfthreshold", "rdrand", "aes", "sse", "topoext", "pcid", "pku", "arch-capabilities", "clflush", "spec-ctrl", "mds-no", "umip", "ssbd", "pse", "mca", "mce", "perfctr_core", "syscall", "smap", "de", "vgif", "svm", "ibpb", "cmp_legacy", "fsrm", "xsavec", "popcnt", "tsc_adjust", "mmx", "clzero", "cmov", "tsc-deadline", "vpclmulqdq", "vaes", "lbrv"]}',created_at=2026-07-02T22:26:15Z,current_workload=0,deleted=False,deleted_at=None,disk_allocation_ratio=1.0,disk_available_least=74,free_disk_gb=95,free_ram_mb=63789,host='np0000004328',host_ip=10.4.3.207,hypervisor_hostname='np0000004328',hypervisor_type='QEMU',hypervisor_version=8002002,id=1,local_gb=95,local_gb_used=0,mapped=1,memory_mb=64301,memory_mb_used=512,metrics='[]',numa_topology='{"nova_object.name": "NUMATopology", "nova_object.namespace": "nova", "nova_object.version": "1.2", "nova_object.data": {"cells": [{"nova_object.name": "NUMACell", "nova_object.namespace": "nova", "nova_object.version": "1.5", "nova_object.data": {"id": 0, "cpuset": [0, 1, 2, 3, 4, 5, 6, 7, 8, 9, 10, 11, 12, 13, 14, 15], "pcpuset": [0, 1, 2, 3, 4, 5, 6, 7, 8, 9, 10, 11, 12, 13, 14, 15], "memory": 64301, "cpu_usage": 0, "memory_usage": 0, "pinned_cpus": [], "siblings": [[6], [12], [2], [15], [5], [11], [8], [14], [4], [1], [7], [10], [0], [13], [3], [9]], "mempages": [{"nova_object.name": "NUMAPagesTopology", "nova_object.namespace": "nova", "nova_object.version": "1.1", "nova_object.data": {"size_kb": 4, "total": 16461068, "used": 0, "reserved": 0}, "nova_object.changes": ["size_kb", "reserved", "total", "used"]}, {"nova_object.name": "NUMAPagesTopology", "nova_object.namespace": "nova", "nova_object.version": "1.1", "nova_object.data": {"size_kb": 2048, "total": 0, "used": 0, "reserved": 0}, "nova_object.changes": ["size_kb", "reserved", "total", "used"]}, {"nova_object.name": "NUMAPagesTopology", "nova_object.namespace": "nova", "nova_object.version": "1.1", "nova_object.data": {"size_kb": 1048576, "total": 0, "used": 0, "reserved": 0}, "nova_object.changes": ["size_kb", "reserved", "total", "used"]}], "network_metadata": {"nova_object.name": "NetworkMetadata", "nova_object.namespace": "nova", "nova_object.version": "1.0", "nova_object.data": {"physnets": [], "tunneled": false}, "nova_object.changes": ["physnets", "tunneled"]}, "socket": null}, "nova_object.changes": ["network_metadata", "mempages", "memory", "socket", "pcpuset", "cpuset", "pinned_cpus", "cpu_usage", "memory_usage", "siblings", "id"]}]}, "nova_object.changes": ["cells"]}',pci_device_pools=PciDevicePoolList,ram_allocation_ratio=1.0,running_vms=0,service_id=3,stats={failed_builds='0',uptime=' 22:28:00 up 26 min, 2 users, load average: 3.10, 1.93, 1.04
Jul 02 22:28:04.975205 np0000004328 nova-scheduler[96292]: '},supported_hv_specs=[HVSpec,HVSpec,HVSpec,HVSpec,HVSpec,HVSpec,HVSpec,HVSpec,HVSpec,HVSpec,HVSpec,HVSpec,HVSpec,HVSpec,HVSpec,HVSpec,HVSpec,HVSpec,HVSpec,HVSpec,HVSpec,HVSpec,HVSpec,HVSpec,HVSpec],updated_at=2026-07-02T22:28:02Z,uuid=372ef748-119c-4923-99d7-8a614e59f7b7,vcpus=16,vcpus_used=0) {{(pid=96292) _locked_update /opt/stack/nova/nova/scheduler/host_manager.py:168}}
Jul 02 22:28:04.975965 np0000004328 nova-scheduler[96292]: DEBUG nova.scheduler.host_manager [None req-d69583b9-09ba-43e2-a97a-f2f693db557e tempest-DeleteServersTestJSON-1839099550 tempest-DeleteServersTestJSON-1839099550-project-member] Update host state with aggregates: [] {{(pid=96292) _locked_update /opt/stack/nova/nova/scheduler/host_manager.py:171}}
Jul 02 22:28:04.976085 np0000004328 nova-scheduler[96292]: DEBUG nova.scheduler.host_manager [None req-d69583b9-09ba-43e2-a97a-f2f693db557e tempest-DeleteServersTestJSON-1839099550 tempest-DeleteServersTestJSON-1839099550-project-member] Update host state with service dict: {'id': 3, 'uuid': '775a3d91-7ada-4dab-9015-75974d93742d', 'host': 'np0000004328', 'binary': 'nova-compute', 'topic': 'compute', 'report_count': 1, 'disabled': False, 'disabled_reason': None, 'last_seen_up': datetime.datetime(2026, 7, 2, 22, 26, 23, tzinfo=datetime.timezone.utc), 'forced_down': False, 'version': 72, 'created_at': datetime.datetime(2026, 7, 2, 22, 26, 13, tzinfo=datetime.timezone.utc), 'updated_at': datetime.datetime(2026, 7, 2, 22, 26, 23, tzinfo=datetime.timezone.utc), 'deleted_at': None, 'deleted': False} {{(pid=96292) _locked_update /opt/stack/nova/nova/scheduler/host_manager.py:174}}
