Jul 02 22:25:54.617351 np0000004328 nova-conductor[98802]: DEBUG cotyledon.oslo_config_glue [-] profiler.es_doc_type = notification {{(pid=98802) log_opt_values /opt/stack/data/venv/lib/python3.12/site-packages/oslo_config/cfg.py:3253}}
Jul 02 22:25:54.617351 np0000004328 nova-conductor[98802]: DEBUG cotyledon.oslo_config_glue [-] profiler.es_scroll_size = 10000 {{(pid=98802) log_opt_values /opt/stack/data/venv/lib/python3.12/site-packages/oslo_config/cfg.py:3253}}
Jul 02 22:25:54.617351 np0000004328 nova-conductor[98802]: DEBUG cotyledon.oslo_config_glue [-] profiler.es_scroll_time = 2m {{(pid=98802) log_opt_values /opt/stack/data/venv/lib/python3.12/site-packages/oslo_config/cfg.py:3253}}
Jul 02 22:25:54.617351 np0000004328 nova-conductor[98802]: DEBUG cotyledon.oslo_config_glue [-] profiler.filter_error_trace = False {{(pid=98802) log_opt_values /opt/stack/data/venv/lib/python3.12/site-packages/oslo_config/cfg.py:3253}}
Jul 02 22:25:54.617351 np0000004328 nova-conductor[98802]: DEBUG cotyledon.oslo_config_glue [-] profiler.hmac_keys = **** {{(pid=98802) log_opt_values /opt/stack/data/venv/lib/python3.12/site-packages/oslo_config/cfg.py:3253}}
Jul 02 22:25:54.617351 np0000004328 nova-conductor[98802]: DEBUG cotyledon.oslo_config_glue [-] profiler.sentinel_service_name = mymaster {{(pid=98802) log_opt_values /opt/stack/data/venv/lib/python3.12/site-packages/oslo_config/cfg.py:3253}}
Jul 02 22:25:54.617533 np0000004328 nova-conductor[98802]: DEBUG cotyledon.oslo_config_glue [-] profiler.socket_timeout = 0.1 {{(pid=98802) log_opt_values /opt/stack/data/venv/lib/python3.12/site-packages/oslo_config/cfg.py:3253}}
Jul 02 22:25:54.617533 np0000004328 nova-conductor[98802]: DEBUG cotyledon.oslo_config_glue [-] profiler.trace_requests = False {{(pid=98802) log_opt_values /opt/stack/data/venv/lib/python3.12/site-packages/oslo_config/cfg.py:3253}}
Jul 02 22:25:54.617533 np0000004328 nova-conductor[98802]: DEBUG cotyledon.oslo_config_glue [-] profiler.trace_sqlalchemy = False {{(pid=98802) log_opt_values /opt/stack/data/venv/lib/python3.12/site-packages/oslo_config/cfg.py:3253}}
Jul 02 22:25:54.617533 np0000004328 nova-conductor[98802]: DEBUG cotyledon.oslo_config_glue [-] profiler_jaeger.process_tags = {} {{(pid=98802) log_opt_values /opt/stack/data/venv/lib/python3.12/site-packages/oslo_config/cfg.py:3253}}
Jul 02 22:25:54.617533 np0000004328 nova-conductor[98802]: DEBUG cotyledon.oslo_config_glue [-] profiler_jaeger.service_name_prefix = None {{(pid=98802) log_opt_values /opt/stack/data/venv/lib/python3.12/site-packages/oslo_config/cfg.py:3253}}
Jul 02 22:25:54.617533 np0000004328 nova-conductor[98802]: DEBUG cotyledon.oslo_config_glue [-] profiler_otlp.service_name_prefix = None {{(pid=98802) log_opt_values /opt/stack/data/venv/lib/python3.12/site-packages/oslo_config/cfg.py:3253}}
Jul 02 22:25:54.617533 np0000004328 nova-conductor[98802]: DEBUG cotyledon.oslo_config_glue [-] oslo_messaging_rabbit.amqp_auto_delete = False {{(pid=98802) log_opt_values /opt/stack/data/venv/lib/python3.12/site-packages/oslo_config/cfg.py:3253}}
Jul 02 22:25:54.617533 np0000004328 nova-conductor[98802]: DEBUG cotyledon.oslo_config_glue [-] oslo_messaging_rabbit.amqp_durable_queues = False {{(pid=98802) log_opt_values /opt/stack/data/venv/lib/python3.12/site-packages/oslo_config/cfg.py:3253}}
Jul 02 22:25:54.617533 np0000004328 nova-conductor[98802]: DEBUG cotyledon.oslo_config_glue [-] oslo_messaging_rabbit.conn_pool_min_size = 2 {{(pid=98802) log_opt_values /opt/stack/data/venv/lib/python3.12/site-packages/oslo_config/cfg.py:3253}}
Jul 02 22:25:54.617738 np0000004328 nova-conductor[98802]: DEBUG cotyledon.oslo_config_glue [-] oslo_messaging_rabbit.conn_pool_ttl = 1200 {{(pid=98802) log_opt_values /opt/stack/data/venv/lib/python3.12/site-packages/oslo_config/cfg.py:3253}}
Jul 02 22:25:54.617738 np0000004328 nova-conductor[98802]: DEBUG cotyledon.oslo_config_glue [-] oslo_messaging_rabbit.direct_mandatory_flag = True {{(pid=98802) log_opt_values /opt/stack/data/venv/lib/python3.12/site-packages/oslo_config/cfg.py:3253}}
Jul 02 22:25:54.617738 np0000004328 nova-conductor[98802]: DEBUG cotyledon.oslo_config_glue [-] oslo_messaging_rabbit.enable_cancel_on_failover = False {{(pid=98802) log_opt_values /opt/stack/data/venv/lib/python3.12/site-packages/oslo_config/cfg.py:3253}}
Jul 02 22:25:54.617738 np0000004328 nova-conductor[98802]: DEBUG cotyledon.oslo_config_glue [-] oslo_messaging_rabbit.heartbeat_rate = 3 {{(pid=98802) log_opt_values /opt/stack/data/venv/lib/python3.12/site-packages/oslo_config/cfg.py:3253}}
Jul 02 22:25:54.617738 np0000004328 nova-conductor[98802]: DEBUG cotyledon.oslo_config_glue [-] oslo_messaging_rabbit.heartbeat_timeout_threshold = 60 {{(pid=98802) log_opt_values /opt/stack/data/venv/lib/python3.12/site-packages/oslo_config/cfg.py:3253}}
Jul 02 22:25:54.617738 np0000004328 nova-conductor[98802]: DEBUG cotyledon.oslo_config_glue [-] oslo_messaging_rabbit.hostname = np0000004328 {{(pid=98802) log_opt_values /opt/stack/data/venv/lib/python3.12/site-packages/oslo_config/cfg.py:3253}}
Jul 02 22:25:54.617738 np0000004328 nova-conductor[98802]: DEBUG cotyledon.oslo_config_glue [-] oslo_messaging_rabbit.kombu_compression = None {{(pid=98802) log_opt_values /opt/stack/data/venv/lib/python3.12/site-packages/oslo_config/cfg.py:3253}}
Jul 02 22:25:54.617738 np0000004328 nova-conductor[98802]: DEBUG cotyledon.oslo_config_glue [-] oslo_messaging_rabbit.kombu_failover_strategy = round-robin {{(pid=98802) log_opt_values /opt/stack/data/venv/lib/python3.12/site-packages/oslo_config/cfg.py:3253}}
Jul 02 22:25:54.617738 np0000004328 nova-conductor[98802]: DEBUG cotyledon.oslo_config_glue [-] oslo_messaging_rabbit.kombu_missing_consumer_retry_timeout = 60 {{(pid=98802) log_opt_values /opt/stack/data/venv/lib/python3.12/site-packages/oslo_config/cfg.py:3253}}
Jul 02 22:25:54.617977 np0000004328 nova-conductor[98802]: DEBUG cotyledon.oslo_config_glue [-] oslo_messaging_rabbit.kombu_reconnect_delay = 1.0 {{(pid=98802) log_opt_values /opt/stack/data/venv/lib/python3.12/site-packages/oslo_config/cfg.py:3253}}
Jul 02 22:25:54.617977 np0000004328 nova-conductor[98802]: DEBUG cotyledon.oslo_config_glue [-] oslo_messaging_rabbit.kombu_reconnect_splay = 0.0 {{(pid=98802) log_opt_values /opt/stack/data/venv/lib/python3.12/site-packages/oslo_config/cfg.py:3253}}
Jul 02 22:25:54.617977 np0000004328 nova-conductor[98802]: DEBUG cotyledon.oslo_config_glue [-] oslo_messaging_rabbit.processname = nova-conductor {{(pid=98802) log_opt_values /opt/stack/data/venv/lib/python3.12/site-packages/oslo_config/cfg.py:3253}}
Jul 02 22:25:54.617977 np0000004328 nova-conductor[98802]: DEBUG cotyledon.oslo_config_glue [-] oslo_messaging_rabbit.rabbit_ha_queues = False {{(pid=98802) log_opt_values /opt/stack/data/venv/lib/python3.12/site-packages/oslo_config/cfg.py:3253}}
Jul 02 22:25:54.617977 np0000004328 nova-conductor[98802]: DEBUG cotyledon.oslo_config_glue [-] oslo_messaging_rabbit.rabbit_interval_max = 30 {{(pid=98802) log_opt_values /opt/stack/data/venv/lib/python3.12/site-packages/oslo_config/cfg.py:3253}}
Jul 02 22:25:54.617977 np0000004328 nova-conductor[98802]: DEBUG cotyledon.oslo_config_glue [-] oslo_messaging_rabbit.rabbit_login_method = AMQPLAIN {{(pid=98802) log_opt_values /opt/stack/data/venv/lib/python3.12/site-packages/oslo_config/cfg.py:3253}}
Jul 02 22:25:54.617977 np0000004328 nova-conductor[98802]: DEBUG cotyledon.oslo_config_glue [-] oslo_messaging_rabbit.rabbit_qos_prefetch_count = 0 {{(pid=98802) log_opt_values /opt/stack/data/venv/lib/python3.12/site-packages/oslo_config/cfg.py:3253}}
Jul 02 22:25:54.617977 np0000004328 nova-conductor[98802]: DEBUG cotyledon.oslo_config_glue [-] oslo_messaging_rabbit.rabbit_quorum_delivery_limit = 0 {{(pid=98802) log_opt_values /opt/stack/data/venv/lib/python3.12/site-packages/oslo_config/cfg.py:3253}}
Jul 02 22:25:54.617977 np0000004328 nova-conductor[98802]: DEBUG cotyledon.oslo_config_glue [-] oslo_messaging_rabbit.rabbit_quorum_max_memory_bytes = 0 {{(pid=98802) log_opt_values /opt/stack/data/venv/lib/python3.12/site-packages/oslo_config/cfg.py:3253}}
Jul 02 22:25:54.618200 np0000004328 nova-conductor[98802]: DEBUG cotyledon.oslo_config_glue [-] oslo_messaging_rabbit.rabbit_quorum_max_memory_length = 0 {{(pid=98802) log_opt_values /opt/stack/data/venv/lib/python3.12/site-packages/oslo_config/cfg.py:3253}}
Jul 02 22:25:54.618200 np0000004328 nova-conductor[98802]: DEBUG cotyledon.oslo_config_glue [-] oslo_messaging_rabbit.rabbit_quorum_queue = False {{(pid=98802) log_opt_values /opt/stack/data/venv/lib/python3.12/site-packages/oslo_config/cfg.py:3253}}
Jul 02 22:25:54.618200 np0000004328 nova-conductor[98802]: DEBUG cotyledon.oslo_config_glue [-] oslo_messaging_rabbit.rabbit_retry_backoff = 2 {{(pid=98802) log_opt_values /opt/stack/data/venv/lib/python3.12/site-packages/oslo_config/cfg.py:3253}}
Jul 02 22:25:54.618200 np0000004328 nova-conductor[98802]: DEBUG cotyledon.oslo_config_glue [-] oslo_messaging_rabbit.rabbit_retry_interval = 1 {{(pid=98802) log_opt_values /opt/stack/data/venv/lib/python3.12/site-packages/oslo_config/cfg.py:3253}}
Jul 02 22:25:54.618200 np0000004328 nova-conductor[98802]: DEBUG cotyledon.oslo_config_glue [-] oslo_messaging_rabbit.rabbit_stream_fanout = False {{(pid=98802) log_opt_values /opt/stack/data/venv/lib/python3.12/site-packages/oslo_config/cfg.py:3253}}
Jul 02 22:25:54.618200 np0000004328 nova-conductor[98802]: DEBUG cotyledon.oslo_config_glue [-] oslo_messaging_rabbit.rabbit_transient_queues_ttl = 1800 {{(pid=98802) log_opt_values /opt/stack/data/venv/lib/python3.12/site-packages/oslo_config/cfg.py:3253}}
Jul 02 22:25:54.618200 np0000004328 nova-conductor[98802]: DEBUG cotyledon.oslo_config_glue [-] oslo_messaging_rabbit.rabbit_transient_quorum_queue = False {{(pid=98802) log_opt_values /opt/stack/data/venv/lib/python3.12/site-packages/oslo_config/cfg.py:3253}}
Jul 02 22:25:54.618200 np0000004328 nova-conductor[98802]: DEBUG cotyledon.oslo_config_glue [-] oslo_messaging_rabbit.rpc_conn_pool_size = 30 {{(pid=98802) log_opt_values /opt/stack/data/venv/lib/python3.12/site-packages/oslo_config/cfg.py:3253}}
Jul 02 22:25:54.618200 np0000004328 nova-conductor[98802]: DEBUG cotyledon.oslo_config_glue [-] oslo_messaging_rabbit.ssl = False {{(pid=98802) log_opt_values /opt/stack/data/venv/lib/python3.12/site-packages/oslo_config/cfg.py:3253}}
Jul 02 22:25:54.618377 np0000004328 nova-conductor[98802]: DEBUG cotyledon.oslo_config_glue [-] oslo_messaging_rabbit.ssl_ca_file = {{(pid=98802) log_opt_values /opt/stack/data/venv/lib/python3.12/site-packages/oslo_config/cfg.py:3253}}
Jul 02 22:25:54.618377 np0000004328 nova-conductor[98802]: DEBUG cotyledon.oslo_config_glue [-] oslo_messaging_rabbit.ssl_cert_file = {{(pid=98802) log_opt_values /opt/stack/data/venv/lib/python3.12/site-packages/oslo_config/cfg.py:3253}}
Jul 02 22:25:54.618377 np0000004328 nova-conductor[98802]: DEBUG cotyledon.oslo_config_glue [-] oslo_messaging_rabbit.ssl_enforce_fips_mode = False {{(pid=98802) log_opt_values /opt/stack/data/venv/lib/python3.12/site-packages/oslo_config/cfg.py:3253}}
Jul 02 22:25:54.618377 np0000004328 nova-conductor[98802]: DEBUG cotyledon.oslo_config_glue [-] oslo_messaging_rabbit.ssl_enforce_hostname_verification = True {{(pid=98802) log_opt_values /opt/stack/data/venv/lib/python3.12/site-packages/oslo_config/cfg.py:3253}}
Jul 02 22:25:54.618377 np0000004328 nova-conductor[98802]: DEBUG cotyledon.oslo_config_glue [-] oslo_messaging_rabbit.ssl_key_file = {{(pid=98802) log_opt_values /opt/stack/data/venv/lib/python3.12/site-packages/oslo_config/cfg.py:3253}}
Jul 02 22:25:54.618377 np0000004328 nova-conductor[98802]: DEBUG cotyledon.oslo_config_glue [-] oslo_messaging_rabbit.ssl_version = {{(pid=98802) log_opt_values /opt/stack/data/venv/lib/python3.12/site-packages/oslo_config/cfg.py:3253}}
Jul 02 22:25:54.618377 np0000004328 nova-conductor[98802]: DEBUG cotyledon.oslo_config_glue [-] oslo_messaging_rabbit.use_queue_manager = False {{(pid=98802) log_opt_values /opt/stack/data/venv/lib/python3.12/site-packages/oslo_config/cfg.py:3253}}
Jul 02 22:25:54.618377 np0000004328 nova-conductor[98802]: DEBUG cotyledon.oslo_config_glue [-] oslo_messaging_notifications.driver = ['messagingv2'] {{(pid=98802) log_opt_values /opt/stack/data/venv/lib/python3.12/site-packages/oslo_config/cfg.py:3253}}
Jul 02 22:25:54.618377 np0000004328 nova-conductor[98802]: DEBUG cotyledon.oslo_config_glue [-] oslo_messaging_notifications.retry = -1 {{(pid=98802) log_opt_values /opt/stack/data/venv/lib/python3.12/site-packages/oslo_config/cfg.py:3253}}
Jul 02 22:25:54.618553 np0000004328 nova-conductor[98802]: DEBUG cotyledon.oslo_config_glue [-] oslo_messaging_notifications.topics = ['notifications'] {{(pid=98802) log_opt_values /opt/stack/data/venv/lib/python3.12/site-packages/oslo_config/cfg.py:3253}}
Jul 02 22:25:54.618553 np0000004328 nova-conductor[98802]: DEBUG cotyledon.oslo_config_glue [-] oslo_messaging_notifications.transport_url = **** {{(pid=98802) log_opt_values /opt/stack/data/venv/lib/python3.12/site-packages/oslo_config/cfg.py:3253}}
Jul 02 22:25:54.618553 np0000004328 nova-conductor[98802]: DEBUG cotyledon.oslo_config_glue [-] oslo_limit.auth_section = None {{(pid=98802) log_opt_values /opt/stack/data/venv/lib/python3.12/site-packages/oslo_config/cfg.py:3253}}
Jul 02 22:25:54.618553 np0000004328 nova-conductor[98802]: DEBUG cotyledon.oslo_config_glue [-] oslo_limit.auth_type = None {{(pid=98802) log_opt_values /opt/stack/data/venv/lib/python3.12/site-packages/oslo_config/cfg.py:3253}}
Jul 02 22:25:54.618553 np0000004328 nova-conductor[98802]: DEBUG cotyledon.oslo_config_glue [-] oslo_limit.cafile = None {{(pid=98802) log_opt_values /opt/stack/data/venv/lib/python3.12/site-packages/oslo_config/cfg.py:3253}}
Jul 02 22:25:54.618553 np0000004328 nova-conductor[98802]: DEBUG cotyledon.oslo_config_glue [-] oslo_limit.certfile = None {{(pid=98802) log_opt_values /opt/stack/data/venv/lib/python3.12/site-packages/oslo_config/cfg.py:3253}}
Jul 02 22:25:54.618553 np0000004328 nova-conductor[98802]: DEBUG cotyledon.oslo_config_glue [-] oslo_limit.collect_timing = False {{(pid=98802) log_opt_values /opt/stack/data/venv/lib/python3.12/site-packages/oslo_config/cfg.py:3253}}
Jul 02 22:25:54.618553 np0000004328 nova-conductor[98802]: DEBUG cotyledon.oslo_config_glue [-] oslo_limit.connect_retries = None {{(pid=98802) log_opt_values /opt/stack/data/venv/lib/python3.12/site-packages/oslo_config/cfg.py:3253}}
Jul 02 22:25:54.618553 np0000004328 nova-conductor[98802]: DEBUG cotyledon.oslo_config_glue [-] oslo_limit.connect_retry_delay = None {{(pid=98802) log_opt_values /opt/stack/data/venv/lib/python3.12/site-packages/oslo_config/cfg.py:3253}}
Jul 02 22:25:54.618762 np0000004328 nova-conductor[98802]: DEBUG cotyledon.oslo_config_glue [-] oslo_limit.endpoint_id = None {{(pid=98802) log_opt_values /opt/stack/data/venv/lib/python3.12/site-packages/oslo_config/cfg.py:3253}}
Jul 02 22:25:54.618762 np0000004328 nova-conductor[98802]: DEBUG cotyledon.oslo_config_glue [-] oslo_limit.endpoint_interface = public {{(pid=98802) log_opt_values /opt/stack/data/venv/lib/python3.12/site-packages/oslo_config/cfg.py:3253}}
Jul 02 22:25:54.618762 np0000004328 nova-conductor[98802]: DEBUG cotyledon.oslo_config_glue [-] oslo_limit.endpoint_override = None {{(pid=98802) log_opt_values /opt/stack/data/venv/lib/python3.12/site-packages/oslo_config/cfg.py:3253}}
Jul 02 22:25:54.618762 np0000004328 nova-conductor[98802]: DEBUG cotyledon.oslo_config_glue [-] oslo_limit.endpoint_region_name = None {{(pid=98802) log_opt_values /opt/stack/data/venv/lib/python3.12/site-packages/oslo_config/cfg.py:3253}}
Jul 02 22:25:54.618762 np0000004328 nova-conductor[98802]: DEBUG cotyledon.oslo_config_glue [-] oslo_limit.endpoint_service_name = None {{(pid=98802) log_opt_values /opt/stack/data/venv/lib/python3.12/site-packages/oslo_config/cfg.py:3253}}
Jul 02 22:25:54.618762 np0000004328 nova-conductor[98802]: DEBUG cotyledon.oslo_config_glue [-] oslo_limit.endpoint_service_type = None {{(pid=98802) log_opt_values /opt/stack/data/venv/lib/python3.12/site-packages/oslo_config/cfg.py:3253}}
Jul 02 22:25:54.618762 np0000004328 nova-conductor[98802]: DEBUG cotyledon.oslo_config_glue [-] oslo_limit.insecure = False {{(pid=98802) log_opt_values /opt/stack/data/venv/lib/python3.12/site-packages/oslo_config/cfg.py:3253}}
Jul 02 22:25:54.618762 np0000004328 nova-conductor[98802]: DEBUG cotyledon.oslo_config_glue [-] oslo_limit.keyfile = None {{(pid=98802) log_opt_values /opt/stack/data/venv/lib/python3.12/site-packages/oslo_config/cfg.py:3253}}
Jul 02 22:25:54.618762 np0000004328 nova-conductor[98802]: DEBUG cotyledon.oslo_config_glue [-] oslo_limit.max_version = None {{(pid=98802) log_opt_values /opt/stack/data/venv/lib/python3.12/site-packages/oslo_config/cfg.py:3253}}
Jul 02 22:25:54.618931 np0000004328 nova-conductor[98802]: DEBUG cotyledon.oslo_config_glue [-] oslo_limit.min_version = None {{(pid=98802) log_opt_values /opt/stack/data/venv/lib/python3.12/site-packages/oslo_config/cfg.py:3253}}
Jul 02 22:25:54.618931 np0000004328 nova-conductor[98802]: DEBUG cotyledon.oslo_config_glue [-] oslo_limit.region_name = None {{(pid=98802) log_opt_values /opt/stack/data/venv/lib/python3.12/site-packages/oslo_config/cfg.py:3253}}
Jul 02 22:25:54.618931 np0000004328 nova-conductor[98802]: DEBUG cotyledon.oslo_config_glue [-] oslo_limit.retriable_status_codes = None {{(pid=98802) log_opt_values /opt/stack/data/venv/lib/python3.12/site-packages/oslo_config/cfg.py:3253}}
Jul 02 22:25:54.618931 np0000004328 nova-conductor[98802]: DEBUG cotyledon.oslo_config_glue [-] oslo_limit.service_name = None {{(pid=98802) log_opt_values /opt/stack/data/venv/lib/python3.12/site-packages/oslo_config/cfg.py:3253}}
Jul 02 22:25:54.618931 np0000004328 nova-conductor[98802]: DEBUG cotyledon.oslo_config_glue [-] oslo_limit.service_type = None {{(pid=98802) log_opt_values /opt/stack/data/venv/lib/python3.12/site-packages/oslo_config/cfg.py:3253}}
Jul 02 22:25:54.618931 np0000004328 nova-conductor[98802]: DEBUG cotyledon.oslo_config_glue [-] oslo_limit.split_loggers = False {{(pid=98802) log_opt_values /opt/stack/data/venv/lib/python3.12/site-packages/oslo_config/cfg.py:3253}}
Jul 02 22:25:54.618931 np0000004328 nova-conductor[98802]: DEBUG cotyledon.oslo_config_glue [-] oslo_limit.status_code_retries = None {{(pid=98802) log_opt_values /opt/stack/data/venv/lib/python3.12/site-packages/oslo_config/cfg.py:3253}}
Jul 02 22:25:54.618931 np0000004328 nova-conductor[98802]: DEBUG cotyledon.oslo_config_glue [-] oslo_limit.status_code_retry_delay = None {{(pid=98802) log_opt_values /opt/stack/data/venv/lib/python3.12/site-packages/oslo_config/cfg.py:3253}}
Jul 02 22:25:54.618931 np0000004328 nova-conductor[98802]: DEBUG cotyledon.oslo_config_glue [-] oslo_limit.timeout = None {{(pid=98802) log_opt_values /opt/stack/data/venv/lib/python3.12/site-packages/oslo_config/cfg.py:3253}}
Jul 02 22:25:54.619100 np0000004328 nova-conductor[98802]: DEBUG cotyledon.oslo_config_glue [-] oslo_limit.valid_interfaces = None {{(pid=98802) log_opt_values /opt/stack/data/venv/lib/python3.12/site-packages/oslo_config/cfg.py:3253}}
Jul 02 22:25:54.619100 np0000004328 nova-conductor[98802]: DEBUG cotyledon.oslo_config_glue [-] oslo_limit.version = None {{(pid=98802) log_opt_values /opt/stack/data/venv/lib/python3.12/site-packages/oslo_config/cfg.py:3253}}
Jul 02 22:25:54.619100 np0000004328 nova-conductor[98802]: DEBUG cotyledon.oslo_config_glue [-] oslo_reports.file_event_handler = None {{(pid=98802) log_opt_values /opt/stack/data/venv/lib/python3.12/site-packages/oslo_config/cfg.py:3253}}
Jul 02 22:25:54.619100 np0000004328 nova-conductor[98802]: DEBUG cotyledon.oslo_config_glue [-] oslo_reports.file_event_handler_interval = 1 {{(pid=98802) log_opt_values /opt/stack/data/venv/lib/python3.12/site-packages/oslo_config/cfg.py:3253}}
Jul 02 22:25:54.619100 np0000004328 nova-conductor[98802]: DEBUG cotyledon.oslo_config_glue [-] oslo_reports.log_dir = None {{(pid=98802) log_opt_values /opt/stack/data/venv/lib/python3.12/site-packages/oslo_config/cfg.py:3253}}
Jul 02 22:25:54.619100 np0000004328 nova-conductor[98802]: DEBUG cotyledon.oslo_config_glue [-] ******************************************************************************** {{(pid=98802) log_opt_values /opt/stack/data/venv/lib/python3.12/site-packages/oslo_config/cfg.py:3260}}
Jul 02 22:25:54.619100 np0000004328 nova-conductor[98802]: DEBUG cotyledon._service_worker [-] Run service ServiceWrapper(3) [98802] {{(pid=98802) wait_forever /opt/stack/data/venv/lib/python3.12/site-packages/cotyledon/_service_worker.py:218}}
Jul 02 22:25:54.619100 np0000004328 nova-conductor[98802]: INFO nova.service [-] Starting conductor node (version 33.1.0)
Jul 02 22:25:54.619100 np0000004328 nova-conductor[98802]: INFO dbcounter [None req-baffe004-382f-4788-80a3-446646bd7a54 None None] Registered counter for database nova_cell0
Jul 02 22:25:54.619417 np0000004328 nova-conductor[98774]: DEBUG oslo_db.sqlalchemy.engines [None req-9950d13c-51ea-4f2a-9c75-bad7eead11b0 None None] MySQL server mode set to STRICT_TRANS_TABLES,STRICT_ALL_TABLES,NO_ZERO_IN_DATE,NO_ZERO_DATE,ERROR_FOR_DIVISION_BY_ZERO,TRADITIONAL,NO_ENGINE_SUBSTITUTION {{(pid=98774) _check_effective_sql_mode /opt/stack/data/venv/lib/python3.12/site-packages/oslo_db/sqlalchemy/engines.py:325}}
Jul 02 22:25:54.619487 np0000004328 nova-conductor[98779]: DEBUG oslo_db.sqlalchemy.engines [None req-2c182de5-40a6-4e12-b76c-42b65e590712 None None] MySQL server mode set to STRICT_TRANS_TABLES,STRICT_ALL_TABLES,NO_ZERO_IN_DATE,NO_ZERO_DATE,ERROR_FOR_DIVISION_BY_ZERO,TRADITIONAL,NO_ENGINE_SUBSTITUTION {{(pid=98779) _check_effective_sql_mode /opt/stack/data/venv/lib/python3.12/site-packages/oslo_db/sqlalchemy/engines.py:325}}
Jul 02 22:25:54.629117 np0000004328 nova-conductor[98779]: DEBUG dbcounter [-] [98779] Writer thread running {{(pid=98779) stat_writer /opt/stack/data/venv/lib/python3.12/site-packages/dbcounter.py:102}}
Jul 02 22:25:54.633056 np0000004328 nova-conductor[98774]: DEBUG dbcounter [-] [98774] Writer thread running {{(pid=98774) stat_writer /opt/stack/data/venv/lib/python3.12/site-packages/dbcounter.py:102}}
Jul 02 22:25:54.636537 np0000004328 nova-conductor[98792]: DEBUG oslo_db.sqlalchemy.engines [None req-75feaa73-8610-4f26-b53f-8fe194e7085c None None] MySQL server mode set to STRICT_TRANS_TABLES,STRICT_ALL_TABLES,NO_ZERO_IN_DATE,NO_ZERO_DATE,ERROR_FOR_DIVISION_BY_ZERO,TRADITIONAL,NO_ENGINE_SUBSTITUTION {{(pid=98792) _check_effective_sql_mode /opt/stack/data/venv/lib/python3.12/site-packages/oslo_db/sqlalchemy/engines.py:325}}
Jul 02 22:25:54.641768 np0000004328 nova-conductor[98802]: DEBUG oslo_db.sqlalchemy.engines [None req-baffe004-382f-4788-80a3-446646bd7a54 None None] MySQL server mode set to STRICT_TRANS_TABLES,STRICT_ALL_TABLES,NO_ZERO_IN_DATE,NO_ZERO_DATE,ERROR_FOR_DIVISION_BY_ZERO,TRADITIONAL,NO_ENGINE_SUBSTITUTION {{(pid=98802) _check_effective_sql_mode /opt/stack/data/venv/lib/python3.12/site-packages/oslo_db/sqlalchemy/engines.py:325}}
Jul 02 22:25:54.647811 np0000004328 nova-conductor[98779]: DEBUG nova.service [None req-2c182de5-40a6-4e12-b76c-42b65e590712 None None] Creating RPC server for service: nova-conductor on topic: conductor {{(pid=98779) start /opt/stack/nova/nova/service.py:196}}
Jul 02 22:25:54.648857 np0000004328 nova-conductor[98792]: DEBUG dbcounter [-] [98792] Writer thread running {{(pid=98792) stat_writer /opt/stack/data/venv/lib/python3.12/site-packages/dbcounter.py:102}}
Jul 02 22:25:54.652573 np0000004328 nova-conductor[98802]: DEBUG dbcounter [-] [98802] Writer thread running {{(pid=98802) stat_writer /opt/stack/data/venv/lib/python3.12/site-packages/dbcounter.py:102}}
Jul 02 22:25:54.652714 np0000004328 nova-conductor[98792]: DEBUG nova.service [None req-75feaa73-8610-4f26-b53f-8fe194e7085c None None] Creating RPC server for service: nova-conductor on topic: conductor {{(pid=98792) start /opt/stack/nova/nova/service.py:196}}
Jul 02 22:25:54.652761 np0000004328 nova-conductor[98774]: DEBUG nova.service [None req-9950d13c-51ea-4f2a-9c75-bad7eead11b0 None None] Creating RPC server for service: nova-conductor on topic: conductor {{(pid=98774) start /opt/stack/nova/nova/service.py:196}}
Jul 02 22:25:54.655318 np0000004328 nova-conductor[98802]: DEBUG nova.service [None req-baffe004-382f-4788-80a3-446646bd7a54 None None] Creating RPC server for service: nova-conductor on topic: conductor {{(pid=98802) start /opt/stack/nova/nova/service.py:196}}
Jul 02 22:25:54.676221 np0000004328 nova-conductor[98779]: DEBUG nova.service [None req-2c182de5-40a6-4e12-b76c-42b65e590712 None None] Join ServiceGroup membership for this service conductor {{(pid=98779) start /opt/stack/nova/nova/service.py:222}}
Jul 02 22:25:54.676349 np0000004328 nova-conductor[98802]: DEBUG nova.service [None req-baffe004-382f-4788-80a3-446646bd7a54 None None] Join ServiceGroup membership for this service conductor {{(pid=98802) start /opt/stack/nova/nova/service.py:222}}
Jul 02 22:25:54.676416 np0000004328 nova-conductor[98779]: DEBUG nova.servicegroup.drivers.db [None req-2c182de5-40a6-4e12-b76c-42b65e590712 None None] DB_Driver: join new ServiceGroup member np0000004328 to the conductor group, service = {{(pid=98779) join /opt/stack/nova/nova/servicegroup/drivers/db.py:44}}
Jul 02 22:25:54.676448 np0000004328 nova-conductor[98802]: DEBUG nova.servicegroup.drivers.db [None req-baffe004-382f-4788-80a3-446646bd7a54 None None] DB_Driver: join new ServiceGroup member np0000004328 to the conductor group, service = {{(pid=98802) join /opt/stack/nova/nova/servicegroup/drivers/db.py:44}}
Jul 02 22:25:54.678122 np0000004328 nova-conductor[98774]: DEBUG nova.service [None req-9950d13c-51ea-4f2a-9c75-bad7eead11b0 None None] Join ServiceGroup membership for this service conductor {{(pid=98774) start /opt/stack/nova/nova/service.py:222}}
Jul 02 22:25:54.678354 np0000004328 nova-conductor[98774]: DEBUG nova.servicegroup.drivers.db [None req-9950d13c-51ea-4f2a-9c75-bad7eead11b0 None None] DB_Driver: join new ServiceGroup member np0000004328 to the conductor group, service = {{(pid=98774) join /opt/stack/nova/nova/servicegroup/drivers/db.py:44}}
Jul 02 22:25:54.685669 np0000004328 nova-conductor[98792]: DEBUG nova.service [None req-75feaa73-8610-4f26-b53f-8fe194e7085c None None] Join ServiceGroup membership for this service conductor {{(pid=98792) start /opt/stack/nova/nova/service.py:222}}
Jul 02 22:25:54.685919 np0000004328 nova-conductor[98792]: DEBUG nova.servicegroup.drivers.db [None req-75feaa73-8610-4f26-b53f-8fe194e7085c None None] DB_Driver: join new ServiceGroup member np0000004328 to the conductor group, service = {{(pid=98792) join /opt/stack/nova/nova/servicegroup/drivers/db.py:44}}
Jul 02 22:25:57.688689 np0000004328 nova-conductor[98792]: DEBUG oslo.service.backend._threading.loopingcall [None req-5fe3d7a8-52b6-4cc0-ad27-939dea8e7c75 None None] Dynamic interval looping call 'nova.service.Service.periodic_tasks' sleeping for 60.00 seconds {{(pid=98792) _run_loop /opt/stack/data/venv/lib/python3.12/site-packages/oslo_service/backend/_threading/loopingcall.py:125}}
Jul 02 22:25:59.693516 np0000004328 nova-conductor[98774]: DEBUG oslo.service.backend._threading.loopingcall [-] Fixed interval looping call 'nova.servicegroup.drivers.db.DbDriver._report_state' sleeping for 119.99 seconds {{(pid=98774) _run_loop /opt/stack/data/venv/lib/python3.12/site-packages/oslo_service/backend/_threading/loopingcall.py:125}}
Jul 02 22:25:59.693918 np0000004328 nova-conductor[98779]: DEBUG oslo.service.backend._threading.loopingcall [-] Fixed interval looping call 'nova.servicegroup.drivers.db.DbDriver._report_state' sleeping for 119.99 seconds {{(pid=98779) _run_loop /opt/stack/data/venv/lib/python3.12/site-packages/oslo_service/backend/_threading/loopingcall.py:125}}
Jul 02 22:25:59.694310 np0000004328 nova-conductor[98802]: DEBUG oslo.service.backend._threading.loopingcall [-] Fixed interval looping call 'nova.servicegroup.drivers.db.DbDriver._report_state' sleeping for 119.98 seconds {{(pid=98802) _run_loop /opt/stack/data/venv/lib/python3.12/site-packages/oslo_service/backend/_threading/loopingcall.py:125}}
Jul 02 22:25:59.695389 np0000004328 nova-conductor[98792]: DEBUG oslo.service.backend._threading.loopingcall [-] Fixed interval looping call 'nova.servicegroup.drivers.db.DbDriver._report_state' sleeping for 119.99 seconds {{(pid=98792) _run_loop /opt/stack/data/venv/lib/python3.12/site-packages/oslo_service/backend/_threading/loopingcall.py:125}}
Jul 02 22:26:01.678544 np0000004328 nova-conductor[98779]: DEBUG oslo.service.backend._threading.loopingcall [None req-b12476e1-dc16-4758-8b6c-d921f2161b1c None None] Dynamic interval looping call 'nova.service.Service.periodic_tasks' sleeping for 60.00 seconds {{(pid=98779) _run_loop /opt/stack/data/venv/lib/python3.12/site-packages/oslo_service/backend/_threading/loopingcall.py:125}}
Jul 02 22:26:03.239195 np0000004328 nova-conductor[97295]: DEBUG dbcounter [-] [97295] Writing DB stats nova_api:SELECT=1 {{(pid=97295) stat_writer /opt/stack/data/venv/lib/python3.12/site-packages/dbcounter.py:115}}
Jul 02 22:26:03.369532 np0000004328 nova-conductor[97295]: DEBUG dbcounter [-] [97295] Writing DB stats nova_cell0:SELECT=1 {{(pid=97295) stat_writer /opt/stack/data/venv/lib/python3.12/site-packages/dbcounter.py:115}}
Jul 02 22:26:03.372868 np0000004328 nova-conductor[97295]: DEBUG dbcounter [-] [97295] Writing DB stats nova_cell1:SELECT=1 {{(pid=97295) stat_writer /opt/stack/data/venv/lib/python3.12/site-packages/dbcounter.py:115}}
Jul 02 22:26:09.689414 np0000004328 nova-conductor[98774]: DEBUG dbcounter [-] [98774] Writing DB stats nova_cell0:SELECT=5,nova_cell0:INSERT=1,nova_cell0:UPDATE=1 {{(pid=98774) stat_writer /opt/stack/data/venv/lib/python3.12/site-packages/dbcounter.py:115}}
Jul 02 22:26:09.689946 np0000004328 nova-conductor[98779]: DEBUG dbcounter [-] [98779] Writing DB stats nova_cell0:SELECT=4,nova_cell0:INSERT=1,nova_cell0:UPDATE=1 {{(pid=98779) stat_writer /opt/stack/data/venv/lib/python3.12/site-packages/dbcounter.py:115}}
Jul 02 22:26:09.690896 np0000004328 nova-conductor[98802]: DEBUG dbcounter [-] [98802] Writing DB stats nova_cell0:SELECT=3,nova_cell0:UPDATE=1 {{(pid=98802) stat_writer /opt/stack/data/venv/lib/python3.12/site-packages/dbcounter.py:115}}
Jul 02 22:26:09.693187 np0000004328 nova-conductor[98792]: DEBUG dbcounter [-] [98792] Writing DB stats nova_cell0:SELECT=3 {{(pid=98792) stat_writer /opt/stack/data/venv/lib/python3.12/site-packages/dbcounter.py:115}}
Jul 02 22:26:27.680419 np0000004328 nova-conductor[98774]: DEBUG oslo.service.backend._threading.loopingcall [None req-829046f0-1323-4e61-9ebf-f35915ace700 None None] Dynamic interval looping call 'nova.service.Service.periodic_tasks' sleeping for 60.00 seconds {{(pid=98774) _run_loop /opt/stack/data/venv/lib/python3.12/site-packages/oslo_service/backend/_threading/loopingcall.py:125}}
Jul 02 22:26:42.678936 np0000004328 nova-conductor[98802]: DEBUG oslo.service.backend._threading.loopingcall [None req-c687cc1a-a71a-48e0-b209-3aa0dda5ea4f None None] Dynamic interval looping call 'nova.service.Service.periodic_tasks' sleeping for 60.00 seconds {{(pid=98802) _run_loop /opt/stack/data/venv/lib/python3.12/site-packages/oslo_service/backend/_threading/loopingcall.py:125}}
Jul 02 22:26:57.689304 np0000004328 nova-conductor[98792]: DEBUG oslo.service.backend._threading.loopingcall [None req-5fe3d7a8-52b6-4cc0-ad27-939dea8e7c75 None None] Dynamic interval looping call 'nova.service.Service.periodic_tasks' sleeping for 60.00 seconds {{(pid=98792) _run_loop /opt/stack/data/venv/lib/python3.12/site-packages/oslo_service/backend/_threading/loopingcall.py:125}}
Jul 02 22:27:01.679055 np0000004328 nova-conductor[98779]: DEBUG oslo.service.backend._threading.loopingcall [None req-b12476e1-dc16-4758-8b6c-d921f2161b1c None None] Dynamic interval looping call 'nova.service.Service.periodic_tasks' sleeping for 60.00 seconds {{(pid=98779) _run_loop /opt/stack/data/venv/lib/python3.12/site-packages/oslo_service/backend/_threading/loopingcall.py:125}}
Jul 02 22:27:27.680936 np0000004328 nova-conductor[98774]: DEBUG oslo.service.backend._threading.loopingcall [None req-829046f0-1323-4e61-9ebf-f35915ace700 None None] Dynamic interval looping call 'nova.service.Service.periodic_tasks' sleeping for 60.00 seconds {{(pid=98774) _run_loop /opt/stack/data/venv/lib/python3.12/site-packages/oslo_service/backend/_threading/loopingcall.py:125}}
Jul 02 22:27:42.679372 np0000004328 nova-conductor[98802]: DEBUG oslo.service.backend._threading.loopingcall [None req-c687cc1a-a71a-48e0-b209-3aa0dda5ea4f None None] Dynamic interval looping call 'nova.service.Service.periodic_tasks' sleeping for 60.00 seconds {{(pid=98802) _run_loop /opt/stack/data/venv/lib/python3.12/site-packages/oslo_service/backend/_threading/loopingcall.py:125}}
Jul 02 22:27:57.690316 np0000004328 nova-conductor[98792]: DEBUG oslo.service.backend._threading.loopingcall [None req-5fe3d7a8-52b6-4cc0-ad27-939dea8e7c75 None None] Dynamic interval looping call 'nova.service.Service.periodic_tasks' sleeping for 60.00 seconds {{(pid=98792) _run_loop /opt/stack/data/venv/lib/python3.12/site-packages/oslo_service/backend/_threading/loopingcall.py:125}}
Jul 02 22:27:59.696891 np0000004328 nova-conductor[98802]: DEBUG oslo.service.backend._threading.loopingcall [-] Fixed interval looping call 'nova.servicegroup.drivers.db.DbDriver._report_state' sleeping for 119.98 seconds {{(pid=98802) _run_loop /opt/stack/data/venv/lib/python3.12/site-packages/oslo_service/backend/_threading/loopingcall.py:125}}
Jul 02 22:27:59.697960 np0000004328 nova-conductor[98779]: DEBUG oslo.service.backend._threading.loopingcall [-] Fixed interval looping call 'nova.servicegroup.drivers.db.DbDriver._report_state' sleeping for 119.99 seconds {{(pid=98779) _run_loop /opt/stack/data/venv/lib/python3.12/site-packages/oslo_service/backend/_threading/loopingcall.py:125}}
Jul 02 22:27:59.699502 np0000004328 nova-conductor[98774]: DEBUG oslo.service.backend._threading.loopingcall [-] Fixed interval looping call 'nova.servicegroup.drivers.db.DbDriver._report_state' sleeping for 119.98 seconds {{(pid=98774) _run_loop /opt/stack/data/venv/lib/python3.12/site-packages/oslo_service/backend/_threading/loopingcall.py:125}}
Jul 02 22:27:59.700118 np0000004328 nova-conductor[98792]: DEBUG oslo.service.backend._threading.loopingcall [-] Fixed interval looping call 'nova.servicegroup.drivers.db.DbDriver._report_state' sleeping for 119.99 seconds {{(pid=98792) _run_loop /opt/stack/data/venv/lib/python3.12/site-packages/oslo_service/backend/_threading/loopingcall.py:125}}
Jul 02 22:28:01.679615 np0000004328 nova-conductor[98779]: DEBUG oslo.service.backend._threading.loopingcall [None req-b12476e1-dc16-4758-8b6c-d921f2161b1c None None] Dynamic interval looping call 'nova.service.Service.periodic_tasks' sleeping for 60.00 seconds {{(pid=98779) _run_loop /opt/stack/data/venv/lib/python3.12/site-packages/oslo_service/backend/_threading/loopingcall.py:125}}
Jul 02 22:28:04.116415 np0000004328 nova-conductor[98802]: DEBUG oslo_db.sqlalchemy.engines [None req-d69583b9-09ba-43e2-a97a-f2f693db557e tempest-DeleteServersTestJSON-1839099550 tempest-DeleteServersTestJSON-1839099550-project-member] Parent process 97295 forked (98802) with an open database connection, which is being discarded and recreated. {{(pid=98802) checkout /opt/stack/data/venv/lib/python3.12/site-packages/oslo_db/sqlalchemy/engines.py:402}}
Jul 02 22:28:04.155980 np0000004328 nova-conductor[98802]: DEBUG dbcounter [-] [98802] Writer thread running {{(pid=98802) stat_writer /opt/stack/data/venv/lib/python3.12/site-packages/dbcounter.py:102}}
Jul 02 22:28:05.196248 np0000004328 nova-conductor[98802]: DEBUG nova.conductor.manager [None req-d69583b9-09ba-43e2-a97a-f2f693db557e tempest-DeleteServersTestJSON-1839099550 tempest-DeleteServersTestJSON-1839099550-project-member] Took 1.03 seconds to select destinations for 1 instance(s). {{(pid=98802) _schedule_instances /opt/stack/nova/nova/conductor/manager.py:968}}
Jul 02 22:28:05.228860 np0000004328 nova-conductor[98802]: DEBUG oslo_concurrency.lockutils [None req-d69583b9-09ba-43e2-a97a-f2f693db557e tempest-DeleteServersTestJSON-1839099550 tempest-DeleteServersTestJSON-1839099550-project-member] Acquiring lock "c46304d6-4962-45c6-b56e-b6dd4e443560" by "nova.context.set_target_cell..get_or_set_cached_cell_and_set_connections" {{(pid=98802) inner /opt/stack/data/venv/lib/python3.12/site-packages/oslo_concurrency/lockutils.py:511}}
Jul 02 22:28:05.229396 np0000004328 nova-conductor[98802]: DEBUG oslo_concurrency.lockutils [None req-d69583b9-09ba-43e2-a97a-f2f693db557e tempest-DeleteServersTestJSON-1839099550 tempest-DeleteServersTestJSON-1839099550-project-member] Lock "c46304d6-4962-45c6-b56e-b6dd4e443560" acquired by "nova.context.set_target_cell..get_or_set_cached_cell_and_set_connections" :: waited 0.000s {{(pid=98802) inner /opt/stack/data/venv/lib/python3.12/site-packages/oslo_concurrency/lockutils.py:524}}
Jul 02 22:28:05.230393 np0000004328 nova-conductor[98802]: DEBUG oslo_concurrency.lockutils [None req-d69583b9-09ba-43e2-a97a-f2f693db557e tempest-DeleteServersTestJSON-1839099550 tempest-DeleteServersTestJSON-1839099550-project-member] Lock "c46304d6-4962-45c6-b56e-b6dd4e443560" "released" by "nova.context.set_target_cell..get_or_set_cached_cell_and_set_connections" :: held 0.001s {{(pid=98802) inner /opt/stack/data/venv/lib/python3.12/site-packages/oslo_concurrency/lockutils.py:543}}
Jul 02 22:28:05.233137 np0000004328 nova-conductor[98802]: INFO dbcounter [None req-d69583b9-09ba-43e2-a97a-f2f693db557e tempest-DeleteServersTestJSON-1839099550 tempest-DeleteServersTestJSON-1839099550-project-member] Registered counter for database nova_cell1
Jul 02 22:28:05.286928 np0000004328 nova-conductor[98802]: DEBUG oslo_db.sqlalchemy.engines [None req-d69583b9-09ba-43e2-a97a-f2f693db557e tempest-DeleteServersTestJSON-1839099550 tempest-DeleteServersTestJSON-1839099550-project-member] MySQL server mode set to STRICT_TRANS_TABLES,STRICT_ALL_TABLES,NO_ZERO_IN_DATE,NO_ZERO_DATE,ERROR_FOR_DIVISION_BY_ZERO,TRADITIONAL,NO_ENGINE_SUBSTITUTION {{(pid=98802) _check_effective_sql_mode /opt/stack/data/venv/lib/python3.12/site-packages/oslo_db/sqlalchemy/engines.py:325}}
Jul 02 22:28:05.294902 np0000004328 nova-conductor[98802]: DEBUG dbcounter [-] [98802] Writer thread running {{(pid=98802) stat_writer /opt/stack/data/venv/lib/python3.12/site-packages/dbcounter.py:102}}
Jul 02 22:28:05.359241 np0000004328 nova-conductor[98802]: INFO nova.utils [None req-d69583b9-09ba-43e2-a97a-f2f693db557e tempest-DeleteServersTestJSON-1839099550 tempest-DeleteServersTestJSON-1839099550-project-member] The cell worker thread pool ForkProcess-4.cell_worker is initialized
Jul 02 22:28:05.359495 np0000004328 nova-conductor[98802]: DEBUG oslo_concurrency.lockutils [None req-d69583b9-09ba-43e2-a97a-f2f693db557e tempest-DeleteServersTestJSON-1839099550 tempest-DeleteServersTestJSON-1839099550-project-member] Acquiring lock "00000000-0000-0000-0000-000000000000" by "nova.context.set_target_cell..get_or_set_cached_cell_and_set_connections" {{(pid=98802) inner /opt/stack/data/venv/lib/python3.12/site-packages/oslo_concurrency/lockutils.py:511}}
Jul 02 22:28:05.359694 np0000004328 nova-conductor[98802]: DEBUG oslo_concurrency.lockutils [None req-d69583b9-09ba-43e2-a97a-f2f693db557e tempest-DeleteServersTestJSON-1839099550 tempest-DeleteServersTestJSON-1839099550-project-member] Lock "00000000-0000-0000-0000-000000000000" acquired by "nova.context.set_target_cell..get_or_set_cached_cell_and_set_connections" :: waited 0.000s {{(pid=98802) inner /opt/stack/data/venv/lib/python3.12/site-packages/oslo_concurrency/lockutils.py:524}}
Jul 02 22:28:05.360140 np0000004328 nova-conductor[98802]: DEBUG oslo_concurrency.lockutils [None req-d69583b9-09ba-43e2-a97a-f2f693db557e tempest-DeleteServersTestJSON-1839099550 tempest-DeleteServersTestJSON-1839099550-project-member] Lock "00000000-0000-0000-0000-000000000000" "released" by "nova.context.set_target_cell..get_or_set_cached_cell_and_set_connections" :: held 0.000s {{(pid=98802) inner /opt/stack/data/venv/lib/python3.12/site-packages/oslo_concurrency/lockutils.py:543}}
Jul 02 22:28:05.360841 np0000004328 nova-conductor[98802]: DEBUG oslo_concurrency.lockutils [None req-d69583b9-09ba-43e2-a97a-f2f693db557e tempest-DeleteServersTestJSON-1839099550 tempest-DeleteServersTestJSON-1839099550-project-member] Acquiring lock "c46304d6-4962-45c6-b56e-b6dd4e443560" by "nova.context.set_target_cell..get_or_set_cached_cell_and_set_connections" {{(pid=98802) inner /opt/stack/data/venv/lib/python3.12/site-packages/oslo_concurrency/lockutils.py:511}}
Jul 02 22:28:05.360973 np0000004328 nova-conductor[98802]: DEBUG oslo_concurrency.lockutils [None req-d69583b9-09ba-43e2-a97a-f2f693db557e tempest-DeleteServersTestJSON-1839099550 tempest-DeleteServersTestJSON-1839099550-project-member] Lock "c46304d6-4962-45c6-b56e-b6dd4e443560" acquired by "nova.context.set_target_cell..get_or_set_cached_cell_and_set_connections" :: waited 0.000s {{(pid=98802) inner /opt/stack/data/venv/lib/python3.12/site-packages/oslo_concurrency/lockutils.py:524}}
Jul 02 22:28:05.361132 np0000004328 nova-conductor[98802]: DEBUG oslo_concurrency.lockutils [None req-d69583b9-09ba-43e2-a97a-f2f693db557e tempest-DeleteServersTestJSON-1839099550 tempest-DeleteServersTestJSON-1839099550-project-member] Lock "c46304d6-4962-45c6-b56e-b6dd4e443560" "released" by "nova.context.set_target_cell..get_or_set_cached_cell_and_set_connections" :: held 0.000s {{(pid=98802) inner /opt/stack/data/venv/lib/python3.12/site-packages/oslo_concurrency/lockutils.py:543}}
Jul 02 22:28:05.362407 np0000004328 nova-conductor[98802]: INFO dbcounter [None req-d69583b9-09ba-43e2-a97a-f2f693db557e tempest-DeleteServersTestJSON-1839099550 tempest-DeleteServersTestJSON-1839099550-project-member] Registered counter for database nova_cell0
Jul 02 22:28:05.419331 np0000004328 nova-conductor[98802]: DEBUG oslo_db.sqlalchemy.engines [None req-d69583b9-09ba-43e2-a97a-f2f693db557e tempest-DeleteServersTestJSON-1839099550 tempest-DeleteServersTestJSON-1839099550-project-member] MySQL server mode set to STRICT_TRANS_TABLES,STRICT_ALL_TABLES,NO_ZERO_IN_DATE,NO_ZERO_DATE,ERROR_FOR_DIVISION_BY_ZERO,TRADITIONAL,NO_ENGINE_SUBSTITUTION {{(pid=98802) _check_effective_sql_mode /opt/stack/data/venv/lib/python3.12/site-packages/oslo_db/sqlalchemy/engines.py:325}}
Jul 02 22:28:05.436526 np0000004328 nova-conductor[98802]: DEBUG dbcounter [-] [98802] Writer thread running {{(pid=98802) stat_writer /opt/stack/data/venv/lib/python3.12/site-packages/dbcounter.py:102}}
Jul 02 22:28:05.446138 np0000004328 nova-conductor[98802]: DEBUG nova.quota [None req-d69583b9-09ba-43e2-a97a-f2f693db557e tempest-DeleteServersTestJSON-1839099550 tempest-DeleteServersTestJSON-1839099550-project-member] Getting quotas for project 00f467a135c3452b84e58a200f10a4e0. Resources: {'ram', 'cores', 'instances'} {{(pid=98802) _get_quotas /opt/stack/nova/nova/quota.py:389}}
Jul 02 22:28:05.449376 np0000004328 nova-conductor[98802]: DEBUG nova.quota [None req-d69583b9-09ba-43e2-a97a-f2f693db557e tempest-DeleteServersTestJSON-1839099550 tempest-DeleteServersTestJSON-1839099550-project-member] Getting quotas for user f46619ef0ae74221804281c6c21668f3 and project 00f467a135c3452b84e58a200f10a4e0. Resources: {'ram', 'cores', 'instances'} {{(pid=98802) _get_quotas /opt/stack/nova/nova/quota.py:379}}
Jul 02 22:28:05.454764 np0000004328 nova-conductor[98802]: DEBUG nova.conductor.manager [None req-d69583b9-09ba-43e2-a97a-f2f693db557e tempest-DeleteServersTestJSON-1839099550 tempest-DeleteServersTestJSON-1839099550-project-member] [instance: 6a722a46-1872-493b-acc4-123fefc7d8dc] Selected host: np0000004328; Selected node: np0000004328; Alternates: [] {{(pid=98802) schedule_and_build_instances /opt/stack/nova/nova/conductor/manager.py:1784}}
Jul 02 22:28:05.455230 np0000004328 nova-conductor[98802]: DEBUG oslo_concurrency.lockutils [None req-d69583b9-09ba-43e2-a97a-f2f693db557e tempest-DeleteServersTestJSON-1839099550 tempest-DeleteServersTestJSON-1839099550-project-member] Acquiring lock "c46304d6-4962-45c6-b56e-b6dd4e443560" by "nova.context.set_target_cell..get_or_set_cached_cell_and_set_connections" {{(pid=98802) inner /opt/stack/data/venv/lib/python3.12/site-packages/oslo_concurrency/lockutils.py:511}}
Jul 02 22:28:05.455230 np0000004328 nova-conductor[98802]: DEBUG oslo_concurrency.lockutils [None req-d69583b9-09ba-43e2-a97a-f2f693db557e tempest-DeleteServersTestJSON-1839099550 tempest-DeleteServersTestJSON-1839099550-project-member] Lock "c46304d6-4962-45c6-b56e-b6dd4e443560" acquired by "nova.context.set_target_cell..get_or_set_cached_cell_and_set_connections" :: waited 0.000s {{(pid=98802) inner /opt/stack/data/venv/lib/python3.12/site-packages/oslo_concurrency/lockutils.py:524}}
Jul 02 22:28:05.455230 np0000004328 nova-conductor[98802]: DEBUG oslo_concurrency.lockutils [None req-d69583b9-09ba-43e2-a97a-f2f693db557e tempest-DeleteServersTestJSON-1839099550 tempest-DeleteServersTestJSON-1839099550-project-member] Lock "c46304d6-4962-45c6-b56e-b6dd4e443560" "released" by "nova.context.set_target_cell..get_or_set_cached_cell_and_set_connections" :: held 0.000s {{(pid=98802) inner /opt/stack/data/venv/lib/python3.12/site-packages/oslo_concurrency/lockutils.py:543}}
Jul 02 22:28:05.463855 np0000004328 nova-conductor[98802]: DEBUG nova.conductor.manager [None req-d69583b9-09ba-43e2-a97a-f2f693db557e tempest-DeleteServersTestJSON-1839099550 tempest-DeleteServersTestJSON-1839099550-project-member] [instance: 6a722a46-1872-493b-acc4-123fefc7d8dc] block_device_mapping [BlockDeviceMapping(attachment_id=,boot_index=0,connection_info=None,created_at=,delete_on_termination=True,deleted=,deleted_at=,destination_type='local',device_name=None,device_type='disk',disk_bus=None,encrypted=False,encryption_format=None,encryption_options=None,encryption_secret_uuid=None,guest_format=None,id=,image_id='e6811790-556c-4024-a0a9-019147b5912b',instance=,instance_uuid=,no_device=False,snapshot_id=None,source_type='image',tag=None,updated_at=,uuid=,volume_id=None,volume_size=None,volume_type=None)] {{(pid=98802) _create_block_device_mapping /opt/stack/nova/nova/conductor/manager.py:1529}}
Jul 02 22:28:05.465513 np0000004328 nova-conductor[98802]: DEBUG oslo_concurrency.lockutils [None req-d69583b9-09ba-43e2-a97a-f2f693db557e tempest-DeleteServersTestJSON-1839099550 tempest-DeleteServersTestJSON-1839099550-project-member] Acquiring lock "c46304d6-4962-45c6-b56e-b6dd4e443560" by "nova.context.set_target_cell..get_or_set_cached_cell_and_set_connections" {{(pid=98802) inner /opt/stack/data/venv/lib/python3.12/site-packages/oslo_concurrency/lockutils.py:511}}
Jul 02 22:28:05.465868 np0000004328 nova-conductor[98802]: DEBUG oslo_concurrency.lockutils [None req-d69583b9-09ba-43e2-a97a-f2f693db557e tempest-DeleteServersTestJSON-1839099550 tempest-DeleteServersTestJSON-1839099550-project-member] Lock "c46304d6-4962-45c6-b56e-b6dd4e443560" acquired by "nova.context.set_target_cell..get_or_set_cached_cell_and_set_connections" :: waited 0.000s {{(pid=98802) inner /opt/stack/data/venv/lib/python3.12/site-packages/oslo_concurrency/lockutils.py:524}}
Jul 02 22:28:05.465868 np0000004328 nova-conductor[98802]: DEBUG oslo_concurrency.lockutils [None req-d69583b9-09ba-43e2-a97a-f2f693db557e tempest-DeleteServersTestJSON-1839099550 tempest-DeleteServersTestJSON-1839099550-project-member] Lock "c46304d6-4962-45c6-b56e-b6dd4e443560" "released" by "nova.context.set_target_cell..get_or_set_cached_cell_and_set_connections" :: held 0.000s {{(pid=98802) inner /opt/stack/data/venv/lib/python3.12/site-packages/oslo_concurrency/lockutils.py:543}}
Jul 02 22:28:05.501067 np0000004328 nova-conductor[98802]: DEBUG oslo_concurrency.lockutils [None req-d69583b9-09ba-43e2-a97a-f2f693db557e tempest-DeleteServersTestJSON-1839099550 tempest-DeleteServersTestJSON-1839099550-project-member] Acquiring lock "c46304d6-4962-45c6-b56e-b6dd4e443560" by "nova.context.set_target_cell..get_or_set_cached_cell_and_set_connections" {{(pid=98802) inner /opt/stack/data/venv/lib/python3.12/site-packages/oslo_concurrency/lockutils.py:511}}
Jul 02 22:28:05.501233 np0000004328 nova-conductor[98802]: DEBUG oslo_concurrency.lockutils [None req-d69583b9-09ba-43e2-a97a-f2f693db557e tempest-DeleteServersTestJSON-1839099550 tempest-DeleteServersTestJSON-1839099550-project-member] Lock "c46304d6-4962-45c6-b56e-b6dd4e443560" acquired by "nova.context.set_target_cell..get_or_set_cached_cell_and_set_connections" :: waited 0.000s {{(pid=98802) inner /opt/stack/data/venv/lib/python3.12/site-packages/oslo_concurrency/lockutils.py:524}}
Jul 02 22:28:05.501360 np0000004328 nova-conductor[98802]: DEBUG oslo_concurrency.lockutils [None req-d69583b9-09ba-43e2-a97a-f2f693db557e tempest-DeleteServersTestJSON-1839099550 tempest-DeleteServersTestJSON-1839099550-project-member] Lock "c46304d6-4962-45c6-b56e-b6dd4e443560" "released" by "nova.context.set_target_cell..get_or_set_cached_cell_and_set_connections" :: held 0.000s {{(pid=98802) inner /opt/stack/data/venv/lib/python3.12/site-packages/oslo_concurrency/lockutils.py:543}}
Jul 02 22:28:05.501669 np0000004328 nova-conductor[98802]: DEBUG oslo_concurrency.lockutils [None req-d69583b9-09ba-43e2-a97a-f2f693db557e tempest-DeleteServersTestJSON-1839099550 tempest-DeleteServersTestJSON-1839099550-project-member] Acquiring lock "compute-rpcapi-router" {{(pid=98802) lock /opt/stack/data/venv/lib/python3.12/site-packages/oslo_concurrency/lockutils.py:395}}
