Aug 17 22:04:51.511157 np0000007595 nova-scheduler[96717]: DEBUG cotyledon.oslo_config_glue [-] workarounds.qemu_monitor_announce_self_interval = 1 {{(pid=96717) log_opt_values /opt/stack/data/venv/lib/python3.12/site-packages/oslo_config/cfg.py:3560}}
Aug 17 22:04:51.511157 np0000007595 nova-scheduler[96717]: DEBUG cotyledon.oslo_config_glue [-] workarounds.reserve_disk_resource_for_image_cache = False {{(pid=96717) log_opt_values /opt/stack/data/venv/lib/python3.12/site-packages/oslo_config/cfg.py:3560}}
Aug 17 22:04:51.511157 np0000007595 nova-scheduler[96717]: DEBUG cotyledon.oslo_config_glue [-] workarounds.skip_cpu_compare_at_startup = False {{(pid=96717) log_opt_values /opt/stack/data/venv/lib/python3.12/site-packages/oslo_config/cfg.py:3560}}
Aug 17 22:04:51.511157 np0000007595 nova-scheduler[96717]: DEBUG cotyledon.oslo_config_glue [-] workarounds.skip_cpu_compare_on_dest = False {{(pid=96717) log_opt_values /opt/stack/data/venv/lib/python3.12/site-packages/oslo_config/cfg.py:3560}}
Aug 17 22:04:51.511157 np0000007595 nova-scheduler[96717]: DEBUG cotyledon.oslo_config_glue [-] workarounds.skip_hypervisor_version_check_on_lm = False {{(pid=96717) log_opt_values /opt/stack/data/venv/lib/python3.12/site-packages/oslo_config/cfg.py:3560}}
Aug 17 22:04:51.511157 np0000007595 nova-scheduler[96717]: DEBUG cotyledon.oslo_config_glue [-] workarounds.skip_reserve_in_use_ironic_nodes = False {{(pid=96717) log_opt_values /opt/stack/data/venv/lib/python3.12/site-packages/oslo_config/cfg.py:3560}}
Aug 17 22:04:51.511388 np0000007595 nova-scheduler[96717]: DEBUG cotyledon.oslo_config_glue [-] workarounds.unified_limits_count_pcpu_as_vcpu = False {{(pid=96717) log_opt_values /opt/stack/data/venv/lib/python3.12/site-packages/oslo_config/cfg.py:3560}}
Aug 17 22:04:51.511388 np0000007595 nova-scheduler[96717]: DEBUG cotyledon.oslo_config_glue [-] workarounds.wait_for_vif_plugged_event_during_hard_reboot = [] {{(pid=96717) log_opt_values /opt/stack/data/venv/lib/python3.12/site-packages/oslo_config/cfg.py:3560}}
Aug 17 22:04:51.511388 np0000007595 nova-scheduler[96717]: DEBUG cotyledon.oslo_config_glue [-] wsgi.api_paste_config = /etc/nova/api-paste.ini {{(pid=96717) log_opt_values /opt/stack/data/venv/lib/python3.12/site-packages/oslo_config/cfg.py:3560}}
Aug 17 22:04:51.511388 np0000007595 nova-scheduler[96717]: DEBUG cotyledon.oslo_config_glue [-] wsgi.secure_proxy_ssl_header = None {{(pid=96717) log_opt_values /opt/stack/data/venv/lib/python3.12/site-packages/oslo_config/cfg.py:3560}}
Aug 17 22:04:51.511388 np0000007595 nova-scheduler[96717]: DEBUG cotyledon.oslo_config_glue [-] zvm.ca_file = None {{(pid=96717) log_opt_values /opt/stack/data/venv/lib/python3.12/site-packages/oslo_config/cfg.py:3560}}
Aug 17 22:04:51.511388 np0000007595 nova-scheduler[96717]: DEBUG cotyledon.oslo_config_glue [-] zvm.cloud_connector_url = None {{(pid=96717) log_opt_values /opt/stack/data/venv/lib/python3.12/site-packages/oslo_config/cfg.py:3560}}
Aug 17 22:04:51.511388 np0000007595 nova-scheduler[96717]: DEBUG cotyledon.oslo_config_glue [-] zvm.image_tmp_path = /opt/stack/data/nova/images {{(pid=96717) log_opt_values /opt/stack/data/venv/lib/python3.12/site-packages/oslo_config/cfg.py:3560}}
Aug 17 22:04:51.511388 np0000007595 nova-scheduler[96717]: DEBUG cotyledon.oslo_config_glue [-] zvm.reachable_timeout = 300 {{(pid=96717) log_opt_values /opt/stack/data/venv/lib/python3.12/site-packages/oslo_config/cfg.py:3560}}
Aug 17 22:04:51.511388 np0000007595 nova-scheduler[96717]: DEBUG cotyledon.oslo_config_glue [-] oslo_versionedobjects.fatal_exception_format_errors = False {{(pid=96717) log_opt_values /opt/stack/data/venv/lib/python3.12/site-packages/oslo_config/cfg.py:3560}}
Aug 17 22:04:51.511615 np0000007595 nova-scheduler[96717]: DEBUG cotyledon.oslo_config_glue [-] oslo_middleware.http_basic_auth_user_file = /etc/htpasswd {{(pid=96717) log_opt_values /opt/stack/data/venv/lib/python3.12/site-packages/oslo_config/cfg.py:3560}}
Aug 17 22:04:51.511615 np0000007595 nova-scheduler[96717]: DEBUG cotyledon.oslo_config_glue [-] oslo_messaging_metrics.metrics_buffer_size = 1000 {{(pid=96717) log_opt_values /opt/stack/data/venv/lib/python3.12/site-packages/oslo_config/cfg.py:3560}}
Aug 17 22:04:51.511615 np0000007595 nova-scheduler[96717]: DEBUG cotyledon.oslo_config_glue [-] oslo_messaging_metrics.metrics_enabled = False {{(pid=96717) log_opt_values /opt/stack/data/venv/lib/python3.12/site-packages/oslo_config/cfg.py:3560}}
Aug 17 22:04:51.511615 np0000007595 nova-scheduler[96717]: DEBUG cotyledon.oslo_config_glue [-] oslo_messaging_metrics.metrics_process_name = {{(pid=96717) log_opt_values /opt/stack/data/venv/lib/python3.12/site-packages/oslo_config/cfg.py:3560}}
Aug 17 22:04:51.511615 np0000007595 nova-scheduler[96717]: DEBUG cotyledon.oslo_config_glue [-] oslo_messaging_metrics.metrics_socket_file = /var/tmp/metrics_collector.sock {{(pid=96717) log_opt_values /opt/stack/data/venv/lib/python3.12/site-packages/oslo_config/cfg.py:3560}}
Aug 17 22:04:51.511615 np0000007595 nova-scheduler[96717]: DEBUG cotyledon.oslo_config_glue [-] oslo_messaging_metrics.metrics_thread_stop_timeout = 10 {{(pid=96717) log_opt_values /opt/stack/data/venv/lib/python3.12/site-packages/oslo_config/cfg.py:3560}}
Aug 17 22:04:51.511615 np0000007595 nova-scheduler[96717]: DEBUG cotyledon.oslo_config_glue [-] profiler.connection_string = messaging:// {{(pid=96717) log_opt_values /opt/stack/data/venv/lib/python3.12/site-packages/oslo_config/cfg.py:3560}}
Aug 17 22:04:51.511615 np0000007595 nova-scheduler[96717]: DEBUG cotyledon.oslo_config_glue [-] profiler.enabled = False {{(pid=96717) log_opt_values /opt/stack/data/venv/lib/python3.12/site-packages/oslo_config/cfg.py:3560}}
Aug 17 22:04:51.511615 np0000007595 nova-scheduler[96717]: DEBUG cotyledon.oslo_config_glue [-] profiler.es_doc_type = notification {{(pid=96717) log_opt_values /opt/stack/data/venv/lib/python3.12/site-packages/oslo_config/cfg.py:3560}}
Aug 17 22:04:51.511785 np0000007595 nova-scheduler[96717]: DEBUG cotyledon.oslo_config_glue [-] profiler.es_scroll_size = 10000 {{(pid=96717) log_opt_values /opt/stack/data/venv/lib/python3.12/site-packages/oslo_config/cfg.py:3560}}
Aug 17 22:04:51.511785 np0000007595 nova-scheduler[96717]: DEBUG cotyledon.oslo_config_glue [-] profiler.es_scroll_time = 2m {{(pid=96717) log_opt_values /opt/stack/data/venv/lib/python3.12/site-packages/oslo_config/cfg.py:3560}}
Aug 17 22:04:51.511785 np0000007595 nova-scheduler[96717]: DEBUG cotyledon.oslo_config_glue [-] profiler.filter_error_trace = False {{(pid=96717) log_opt_values /opt/stack/data/venv/lib/python3.12/site-packages/oslo_config/cfg.py:3560}}
Aug 17 22:04:51.511785 np0000007595 nova-scheduler[96717]: DEBUG cotyledon.oslo_config_glue [-] profiler.hmac_keys = **** {{(pid=96717) log_opt_values /opt/stack/data/venv/lib/python3.12/site-packages/oslo_config/cfg.py:3560}}
Aug 17 22:04:51.511785 np0000007595 nova-scheduler[96717]: DEBUG cotyledon.oslo_config_glue [-] profiler.sentinel_service_name = mymaster {{(pid=96717) log_opt_values /opt/stack/data/venv/lib/python3.12/site-packages/oslo_config/cfg.py:3560}}
Aug 17 22:04:51.511785 np0000007595 nova-scheduler[96717]: DEBUG cotyledon.oslo_config_glue [-] profiler.socket_timeout = 0.1 {{(pid=96717) log_opt_values /opt/stack/data/venv/lib/python3.12/site-packages/oslo_config/cfg.py:3560}}
Aug 17 22:04:51.511785 np0000007595 nova-scheduler[96717]: DEBUG cotyledon.oslo_config_glue [-] profiler.trace_requests = False {{(pid=96717) log_opt_values /opt/stack/data/venv/lib/python3.12/site-packages/oslo_config/cfg.py:3560}}
Aug 17 22:04:51.511785 np0000007595 nova-scheduler[96717]: DEBUG cotyledon.oslo_config_glue [-] profiler.trace_sqlalchemy = False {{(pid=96717) log_opt_values /opt/stack/data/venv/lib/python3.12/site-packages/oslo_config/cfg.py:3560}}
Aug 17 22:04:51.511785 np0000007595 nova-scheduler[96717]: DEBUG cotyledon.oslo_config_glue [-] profiler_jaeger.process_tags = {} {{(pid=96717) log_opt_values /opt/stack/data/venv/lib/python3.12/site-packages/oslo_config/cfg.py:3560}}
Aug 17 22:04:51.511967 np0000007595 nova-scheduler[96717]: DEBUG cotyledon.oslo_config_glue [-] profiler_jaeger.service_name_prefix = None {{(pid=96717) log_opt_values /opt/stack/data/venv/lib/python3.12/site-packages/oslo_config/cfg.py:3560}}
Aug 17 22:04:51.511967 np0000007595 nova-scheduler[96717]: DEBUG cotyledon.oslo_config_glue [-] profiler_otlp.service_name_prefix = None {{(pid=96717) log_opt_values /opt/stack/data/venv/lib/python3.12/site-packages/oslo_config/cfg.py:3560}}
Aug 17 22:04:51.511967 np0000007595 nova-scheduler[96717]: DEBUG cotyledon.oslo_config_glue [-] oslo_messaging_rabbit.amqp_auto_delete = False {{(pid=96717) log_opt_values /opt/stack/data/venv/lib/python3.12/site-packages/oslo_config/cfg.py:3560}}
Aug 17 22:04:51.511967 np0000007595 nova-scheduler[96717]: DEBUG cotyledon.oslo_config_glue [-] oslo_messaging_rabbit.amqp_durable_queues = False {{(pid=96717) log_opt_values /opt/stack/data/venv/lib/python3.12/site-packages/oslo_config/cfg.py:3560}}
Aug 17 22:04:51.511967 np0000007595 nova-scheduler[96717]: DEBUG cotyledon.oslo_config_glue [-] oslo_messaging_rabbit.conn_pool_min_size = 2 {{(pid=96717) log_opt_values /opt/stack/data/venv/lib/python3.12/site-packages/oslo_config/cfg.py:3560}}
Aug 17 22:04:51.511967 np0000007595 nova-scheduler[96717]: DEBUG cotyledon.oslo_config_glue [-] oslo_messaging_rabbit.conn_pool_ttl = 1200 {{(pid=96717) log_opt_values /opt/stack/data/venv/lib/python3.12/site-packages/oslo_config/cfg.py:3560}}
Aug 17 22:04:51.511967 np0000007595 nova-scheduler[96717]: DEBUG cotyledon.oslo_config_glue [-] oslo_messaging_rabbit.direct_mandatory_flag = True {{(pid=96717) log_opt_values /opt/stack/data/venv/lib/python3.12/site-packages/oslo_config/cfg.py:3560}}
Aug 17 22:04:51.511967 np0000007595 nova-scheduler[96717]: DEBUG cotyledon.oslo_config_glue [-] oslo_messaging_rabbit.enable_cancel_on_failover = False {{(pid=96717) log_opt_values /opt/stack/data/venv/lib/python3.12/site-packages/oslo_config/cfg.py:3560}}
Aug 17 22:04:51.511967 np0000007595 nova-scheduler[96717]: DEBUG cotyledon.oslo_config_glue [-] oslo_messaging_rabbit.heartbeat_rate = 3 {{(pid=96717) log_opt_values /opt/stack/data/venv/lib/python3.12/site-packages/oslo_config/cfg.py:3560}}
Aug 17 22:04:51.512160 np0000007595 nova-scheduler[96717]: DEBUG cotyledon.oslo_config_glue [-] oslo_messaging_rabbit.heartbeat_timeout_threshold = 60 {{(pid=96717) log_opt_values /opt/stack/data/venv/lib/python3.12/site-packages/oslo_config/cfg.py:3560}}
Aug 17 22:04:51.512160 np0000007595 nova-scheduler[96717]: DEBUG cotyledon.oslo_config_glue [-] oslo_messaging_rabbit.hostname = np0000007595 {{(pid=96717) log_opt_values /opt/stack/data/venv/lib/python3.12/site-packages/oslo_config/cfg.py:3560}}
Aug 17 22:04:51.512160 np0000007595 nova-scheduler[96717]: DEBUG cotyledon.oslo_config_glue [-] oslo_messaging_rabbit.kombu_compression = None {{(pid=96717) log_opt_values /opt/stack/data/venv/lib/python3.12/site-packages/oslo_config/cfg.py:3560}}
Aug 17 22:04:51.512160 np0000007595 nova-scheduler[96717]: DEBUG cotyledon.oslo_config_glue [-] oslo_messaging_rabbit.kombu_failover_strategy = round-robin {{(pid=96717) log_opt_values /opt/stack/data/venv/lib/python3.12/site-packages/oslo_config/cfg.py:3560}}
Aug 17 22:04:51.512160 np0000007595 nova-scheduler[96717]: DEBUG cotyledon.oslo_config_glue [-] oslo_messaging_rabbit.kombu_missing_consumer_retry_timeout = 60 {{(pid=96717) log_opt_values /opt/stack/data/venv/lib/python3.12/site-packages/oslo_config/cfg.py:3560}}
Aug 17 22:04:51.512160 np0000007595 nova-scheduler[96717]: DEBUG cotyledon.oslo_config_glue [-] oslo_messaging_rabbit.kombu_reconnect_delay = 1.0 {{(pid=96717) log_opt_values /opt/stack/data/venv/lib/python3.12/site-packages/oslo_config/cfg.py:3560}}
Aug 17 22:04:51.512160 np0000007595 nova-scheduler[96717]: DEBUG cotyledon.oslo_config_glue [-] oslo_messaging_rabbit.kombu_reconnect_splay = 0.0 {{(pid=96717) log_opt_values /opt/stack/data/venv/lib/python3.12/site-packages/oslo_config/cfg.py:3560}}
Aug 17 22:04:51.512160 np0000007595 nova-scheduler[96717]: DEBUG cotyledon.oslo_config_glue [-] oslo_messaging_rabbit.processname = nova-scheduler {{(pid=96717) log_opt_values /opt/stack/data/venv/lib/python3.12/site-packages/oslo_config/cfg.py:3560}}
Aug 17 22:04:51.512160 np0000007595 nova-scheduler[96717]: DEBUG cotyledon.oslo_config_glue [-] oslo_messaging_rabbit.rabbit_ha_queues = False {{(pid=96717) log_opt_values /opt/stack/data/venv/lib/python3.12/site-packages/oslo_config/cfg.py:3560}}
Aug 17 22:04:51.512389 np0000007595 nova-scheduler[96717]: DEBUG cotyledon.oslo_config_glue [-] oslo_messaging_rabbit.rabbit_interval_max = 30 {{(pid=96717) log_opt_values /opt/stack/data/venv/lib/python3.12/site-packages/oslo_config/cfg.py:3560}}
Aug 17 22:04:51.512389 np0000007595 nova-scheduler[96717]: DEBUG cotyledon.oslo_config_glue [-] oslo_messaging_rabbit.rabbit_login_method = AMQPLAIN {{(pid=96717) log_opt_values /opt/stack/data/venv/lib/python3.12/site-packages/oslo_config/cfg.py:3560}}
Aug 17 22:04:51.512389 np0000007595 nova-scheduler[96717]: DEBUG cotyledon.oslo_config_glue [-] oslo_messaging_rabbit.rabbit_qos_prefetch_count = 0 {{(pid=96717) log_opt_values /opt/stack/data/venv/lib/python3.12/site-packages/oslo_config/cfg.py:3560}}
Aug 17 22:04:51.512389 np0000007595 nova-scheduler[96717]: DEBUG cotyledon.oslo_config_glue [-] oslo_messaging_rabbit.rabbit_quorum_delivery_limit = 0 {{(pid=96717) log_opt_values /opt/stack/data/venv/lib/python3.12/site-packages/oslo_config/cfg.py:3560}}
Aug 17 22:04:51.512389 np0000007595 nova-scheduler[96717]: DEBUG cotyledon.oslo_config_glue [-] oslo_messaging_rabbit.rabbit_quorum_max_memory_bytes = 0 {{(pid=96717) log_opt_values /opt/stack/data/venv/lib/python3.12/site-packages/oslo_config/cfg.py:3560}}
Aug 17 22:04:51.512389 np0000007595 nova-scheduler[96717]: DEBUG cotyledon.oslo_config_glue [-] oslo_messaging_rabbit.rabbit_quorum_max_memory_length = 0 {{(pid=96717) log_opt_values /opt/stack/data/venv/lib/python3.12/site-packages/oslo_config/cfg.py:3560}}
Aug 17 22:04:51.512389 np0000007595 nova-scheduler[96717]: DEBUG cotyledon.oslo_config_glue [-] oslo_messaging_rabbit.rabbit_quorum_queue = False {{(pid=96717) log_opt_values /opt/stack/data/venv/lib/python3.12/site-packages/oslo_config/cfg.py:3560}}
Aug 17 22:04:51.512389 np0000007595 nova-scheduler[96717]: DEBUG cotyledon.oslo_config_glue [-] oslo_messaging_rabbit.rabbit_retry_backoff = 2 {{(pid=96717) log_opt_values /opt/stack/data/venv/lib/python3.12/site-packages/oslo_config/cfg.py:3560}}
Aug 17 22:04:51.512389 np0000007595 nova-scheduler[96717]: DEBUG cotyledon.oslo_config_glue [-] oslo_messaging_rabbit.rabbit_retry_interval = 1 {{(pid=96717) log_opt_values /opt/stack/data/venv/lib/python3.12/site-packages/oslo_config/cfg.py:3560}}
Aug 17 22:04:51.512596 np0000007595 nova-scheduler[96717]: DEBUG cotyledon.oslo_config_glue [-] oslo_messaging_rabbit.rabbit_stream_fanout = False {{(pid=96717) log_opt_values /opt/stack/data/venv/lib/python3.12/site-packages/oslo_config/cfg.py:3560}}
Aug 17 22:04:51.512596 np0000007595 nova-scheduler[96717]: DEBUG cotyledon.oslo_config_glue [-] oslo_messaging_rabbit.rabbit_transient_queues_ttl = 1800 {{(pid=96717) log_opt_values /opt/stack/data/venv/lib/python3.12/site-packages/oslo_config/cfg.py:3560}}
Aug 17 22:04:51.512596 np0000007595 nova-scheduler[96717]: DEBUG cotyledon.oslo_config_glue [-] oslo_messaging_rabbit.rabbit_transient_quorum_queue = False {{(pid=96717) log_opt_values /opt/stack/data/venv/lib/python3.12/site-packages/oslo_config/cfg.py:3560}}
Aug 17 22:04:51.512596 np0000007595 nova-scheduler[96717]: DEBUG cotyledon.oslo_config_glue [-] oslo_messaging_rabbit.rpc_conn_pool_size = 30 {{(pid=96717) log_opt_values /opt/stack/data/venv/lib/python3.12/site-packages/oslo_config/cfg.py:3560}}
Aug 17 22:04:51.512596 np0000007595 nova-scheduler[96717]: DEBUG cotyledon.oslo_config_glue [-] oslo_messaging_rabbit.ssl = False {{(pid=96717) log_opt_values /opt/stack/data/venv/lib/python3.12/site-packages/oslo_config/cfg.py:3560}}
Aug 17 22:04:51.512596 np0000007595 nova-scheduler[96717]: DEBUG cotyledon.oslo_config_glue [-] oslo_messaging_rabbit.ssl_ca_file = {{(pid=96717) log_opt_values /opt/stack/data/venv/lib/python3.12/site-packages/oslo_config/cfg.py:3560}}
Aug 17 22:04:51.512596 np0000007595 nova-scheduler[96717]: DEBUG cotyledon.oslo_config_glue [-] oslo_messaging_rabbit.ssl_cert_file = {{(pid=96717) log_opt_values /opt/stack/data/venv/lib/python3.12/site-packages/oslo_config/cfg.py:3560}}
Aug 17 22:04:51.512596 np0000007595 nova-scheduler[96717]: DEBUG cotyledon.oslo_config_glue [-] oslo_messaging_rabbit.ssl_enforce_fips_mode = False {{(pid=96717) log_opt_values /opt/stack/data/venv/lib/python3.12/site-packages/oslo_config/cfg.py:3560}}
Aug 17 22:04:51.512596 np0000007595 nova-scheduler[96717]: DEBUG cotyledon.oslo_config_glue [-] oslo_messaging_rabbit.ssl_enforce_hostname_verification = True {{(pid=96717) log_opt_values /opt/stack/data/venv/lib/python3.12/site-packages/oslo_config/cfg.py:3560}}
Aug 17 22:04:51.514501 np0000007595 nova-scheduler[96717]: DEBUG cotyledon.oslo_config_glue [-] oslo_messaging_rabbit.ssl_key_file = {{(pid=96717) log_opt_values /opt/stack/data/venv/lib/python3.12/site-packages/oslo_config/cfg.py:3560}}
Aug 17 22:04:51.514501 np0000007595 nova-scheduler[96717]: DEBUG cotyledon.oslo_config_glue [-] oslo_messaging_rabbit.ssl_version = {{(pid=96717) log_opt_values /opt/stack/data/venv/lib/python3.12/site-packages/oslo_config/cfg.py:3560}}
Aug 17 22:04:51.514501 np0000007595 nova-scheduler[96717]: DEBUG cotyledon.oslo_config_glue [-] oslo_messaging_rabbit.use_queue_manager = False {{(pid=96717) log_opt_values /opt/stack/data/venv/lib/python3.12/site-packages/oslo_config/cfg.py:3560}}
Aug 17 22:04:51.514501 np0000007595 nova-scheduler[96717]: DEBUG cotyledon.oslo_config_glue [-] oslo_messaging_notifications.driver = ['messagingv2'] {{(pid=96717) log_opt_values /opt/stack/data/venv/lib/python3.12/site-packages/oslo_config/cfg.py:3560}}
Aug 17 22:04:51.514501 np0000007595 nova-scheduler[96717]: DEBUG cotyledon.oslo_config_glue [-] oslo_messaging_notifications.retry = -1 {{(pid=96717) log_opt_values /opt/stack/data/venv/lib/python3.12/site-packages/oslo_config/cfg.py:3560}}
Aug 17 22:04:51.514501 np0000007595 nova-scheduler[96717]: DEBUG cotyledon.oslo_config_glue [-] oslo_messaging_notifications.topics = ['notifications'] {{(pid=96717) log_opt_values /opt/stack/data/venv/lib/python3.12/site-packages/oslo_config/cfg.py:3560}}
Aug 17 22:04:51.514501 np0000007595 nova-scheduler[96717]: DEBUG cotyledon.oslo_config_glue [-] oslo_messaging_notifications.transport_url = **** {{(pid=96717) log_opt_values /opt/stack/data/venv/lib/python3.12/site-packages/oslo_config/cfg.py:3560}}
Aug 17 22:04:51.514501 np0000007595 nova-scheduler[96717]: DEBUG cotyledon.oslo_config_glue [-] oslo_limit.auth_section = None {{(pid=96717) log_opt_values /opt/stack/data/venv/lib/python3.12/site-packages/oslo_config/cfg.py:3560}}
Aug 17 22:04:51.514501 np0000007595 nova-scheduler[96717]: DEBUG cotyledon.oslo_config_glue [-] oslo_limit.auth_type = None {{(pid=96717) log_opt_values /opt/stack/data/venv/lib/python3.12/site-packages/oslo_config/cfg.py:3560}}
Aug 17 22:04:51.514754 np0000007595 nova-scheduler[96717]: DEBUG cotyledon.oslo_config_glue [-] oslo_limit.cafile = None {{(pid=96717) log_opt_values /opt/stack/data/venv/lib/python3.12/site-packages/oslo_config/cfg.py:3560}}
Aug 17 22:04:51.514754 np0000007595 nova-scheduler[96717]: DEBUG cotyledon.oslo_config_glue [-] oslo_limit.certfile = None {{(pid=96717) log_opt_values /opt/stack/data/venv/lib/python3.12/site-packages/oslo_config/cfg.py:3560}}
Aug 17 22:04:51.514754 np0000007595 nova-scheduler[96717]: DEBUG cotyledon.oslo_config_glue [-] oslo_limit.collect_timing = False {{(pid=96717) log_opt_values /opt/stack/data/venv/lib/python3.12/site-packages/oslo_config/cfg.py:3560}}
Aug 17 22:04:51.514754 np0000007595 nova-scheduler[96717]: DEBUG cotyledon.oslo_config_glue [-] oslo_limit.connect_retries = None {{(pid=96717) log_opt_values /opt/stack/data/venv/lib/python3.12/site-packages/oslo_config/cfg.py:3560}}
Aug 17 22:04:51.514754 np0000007595 nova-scheduler[96717]: DEBUG cotyledon.oslo_config_glue [-] oslo_limit.connect_retry_delay = None {{(pid=96717) log_opt_values /opt/stack/data/venv/lib/python3.12/site-packages/oslo_config/cfg.py:3560}}
Aug 17 22:04:51.514754 np0000007595 nova-scheduler[96717]: DEBUG cotyledon.oslo_config_glue [-] oslo_limit.endpoint_id = None {{(pid=96717) log_opt_values /opt/stack/data/venv/lib/python3.12/site-packages/oslo_config/cfg.py:3560}}
Aug 17 22:04:51.514754 np0000007595 nova-scheduler[96717]: DEBUG cotyledon.oslo_config_glue [-] oslo_limit.endpoint_interface = public {{(pid=96717) log_opt_values /opt/stack/data/venv/lib/python3.12/site-packages/oslo_config/cfg.py:3560}}
Aug 17 22:04:51.514754 np0000007595 nova-scheduler[96717]: DEBUG cotyledon.oslo_config_glue [-] oslo_limit.endpoint_override = None {{(pid=96717) log_opt_values /opt/stack/data/venv/lib/python3.12/site-packages/oslo_config/cfg.py:3560}}
Aug 17 22:04:51.514754 np0000007595 nova-scheduler[96717]: DEBUG cotyledon.oslo_config_glue [-] oslo_limit.endpoint_region_name = None {{(pid=96717) log_opt_values /opt/stack/data/venv/lib/python3.12/site-packages/oslo_config/cfg.py:3560}}
Aug 17 22:04:51.514982 np0000007595 nova-scheduler[96717]: DEBUG cotyledon.oslo_config_glue [-] oslo_limit.endpoint_service_name = None {{(pid=96717) log_opt_values /opt/stack/data/venv/lib/python3.12/site-packages/oslo_config/cfg.py:3560}}
Aug 17 22:04:51.514982 np0000007595 nova-scheduler[96717]: DEBUG cotyledon.oslo_config_glue [-] oslo_limit.endpoint_service_type = None {{(pid=96717) log_opt_values /opt/stack/data/venv/lib/python3.12/site-packages/oslo_config/cfg.py:3560}}
Aug 17 22:04:51.514982 np0000007595 nova-scheduler[96717]: DEBUG cotyledon.oslo_config_glue [-] oslo_limit.insecure = False {{(pid=96717) log_opt_values /opt/stack/data/venv/lib/python3.12/site-packages/oslo_config/cfg.py:3560}}
Aug 17 22:04:51.514982 np0000007595 nova-scheduler[96717]: DEBUG cotyledon.oslo_config_glue [-] oslo_limit.keyfile = None {{(pid=96717) log_opt_values /opt/stack/data/venv/lib/python3.12/site-packages/oslo_config/cfg.py:3560}}
Aug 17 22:04:51.514982 np0000007595 nova-scheduler[96717]: DEBUG cotyledon.oslo_config_glue [-] oslo_limit.max_version = None {{(pid=96717) log_opt_values /opt/stack/data/venv/lib/python3.12/site-packages/oslo_config/cfg.py:3560}}
Aug 17 22:04:51.514982 np0000007595 nova-scheduler[96717]: DEBUG cotyledon.oslo_config_glue [-] oslo_limit.min_version = None {{(pid=96717) log_opt_values /opt/stack/data/venv/lib/python3.12/site-packages/oslo_config/cfg.py:3560}}
Aug 17 22:04:51.514982 np0000007595 nova-scheduler[96717]: DEBUG cotyledon.oslo_config_glue [-] oslo_limit.region_name = None {{(pid=96717) log_opt_values /opt/stack/data/venv/lib/python3.12/site-packages/oslo_config/cfg.py:3560}}
Aug 17 22:04:51.514982 np0000007595 nova-scheduler[96717]: DEBUG cotyledon.oslo_config_glue [-] oslo_limit.retriable_status_codes = None {{(pid=96717) log_opt_values /opt/stack/data/venv/lib/python3.12/site-packages/oslo_config/cfg.py:3560}}
Aug 17 22:04:51.514982 np0000007595 nova-scheduler[96717]: DEBUG cotyledon.oslo_config_glue [-] oslo_limit.service_name = None {{(pid=96717) log_opt_values /opt/stack/data/venv/lib/python3.12/site-packages/oslo_config/cfg.py:3560}}
Aug 17 22:04:51.515176 np0000007595 nova-scheduler[96717]: DEBUG cotyledon.oslo_config_glue [-] oslo_limit.service_type = None {{(pid=96717) log_opt_values /opt/stack/data/venv/lib/python3.12/site-packages/oslo_config/cfg.py:3560}}
Aug 17 22:04:51.515176 np0000007595 nova-scheduler[96717]: DEBUG cotyledon.oslo_config_glue [-] oslo_limit.split_loggers = False {{(pid=96717) log_opt_values /opt/stack/data/venv/lib/python3.12/site-packages/oslo_config/cfg.py:3560}}
Aug 17 22:04:51.515176 np0000007595 nova-scheduler[96717]: DEBUG cotyledon.oslo_config_glue [-] oslo_limit.status_code_retries = None {{(pid=96717) log_opt_values /opt/stack/data/venv/lib/python3.12/site-packages/oslo_config/cfg.py:3560}}
Aug 17 22:04:51.515176 np0000007595 nova-scheduler[96717]: DEBUG cotyledon.oslo_config_glue [-] oslo_limit.status_code_retry_delay = None {{(pid=96717) log_opt_values /opt/stack/data/venv/lib/python3.12/site-packages/oslo_config/cfg.py:3560}}
Aug 17 22:04:51.515176 np0000007595 nova-scheduler[96717]: DEBUG cotyledon.oslo_config_glue [-] oslo_limit.timeout = None {{(pid=96717) log_opt_values /opt/stack/data/venv/lib/python3.12/site-packages/oslo_config/cfg.py:3560}}
Aug 17 22:04:51.515176 np0000007595 nova-scheduler[96717]: DEBUG cotyledon.oslo_config_glue [-] oslo_limit.valid_interfaces = None {{(pid=96717) log_opt_values /opt/stack/data/venv/lib/python3.12/site-packages/oslo_config/cfg.py:3560}}
Aug 17 22:04:51.515176 np0000007595 nova-scheduler[96717]: DEBUG cotyledon.oslo_config_glue [-] oslo_limit.version = None {{(pid=96717) log_opt_values /opt/stack/data/venv/lib/python3.12/site-packages/oslo_config/cfg.py:3560}}
Aug 17 22:04:51.515176 np0000007595 nova-scheduler[96717]: DEBUG cotyledon.oslo_config_glue [-] oslo_reports.file_event_handler = None {{(pid=96717) log_opt_values /opt/stack/data/venv/lib/python3.12/site-packages/oslo_config/cfg.py:3560}}
Aug 17 22:04:51.515176 np0000007595 nova-scheduler[96717]: DEBUG cotyledon.oslo_config_glue [-] oslo_reports.file_event_handler_interval = 1 {{(pid=96717) log_opt_values /opt/stack/data/venv/lib/python3.12/site-packages/oslo_config/cfg.py:3560}}
Aug 17 22:04:51.515364 np0000007595 nova-scheduler[96717]: DEBUG cotyledon.oslo_config_glue [-] oslo_reports.log_dir = None {{(pid=96717) log_opt_values /opt/stack/data/venv/lib/python3.12/site-packages/oslo_config/cfg.py:3560}}
Aug 17 22:04:51.515364 np0000007595 nova-scheduler[96717]: DEBUG cotyledon.oslo_config_glue [-] ******************************************************************************** {{(pid=96717) log_opt_values /opt/stack/data/venv/lib/python3.12/site-packages/oslo_config/cfg.py:3567}}
Aug 17 22:04:51.515364 np0000007595 nova-scheduler[96717]: DEBUG cotyledon._service_worker [-] Run service ServiceWrapper(3) [96717] {{(pid=96717) wait_forever /opt/stack/data/venv/lib/python3.12/site-packages/cotyledon/_service_worker.py:218}}
Aug 17 22:04:51.515364 np0000007595 nova-scheduler[96717]: INFO nova.service [-] Starting scheduler node (version 33.1.0)
Aug 17 22:04:51.515364 np0000007595 nova-scheduler[96717]: INFO dbcounter [None req-a4db8634-7f0b-4a1a-806d-234686868d75 None None] Registered counter for database nova_cell0
Aug 17 22:04:51.515477 np0000007595 nova-scheduler[96711]: DEBUG oslo_db.sqlalchemy.engines [None req-727b7636-202d-4d67-b62e-1242a524fd56 None None] MySQL server mode set to STRICT_TRANS_TABLES,STRICT_ALL_TABLES,NO_ZERO_IN_DATE,NO_ZERO_DATE,ERROR_FOR_DIVISION_BY_ZERO,TRADITIONAL,NO_ENGINE_SUBSTITUTION {{(pid=96711) _check_effective_sql_mode /opt/stack/data/venv/lib/python3.12/site-packages/oslo_db/sqlalchemy/engines.py:325}}
Aug 17 22:04:51.515477 np0000007595 nova-scheduler[96711]: DEBUG dbcounter [-] [96711] Writer thread running {{(pid=96711) stat_writer /opt/stack/data/venv/lib/python3.12/site-packages/dbcounter.py:102}}
Aug 17 22:04:51.515524 np0000007595 nova-scheduler[96713]: DEBUG oslo_db.sqlalchemy.engines [None req-7e3b2782-66ba-45cd-925e-5fb272c4eccd None None] MySQL server mode set to STRICT_TRANS_TABLES,STRICT_ALL_TABLES,NO_ZERO_IN_DATE,NO_ZERO_DATE,ERROR_FOR_DIVISION_BY_ZERO,TRADITIONAL,NO_ENGINE_SUBSTITUTION {{(pid=96713) _check_effective_sql_mode /opt/stack/data/venv/lib/python3.12/site-packages/oslo_db/sqlalchemy/engines.py:325}}
Aug 17 22:04:51.515574 np0000007595 nova-scheduler[96715]: DEBUG oslo_db.sqlalchemy.engines [None req-852d83f7-223c-4f09-8961-3e9c6f6ae207 None None] MySQL server mode set to STRICT_TRANS_TABLES,STRICT_ALL_TABLES,NO_ZERO_IN_DATE,NO_ZERO_DATE,ERROR_FOR_DIVISION_BY_ZERO,TRADITIONAL,NO_ENGINE_SUBSTITUTION {{(pid=96715) _check_effective_sql_mode /opt/stack/data/venv/lib/python3.12/site-packages/oslo_db/sqlalchemy/engines.py:325}}
Aug 17 22:04:51.515607 np0000007595 nova-scheduler[96711]: DEBUG nova.service [None req-727b7636-202d-4d67-b62e-1242a524fd56 None None] Creating RPC server for service: nova-scheduler on topic: scheduler {{(pid=96711) start /opt/stack/nova/nova/service.py:262}}
Aug 17 22:04:51.515652 np0000007595 nova-scheduler[96713]: DEBUG dbcounter [-] [96713] Writer thread running {{(pid=96713) stat_writer /opt/stack/data/venv/lib/python3.12/site-packages/dbcounter.py:102}}
Aug 17 22:04:51.519001 np0000007595 nova-scheduler[96713]: DEBUG nova.service [None req-7e3b2782-66ba-45cd-925e-5fb272c4eccd None None] Creating RPC server for service: nova-scheduler on topic: scheduler {{(pid=96713) start /opt/stack/nova/nova/service.py:262}}
Aug 17 22:04:51.522088 np0000007595 nova-scheduler[96715]: DEBUG dbcounter [-] [96715] Writer thread running {{(pid=96715) stat_writer /opt/stack/data/venv/lib/python3.12/site-packages/dbcounter.py:102}}
Aug 17 22:04:51.526047 np0000007595 nova-scheduler[96715]: DEBUG nova.service [None req-852d83f7-223c-4f09-8961-3e9c6f6ae207 None None] Creating RPC server for service: nova-scheduler on topic: scheduler {{(pid=96715) start /opt/stack/nova/nova/service.py:262}}
Aug 17 22:04:51.526497 np0000007595 nova-scheduler[96717]: DEBUG oslo_db.sqlalchemy.engines [None req-a4db8634-7f0b-4a1a-806d-234686868d75 None None] MySQL server mode set to STRICT_TRANS_TABLES,STRICT_ALL_TABLES,NO_ZERO_IN_DATE,NO_ZERO_DATE,ERROR_FOR_DIVISION_BY_ZERO,TRADITIONAL,NO_ENGINE_SUBSTITUTION {{(pid=96717) _check_effective_sql_mode /opt/stack/data/venv/lib/python3.12/site-packages/oslo_db/sqlalchemy/engines.py:325}}
Aug 17 22:04:51.537812 np0000007595 nova-scheduler[96717]: DEBUG dbcounter [-] [96717] Writer thread running {{(pid=96717) stat_writer /opt/stack/data/venv/lib/python3.12/site-packages/dbcounter.py:102}}
Aug 17 22:04:51.542788 np0000007595 nova-scheduler[96717]: DEBUG nova.service [None req-a4db8634-7f0b-4a1a-806d-234686868d75 None None] Creating RPC server for service: nova-scheduler on topic: scheduler {{(pid=96717) start /opt/stack/nova/nova/service.py:262}}
Aug 17 22:04:51.554673 np0000007595 nova-scheduler[96711]: DEBUG nova.service [None req-727b7636-202d-4d67-b62e-1242a524fd56 None None] Join ServiceGroup membership for this service scheduler {{(pid=96711) start /opt/stack/nova/nova/service.py:288}}
Aug 17 22:04:51.554673 np0000007595 nova-scheduler[96711]: DEBUG nova.servicegroup.drivers.db [None req-727b7636-202d-4d67-b62e-1242a524fd56 None None] DB_Driver: join new ServiceGroup member np0000007595 to the scheduler group, service = {{(pid=96711) join /opt/stack/nova/nova/servicegroup/drivers/db.py:44}}
Aug 17 22:04:51.555010 np0000007595 nova-scheduler[96713]: DEBUG nova.service [None req-7e3b2782-66ba-45cd-925e-5fb272c4eccd None None] Join ServiceGroup membership for this service scheduler {{(pid=96713) start /opt/stack/nova/nova/service.py:288}}
Aug 17 22:04:51.555794 np0000007595 nova-scheduler[96713]: DEBUG nova.servicegroup.drivers.db [None req-7e3b2782-66ba-45cd-925e-5fb272c4eccd None None] DB_Driver: join new ServiceGroup member np0000007595 to the scheduler group, service = {{(pid=96713) join /opt/stack/nova/nova/servicegroup/drivers/db.py:44}}
Aug 17 22:04:51.557946 np0000007595 nova-scheduler[96715]: DEBUG nova.service [None req-852d83f7-223c-4f09-8961-3e9c6f6ae207 None None] Join ServiceGroup membership for this service scheduler {{(pid=96715) start /opt/stack/nova/nova/service.py:288}}
Aug 17 22:04:51.558408 np0000007595 nova-scheduler[96715]: DEBUG nova.servicegroup.drivers.db [None req-852d83f7-223c-4f09-8961-3e9c6f6ae207 None None] DB_Driver: join new ServiceGroup member np0000007595 to the scheduler group, service = {{(pid=96715) join /opt/stack/nova/nova/servicegroup/drivers/db.py:44}}
Aug 17 22:04:51.561729 np0000007595 nova-scheduler[96717]: DEBUG nova.service [None req-a4db8634-7f0b-4a1a-806d-234686868d75 None None] Join ServiceGroup membership for this service scheduler {{(pid=96717) start /opt/stack/nova/nova/service.py:288}}
Aug 17 22:04:51.561995 np0000007595 nova-scheduler[96717]: DEBUG nova.servicegroup.drivers.db [None req-a4db8634-7f0b-4a1a-806d-234686868d75 None None] DB_Driver: join new ServiceGroup member np0000007595 to the scheduler group, service = {{(pid=96717) join /opt/stack/nova/nova/servicegroup/drivers/db.py:44}}
Aug 17 22:04:56.578423 np0000007595 nova-scheduler[96715]: DEBUG oslo.service.backend._threading.loopingcall [-] Fixed interval looping call 'nova.servicegroup.drivers.db.DbDriver._report_state' sleeping for 119.98 seconds {{(pid=96715) _run_loop /opt/stack/data/venv/lib/python3.12/site-packages/oslo_service/backend/_threading/loopingcall.py:125}}
Aug 17 22:04:56.581452 np0000007595 nova-scheduler[96711]: DEBUG oslo.service.backend._threading.loopingcall [-] Fixed interval looping call 'nova.servicegroup.drivers.db.DbDriver._report_state' sleeping for 119.98 seconds {{(pid=96711) _run_loop /opt/stack/data/venv/lib/python3.12/site-packages/oslo_service/backend/_threading/loopingcall.py:125}}
Aug 17 22:04:56.582887 np0000007595 nova-scheduler[96717]: DEBUG oslo.service.backend._threading.loopingcall [-] Fixed interval looping call 'nova.servicegroup.drivers.db.DbDriver._report_state' sleeping for 119.98 seconds {{(pid=96717) _run_loop /opt/stack/data/venv/lib/python3.12/site-packages/oslo_service/backend/_threading/loopingcall.py:125}}
Aug 17 22:04:56.583312 np0000007595 nova-scheduler[96713]: DEBUG oslo.service.backend._threading.loopingcall [-] Fixed interval looping call 'nova.servicegroup.drivers.db.DbDriver._report_state' sleeping for 119.97 seconds {{(pid=96713) _run_loop /opt/stack/data/venv/lib/python3.12/site-packages/oslo_service/backend/_threading/loopingcall.py:125}}
Aug 17 22:05:00.097939 np0000007595 nova-scheduler[95454]: DEBUG dbcounter [-] [95454] Writing DB stats nova_api:SELECT=3 {{(pid=95454) stat_writer /opt/stack/data/venv/lib/python3.12/site-packages/dbcounter.py:115}}
Aug 17 22:05:00.218370 np0000007595 nova-scheduler[95454]: DEBUG dbcounter [-] [95454] Writing DB stats nova_cell0:SELECT=1 {{(pid=95454) stat_writer /opt/stack/data/venv/lib/python3.12/site-packages/dbcounter.py:115}}
Aug 17 22:05:00.228165 np0000007595 nova-scheduler[95454]: DEBUG dbcounter [-] [95454] Writing DB stats nova_cell1:SELECT=1 {{(pid=95454) stat_writer /opt/stack/data/venv/lib/python3.12/site-packages/dbcounter.py:115}}
Aug 17 22:05:06.575631 np0000007595 nova-scheduler[96715]: DEBUG dbcounter [-] [96715] Writing DB stats nova_cell0:SELECT=3,nova_cell0:UPDATE=1 {{(pid=96715) stat_writer /opt/stack/data/venv/lib/python3.12/site-packages/dbcounter.py:115}}
Aug 17 22:05:06.575974 np0000007595 nova-scheduler[96711]: DEBUG dbcounter [-] [96711] Writing DB stats nova_cell0:SELECT=4,nova_cell0:INSERT=1,nova_cell0:UPDATE=1 {{(pid=96711) stat_writer /opt/stack/data/venv/lib/python3.12/site-packages/dbcounter.py:115}}
Aug 17 22:05:06.576183 np0000007595 nova-scheduler[96713]: DEBUG dbcounter [-] [96713] Writing DB stats nova_cell0:SELECT=3,nova_cell0:UPDATE=1 {{(pid=96713) stat_writer /opt/stack/data/venv/lib/python3.12/site-packages/dbcounter.py:115}}
Aug 17 22:05:06.578244 np0000007595 nova-scheduler[96717]: DEBUG dbcounter [-] [96717] Writing DB stats nova_cell0:SELECT=3 {{(pid=96717) stat_writer /opt/stack/data/venv/lib/python3.12/site-packages/dbcounter.py:115}}
Aug 17 22:05:08.558071 np0000007595 nova-scheduler[96711]: DEBUG oslo.service.backend._threading.loopingcall [None req-2b8f58e0-a045-4f51-9417-96734b44e674 None None] Dynamic interval looping call 'nova.service.Service.periodic_tasks' sleeping for 60.00 seconds {{(pid=96711) _run_loop /opt/stack/data/venv/lib/python3.12/site-packages/oslo_service/backend/_threading/loopingcall.py:125}}
Aug 17 22:05:20.558041 np0000007595 nova-scheduler[96713]: DEBUG oslo.service.backend._threading.loopingcall [None req-86efbbe3-0c21-449b-aeb0-0c5a16fd2f30 None None] Dynamic interval looping call 'nova.service.Service.periodic_tasks' sleeping for 60.00 seconds {{(pid=96713) _run_loop /opt/stack/data/venv/lib/python3.12/site-packages/oslo_service/backend/_threading/loopingcall.py:125}}
Aug 17 22:05:22.560491 np0000007595 nova-scheduler[96715]: DEBUG oslo.service.backend._threading.loopingcall [None req-a9d81453-8411-43a2-a708-0fa14fbcf994 None None] Dynamic interval looping call 'nova.service.Service.periodic_tasks' sleeping for 60.00 seconds {{(pid=96715) _run_loop /opt/stack/data/venv/lib/python3.12/site-packages/oslo_service/backend/_threading/loopingcall.py:125}}
Aug 17 22:05:25.564028 np0000007595 nova-scheduler[96717]: DEBUG oslo.service.backend._threading.loopingcall [None req-eeb98a10-e761-4e4b-8994-8782a591b8dd None None] Dynamic interval looping call 'nova.service.Service.periodic_tasks' sleeping for 60.00 seconds {{(pid=96717) _run_loop /opt/stack/data/venv/lib/python3.12/site-packages/oslo_service/backend/_threading/loopingcall.py:125}}
Aug 17 22:06:08.558462 np0000007595 nova-scheduler[96711]: DEBUG oslo.service.backend._threading.loopingcall [None req-2b8f58e0-a045-4f51-9417-96734b44e674 None None] Dynamic interval looping call 'nova.service.Service.periodic_tasks' sleeping for 60.00 seconds {{(pid=96711) _run_loop /opt/stack/data/venv/lib/python3.12/site-packages/oslo_service/backend/_threading/loopingcall.py:125}}
Aug 17 22:06:20.558780 np0000007595 nova-scheduler[96713]: DEBUG oslo.service.backend._threading.loopingcall [None req-86efbbe3-0c21-449b-aeb0-0c5a16fd2f30 None None] Dynamic interval looping call 'nova.service.Service.periodic_tasks' sleeping for 60.00 seconds {{(pid=96713) _run_loop /opt/stack/data/venv/lib/python3.12/site-packages/oslo_service/backend/_threading/loopingcall.py:125}}
Aug 17 22:06:22.561014 np0000007595 nova-scheduler[96715]: DEBUG oslo.service.backend._threading.loopingcall [None req-a9d81453-8411-43a2-a708-0fa14fbcf994 None None] Dynamic interval looping call 'nova.service.Service.periodic_tasks' sleeping for 60.00 seconds {{(pid=96715) _run_loop /opt/stack/data/venv/lib/python3.12/site-packages/oslo_service/backend/_threading/loopingcall.py:125}}
Aug 17 22:06:25.564530 np0000007595 nova-scheduler[96717]: DEBUG oslo.service.backend._threading.loopingcall [None req-eeb98a10-e761-4e4b-8994-8782a591b8dd None None] Dynamic interval looping call 'nova.service.Service.periodic_tasks' sleeping for 60.00 seconds {{(pid=96717) _run_loop /opt/stack/data/venv/lib/python3.12/site-packages/oslo_service/backend/_threading/loopingcall.py:125}}
Aug 17 22:06:56.562350 np0000007595 nova-scheduler[96713]: DEBUG oslo.service.backend._threading.loopingcall [-] Fixed interval looping call 'nova.servicegroup.drivers.db.DbDriver._report_state' sleeping for 119.99 seconds {{(pid=96713) _run_loop /opt/stack/data/venv/lib/python3.12/site-packages/oslo_service/backend/_threading/loopingcall.py:125}}
Aug 17 22:06:56.564672 np0000007595 nova-scheduler[96715]: DEBUG oslo.service.backend._threading.loopingcall [-] Fixed interval looping call 'nova.servicegroup.drivers.db.DbDriver._report_state' sleeping for 119.99 seconds {{(pid=96715) _run_loop /opt/stack/data/venv/lib/python3.12/site-packages/oslo_service/backend/_threading/loopingcall.py:125}}
Aug 17 22:06:56.569123 np0000007595 nova-scheduler[96711]: DEBUG oslo.service.backend._threading.loopingcall [-] Fixed interval looping call 'nova.servicegroup.drivers.db.DbDriver._report_state' sleeping for 119.99 seconds {{(pid=96711) _run_loop /opt/stack/data/venv/lib/python3.12/site-packages/oslo_service/backend/_threading/loopingcall.py:125}}
Aug 17 22:06:56.569751 np0000007595 nova-scheduler[96717]: DEBUG oslo.service.backend._threading.loopingcall [-] Fixed interval looping call 'nova.servicegroup.drivers.db.DbDriver._report_state' sleeping for 119.99 seconds {{(pid=96717) _run_loop /opt/stack/data/venv/lib/python3.12/site-packages/oslo_service/backend/_threading/loopingcall.py:125}}
Aug 17 22:07:06.557403 np0000007595 nova-scheduler[96713]: DEBUG dbcounter [-] [96713] Writing DB stats nova_cell0:SELECT=1,nova_cell0:UPDATE=1 {{(pid=96713) stat_writer /opt/stack/data/venv/lib/python3.12/site-packages/dbcounter.py:115}}
Aug 17 22:07:06.563626 np0000007595 nova-scheduler[96715]: DEBUG dbcounter [-] [96715] Writing DB stats nova_cell0:SELECT=1,nova_cell0:UPDATE=1 {{(pid=96715) stat_writer /opt/stack/data/venv/lib/python3.12/site-packages/dbcounter.py:115}}
Aug 17 22:07:06.564381 np0000007595 nova-scheduler[96711]: DEBUG dbcounter [-] [96711] Writing DB stats nova_cell0:SELECT=1 {{(pid=96711) stat_writer /opt/stack/data/venv/lib/python3.12/site-packages/dbcounter.py:115}}
Aug 17 22:07:06.567156 np0000007595 nova-scheduler[96717]: DEBUG dbcounter [-] [96717] Writing DB stats nova_cell0:SELECT=1 {{(pid=96717) stat_writer /opt/stack/data/venv/lib/python3.12/site-packages/dbcounter.py:115}}
Aug 17 22:07:08.559108 np0000007595 nova-scheduler[96711]: DEBUG oslo.service.backend._threading.loopingcall [None req-2b8f58e0-a045-4f51-9417-96734b44e674 None None] Dynamic interval looping call 'nova.service.Service.periodic_tasks' sleeping for 60.00 seconds {{(pid=96711) _run_loop /opt/stack/data/venv/lib/python3.12/site-packages/oslo_service/backend/_threading/loopingcall.py:125}}
Aug 17 22:07:17.748300 np0000007595 nova-scheduler[96711]: DEBUG nova.scheduler.manager [None req-4600ef6b-f21b-43ac-9f10-d76dba4e67d2 tempest-ServerRescueNegativeTestJSON-1535633832 tempest-ServerRescueNegativeTestJSON-1535633832-project-member] Starting to schedule for instances: ['0775ba63-da02-4c8d-9500-6e358cdb292e'] {{(pid=96711) select_destinations /opt/stack/nova/nova/scheduler/manager.py:197}}
Aug 17 22:07:17.749766 np0000007595 nova-scheduler[96711]: DEBUG nova.scheduler.request_filter [None req-4600ef6b-f21b-43ac-9f10-d76dba4e67d2 tempest-ServerRescueNegativeTestJSON-1535633832 tempest-ServerRescueNegativeTestJSON-1535633832-project-member] compute_status_filter request filter added forbidden trait COMPUTE_STATUS_DISABLED {{(pid=96711) compute_status_filter /opt/stack/nova/nova/scheduler/request_filter.py:253}}
Aug 17 22:07:17.749983 np0000007595 nova-scheduler[96711]: DEBUG nova.scheduler.request_filter [None req-4600ef6b-f21b-43ac-9f10-d76dba4e67d2 tempest-ServerRescueNegativeTestJSON-1535633832 tempest-ServerRescueNegativeTestJSON-1535633832-project-member] Request filter 'compute_status_filter' took 0.0 seconds {{(pid=96711) wrapper /opt/stack/nova/nova/scheduler/request_filter.py:46}}
Aug 17 22:07:17.750263 np0000007595 nova-scheduler[96711]: DEBUG nova.scheduler.request_filter [None req-4600ef6b-f21b-43ac-9f10-d76dba4e67d2 tempest-ServerRescueNegativeTestJSON-1535633832 tempest-ServerRescueNegativeTestJSON-1535633832-project-member] Request filter 'accelerators_filter' took 0.0 seconds {{(pid=96711) wrapper /opt/stack/nova/nova/scheduler/request_filter.py:46}}
Aug 17 22:07:17.750504 np0000007595 nova-scheduler[96711]: DEBUG nova.scheduler.request_filter [None req-4600ef6b-f21b-43ac-9f10-d76dba4e67d2 tempest-ServerRescueNegativeTestJSON-1535633832 tempest-ServerRescueNegativeTestJSON-1535633832-project-member] Request filter 'packed_virtqueue_filter' took 0.0 seconds {{(pid=96711) wrapper /opt/stack/nova/nova/scheduler/request_filter.py:46}}
Aug 17 22:07:17.750904 np0000007595 nova-scheduler[96711]: DEBUG nova.scheduler.request_filter [None req-4600ef6b-f21b-43ac-9f10-d76dba4e67d2 tempest-ServerRescueNegativeTestJSON-1535633832 tempest-ServerRescueNegativeTestJSON-1535633832-project-member] Request filter 'remote_managed_ports_filter' took 0.0 seconds {{(pid=96711) wrapper /opt/stack/nova/nova/scheduler/request_filter.py:46}}
Aug 17 22:07:17.751110 np0000007595 nova-scheduler[96711]: DEBUG nova.scheduler.request_filter [None req-4600ef6b-f21b-43ac-9f10-d76dba4e67d2 tempest-ServerRescueNegativeTestJSON-1535633832 tempest-ServerRescueNegativeTestJSON-1535633832-project-member] ephemeral_encryption_filter skipped {{(pid=96711) ephemeral_encryption_filter /opt/stack/nova/nova/scheduler/request_filter.py:426}}
Aug 17 22:07:17.751286 np0000007595 nova-scheduler[96711]: DEBUG nova.scheduler.request_filter [None req-4600ef6b-f21b-43ac-9f10-d76dba4e67d2 tempest-ServerRescueNegativeTestJSON-1535633832 tempest-ServerRescueNegativeTestJSON-1535633832-project-member] virtio_sound_filter skipped {{(pid=96711) virtio_sound_filter /opt/stack/nova/nova/scheduler/request_filter.py:460}}
Aug 17 22:07:17.751454 np0000007595 nova-scheduler[96711]: DEBUG nova.scheduler.request_filter [None req-4600ef6b-f21b-43ac-9f10-d76dba4e67d2 tempest-ServerRescueNegativeTestJSON-1535633832 tempest-ServerRescueNegativeTestJSON-1535633832-project-member] tpm_secret_security_filter skipped {{(pid=96711) tpm_secret_security_filter /opt/stack/nova/nova/scheduler/request_filter.py:477}}
Aug 17 22:07:18.406316 np0000007595 nova-scheduler[96711]: INFO nova.utils [None req-4600ef6b-f21b-43ac-9f10-d76dba4e67d2 tempest-ServerRescueNegativeTestJSON-1535633832 tempest-ServerRescueNegativeTestJSON-1535633832-project-member] The cell worker thread pool ForkProcess-1.cell_worker is initialized
Aug 17 22:07:18.406784 np0000007595 nova-scheduler[96711]: DEBUG oslo_concurrency.lockutils [None req-4600ef6b-f21b-43ac-9f10-d76dba4e67d2 tempest-ServerRescueNegativeTestJSON-1535633832 tempest-ServerRescueNegativeTestJSON-1535633832-project-member] Acquiring lock "a3abcd33-fdfc-4fdc-ba96-9b02190ed348" by "nova.context.set_target_cell..get_or_set_cached_cell_and_set_connections" {{(pid=96711) inner /opt/stack/data/venv/lib/python3.12/site-packages/oslo_concurrency/lockutils.py:512}}
Aug 17 22:07:18.406999 np0000007595 nova-scheduler[96711]: DEBUG oslo_concurrency.lockutils [None req-4600ef6b-f21b-43ac-9f10-d76dba4e67d2 tempest-ServerRescueNegativeTestJSON-1535633832 tempest-ServerRescueNegativeTestJSON-1535633832-project-member] Lock "a3abcd33-fdfc-4fdc-ba96-9b02190ed348" acquired by "nova.context.set_target_cell..get_or_set_cached_cell_and_set_connections" :: waited 0.000s {{(pid=96711) inner /opt/stack/data/venv/lib/python3.12/site-packages/oslo_concurrency/lockutils.py:525}}
Aug 17 22:07:18.408665 np0000007595 nova-scheduler[96711]: DEBUG oslo_concurrency.lockutils [None req-4600ef6b-f21b-43ac-9f10-d76dba4e67d2 tempest-ServerRescueNegativeTestJSON-1535633832 tempest-ServerRescueNegativeTestJSON-1535633832-project-member] Lock "a3abcd33-fdfc-4fdc-ba96-9b02190ed348" "released" by "nova.context.set_target_cell..get_or_set_cached_cell_and_set_connections" :: held 0.001s {{(pid=96711) inner /opt/stack/data/venv/lib/python3.12/site-packages/oslo_concurrency/lockutils.py:544}}
Aug 17 22:07:18.410806 np0000007595 nova-scheduler[96711]: INFO dbcounter [None req-4600ef6b-f21b-43ac-9f10-d76dba4e67d2 tempest-ServerRescueNegativeTestJSON-1535633832 tempest-ServerRescueNegativeTestJSON-1535633832-project-member] Registered counter for database nova_cell1
Aug 17 22:07:18.448639 np0000007595 nova-scheduler[96711]: DEBUG oslo_db.sqlalchemy.engines [None req-4600ef6b-f21b-43ac-9f10-d76dba4e67d2 tempest-ServerRescueNegativeTestJSON-1535633832 tempest-ServerRescueNegativeTestJSON-1535633832-project-member] MySQL server mode set to STRICT_TRANS_TABLES,STRICT_ALL_TABLES,NO_ZERO_IN_DATE,NO_ZERO_DATE,ERROR_FOR_DIVISION_BY_ZERO,TRADITIONAL,NO_ENGINE_SUBSTITUTION {{(pid=96711) _check_effective_sql_mode /opt/stack/data/venv/lib/python3.12/site-packages/oslo_db/sqlalchemy/engines.py:325}}
Aug 17 22:07:18.455072 np0000007595 nova-scheduler[96711]: DEBUG dbcounter [-] [96711] Writer thread running {{(pid=96711) stat_writer /opt/stack/data/venv/lib/python3.12/site-packages/dbcounter.py:102}}
Aug 17 22:07:18.466127 np0000007595 nova-scheduler[96711]: DEBUG oslo_db.sqlalchemy.engines [None req-4600ef6b-f21b-43ac-9f10-d76dba4e67d2 tempest-ServerRescueNegativeTestJSON-1535633832 tempest-ServerRescueNegativeTestJSON-1535633832-project-member] Parent process 95454 forked (96711) with an open database connection, which is being discarded and recreated. {{(pid=96711) checkout /opt/stack/data/venv/lib/python3.12/site-packages/oslo_db/sqlalchemy/engines.py:402}}
Aug 17 22:07:18.511765 np0000007595 nova-scheduler[96711]: DEBUG dbcounter [-] [96711] Writer thread running {{(pid=96711) stat_writer /opt/stack/data/venv/lib/python3.12/site-packages/dbcounter.py:102}}
Aug 17 22:07:18.516014 np0000007595 nova-scheduler[96711]: DEBUG oslo_concurrency.lockutils [None req-4600ef6b-f21b-43ac-9f10-d76dba4e67d2 tempest-ServerRescueNegativeTestJSON-1535633832 tempest-ServerRescueNegativeTestJSON-1535633832-project-member] Acquiring lock "a3abcd33-fdfc-4fdc-ba96-9b02190ed348" by "nova.context.set_target_cell..get_or_set_cached_cell_and_set_connections" {{(pid=96711) inner /opt/stack/data/venv/lib/python3.12/site-packages/oslo_concurrency/lockutils.py:512}}
Aug 17 22:07:18.516258 np0000007595 nova-scheduler[96711]: DEBUG oslo_concurrency.lockutils [None req-4600ef6b-f21b-43ac-9f10-d76dba4e67d2 tempest-ServerRescueNegativeTestJSON-1535633832 tempest-ServerRescueNegativeTestJSON-1535633832-project-member] Lock "a3abcd33-fdfc-4fdc-ba96-9b02190ed348" acquired by "nova.context.set_target_cell..get_or_set_cached_cell_and_set_connections" :: waited 0.000s {{(pid=96711) inner /opt/stack/data/venv/lib/python3.12/site-packages/oslo_concurrency/lockutils.py:525}}
Aug 17 22:07:18.516428 np0000007595 nova-scheduler[96711]: DEBUG oslo_concurrency.lockutils [None req-4600ef6b-f21b-43ac-9f10-d76dba4e67d2 tempest-ServerRescueNegativeTestJSON-1535633832 tempest-ServerRescueNegativeTestJSON-1535633832-project-member] Lock "a3abcd33-fdfc-4fdc-ba96-9b02190ed348" "released" by "nova.context.set_target_cell..get_or_set_cached_cell_and_set_connections" :: held 0.000s {{(pid=96711) inner /opt/stack/data/venv/lib/python3.12/site-packages/oslo_concurrency/lockutils.py:544}}
