May 26 19:28:51.653359 np0000001454 devstack@c-api.service[99495]: DEBUG cinder.api.openstack.wsgi [req-f47b68bb-78dd-4934-8451-c01e1e5d2919 req-a112c811-f7f2-468b-b797-9def99991f26 tempest-VolumesAssistedSnapshotsTest-2125398875 tempest-VolumesAssistedSnapshotsTest-2125398875-project-admin] Action: 'action', calling method: complete, body: {"os-complete": null} {{(pid=99495) _process_stack /opt/stack/cinder/cinder/api/openstack/wsgi.py:876}}
May 26 19:28:51.655926 np0000001454 devstack@c-api.service[99494]: INFO cinder.api.openstack.wsgi [req-1282934b-46b9-423e-9e50-a983c515cda6 req-848d6f76-48d2-4921-b64b-51f30c22f3ec tempest-ServerBootFromVolumeStableRescueTest-1734442944 tempest-ServerBootFromVolumeStableRescueTest-1734442944-project-member] GET https://10.4.3.240/volume/v3/volumes/794b011c-c01e-471f-9e36-213a1db9bdbd
May 26 19:28:51.656191 np0000001454 devstack@c-api.service[99494]: DEBUG cinder.api.openstack.wsgi [req-1282934b-46b9-423e-9e50-a983c515cda6 req-848d6f76-48d2-4921-b64b-51f30c22f3ec tempest-ServerBootFromVolumeStableRescueTest-1734442944 tempest-ServerBootFromVolumeStableRescueTest-1734442944-project-member] Empty body provided in request {{(pid=99494) get_body /opt/stack/cinder/cinder/api/openstack/wsgi.py:725}}
May 26 19:28:51.656414 np0000001454 devstack@c-api.service[99494]: DEBUG cinder.api.openstack.wsgi [req-1282934b-46b9-423e-9e50-a983c515cda6 req-848d6f76-48d2-4921-b64b-51f30c22f3ec tempest-ServerBootFromVolumeStableRescueTest-1734442944 tempest-ServerBootFromVolumeStableRescueTest-1734442944-project-member] Calling method 'show' {{(pid=99494) _process_stack /opt/stack/cinder/cinder/api/openstack/wsgi.py:878}}
May 26 19:28:51.665829 np0000001454 devstack@c-api.service[99494]: /opt/stack/data/venv/lib/python3.12/site-packages/oslo_context/context.py:102: DeprecationWarning: Policy enforcement is depending on the value of is_admin. This key is deprecated. Please update your policy file to use the standard policy values.
May 26 19:28:51.665829 np0000001454 devstack@c-api.service[99494]: warnings.warn(
May 26 19:28:51.672897 np0000001454 devstack@c-api.service[99494]: INFO cinder.volume.api [req-1282934b-46b9-423e-9e50-a983c515cda6 req-848d6f76-48d2-4921-b64b-51f30c22f3ec tempest-ServerBootFromVolumeStableRescueTest-1734442944 tempest-ServerBootFromVolumeStableRescueTest-1734442944-project-member] Volume info retrieved successfully.
May 26 19:28:51.673700 np0000001454 devstack@c-api.service[99495]: /opt/stack/data/venv/lib/python3.12/site-packages/oslo_context/context.py:102: DeprecationWarning: Policy enforcement is depending on the value of is_admin. This key is deprecated. Please update your policy file to use the standard policy values.
May 26 19:28:51.673700 np0000001454 devstack@c-api.service[99495]: warnings.warn(
May 26 19:28:51.683730 np0000001454 devstack@c-api.service[99494]: INFO cinder.api.openstack.wsgi [req-1282934b-46b9-423e-9e50-a983c515cda6 req-848d6f76-48d2-4921-b64b-51f30c22f3ec tempest-ServerBootFromVolumeStableRescueTest-1734442944 tempest-ServerBootFromVolumeStableRescueTest-1734442944-project-member] https://10.4.3.240/volume/v3/volumes/794b011c-c01e-471f-9e36-213a1db9bdbd returned with HTTP 200
May 26 19:28:51.684202 np0000001454 devstack@c-api.service[99495]: INFO cinder.api.openstack.wsgi [req-f47b68bb-78dd-4934-8451-c01e1e5d2919 req-a112c811-f7f2-468b-b797-9def99991f26 tempest-VolumesAssistedSnapshotsTest-2125398875 tempest-VolumesAssistedSnapshotsTest-2125398875-project-admin] https://10.4.3.240/volume/v3/attachments/76352845-4a56-4162-a386-99c0b55bdd3d/action returned with HTTP 204
May 26 19:28:51.684333 np0000001454 devstack@c-api.service[99494]: [pid: 99494|app: 0|req: 121/352] 10.4.3.240 () {68 vars in 1598 bytes} [Tue May 26 19:28:51 2026] GET /volume/v3/volumes/794b011c-c01e-471f-9e36-213a1db9bdbd => generated 842 bytes in 33 msecs (HTTP/1.1 200) 7 headers in 285 bytes (1 switches on core 0)
May 26 19:28:51.684848 np0000001454 devstack@c-api.service[99495]: [pid: 99495|app: 0|req: 121/353] 10.4.3.240 () {74 vars in 1725 bytes} [Tue May 26 19:28:51 2026] POST /volume/v3/attachments/76352845-4a56-4162-a386-99c0b55bdd3d/action => generated 0 bytes in 37 msecs (HTTP/1.1 204) 7 headers in 292 bytes (1 switches on core 0)
May 26 19:28:51.697285 np0000001454 devstack@c-api.service[99494]: DEBUG cinder.api.middleware.request_id [None req-7d0092eb-627a-40e4-af17-1ed02e148326 None None] RequestId filter calling following filter/app {{(pid=99494) _context_setter /opt/stack/cinder/cinder/api/middleware/request_id.py:62}}
May 26 19:28:51.697812 np0000001454 devstack@c-api.service[99494]: INFO cinder.api.openstack.wsgi [None req-7d0092eb-627a-40e4-af17-1ed02e148326 None None] GET https://10.4.3.240/volume//
May 26 19:28:51.698057 np0000001454 devstack@c-api.service[99494]: DEBUG cinder.api.openstack.wsgi [None req-7d0092eb-627a-40e4-af17-1ed02e148326 None None] Empty body provided in request {{(pid=99494) get_body /opt/stack/cinder/cinder/api/openstack/wsgi.py:725}}
May 26 19:28:51.698371 np0000001454 devstack@c-api.service[99494]: DEBUG cinder.api.openstack.wsgi [None req-7d0092eb-627a-40e4-af17-1ed02e148326 None None] Calling method 'all' {{(pid=99494) _process_stack /opt/stack/cinder/cinder/api/openstack/wsgi.py:878}}
May 26 19:28:51.698772 np0000001454 devstack@c-api.service[99494]: INFO cinder.api.openstack.wsgi [None req-7d0092eb-627a-40e4-af17-1ed02e148326 None None] https://10.4.3.240/volume// returned with HTTP 300
May 26 19:28:51.699632 np0000001454 devstack@c-api.service[99494]: [pid: 99494|app: 0|req: 122/354] 10.4.3.240 () {66 vars in 1426 bytes} [Tue May 26 19:28:51 2026] GET /volume/ => generated 386 bytes in 3 msecs (HTTP/1.1 300) 7 headers in 299 bytes (1 switches on core 0)
May 26 19:28:51.708315 np0000001454 devstack@c-api.service[99495]: DEBUG cinder.api.middleware.request_id [req-1282934b-46b9-423e-9e50-a983c515cda6 req-3c6b4405-b911-43fe-b2ad-a17abf3ae0a3 None None] RequestId filter calling following filter/app {{(pid=99495) _context_setter /opt/stack/cinder/cinder/api/middleware/request_id.py:62}}
May 26 19:28:51.710409 np0000001454 devstack@c-api.service[99495]: INFO cinder.api.openstack.wsgi [req-1282934b-46b9-423e-9e50-a983c515cda6 req-3c6b4405-b911-43fe-b2ad-a17abf3ae0a3 tempest-ServerBootFromVolumeStableRescueTest-1734442944 tempest-ServerBootFromVolumeStableRescueTest-1734442944-project-member] POST https://10.4.3.240/volume/v3/attachments
May 26 19:28:51.710757 np0000001454 devstack@c-api.service[99495]: DEBUG cinder.api.openstack.wsgi [req-1282934b-46b9-423e-9e50-a983c515cda6 req-3c6b4405-b911-43fe-b2ad-a17abf3ae0a3 tempest-ServerBootFromVolumeStableRescueTest-1734442944 tempest-ServerBootFromVolumeStableRescueTest-1734442944-project-member] Action: 'create', calling method: version_select, body: {"attachment": {"volume_uuid": "794b011c-c01e-471f-9e36-213a1db9bdbd", "connector": null, "instance_uuid": "df9e050f-65e8-4cb7-894f-f8aafbdb0d8f"}} {{(pid=99495) _process_stack /opt/stack/cinder/cinder/api/openstack/wsgi.py:876}}
May 26 19:28:51.719640 np0000001454 devstack@c-api.service[99495]: /opt/stack/data/venv/lib/python3.12/site-packages/oslo_context/context.py:102: DeprecationWarning: Policy enforcement is depending on the value of is_admin. This key is deprecated. Please update your policy file to use the standard policy values.
May 26 19:28:51.719640 np0000001454 devstack@c-api.service[99495]: warnings.warn(
May 26 19:28:51.753788 np0000001454 devstack@c-api.service[99495]: INFO cinder.api.openstack.wsgi [req-1282934b-46b9-423e-9e50-a983c515cda6 req-3c6b4405-b911-43fe-b2ad-a17abf3ae0a3 tempest-ServerBootFromVolumeStableRescueTest-1734442944 tempest-ServerBootFromVolumeStableRescueTest-1734442944-project-member] https://10.4.3.240/volume/v3/attachments returned with HTTP 200
May 26 19:28:51.754464 np0000001454 devstack@c-api.service[99495]: [pid: 99495|app: 0|req: 122/355] 10.4.3.240 () {74 vars in 1594 bytes} [Tue May 26 19:28:51 2026] POST /volume/v3/attachments => generated 273 bytes in 47 msecs (HTTP/1.1 200) 7 headers in 286 bytes (1 switches on core 0)
May 26 19:28:51.764618 np0000001454 devstack@c-api.service[99494]: DEBUG cinder.api.middleware.request_id [None req-464bcdd9-bdee-492a-81f6-21e438b5ee4a None None] RequestId filter calling following filter/app {{(pid=99494) _context_setter /opt/stack/cinder/cinder/api/middleware/request_id.py:62}}
May 26 19:28:51.764938 np0000001454 devstack@c-api.service[99494]: INFO cinder.api.openstack.wsgi [None req-464bcdd9-bdee-492a-81f6-21e438b5ee4a None None] GET https://10.4.3.240/volume//
May 26 19:28:51.765134 np0000001454 devstack@c-api.service[99494]: DEBUG cinder.api.openstack.wsgi [None req-464bcdd9-bdee-492a-81f6-21e438b5ee4a None None] Empty body provided in request {{(pid=99494) get_body /opt/stack/cinder/cinder/api/openstack/wsgi.py:725}}
May 26 19:28:51.765319 np0000001454 devstack@c-api.service[99494]: DEBUG cinder.api.openstack.wsgi [None req-464bcdd9-bdee-492a-81f6-21e438b5ee4a None None] Calling method 'all' {{(pid=99494) _process_stack /opt/stack/cinder/cinder/api/openstack/wsgi.py:878}}
May 26 19:28:51.765610 np0000001454 devstack@c-api.service[99494]: INFO cinder.api.openstack.wsgi [None req-464bcdd9-bdee-492a-81f6-21e438b5ee4a None None] https://10.4.3.240/volume// returned with HTTP 300
May 26 19:28:51.765893 np0000001454 devstack@c-api.service[99494]: [pid: 99494|app: 0|req: 123/356] 10.4.3.240 () {66 vars in 1426 bytes} [Tue May 26 19:28:51 2026] GET /volume/ => generated 386 bytes in 2 msecs (HTTP/1.1 300) 7 headers in 299 bytes (1 switches on core 0)
May 26 19:28:51.774265 np0000001454 devstack@c-api.service[99495]: DEBUG cinder.api.middleware.request_id [req-1282934b-46b9-423e-9e50-a983c515cda6 req-f560f180-465d-4be3-8108-a8c628afe615 None None] RequestId filter calling following filter/app {{(pid=99495) _context_setter /opt/stack/cinder/cinder/api/middleware/request_id.py:62}}
May 26 19:28:51.780932 np0000001454 devstack@c-api.service[99495]: INFO cinder.api.openstack.wsgi [req-1282934b-46b9-423e-9e50-a983c515cda6 req-f560f180-465d-4be3-8108-a8c628afe615 tempest-ServerBootFromVolumeStableRescueTest-1734442944 tempest-ServerBootFromVolumeStableRescueTest-1734442944-project-member] GET https://10.4.3.240/volume/v3/volumes/794b011c-c01e-471f-9e36-213a1db9bdbd
May 26 19:28:51.781259 np0000001454 devstack@c-api.service[99495]: DEBUG cinder.api.openstack.wsgi [req-1282934b-46b9-423e-9e50-a983c515cda6 req-f560f180-465d-4be3-8108-a8c628afe615 tempest-ServerBootFromVolumeStableRescueTest-1734442944 tempest-ServerBootFromVolumeStableRescueTest-1734442944-project-member] Empty body provided in request {{(pid=99495) get_body /opt/stack/cinder/cinder/api/openstack/wsgi.py:725}}
May 26 19:28:51.781530 np0000001454 devstack@c-api.service[99495]: DEBUG cinder.api.openstack.wsgi [req-1282934b-46b9-423e-9e50-a983c515cda6 req-f560f180-465d-4be3-8108-a8c628afe615 tempest-ServerBootFromVolumeStableRescueTest-1734442944 tempest-ServerBootFromVolumeStableRescueTest-1734442944-project-member] Calling method 'show' {{(pid=99495) _process_stack /opt/stack/cinder/cinder/api/openstack/wsgi.py:878}}
May 26 19:28:51.781968 np0000001454 devstack@c-api.service[99494]: DEBUG cinder.api.middleware.request_id [None req-151db2b2-688d-4b04-9589-957eeda056ce None None] RequestId filter calling following filter/app {{(pid=99494) _context_setter /opt/stack/cinder/cinder/api/middleware/request_id.py:62}}
May 26 19:28:51.787703 np0000001454 devstack@c-api.service[99494]: INFO cinder.api.openstack.wsgi [None req-151db2b2-688d-4b04-9589-957eeda056ce tempest-GroupsTest-401617425 tempest-GroupsTest-401617425-project-member] GET https://10.4.3.240/volume/v3/volumes/bacaa8d3-9577-459b-a64c-dd43eb125e1d
May 26 19:28:51.787935 np0000001454 devstack@c-api.service[99494]: DEBUG cinder.api.openstack.wsgi [None req-151db2b2-688d-4b04-9589-957eeda056ce tempest-GroupsTest-401617425 tempest-GroupsTest-401617425-project-member] Empty body provided in request {{(pid=99494) get_body /opt/stack/cinder/cinder/api/openstack/wsgi.py:725}}
May 26 19:28:51.788189 np0000001454 devstack@c-api.service[99494]: DEBUG cinder.api.openstack.wsgi [None req-151db2b2-688d-4b04-9589-957eeda056ce tempest-GroupsTest-401617425 tempest-GroupsTest-401617425-project-member] Calling method 'show' {{(pid=99494) _process_stack /opt/stack/cinder/cinder/api/openstack/wsgi.py:878}}
May 26 19:28:51.793685 np0000001454 devstack@c-api.service[99495]: /opt/stack/data/venv/lib/python3.12/site-packages/oslo_context/context.py:102: DeprecationWarning: Policy enforcement is depending on the value of is_admin. This key is deprecated. Please update your policy file to use the standard policy values.
May 26 19:28:51.793685 np0000001454 devstack@c-api.service[99495]: warnings.warn(
May 26 19:28:51.798340 np0000001454 devstack@c-api.service[99495]: INFO cinder.volume.api [req-1282934b-46b9-423e-9e50-a983c515cda6 req-f560f180-465d-4be3-8108-a8c628afe615 tempest-ServerBootFromVolumeStableRescueTest-1734442944 tempest-ServerBootFromVolumeStableRescueTest-1734442944-project-member] Volume info retrieved successfully.
May 26 19:28:51.800112 np0000001454 devstack@c-api.service[99494]: INFO cinder.api.openstack.wsgi [None req-151db2b2-688d-4b04-9589-957eeda056ce tempest-GroupsTest-401617425 tempest-GroupsTest-401617425-project-member] https://10.4.3.240/volume/v3/volumes/bacaa8d3-9577-459b-a64c-dd43eb125e1d returned with HTTP 404
May 26 19:28:51.800759 np0000001454 devstack@c-api.service[99494]: [pid: 99494|app: 0|req: 124/357] 10.4.3.240 () {68 vars in 1389 bytes} [Tue May 26 19:28:51 2026] GET /volume/v3/volumes/bacaa8d3-9577-459b-a64c-dd43eb125e1d => generated 109 bytes in 19 msecs (HTTP/1.1 404) 7 headers in 293 bytes (1 switches on core 0)
May 26 19:28:51.807838 np0000001454 devstack@c-api.service[99495]: INFO cinder.api.openstack.wsgi [req-1282934b-46b9-423e-9e50-a983c515cda6 req-f560f180-465d-4be3-8108-a8c628afe615 tempest-ServerBootFromVolumeStableRescueTest-1734442944 tempest-ServerBootFromVolumeStableRescueTest-1734442944-project-member] https://10.4.3.240/volume/v3/volumes/794b011c-c01e-471f-9e36-213a1db9bdbd returned with HTTP 200
May 26 19:28:51.808589 np0000001454 devstack@c-api.service[99495]: [pid: 99495|app: 0|req: 123/358] 10.4.3.240 () {70 vars in 1639 bytes} [Tue May 26 19:28:51 2026] GET /volume/v3/volumes/794b011c-c01e-471f-9e36-213a1db9bdbd => generated 1021 bytes in 35 msecs (HTTP/1.1 200) 7 headers in 287 bytes (1 switches on core 0)
May 26 19:28:51.813047 np0000001454 devstack@c-api.service[99494]: DEBUG cinder.api.middleware.request_id [None req-34707c77-bb4a-43f6-af2b-dc68fe5a4fc4 None None] RequestId filter calling following filter/app {{(pid=99494) _context_setter /opt/stack/cinder/cinder/api/middleware/request_id.py:62}}
May 26 19:28:51.816361 np0000001454 devstack@c-api.service[99494]: INFO cinder.api.openstack.wsgi [None req-34707c77-bb4a-43f6-af2b-dc68fe5a4fc4 tempest-GroupsTest-401617425 tempest-GroupsTest-401617425-project-member] GET https://10.4.3.240/volume/v3/groups/5540aecb-b17c-42a9-b2d8-f40ddbe8dd66
May 26 19:28:51.819123 np0000001454 devstack@c-api.service[99494]: DEBUG cinder.api.openstack.wsgi [None req-34707c77-bb4a-43f6-af2b-dc68fe5a4fc4 tempest-GroupsTest-401617425 tempest-GroupsTest-401617425-project-member] Empty body provided in request {{(pid=99494) get_body /opt/stack/cinder/cinder/api/openstack/wsgi.py:725}}
May 26 19:28:51.819123 np0000001454 devstack@c-api.service[99494]: DEBUG cinder.api.openstack.wsgi [None req-34707c77-bb4a-43f6-af2b-dc68fe5a4fc4 tempest-GroupsTest-401617425 tempest-GroupsTest-401617425-project-member] Calling method 'version_select' {{(pid=99494) _process_stack /opt/stack/cinder/cinder/api/openstack/wsgi.py:878}}
May 26 19:28:51.819123 np0000001454 devstack@c-api.service[99494]: DEBUG cinder.api.v3.groups [None req-34707c77-bb4a-43f6-af2b-dc68fe5a4fc4 tempest-GroupsTest-401617425 tempest-GroupsTest-401617425-project-member] show called for member 5540aecb-b17c-42a9-b2d8-f40ddbe8dd66 {{(pid=99494) show /opt/stack/cinder/cinder/api/v3/groups.py:58}}
May 26 19:28:51.820959 np0000001454 devstack@c-api.service[99494]: INFO cinder.api.openstack.wsgi [None req-34707c77-bb4a-43f6-af2b-dc68fe5a4fc4 tempest-GroupsTest-401617425 tempest-GroupsTest-401617425-project-member] https://10.4.3.240/volume/v3/groups/5540aecb-b17c-42a9-b2d8-f40ddbe8dd66 returned with HTTP 404
May 26 19:28:51.821551 np0000001454 devstack@c-api.service[99494]: [pid: 99494|app: 0|req: 125/359] 10.4.3.240 () {68 vars in 1386 bytes} [Tue May 26 19:28:51 2026] GET /volume/v3/groups/5540aecb-b17c-42a9-b2d8-f40ddbe8dd66 => generated 108 bytes in 10 msecs (HTTP/1.1 404) 7 headers in 293 bytes (1 switches on core 0)
May 26 19:28:51.835151 np0000001454 devstack@c-api.service[99495]: DEBUG cinder.api.middleware.request_id [None req-cbacb66f-eb03-4c29-b540-d19d846eff64 None None] RequestId filter calling following filter/app {{(pid=99495) _context_setter /opt/stack/cinder/cinder/api/middleware/request_id.py:62}}
May 26 19:28:51.837982 np0000001454 devstack@c-api.service[99495]: INFO cinder.api.openstack.wsgi [None req-cbacb66f-eb03-4c29-b540-d19d846eff64 tempest-GroupsTest-401617425 tempest-GroupsTest-401617425-project-member] POST https://10.4.3.240/volume/v3/groups/e102e893-7baa-42bf-b886-35b254923b93/action
May 26 19:28:51.838562 np0000001454 devstack@c-api.service[99495]: DEBUG cinder.api.openstack.wsgi [None req-cbacb66f-eb03-4c29-b540-d19d846eff64 tempest-GroupsTest-401617425 tempest-GroupsTest-401617425-project-member] Action body: b'{"delete": {"delete-volumes": false}}' {{(pid=99495) get_method /opt/stack/cinder/cinder/api/openstack/wsgi.py:993}}
May 26 19:28:51.838670 np0000001454 devstack@c-api.service[99495]: DEBUG cinder.api.openstack.wsgi [None req-cbacb66f-eb03-4c29-b540-d19d846eff64 tempest-GroupsTest-401617425 tempest-GroupsTest-401617425-project-member] Action: 'action', calling method: version_select, body: {"delete": {"delete-volumes": false}} {{(pid=99495) _process_stack /opt/stack/cinder/cinder/api/openstack/wsgi.py:876}}
May 26 19:28:51.840484 np0000001454 devstack@c-api.service[99495]: DEBUG cinder.api.v3.groups [None req-cbacb66f-eb03-4c29-b540-d19d846eff64 tempest-GroupsTest-401617425 tempest-GroupsTest-401617425-project-member] delete called for group e102e893-7baa-42bf-b886-35b254923b93 {{(pid=99495) _delete /opt/stack/cinder/cinder/api/v3/groups.py:117}}
May 26 19:28:51.840708 np0000001454 devstack@c-api.service[99495]: INFO cinder.api.v3.groups [None req-cbacb66f-eb03-4c29-b540-d19d846eff64 tempest-GroupsTest-401617425 tempest-GroupsTest-401617425-project-member] Delete group with id: e102e893-7baa-42bf-b886-35b254923b93
May 26 19:28:51.846832 np0000001454 devstack@c-api.service[99495]: /opt/stack/data/venv/lib/python3.12/site-packages/oslo_context/context.py:102: DeprecationWarning: Policy enforcement is depending on the value of is_admin. This key is deprecated. Please update your policy file to use the standard policy values.
May 26 19:28:51.846832 np0000001454 devstack@c-api.service[99495]: warnings.warn(
May 26 19:28:51.886392 np0000001454 devstack@c-api.service[99495]: INFO cinder.api.openstack.wsgi [None req-cbacb66f-eb03-4c29-b540-d19d846eff64 tempest-GroupsTest-401617425 tempest-GroupsTest-401617425-project-member] https://10.4.3.240/volume/v3/groups/e102e893-7baa-42bf-b886-35b254923b93/action returned with HTTP 202
May 26 19:28:51.886985 np0000001454 devstack@c-api.service[99495]: [pid: 99495|app: 0|req: 124/360] 10.4.3.240 () {70 vars in 1428 bytes} [Tue May 26 19:28:51 2026] POST /volume/v3/groups/e102e893-7baa-42bf-b886-35b254923b93/action => generated 0 bytes in 52 msecs (HTTP/1.1 202) 6 headers in 234 bytes (1 switches on core 0)
May 26 19:28:51.899749 np0000001454 devstack@c-api.service[99494]: DEBUG cinder.api.middleware.request_id [None req-2458e206-bc84-4780-884a-daf0f59d7d12 None None] RequestId filter calling following filter/app {{(pid=99494) _context_setter /opt/stack/cinder/cinder/api/middleware/request_id.py:62}}
May 26 19:28:51.903271 np0000001454 devstack@c-api.service[99494]: INFO cinder.api.openstack.wsgi [None req-2458e206-bc84-4780-884a-daf0f59d7d12 tempest-GroupsTest-401617425 tempest-GroupsTest-401617425-project-member] GET https://10.4.3.240/volume/v3/groups/e102e893-7baa-42bf-b886-35b254923b93
May 26 19:28:51.903574 np0000001454 devstack@c-api.service[99495]: DEBUG cinder.api.middleware.request_id [req-1282934b-46b9-423e-9e50-a983c515cda6 req-89077702-2f34-44df-bc0d-7f89c4deeb9b None None] RequestId filter calling following filter/app {{(pid=99495) _context_setter /opt/stack/cinder/cinder/api/middleware/request_id.py:62}}
May 26 19:28:51.904857 np0000001454 devstack@c-api.service[99494]: DEBUG cinder.api.openstack.wsgi [None req-2458e206-bc84-4780-884a-daf0f59d7d12 tempest-GroupsTest-401617425 tempest-GroupsTest-401617425-project-member] Empty body provided in request {{(pid=99494) get_body /opt/stack/cinder/cinder/api/openstack/wsgi.py:725}}
May 26 19:28:51.905119 np0000001454 devstack@c-api.service[99494]: DEBUG cinder.api.openstack.wsgi [None req-2458e206-bc84-4780-884a-daf0f59d7d12 tempest-GroupsTest-401617425 tempest-GroupsTest-401617425-project-member] Calling method 'version_select' {{(pid=99494) _process_stack /opt/stack/cinder/cinder/api/openstack/wsgi.py:878}}
May 26 19:28:51.905251 np0000001454 devstack@c-api.service[99494]: DEBUG cinder.api.v3.groups [None req-2458e206-bc84-4780-884a-daf0f59d7d12 tempest-GroupsTest-401617425 tempest-GroupsTest-401617425-project-member] show called for member e102e893-7baa-42bf-b886-35b254923b93 {{(pid=99494) show /opt/stack/cinder/cinder/api/v3/groups.py:58}}
May 26 19:28:51.905432 np0000001454 devstack@c-api.service[99495]: INFO cinder.api.openstack.wsgi [req-1282934b-46b9-423e-9e50-a983c515cda6 req-89077702-2f34-44df-bc0d-7f89c4deeb9b tempest-ServerBootFromVolumeStableRescueTest-1734442944 tempest-ServerBootFromVolumeStableRescueTest-1734442944-project-member] PUT https://10.4.3.240/volume/v3/attachments/17f92365-7d77-4095-8ed7-7810ff1f9158
May 26 19:28:51.905743 np0000001454 devstack@c-api.service[99495]: DEBUG cinder.api.openstack.wsgi [req-1282934b-46b9-423e-9e50-a983c515cda6 req-89077702-2f34-44df-bc0d-7f89c4deeb9b tempest-ServerBootFromVolumeStableRescueTest-1734442944 tempest-ServerBootFromVolumeStableRescueTest-1734442944-project-member] Action: 'update', calling method: version_select, body: {"attachment": {"connector": {"platform": "x86_64", "os_type": "linux", "ip": "10.4.3.240", "host": "np0000001454", "multipath": true, "enforce_multipath": true, "initiator": "iqn.2016-04.com.open-iscsi:3577d7548624", "do_local_attach": false, "uuid": "8515de1c-ba7e-467b-adde-6d9f8a8dbc1f", "system uuid": "551cb3f6-9174-4dba-959f-27c0f357bf90", "nvme_native_multipath": false, "mountpoint": "/dev/vda"}}} {{(pid=99495) _process_stack /opt/stack/cinder/cinder/api/openstack/wsgi.py:876}}
May 26 19:28:51.911649 np0000001454 devstack@c-api.service[99494]: /opt/stack/data/venv/lib/python3.12/site-packages/oslo_context/context.py:102: DeprecationWarning: Policy enforcement is depending on the value of is_admin. This key is deprecated. Please update your policy file to use the standard policy values.
May 26 19:28:51.911649 np0000001454 devstack@c-api.service[99494]: warnings.warn(
May 26 19:28:51.913142 np0000001454 devstack@c-api.service[99495]: DEBUG cinder.coordination [req-1282934b-46b9-423e-9e50-a983c515cda6 req-89077702-2f34-44df-bc0d-7f89c4deeb9b tempest-ServerBootFromVolumeStableRescueTest-1734442944 tempest-ServerBootFromVolumeStableRescueTest-1734442944-project-member] Acquiring lock "cinder-attachment_update-794b011c-c01e-471f-9e36-213a1db9bdbd-np0000001454" by "attachment_update" {{(pid=99495) __acquire /opt/stack/cinder/cinder/coordination.py:138}}
May 26 19:28:51.918245 np0000001454 devstack@c-api.service[99495]: DEBUG cinder.coordination [req-1282934b-46b9-423e-9e50-a983c515cda6 req-89077702-2f34-44df-bc0d-7f89c4deeb9b tempest-ServerBootFromVolumeStableRescueTest-1734442944 tempest-ServerBootFromVolumeStableRescueTest-1734442944-project-member] Lock "cinder-attachment_update-794b011c-c01e-471f-9e36-213a1db9bdbd-np0000001454" acquired by "attachment_update" :: waited 0.005s {{(pid=99495) __acquire /opt/stack/cinder/cinder/coordination.py:141}}
May 26 19:28:51.919449 np0000001454 devstack@c-api.service[99495]: /opt/stack/data/venv/lib/python3.12/site-packages/oslo_context/context.py:102: DeprecationWarning: Policy enforcement is depending on the value of is_admin. This key is deprecated. Please update your policy file to use the standard policy values.
May 26 19:28:51.919449 np0000001454 devstack@c-api.service[99495]: warnings.warn(
May 26 19:28:51.926662 np0000001454 devstack@c-api.service[99494]: INFO cinder.api.openstack.wsgi [None req-2458e206-bc84-4780-884a-daf0f59d7d12 tempest-GroupsTest-401617425 tempest-GroupsTest-401617425-project-member] https://10.4.3.240/volume/v3/groups/e102e893-7baa-42bf-b886-35b254923b93 returned with HTTP 200
May 26 19:28:51.927319 np0000001454 devstack@c-api.service[99494]: [pid: 99494|app: 0|req: 126/361] 10.4.3.240 () {68 vars in 1386 bytes} [Tue May 26 19:28:51 2026] GET /volume/v3/groups/e102e893-7baa-42bf-b886-35b254923b93 => generated 322 bytes in 28 msecs (HTTP/1.1 200) 7 headers in 286 bytes (1 switches on core 0)
May 26 19:28:52.176717 np0000001454 devstack@c-api.service[99496]: DEBUG cinder.coordination [req-72f144fd-b8a5-4dd0-850d-6c13607337c5 req-1ae8fe10-ca8a-4adf-acc1-5cb6110bb8ce tempest-AttachVolumeTestJSON-588772614 tempest-AttachVolumeTestJSON-588772614-project-member] Lock "cinder-attachment_update-eb28729b-aac5-4b32-8a7a-c021b1208fe9-np0000001454" released by "attachment_update" :: held 0.528s {{(pid=99496) __release /opt/stack/cinder/cinder/coordination.py:152}}
May 26 19:28:52.177217 np0000001454 devstack@c-api.service[99496]: INFO cinder.api.openstack.wsgi [req-72f144fd-b8a5-4dd0-850d-6c13607337c5 req-1ae8fe10-ca8a-4adf-acc1-5cb6110bb8ce tempest-AttachVolumeTestJSON-588772614 tempest-AttachVolumeTestJSON-588772614-project-member] https://10.4.3.240/volume/v3/attachments/76fdb306-7a3a-4cb8-9ccd-41c3d428b3e8 returned with HTTP 200
May 26 19:28:52.177876 np0000001454 devstack@c-api.service[99496]: [pid: 99496|app: 0|req: 112/362] 10.4.3.240 () {74 vars in 1704 bytes} [Tue May 26 19:28:51 2026] PUT /volume/v3/attachments/76fdb306-7a3a-4cb8-9ccd-41c3d428b3e8 => generated 969 bytes in 552 msecs (HTTP/1.1 200) 7 headers in 286 bytes (1 switches on core 0)
May 26 19:28:52.360515 np0000001454 devstack@c-api.service[99494]: DEBUG cinder.api.middleware.request_id [None req-f7f49362-2d12-4d1e-97fc-690bc307a187 None None] RequestId filter calling following filter/app {{(pid=99494) _context_setter /opt/stack/cinder/cinder/api/middleware/request_id.py:62}}
May 26 19:28:52.362713 np0000001454 devstack@c-api.service[99494]: INFO cinder.api.openstack.wsgi [None req-f7f49362-2d12-4d1e-97fc-690bc307a187 tempest-VolumesAssistedSnapshotsTest-2125398875 tempest-VolumesAssistedSnapshotsTest-2125398875-project-admin] GET https://10.4.3.240/volume/v3/volumes/df8092bc-7544-4946-b50e-1f3bca8b3283
May 26 19:28:52.362971 np0000001454 devstack@c-api.service[99494]: DEBUG cinder.api.openstack.wsgi [None req-f7f49362-2d12-4d1e-97fc-690bc307a187 tempest-VolumesAssistedSnapshotsTest-2125398875 tempest-VolumesAssistedSnapshotsTest-2125398875-project-admin] Empty body provided in request {{(pid=99494) get_body /opt/stack/cinder/cinder/api/openstack/wsgi.py:725}}
May 26 19:28:52.363264 np0000001454 devstack@c-api.service[99494]: DEBUG cinder.api.openstack.wsgi [None req-f7f49362-2d12-4d1e-97fc-690bc307a187 tempest-VolumesAssistedSnapshotsTest-2125398875 tempest-VolumesAssistedSnapshotsTest-2125398875-project-admin] Calling method 'show' {{(pid=99494) _process_stack /opt/stack/cinder/cinder/api/openstack/wsgi.py:878}}
May 26 19:28:52.376880 np0000001454 devstack@c-api.service[99494]: /opt/stack/data/venv/lib/python3.12/site-packages/oslo_context/context.py:102: DeprecationWarning: Policy enforcement is depending on the value of is_admin. This key is deprecated. Please update your policy file to use the standard policy values.
May 26 19:28:52.376880 np0000001454 devstack@c-api.service[99494]: warnings.warn(
May 26 19:28:52.381477 np0000001454 devstack@c-api.service[99494]: INFO cinder.volume.api [None req-f7f49362-2d12-4d1e-97fc-690bc307a187 tempest-VolumesAssistedSnapshotsTest-2125398875 tempest-VolumesAssistedSnapshotsTest-2125398875-project-admin] Volume info retrieved successfully.
May 26 19:28:52.386499 np0000001454 devstack@c-api.service[99494]: INFO cinder.api.openstack.wsgi [None req-f7f49362-2d12-4d1e-97fc-690bc307a187 tempest-VolumesAssistedSnapshotsTest-2125398875 tempest-VolumesAssistedSnapshotsTest-2125398875-project-admin] https://10.4.3.240/volume/v3/volumes/df8092bc-7544-4946-b50e-1f3bca8b3283 returned with HTTP 200
May 26 19:28:52.386912 np0000001454 devstack@c-api.service[99494]: [pid: 99494|app: 0|req: 127/363] 10.4.3.240 () {66 vars in 1348 bytes} [Tue May 26 19:28:52 2026] GET /volume/v3/volumes/df8092bc-7544-4946-b50e-1f3bca8b3283 => generated 1317 bytes in 27 msecs (HTTP/1.1 200) 7 headers in 286 bytes (1 switches on core 0)
May 26 19:28:52.404408 np0000001454 devstack@c-api.service[99496]: DEBUG cinder.api.middleware.request_id [None req-23237fad-f261-4062-83cf-fec1ca7452ac None None] RequestId filter calling following filter/app {{(pid=99496) _context_setter /opt/stack/cinder/cinder/api/middleware/request_id.py:62}}
May 26 19:28:52.406552 np0000001454 devstack@c-api.service[99496]: INFO cinder.api.openstack.wsgi [None req-23237fad-f261-4062-83cf-fec1ca7452ac tempest-VolumesAssistedSnapshotsTest-2125398875 tempest-VolumesAssistedSnapshotsTest-2125398875-project-admin] GET https://10.4.3.240/volume/v3/volumes/df8092bc-7544-4946-b50e-1f3bca8b3283
May 26 19:28:52.406768 np0000001454 devstack@c-api.service[99496]: DEBUG cinder.api.openstack.wsgi [None req-23237fad-f261-4062-83cf-fec1ca7452ac tempest-VolumesAssistedSnapshotsTest-2125398875 tempest-VolumesAssistedSnapshotsTest-2125398875-project-admin] Empty body provided in request {{(pid=99496) get_body /opt/stack/cinder/cinder/api/openstack/wsgi.py:725}}
May 26 19:28:52.407005 np0000001454 devstack@c-api.service[99496]: DEBUG cinder.api.openstack.wsgi [None req-23237fad-f261-4062-83cf-fec1ca7452ac tempest-VolumesAssistedSnapshotsTest-2125398875 tempest-VolumesAssistedSnapshotsTest-2125398875-project-admin] Calling method 'show' {{(pid=99496) _process_stack /opt/stack/cinder/cinder/api/openstack/wsgi.py:878}}
May 26 19:28:52.419340 np0000001454 devstack@c-api.service[99496]: /opt/stack/data/venv/lib/python3.12/site-packages/oslo_context/context.py:102: DeprecationWarning: Policy enforcement is depending on the value of is_admin. This key is deprecated. Please update your policy file to use the standard policy values.
May 26 19:28:52.419340 np0000001454 devstack@c-api.service[99496]: warnings.warn(
May 26 19:28:52.425079 np0000001454 devstack@c-api.service[99494]: DEBUG cinder.api.middleware.request_id [None req-98dd3379-2bc7-4e11-ba01-26a7152c0163 None None] RequestId filter calling following filter/app {{(pid=99494) _context_setter /opt/stack/cinder/cinder/api/middleware/request_id.py:62}}
May 26 19:28:52.425471 np0000001454 devstack@c-api.service[99496]: INFO cinder.volume.api [None req-23237fad-f261-4062-83cf-fec1ca7452ac tempest-VolumesAssistedSnapshotsTest-2125398875 tempest-VolumesAssistedSnapshotsTest-2125398875-project-admin] Volume info retrieved successfully.
May 26 19:28:52.427831 np0000001454 devstack@c-api.service[99494]: INFO cinder.api.openstack.wsgi [None req-98dd3379-2bc7-4e11-ba01-26a7152c0163 tempest-AttachVolumeTestJSON-588772614 tempest-AttachVolumeTestJSON-588772614-project-member] GET https://10.4.3.240/volume/v3/volumes/eb28729b-aac5-4b32-8a7a-c021b1208fe9
May 26 19:28:52.428032 np0000001454 devstack@c-api.service[99494]: DEBUG cinder.api.openstack.wsgi [None req-98dd3379-2bc7-4e11-ba01-26a7152c0163 tempest-AttachVolumeTestJSON-588772614 tempest-AttachVolumeTestJSON-588772614-project-member] Empty body provided in request {{(pid=99494) get_body /opt/stack/cinder/cinder/api/openstack/wsgi.py:725}}
May 26 19:28:52.428248 np0000001454 devstack@c-api.service[99494]: DEBUG cinder.api.openstack.wsgi [None req-98dd3379-2bc7-4e11-ba01-26a7152c0163 tempest-AttachVolumeTestJSON-588772614 tempest-AttachVolumeTestJSON-588772614-project-member] Calling method 'show' {{(pid=99494) _process_stack /opt/stack/cinder/cinder/api/openstack/wsgi.py:878}}
May 26 19:28:52.431415 np0000001454 devstack@c-api.service[99496]: INFO cinder.api.openstack.wsgi [None req-23237fad-f261-4062-83cf-fec1ca7452ac tempest-VolumesAssistedSnapshotsTest-2125398875 tempest-VolumesAssistedSnapshotsTest-2125398875-project-admin] https://10.4.3.240/volume/v3/volumes/df8092bc-7544-4946-b50e-1f3bca8b3283 returned with HTTP 200
May 26 19:28:52.431854 np0000001454 devstack@c-api.service[99496]: [pid: 99496|app: 0|req: 113/364] 10.4.3.240 () {66 vars in 1348 bytes} [Tue May 26 19:28:52 2026] GET /volume/v3/volumes/df8092bc-7544-4946-b50e-1f3bca8b3283 => generated 1317 bytes in 28 msecs (HTTP/1.1 200) 7 headers in 286 bytes (1 switches on core 0)
May 26 19:28:52.438682 np0000001454 devstack@c-api.service[99494]: /opt/stack/data/venv/lib/python3.12/site-packages/oslo_context/context.py:102: DeprecationWarning: Policy enforcement is depending on the value of is_admin. This key is deprecated. Please update your policy file to use the standard policy values.
May 26 19:28:52.438682 np0000001454 devstack@c-api.service[99494]: warnings.warn(
May 26 19:28:52.442146 np0000001454 devstack@c-api.service[99494]: INFO cinder.volume.api [None req-98dd3379-2bc7-4e11-ba01-26a7152c0163 tempest-AttachVolumeTestJSON-588772614 tempest-AttachVolumeTestJSON-588772614-project-member] Volume info retrieved successfully.
May 26 19:28:52.447587 np0000001454 devstack@c-api.service[99494]: INFO cinder.api.openstack.wsgi [None req-98dd3379-2bc7-4e11-ba01-26a7152c0163 tempest-AttachVolumeTestJSON-588772614 tempest-AttachVolumeTestJSON-588772614-project-member] https://10.4.3.240/volume/v3/volumes/eb28729b-aac5-4b32-8a7a-c021b1208fe9 returned with HTTP 200
May 26 19:28:52.448070 np0000001454 devstack@c-api.service[99494]: [pid: 99494|app: 0|req: 128/365] 10.4.3.240 () {66 vars in 1348 bytes} [Tue May 26 19:28:52 2026] GET /volume/v3/volumes/eb28729b-aac5-4b32-8a7a-c021b1208fe9 => generated 844 bytes in 23 msecs (HTTP/1.1 200) 7 headers in 285 bytes (1 switches on core 0)
May 26 19:28:52.450744 np0000001454 devstack@c-api.service[99495]: DEBUG cinder.coordination [req-1282934b-46b9-423e-9e50-a983c515cda6 req-89077702-2f34-44df-bc0d-7f89c4deeb9b tempest-ServerBootFromVolumeStableRescueTest-1734442944 tempest-ServerBootFromVolumeStableRescueTest-1734442944-project-member] Lock "cinder-attachment_update-794b011c-c01e-471f-9e36-213a1db9bdbd-np0000001454" released by "attachment_update" :: held 0.532s {{(pid=99495) __release /opt/stack/cinder/cinder/coordination.py:152}}
May 26 19:28:52.451081 np0000001454 devstack@c-api.service[99495]: INFO cinder.api.openstack.wsgi [req-1282934b-46b9-423e-9e50-a983c515cda6 req-89077702-2f34-44df-bc0d-7f89c4deeb9b tempest-ServerBootFromVolumeStableRescueTest-1734442944 tempest-ServerBootFromVolumeStableRescueTest-1734442944-project-member] https://10.4.3.240/volume/v3/attachments/17f92365-7d77-4095-8ed7-7810ff1f9158 returned with HTTP 200
May 26 19:28:52.451556 np0000001454 devstack@c-api.service[99495]: [pid: 99495|app: 0|req: 125/366] 10.4.3.240 () {74 vars in 1704 bytes} [Tue May 26 19:28:51 2026] PUT /volume/v3/attachments/17f92365-7d77-4095-8ed7-7810ff1f9158 => generated 969 bytes in 548 msecs (HTTP/1.1 200) 7 headers in 286 bytes (1 switches on core 0)
May 26 19:28:52.486488 np0000001454 devstack@c-api.service[99496]: DEBUG cinder.api.middleware.request_id [None req-8208624b-6509-4cca-a7fb-5255912c3a7c None None] RequestId filter calling following filter/app {{(pid=99496) _context_setter /opt/stack/cinder/cinder/api/middleware/request_id.py:62}}
May 26 19:28:52.488985 np0000001454 devstack@c-api.service[99496]: INFO cinder.api.openstack.wsgi [None req-8208624b-6509-4cca-a7fb-5255912c3a7c tempest-AttachSCSIVolumeTestJSON-271371345 tempest-AttachSCSIVolumeTestJSON-271371345-project-reader] GET https://10.4.3.240/volume/v3/volumes/44dbf8e9-2908-4c86-80e2-0c3d11b36bf8
May 26 19:28:52.489288 np0000001454 devstack@c-api.service[99496]: DEBUG cinder.api.openstack.wsgi [None req-8208624b-6509-4cca-a7fb-5255912c3a7c tempest-AttachSCSIVolumeTestJSON-271371345 tempest-AttachSCSIVolumeTestJSON-271371345-project-reader] Empty body provided in request {{(pid=99496) get_body /opt/stack/cinder/cinder/api/openstack/wsgi.py:725}}
May 26 19:28:52.490308 np0000001454 devstack@c-api.service[99496]: DEBUG cinder.api.openstack.wsgi [None req-8208624b-6509-4cca-a7fb-5255912c3a7c tempest-AttachSCSIVolumeTestJSON-271371345 tempest-AttachSCSIVolumeTestJSON-271371345-project-reader] Calling method 'show' {{(pid=99496) _process_stack /opt/stack/cinder/cinder/api/openstack/wsgi.py:878}}
May 26 19:28:52.500176 np0000001454 devstack@c-api.service[99496]: /opt/stack/data/venv/lib/python3.12/site-packages/oslo_context/context.py:102: DeprecationWarning: Policy enforcement is depending on the value of is_admin. This key is deprecated. Please update your policy file to use the standard policy values.
May 26 19:28:52.500176 np0000001454 devstack@c-api.service[99496]: warnings.warn(
May 26 19:28:52.508261 np0000001454 devstack@c-api.service[99496]: INFO cinder.volume.api [None req-8208624b-6509-4cca-a7fb-5255912c3a7c tempest-AttachSCSIVolumeTestJSON-271371345 tempest-AttachSCSIVolumeTestJSON-271371345-project-reader] Volume info retrieved successfully.
May 26 19:28:52.513711 np0000001454 devstack@c-api.service[99496]: INFO cinder.api.openstack.wsgi [None req-8208624b-6509-4cca-a7fb-5255912c3a7c tempest-AttachSCSIVolumeTestJSON-271371345 tempest-AttachSCSIVolumeTestJSON-271371345-project-reader] https://10.4.3.240/volume/v3/volumes/44dbf8e9-2908-4c86-80e2-0c3d11b36bf8 returned with HTTP 200
May 26 19:28:52.514314 np0000001454 devstack@c-api.service[99496]: [pid: 99496|app: 0|req: 114/367] 10.4.3.240 () {66 vars in 1348 bytes} [Tue May 26 19:28:52 2026] GET /volume/v3/volumes/44dbf8e9-2908-4c86-80e2-0c3d11b36bf8 => generated 848 bytes in 29 msecs (HTTP/1.1 200) 7 headers in 285 bytes (1 switches on core 0)
May 26 19:28:52.571293 np0000001454 devstack@c-api.service[99494]: DEBUG cinder.api.middleware.request_id [None req-03be77c9-206d-413b-8f48-a742e364fa20 None None] RequestId filter calling following filter/app {{(pid=99494) _context_setter /opt/stack/cinder/cinder/api/middleware/request_id.py:62}}
May 26 19:28:52.575108 np0000001454 devstack@c-api.service[99494]: INFO cinder.api.openstack.wsgi [None req-03be77c9-206d-413b-8f48-a742e364fa20 tempest-AttachSCSIVolumeTestJSON-271371345 tempest-AttachSCSIVolumeTestJSON-271371345-project-member] GET https://10.4.3.240/volume/v3/volumes/44dbf8e9-2908-4c86-80e2-0c3d11b36bf8
May 26 19:28:52.575108 np0000001454 devstack@c-api.service[99494]: DEBUG cinder.api.openstack.wsgi [None req-03be77c9-206d-413b-8f48-a742e364fa20 tempest-AttachSCSIVolumeTestJSON-271371345 tempest-AttachSCSIVolumeTestJSON-271371345-project-member] Empty body provided in request {{(pid=99494) get_body /opt/stack/cinder/cinder/api/openstack/wsgi.py:725}}
May 26 19:28:52.575108 np0000001454 devstack@c-api.service[99494]: DEBUG cinder.api.openstack.wsgi [None req-03be77c9-206d-413b-8f48-a742e364fa20 tempest-AttachSCSIVolumeTestJSON-271371345 tempest-AttachSCSIVolumeTestJSON-271371345-project-member] Calling method 'show' {{(pid=99494) _process_stack /opt/stack/cinder/cinder/api/openstack/wsgi.py:878}}
May 26 19:28:52.580041 np0000001454 devstack@c-api.service[99494]: /opt/stack/data/venv/lib/python3.12/site-packages/oslo_context/context.py:102: DeprecationWarning: Policy enforcement is depending on the value of is_admin. This key is deprecated. Please update your policy file to use the standard policy values.
May 26 19:28:52.580041 np0000001454 devstack@c-api.service[99494]: warnings.warn(
May 26 19:28:52.584392 np0000001454 devstack@c-api.service[99494]: INFO cinder.volume.api [None req-03be77c9-206d-413b-8f48-a742e364fa20 tempest-AttachSCSIVolumeTestJSON-271371345 tempest-AttachSCSIVolumeTestJSON-271371345-project-member] Volume info retrieved successfully.
May 26 19:28:52.590481 np0000001454 devstack@c-api.service[99494]: INFO cinder.api.openstack.wsgi [None req-03be77c9-206d-413b-8f48-a742e364fa20 tempest-AttachSCSIVolumeTestJSON-271371345 tempest-AttachSCSIVolumeTestJSON-271371345-project-member] https://10.4.3.240/volume/v3/volumes/44dbf8e9-2908-4c86-80e2-0c3d11b36bf8 returned with HTTP 200
May 26 19:28:52.590481 np0000001454 devstack@c-api.service[99494]: [pid: 99494|app: 0|req: 129/368] 10.4.3.240 () {66 vars in 1348 bytes} [Tue May 26 19:28:52 2026] GET /volume/v3/volumes/44dbf8e9-2908-4c86-80e2-0c3d11b36bf8 => generated 848 bytes in 19 msecs (HTTP/1.1 200) 7 headers in 285 bytes (1 switches on core 0)
May 26 19:28:52.640597 np0000001454 devstack@c-api.service[99495]: DEBUG cinder.api.middleware.request_id [None req-89beb9cf-87cd-4e19-ac2e-ec1754d94a1e None None] RequestId filter calling following filter/app {{(pid=99495) _context_setter /opt/stack/cinder/cinder/api/middleware/request_id.py:62}}
May 26 19:28:52.643208 np0000001454 devstack@c-api.service[99495]: INFO cinder.api.openstack.wsgi [None req-89beb9cf-87cd-4e19-ac2e-ec1754d94a1e tempest-AttachSCSIVolumeTestJSON-271371345 tempest-AttachSCSIVolumeTestJSON-271371345-project-member] GET https://10.4.3.240/volume/v3/volumes/44dbf8e9-2908-4c86-80e2-0c3d11b36bf8
May 26 19:28:52.643407 np0000001454 devstack@c-api.service[99495]: DEBUG cinder.api.openstack.wsgi [None req-89beb9cf-87cd-4e19-ac2e-ec1754d94a1e tempest-AttachSCSIVolumeTestJSON-271371345 tempest-AttachSCSIVolumeTestJSON-271371345-project-member] Empty body provided in request {{(pid=99495) get_body /opt/stack/cinder/cinder/api/openstack/wsgi.py:725}}
May 26 19:28:52.643583 np0000001454 devstack@c-api.service[99495]: DEBUG cinder.api.openstack.wsgi [None req-89beb9cf-87cd-4e19-ac2e-ec1754d94a1e tempest-AttachSCSIVolumeTestJSON-271371345 tempest-AttachSCSIVolumeTestJSON-271371345-project-member] Calling method 'show' {{(pid=99495) _process_stack /opt/stack/cinder/cinder/api/openstack/wsgi.py:878}}
May 26 19:28:52.652940 np0000001454 devstack@c-api.service[99495]: /opt/stack/data/venv/lib/python3.12/site-packages/oslo_context/context.py:102: DeprecationWarning: Policy enforcement is depending on the value of is_admin. This key is deprecated. Please update your policy file to use the standard policy values.
May 26 19:28:52.652940 np0000001454 devstack@c-api.service[99495]: warnings.warn(
May 26 19:28:52.656876 np0000001454 devstack@c-api.service[99495]: INFO cinder.volume.api [None req-89beb9cf-87cd-4e19-ac2e-ec1754d94a1e tempest-AttachSCSIVolumeTestJSON-271371345 tempest-AttachSCSIVolumeTestJSON-271371345-project-member] Volume info retrieved successfully.
May 26 19:28:52.662161 np0000001454 devstack@c-api.service[99495]: INFO cinder.api.openstack.wsgi [None req-89beb9cf-87cd-4e19-ac2e-ec1754d94a1e tempest-AttachSCSIVolumeTestJSON-271371345 tempest-AttachSCSIVolumeTestJSON-271371345-project-member] https://10.4.3.240/volume/v3/volumes/44dbf8e9-2908-4c86-80e2-0c3d11b36bf8 returned with HTTP 200
May 26 19:28:52.662612 np0000001454 devstack@c-api.service[99495]: [pid: 99495|app: 0|req: 126/369] 10.4.3.240 () {66 vars in 1348 bytes} [Tue May 26 19:28:52 2026] GET /volume/v3/volumes/44dbf8e9-2908-4c86-80e2-0c3d11b36bf8 => generated 848 bytes in 23 msecs (HTTP/1.1 200) 7 headers in 285 bytes (1 switches on core 0)
May 26 19:28:52.850057 np0000001454 devstack@c-api.service[99496]: DEBUG cinder.api.middleware.request_id [None req-a06acfe1-012e-4cf9-be8b-97fe5460b1c5 None None] RequestId filter calling following filter/app {{(pid=99496) _context_setter /opt/stack/cinder/cinder/api/middleware/request_id.py:62}}
May 26 19:28:52.852632 np0000001454 devstack@c-api.service[99496]: INFO cinder.api.openstack.wsgi [None req-a06acfe1-012e-4cf9-be8b-97fe5460b1c5 tempest-VolumesAssistedSnapshotsTest-2125398875 tempest-VolumesAssistedSnapshotsTest-2125398875-project-admin] GET https://10.4.3.240/volume/v3/volumes/df8092bc-7544-4946-b50e-1f3bca8b3283
May 26 19:28:52.852852 np0000001454 devstack@c-api.service[99496]: DEBUG cinder.api.openstack.wsgi [None req-a06acfe1-012e-4cf9-be8b-97fe5460b1c5 tempest-VolumesAssistedSnapshotsTest-2125398875 tempest-VolumesAssistedSnapshotsTest-2125398875-project-admin] Empty body provided in request {{(pid=99496) get_body /opt/stack/cinder/cinder/api/openstack/wsgi.py:725}}
May 26 19:28:52.853186 np0000001454 devstack@c-api.service[99496]: DEBUG cinder.api.openstack.wsgi [None req-a06acfe1-012e-4cf9-be8b-97fe5460b1c5 tempest-VolumesAssistedSnapshotsTest-2125398875 tempest-VolumesAssistedSnapshotsTest-2125398875-project-admin] Calling method 'show' {{(pid=99496) _process_stack /opt/stack/cinder/cinder/api/openstack/wsgi.py:878}}
May 26 19:28:52.856435 np0000001454 devstack@c-api.service[99494]: DEBUG cinder.api.middleware.request_id [req-b44bb070-77e0-4635-b4bd-a5f7d6c2d3ff req-549b6f70-15d4-46da-b7f1-0d7b458460fd None None] RequestId filter calling following filter/app {{(pid=99494) _context_setter /opt/stack/cinder/cinder/api/middleware/request_id.py:62}}
May 26 19:28:52.860947 np0000001454 devstack@c-api.service[99494]: INFO cinder.api.openstack.wsgi [req-b44bb070-77e0-4635-b4bd-a5f7d6c2d3ff req-549b6f70-15d4-46da-b7f1-0d7b458460fd tempest-VolumesAssistedSnapshotsTest-478980093 tempest-VolumesAssistedSnapshotsTest-478980093-project] POST https://10.4.3.240/volume/v3/snapshots/None/action
May 26 19:28:52.861316 np0000001454 devstack@c-api.service[99494]: DEBUG cinder.api.openstack.wsgi [req-b44bb070-77e0-4635-b4bd-a5f7d6c2d3ff req-549b6f70-15d4-46da-b7f1-0d7b458460fd tempest-VolumesAssistedSnapshotsTest-478980093 tempest-VolumesAssistedSnapshotsTest-478980093-project] Action body: b'{"os-update_snapshot_status": {"status": "error_deleting", "progress": "90%"}}' {{(pid=99494) get_method /opt/stack/cinder/cinder/api/openstack/wsgi.py:993}}
May 26 19:28:52.861475 np0000001454 devstack@c-api.service[99494]: DEBUG cinder.api.openstack.wsgi [req-b44bb070-77e0-4635-b4bd-a5f7d6c2d3ff req-549b6f70-15d4-46da-b7f1-0d7b458460fd tempest-VolumesAssistedSnapshotsTest-478980093 tempest-VolumesAssistedSnapshotsTest-478980093-project] Action: 'action', calling method: _update_snapshot_status, body: {"os-update_snapshot_status": {"status": "error_deleting", "progress": "90%"}} {{(pid=99494) _process_stack /opt/stack/cinder/cinder/api/openstack/wsgi.py:876}}
May 26 19:28:52.867958 np0000001454 devstack@c-api.service[99494]: DEBUG cinder.api.contrib.snapshot_actions [req-b44bb070-77e0-4635-b4bd-a5f7d6c2d3ff req-549b6f70-15d4-46da-b7f1-0d7b458460fd tempest-VolumesAssistedSnapshotsTest-478980093 tempest-VolumesAssistedSnapshotsTest-478980093-project] body: {'os-update_snapshot_status': {'status': 'error_deleting', 'progress': '90%'}} {{(pid=99494) _update_snapshot_status /opt/stack/cinder/cinder/api/contrib/snapshot_actions.py:46}}
May 26 19:28:52.881354 np0000001454 devstack@c-api.service[99496]: /opt/stack/data/venv/lib/python3.12/site-packages/oslo_context/context.py:102: DeprecationWarning: Policy enforcement is depending on the value of is_admin. This key is deprecated. Please update your policy file to use the standard policy values.
May 26 19:28:52.881354 np0000001454 devstack@c-api.service[99496]: warnings.warn(
May 26 19:28:52.884841 np0000001454 devstack@c-api.service[99496]: INFO cinder.volume.api [None req-a06acfe1-012e-4cf9-be8b-97fe5460b1c5 tempest-VolumesAssistedSnapshotsTest-2125398875 tempest-VolumesAssistedSnapshotsTest-2125398875-project-admin] Volume info retrieved successfully.
May 26 19:28:52.892227 np0000001454 devstack@c-api.service[99496]: INFO cinder.api.openstack.wsgi [None req-a06acfe1-012e-4cf9-be8b-97fe5460b1c5 tempest-VolumesAssistedSnapshotsTest-2125398875 tempest-VolumesAssistedSnapshotsTest-2125398875-project-admin] https://10.4.3.240/volume/v3/volumes/df8092bc-7544-4946-b50e-1f3bca8b3283 returned with HTTP 200
May 26 19:28:52.892818 np0000001454 devstack@c-api.service[99496]: [pid: 99496|app: 0|req: 115/370] 10.4.3.240 () {66 vars in 1348 bytes} [Tue May 26 19:28:52 2026] GET /volume/v3/volumes/df8092bc-7544-4946-b50e-1f3bca8b3283 => generated 1317 bytes in 43 msecs (HTTP/1.1 200) 7 headers in 286 bytes (1 switches on core 0)
May 26 19:28:52.904839 np0000001454 devstack@c-api.service[99494]: INFO cinder.api.openstack.wsgi [req-b44bb070-77e0-4635-b4bd-a5f7d6c2d3ff req-549b6f70-15d4-46da-b7f1-0d7b458460fd tempest-VolumesAssistedSnapshotsTest-478980093 tempest-VolumesAssistedSnapshotsTest-478980093-project] https://10.4.3.240/volume/v3/snapshots/None/action returned with HTTP 404
May 26 19:28:52.905635 np0000001454 devstack@c-api.service[99494]: [pid: 99494|app: 0|req: 130/371] 10.4.3.240 () {72 vars in 1582 bytes} [Tue May 26 19:28:52 2026] POST /volume/v3/snapshots/None/action => generated 79 bytes in 50 msecs (HTTP/1.1 404) 7 headers in 291 bytes (1 switches on core 0)
May 26 19:28:52.940102 np0000001454 devstack@c-api.service[99495]: DEBUG cinder.api.middleware.request_id [None req-2c265134-9280-4972-8b2b-aea92a3bb6ec None None] RequestId filter calling following filter/app {{(pid=99495) _context_setter /opt/stack/cinder/cinder/api/middleware/request_id.py:62}}
May 26 19:28:52.945621 np0000001454 devstack@c-api.service[99495]: INFO cinder.api.openstack.wsgi [None req-2c265134-9280-4972-8b2b-aea92a3bb6ec tempest-GroupsTest-401617425 tempest-GroupsTest-401617425-project-member] GET https://10.4.3.240/volume/v3/groups/e102e893-7baa-42bf-b886-35b254923b93
