May 26 19:30:39.760815 np0000001454 devstack@g-api.service[102281]: DEBUG glance.api.middleware.version_negotiation [None req-b4767356-8286-44ae-9020-0750d0db3ff7 tempest-VolumesActionsTest-353073920 tempest-VolumesActionsTest-353073920-project-member] Matched version: v2 {{(pid=102281) process_request /opt/stack/glance/glance/api/middleware/version_negotiation.py:69}}
May 26 19:30:39.763704 np0000001454 devstack@g-api.service[102281]: DEBUG glance.api.middleware.version_negotiation [None req-b4767356-8286-44ae-9020-0750d0db3ff7 tempest-VolumesActionsTest-353073920 tempest-VolumesActionsTest-353073920-project-member] new path /v2/images/df7c74cf-74e6-4348-9b2a-1338b946eb38 {{(pid=102281) process_request /opt/stack/glance/glance/api/middleware/version_negotiation.py:70}}
May 26 19:30:39.776527 np0000001454 devstack@g-api.service[102281]: [pid: 102281|app: 0|req: 67/199] 127.0.0.1 () {40 vars in 838 bytes} [Tue May 26 19:30:39 2026] GET /v2/images/df7c74cf-74e6-4348-9b2a-1338b946eb38 => generated 649 bytes in 15 msecs (HTTP/1.1 200) 4 headers in 157 bytes (1 switches on core 0)
May 26 19:30:40.785722 np0000001454 devstack@g-api.service[102280]: DEBUG glance.api.middleware.version_negotiation [None req-3bb3495a-e8de-4f14-a378-f534faf01a78 tempest-ServerBootFromVolumeStableRescueTest-1734442944 tempest-ServerBootFromVolumeStableRescueTest-1734442944-project-member] Determining version of request: GET /v2/images/df7c74cf-74e6-4348-9b2a-1338b946eb38 Accept: application/json {{(pid=102280) process_request /opt/stack/glance/glance/api/middleware/version_negotiation.py:44}}
May 26 19:30:40.785722 np0000001454 devstack@g-api.service[102280]: DEBUG glance.api.middleware.version_negotiation [None req-3bb3495a-e8de-4f14-a378-f534faf01a78 tempest-ServerBootFromVolumeStableRescueTest-1734442944 tempest-ServerBootFromVolumeStableRescueTest-1734442944-project-member] Using url versioning {{(pid=102280) process_request /opt/stack/glance/glance/api/middleware/version_negotiation.py:57}}
May 26 19:30:40.785722 np0000001454 devstack@g-api.service[102280]: DEBUG glance.api.middleware.version_negotiation [None req-3bb3495a-e8de-4f14-a378-f534faf01a78 tempest-ServerBootFromVolumeStableRescueTest-1734442944 tempest-ServerBootFromVolumeStableRescueTest-1734442944-project-member] Matched version: v2 {{(pid=102280) process_request /opt/stack/glance/glance/api/middleware/version_negotiation.py:69}}
May 26 19:30:40.785722 np0000001454 devstack@g-api.service[102280]: DEBUG glance.api.middleware.version_negotiation [None req-3bb3495a-e8de-4f14-a378-f534faf01a78 tempest-ServerBootFromVolumeStableRescueTest-1734442944 tempest-ServerBootFromVolumeStableRescueTest-1734442944-project-member] new path /v2/images/df7c74cf-74e6-4348-9b2a-1338b946eb38 {{(pid=102280) process_request /opt/stack/glance/glance/api/middleware/version_negotiation.py:70}}
May 26 19:30:40.795595 np0000001454 devstack@g-api.service[102280]: [pid: 102280|app: 0|req: 67/200] 127.0.0.1 () {40 vars in 838 bytes} [Tue May 26 19:30:40 2026] GET /v2/images/df7c74cf-74e6-4348-9b2a-1338b946eb38 => generated 649 bytes in 11 msecs (HTTP/1.1 200) 4 headers in 157 bytes (1 switches on core 0)
May 26 19:30:41.804303 np0000001454 devstack@g-api.service[102282]: DEBUG glance.api.middleware.version_negotiation [None req-3bb3495a-e8de-4f14-a378-f534faf01a78 tempest-ServerBootFromVolumeStableRescueTest-1734442944 tempest-ServerBootFromVolumeStableRescueTest-1734442944-project-member] Determining version of request: GET /v2/images/df7c74cf-74e6-4348-9b2a-1338b946eb38 Accept: application/json {{(pid=102282) process_request /opt/stack/glance/glance/api/middleware/version_negotiation.py:44}}
May 26 19:30:41.804771 np0000001454 devstack@g-api.service[102282]: DEBUG glance.api.middleware.version_negotiation [None req-3bb3495a-e8de-4f14-a378-f534faf01a78 tempest-ServerBootFromVolumeStableRescueTest-1734442944 tempest-ServerBootFromVolumeStableRescueTest-1734442944-project-member] Using url versioning {{(pid=102282) process_request /opt/stack/glance/glance/api/middleware/version_negotiation.py:57}}
May 26 19:30:41.804771 np0000001454 devstack@g-api.service[102282]: DEBUG glance.api.middleware.version_negotiation [None req-3bb3495a-e8de-4f14-a378-f534faf01a78 tempest-ServerBootFromVolumeStableRescueTest-1734442944 tempest-ServerBootFromVolumeStableRescueTest-1734442944-project-member] Matched version: v2 {{(pid=102282) process_request /opt/stack/glance/glance/api/middleware/version_negotiation.py:69}}
May 26 19:30:41.804771 np0000001454 devstack@g-api.service[102282]: DEBUG glance.api.middleware.version_negotiation [None req-3bb3495a-e8de-4f14-a378-f534faf01a78 tempest-ServerBootFromVolumeStableRescueTest-1734442944 tempest-ServerBootFromVolumeStableRescueTest-1734442944-project-member] new path /v2/images/df7c74cf-74e6-4348-9b2a-1338b946eb38 {{(pid=102282) process_request /opt/stack/glance/glance/api/middleware/version_negotiation.py:70}}
May 26 19:30:41.824556 np0000001454 devstack@g-api.service[102282]: [pid: 102282|app: 0|req: 67/201] 127.0.0.1 () {40 vars in 838 bytes} [Tue May 26 19:30:41 2026] GET /v2/images/df7c74cf-74e6-4348-9b2a-1338b946eb38 => generated 649 bytes in 20 msecs (HTTP/1.1 200) 4 headers in 157 bytes (1 switches on core 0)
May 26 19:30:42.097927 np0000001454 devstack@g-api.service[102281]: DEBUG glance.api.middleware.version_negotiation [None req-4899d323-e5f2-487c-bc6f-c902fa307239 tempest-VolumesActionsTest-353073920 tempest-VolumesActionsTest-353073920-project-member] Determining version of request: PUT /v2/images/df7c74cf-74e6-4348-9b2a-1338b946eb38/file Accept: */* {{(pid=102281) process_request /opt/stack/glance/glance/api/middleware/version_negotiation.py:44}}
May 26 19:30:42.098363 np0000001454 devstack@g-api.service[102281]: DEBUG glance.api.middleware.version_negotiation [None req-4899d323-e5f2-487c-bc6f-c902fa307239 tempest-VolumesActionsTest-353073920 tempest-VolumesActionsTest-353073920-project-member] Using url versioning {{(pid=102281) process_request /opt/stack/glance/glance/api/middleware/version_negotiation.py:57}}
May 26 19:30:42.098363 np0000001454 devstack@g-api.service[102281]: DEBUG glance.api.middleware.version_negotiation [None req-4899d323-e5f2-487c-bc6f-c902fa307239 tempest-VolumesActionsTest-353073920 tempest-VolumesActionsTest-353073920-project-member] Matched version: v2 {{(pid=102281) process_request /opt/stack/glance/glance/api/middleware/version_negotiation.py:69}}
May 26 19:30:42.098363 np0000001454 devstack@g-api.service[102281]: DEBUG glance.api.middleware.version_negotiation [None req-4899d323-e5f2-487c-bc6f-c902fa307239 tempest-VolumesActionsTest-353073920 tempest-VolumesActionsTest-353073920-project-member] new path /v2/images/df7c74cf-74e6-4348-9b2a-1338b946eb38/file {{(pid=102281) process_request /opt/stack/glance/glance/api/middleware/version_negotiation.py:70}}
May 26 19:30:42.644326 np0000001454 devstack@g-api.service[102281]: INFO glance.api.v2.image_data [None req-3202f362-df10-432e-86aa-a21c9c2b9902 tempest-VolumesActionsTest-353073920 tempest-VolumesActionsTest-353073920-project-member] Unable to create trust: no such option collect_timing in group [keystone_authtoken] Use the existing user token.
May 26 19:30:42.835525 np0000001454 devstack@g-api.service[102280]: DEBUG glance.api.middleware.version_negotiation [None req-2e6a3fe7-4c7e-4e7b-90bb-9af8ca4aa1fc tempest-VolumesActionsTest-353073920 tempest-VolumesActionsTest-353073920-project-member] Determining version of request: GET /v2/images/df7c74cf-74e6-4348-9b2a-1338b946eb38 Accept: application/json {{(pid=102280) process_request /opt/stack/glance/glance/api/middleware/version_negotiation.py:44}}
May 26 19:30:42.835939 np0000001454 devstack@g-api.service[102280]: DEBUG glance.api.middleware.version_negotiation [None req-2e6a3fe7-4c7e-4e7b-90bb-9af8ca4aa1fc tempest-VolumesActionsTest-353073920 tempest-VolumesActionsTest-353073920-project-member] Using url versioning {{(pid=102280) process_request /opt/stack/glance/glance/api/middleware/version_negotiation.py:57}}
May 26 19:30:42.835939 np0000001454 devstack@g-api.service[102280]: DEBUG glance.api.middleware.version_negotiation [None req-2e6a3fe7-4c7e-4e7b-90bb-9af8ca4aa1fc tempest-VolumesActionsTest-353073920 tempest-VolumesActionsTest-353073920-project-member] Matched version: v2 {{(pid=102280) process_request /opt/stack/glance/glance/api/middleware/version_negotiation.py:69}}
May 26 19:30:42.835939 np0000001454 devstack@g-api.service[102280]: DEBUG glance.api.middleware.version_negotiation [None req-2e6a3fe7-4c7e-4e7b-90bb-9af8ca4aa1fc tempest-VolumesActionsTest-353073920 tempest-VolumesActionsTest-353073920-project-member] new path /v2/images/df7c74cf-74e6-4348-9b2a-1338b946eb38 {{(pid=102280) process_request /opt/stack/glance/glance/api/middleware/version_negotiation.py:70}}
May 26 19:30:42.851042 np0000001454 devstack@g-api.service[102280]: [pid: 102280|app: 0|req: 68/202] 127.0.0.1 () {40 vars in 838 bytes} [Tue May 26 19:30:42 2026] GET /v2/images/df7c74cf-74e6-4348-9b2a-1338b946eb38 => generated 649 bytes in 16 msecs (HTTP/1.1 200) 4 headers in 157 bytes (1 switches on core 0)
May 26 19:30:43.087426 np0000001454 devstack@g-api.service[102281]: DEBUG glance.location [None req-3202f362-df10-432e-86aa-a21c9c2b9902 tempest-VolumesActionsTest-353073920 tempest-VolumesActionsTest-353073920-project-member] Enabling in-flight format inspection for raw {{(pid=102281) set_data /opt/stack/glance/glance/location.py:616}}
May 26 19:30:43.087711 np0000001454 devstack@g-api.service[102281]: DEBUG glance_store.backend [None req-3202f362-df10-432e-86aa-a21c9c2b9902 tempest-VolumesActionsTest-353073920 tempest-VolumesActionsTest-353073920-project-member] Attempting to import store swift {{(pid=102281) _load_store /opt/stack/data/venv/lib/python3.12/site-packages/glance_store/backend.py:215}}
May 26 19:30:43.088874 np0000001454 devstack@g-api.service[102281]: DEBUG glance_store.capabilities [None req-3202f362-df10-432e-86aa-a21c9c2b9902 tempest-VolumesActionsTest-353073920 tempest-VolumesActionsTest-353073920-project-member] Store glance_store._drivers.swift.store.SingleTenantStore doesn't support updating dynamic storage capabilities. Please overwrite 'update_capabilities' method of the store to implement updating logics if needed. {{(pid=102281) update_capabilities /opt/stack/data/venv/lib/python3.12/site-packages/glance_store/capabilities.py:91}}
May 26 19:30:43.088952 np0000001454 devstack@g-api.service[102281]: DEBUG glance_store.driver [None req-3202f362-df10-432e-86aa-a21c9c2b9902 tempest-VolumesActionsTest-353073920 tempest-VolumesActionsTest-353073920-project-member] Late loading location class glance_store._drivers.swift.store.StoreLocation {{(pid=102281) get_store_location_class /opt/stack/data/venv/lib/python3.12/site-packages/glance_store/driver.py:134}}
May 26 19:30:43.089057 np0000001454 devstack@g-api.service[102281]: DEBUG glance_store.location [None req-3202f362-df10-432e-86aa-a21c9c2b9902 tempest-VolumesActionsTest-353073920 tempest-VolumesActionsTest-353073920-project-member] Registering scheme swift+https with {'store': , 'location_class': , 'store_entry': 'swift'} {{(pid=102281) register_scheme_map /opt/stack/data/venv/lib/python3.12/site-packages/glance_store/location.py:146}}
May 26 19:30:43.089170 np0000001454 devstack@g-api.service[102281]: DEBUG glance_store.location [None req-3202f362-df10-432e-86aa-a21c9c2b9902 tempest-VolumesActionsTest-353073920 tempest-VolumesActionsTest-353073920-project-member] Registering scheme swift+https with {'store': , 'location_class': , 'store_entry': 'swift'} {{(pid=102281) register_scheme_map /opt/stack/data/venv/lib/python3.12/site-packages/glance_store/location.py:146}}
May 26 19:30:43.089223 np0000001454 devstack@g-api.service[102281]: DEBUG glance_store.location [None req-3202f362-df10-432e-86aa-a21c9c2b9902 tempest-VolumesActionsTest-353073920 tempest-VolumesActionsTest-353073920-project-member] Registering scheme swift with {'store': , 'location_class': , 'store_entry': 'swift'} {{(pid=102281) register_scheme_map /opt/stack/data/venv/lib/python3.12/site-packages/glance_store/location.py:146}}
May 26 19:30:43.089310 np0000001454 devstack@g-api.service[102281]: DEBUG glance_store.location [None req-3202f362-df10-432e-86aa-a21c9c2b9902 tempest-VolumesActionsTest-353073920 tempest-VolumesActionsTest-353073920-project-member] Registering scheme swift+https with {'store': , 'location_class': , 'store_entry': 'swift'} {{(pid=102281) register_scheme_map /opt/stack/data/venv/lib/python3.12/site-packages/glance_store/location.py:146}}
May 26 19:30:43.089366 np0000001454 devstack@g-api.service[102281]: DEBUG glance_store.location [None req-3202f362-df10-432e-86aa-a21c9c2b9902 tempest-VolumesActionsTest-353073920 tempest-VolumesActionsTest-353073920-project-member] Registering scheme swift with {'store': , 'location_class': , 'store_entry': 'swift'} {{(pid=102281) register_scheme_map /opt/stack/data/venv/lib/python3.12/site-packages/glance_store/location.py:146}}
May 26 19:30:43.089434 np0000001454 devstack@g-api.service[102281]: DEBUG glance_store.location [None req-3202f362-df10-432e-86aa-a21c9c2b9902 tempest-VolumesActionsTest-353073920 tempest-VolumesActionsTest-353073920-project-member] Registering scheme swift+http with {'store': , 'location_class': , 'store_entry': 'swift'} {{(pid=102281) register_scheme_map /opt/stack/data/venv/lib/python3.12/site-packages/glance_store/location.py:146}}
May 26 19:30:43.089506 np0000001454 devstack@g-api.service[102281]: DEBUG glance_store.location [None req-3202f362-df10-432e-86aa-a21c9c2b9902 tempest-VolumesActionsTest-353073920 tempest-VolumesActionsTest-353073920-project-member] Registering scheme swift+https with {'store': , 'location_class': , 'store_entry': 'swift'} {{(pid=102281) register_scheme_map /opt/stack/data/venv/lib/python3.12/site-packages/glance_store/location.py:146}}
May 26 19:30:43.089566 np0000001454 devstack@g-api.service[102281]: DEBUG glance_store.location [None req-3202f362-df10-432e-86aa-a21c9c2b9902 tempest-VolumesActionsTest-353073920 tempest-VolumesActionsTest-353073920-project-member] Registering scheme swift with {'store': , 'location_class': , 'store_entry': 'swift'} {{(pid=102281) register_scheme_map /opt/stack/data/venv/lib/python3.12/site-packages/glance_store/location.py:146}}
May 26 19:30:43.089618 np0000001454 devstack@g-api.service[102281]: DEBUG glance_store.location [None req-3202f362-df10-432e-86aa-a21c9c2b9902 tempest-VolumesActionsTest-353073920 tempest-VolumesActionsTest-353073920-project-member] Registering scheme swift+http with {'store': , 'location_class': , 'store_entry': 'swift'} {{(pid=102281) register_scheme_map /opt/stack/data/venv/lib/python3.12/site-packages/glance_store/location.py:146}}
May 26 19:30:43.089695 np0000001454 devstack@g-api.service[102281]: DEBUG glance_store.location [None req-3202f362-df10-432e-86aa-a21c9c2b9902 tempest-VolumesActionsTest-353073920 tempest-VolumesActionsTest-353073920-project-member] Registering scheme swift+config with {'store': , 'location_class': , 'store_entry': 'swift'} {{(pid=102281) register_scheme_map /opt/stack/data/venv/lib/python3.12/site-packages/glance_store/location.py:146}}
May 26 19:30:43.162345 np0000001454 devstack@g-api.service[102281]: DEBUG swiftclient [None req-3202f362-df10-432e-86aa-a21c9c2b9902 tempest-VolumesActionsTest-353073920 tempest-VolumesActionsTest-353073920-project-member] REQ: curl -i https://10.4.3.240:8080/v1/AUTH_413ed21eafcb448d9a4bca221bc6b0c1/glance -I -H "X-Auth-Token: gAAAAABqFfTjz9fj..." {{(pid=102281) http_log /opt/stack/data/venv/lib/python3.12/site-packages/swiftclient/client.py:160}}
May 26 19:30:43.162345 np0000001454 devstack@g-api.service[102281]: DEBUG swiftclient [None req-3202f362-df10-432e-86aa-a21c9c2b9902 tempest-VolumesActionsTest-353073920 tempest-VolumesActionsTest-353073920-project-member] RESP STATUS: 204 No Content {{(pid=102281) http_log /opt/stack/data/venv/lib/python3.12/site-packages/swiftclient/client.py:161}}
May 26 19:30:43.162345 np0000001454 devstack@g-api.service[102281]: DEBUG swiftclient [None req-3202f362-df10-432e-86aa-a21c9c2b9902 tempest-VolumesActionsTest-353073920 tempest-VolumesActionsTest-353073920-project-member] RESP HEADERS: {'Date': 'Tue, 26 May 2026 19:30:43 GMT', 'Server': 'Apache/2.4.58 (Ubuntu)', 'Content-Type': 'text/plain; charset=utf-8', 'X-Container-Object-Count': '7', 'X-Container-Bytes-Used': '111411200', 'X-Timestamp': '1779823498.95395', 'Last-Modified': 'Tue, 26 May 2026 19:24:59 GMT', 'Accept-Ranges': 'bytes', 'X-Storage-Policy': 'Policy-0', 'X-Container-Sharding': 'False', 'Vary': 'Accept', 'X-Trans-Id': 'txee7cb10537374479a7587-006a15f4e3', 'X-Openstack-Request-Id': 'txee7cb10537374479a7587-006a15f4e3', 'Connection': 'close'} {{(pid=102281) http_log /opt/stack/data/venv/lib/python3.12/site-packages/swiftclient/client.py:162}}
May 26 19:30:43.162345 np0000001454 devstack@g-api.service[102281]: DEBUG glance_store._drivers.swift.store [None req-3202f362-df10-432e-86aa-a21c9c2b9902 tempest-VolumesActionsTest-353073920 tempest-VolumesActionsTest-353073920-project-member] Adding image object 'df7c74cf-74e6-4348-9b2a-1338b946eb38' to Swift {{(pid=102281) add /opt/stack/data/venv/lib/python3.12/site-packages/glance_store/_drivers/swift/store.py:970}}
May 26 19:30:43.162345 np0000001454 devstack@g-api.service[102281]: DEBUG glance_store._drivers.swift.store [None req-3202f362-df10-432e-86aa-a21c9c2b9902 tempest-VolumesActionsTest-353073920 tempest-VolumesActionsTest-353073920-project-member] Cannot determine image size because it is either not provided in the request or chunked-transfer encoding is used. Adding image as a segmented object to Swift. {{(pid=102281) add /opt/stack/data/venv/lib/python3.12/site-packages/glance_store/_drivers/swift/store.py:994}}
May 26 19:30:43.167778 np0000001454 devstack@g-api.service[102281]: DEBUG oslo_utils.imageutils.format_inspector [None req-3202f362-df10-432e-86aa-a21c9c2b9902 tempest-VolumesActionsTest-353073920 tempest-VolumesActionsTest-353073920-project-member] Format inspector for vmdk does not match, excluding from consideration (Signature KDMV not found: b'\x00\x00\x00\x00') {{(pid=102281) _process_chunk /opt/stack/data/venv/lib/python3.12/site-packages/oslo_utils/imageutils/format_inspector.py:1538}}
May 26 19:30:43.170881 np0000001454 devstack@g-api.service[102281]: DEBUG oslo_utils.imageutils.format_inspector [None req-3202f362-df10-432e-86aa-a21c9c2b9902 tempest-VolumesActionsTest-353073920 tempest-VolumesActionsTest-353073920-project-member] Format inspector for vhdx does not match, excluding from consideration (Region signature not found at 30000) {{(pid=102281) _process_chunk /opt/stack/data/venv/lib/python3.12/site-packages/oslo_utils/imageutils/format_inspector.py:1538}}
May 26 19:30:43.862815 np0000001454 devstack@g-api.service[102282]: DEBUG glance.api.middleware.version_negotiation [None req-5ff2d123-d58f-443b-a699-4eecf9508b7b tempest-VolumesActionsTest-353073920 tempest-VolumesActionsTest-353073920-project-member] Determining version of request: GET /v2/images/df7c74cf-74e6-4348-9b2a-1338b946eb38 Accept: application/json {{(pid=102282) process_request /opt/stack/glance/glance/api/middleware/version_negotiation.py:44}}
May 26 19:30:43.862815 np0000001454 devstack@g-api.service[102282]: DEBUG glance.api.middleware.version_negotiation [None req-5ff2d123-d58f-443b-a699-4eecf9508b7b tempest-VolumesActionsTest-353073920 tempest-VolumesActionsTest-353073920-project-member] Using url versioning {{(pid=102282) process_request /opt/stack/glance/glance/api/middleware/version_negotiation.py:57}}
May 26 19:30:43.862815 np0000001454 devstack@g-api.service[102282]: DEBUG glance.api.middleware.version_negotiation [None req-5ff2d123-d58f-443b-a699-4eecf9508b7b tempest-VolumesActionsTest-353073920 tempest-VolumesActionsTest-353073920-project-member] Matched version: v2 {{(pid=102282) process_request /opt/stack/glance/glance/api/middleware/version_negotiation.py:69}}
May 26 19:30:43.862815 np0000001454 devstack@g-api.service[102282]: DEBUG glance.api.middleware.version_negotiation [None req-5ff2d123-d58f-443b-a699-4eecf9508b7b tempest-VolumesActionsTest-353073920 tempest-VolumesActionsTest-353073920-project-member] new path /v2/images/df7c74cf-74e6-4348-9b2a-1338b946eb38 {{(pid=102282) process_request /opt/stack/glance/glance/api/middleware/version_negotiation.py:70}}
May 26 19:30:43.872473 np0000001454 devstack@g-api.service[102282]: [pid: 102282|app: 0|req: 68/203] 127.0.0.1 () {40 vars in 838 bytes} [Tue May 26 19:30:43 2026] GET /v2/images/df7c74cf-74e6-4348-9b2a-1338b946eb38 => generated 649 bytes in 11 msecs (HTTP/1.1 200) 4 headers in 157 bytes (1 switches on core 0)
May 26 19:30:44.883108 np0000001454 devstack@g-api.service[102280]: DEBUG glance.api.middleware.version_negotiation [None req-b38c54eb-a9b6-4072-b0e4-1267d60fecea tempest-VolumesActionsTest-353073920 tempest-VolumesActionsTest-353073920-project-member] Determining version of request: GET /v2/images/df7c74cf-74e6-4348-9b2a-1338b946eb38 Accept: application/json {{(pid=102280) process_request /opt/stack/glance/glance/api/middleware/version_negotiation.py:44}}
May 26 19:30:44.883108 np0000001454 devstack@g-api.service[102280]: DEBUG glance.api.middleware.version_negotiation [None req-b38c54eb-a9b6-4072-b0e4-1267d60fecea tempest-VolumesActionsTest-353073920 tempest-VolumesActionsTest-353073920-project-member] Using url versioning {{(pid=102280) process_request /opt/stack/glance/glance/api/middleware/version_negotiation.py:57}}
May 26 19:30:44.883108 np0000001454 devstack@g-api.service[102280]: DEBUG glance.api.middleware.version_negotiation [None req-b38c54eb-a9b6-4072-b0e4-1267d60fecea tempest-VolumesActionsTest-353073920 tempest-VolumesActionsTest-353073920-project-member] Matched version: v2 {{(pid=102280) process_request /opt/stack/glance/glance/api/middleware/version_negotiation.py:69}}
May 26 19:30:44.883108 np0000001454 devstack@g-api.service[102280]: DEBUG glance.api.middleware.version_negotiation [None req-b38c54eb-a9b6-4072-b0e4-1267d60fecea tempest-VolumesActionsTest-353073920 tempest-VolumesActionsTest-353073920-project-member] new path /v2/images/df7c74cf-74e6-4348-9b2a-1338b946eb38 {{(pid=102280) process_request /opt/stack/glance/glance/api/middleware/version_negotiation.py:70}}
May 26 19:30:44.889558 np0000001454 devstack@g-api.service[102280]: [pid: 102280|app: 0|req: 69/204] 127.0.0.1 () {40 vars in 838 bytes} [Tue May 26 19:30:44 2026] GET /v2/images/df7c74cf-74e6-4348-9b2a-1338b946eb38 => generated 649 bytes in 9 msecs (HTTP/1.1 200) 4 headers in 157 bytes (1 switches on core 0)
May 26 19:30:45.124905 np0000001454 devstack@g-api.service[102281]: DEBUG swiftclient [None req-3202f362-df10-432e-86aa-a21c9c2b9902 tempest-VolumesActionsTest-353073920 tempest-VolumesActionsTest-353073920-project-member] REQ: curl -i https://10.4.3.240:8080/v1/AUTH_413ed21eafcb448d9a4bca221bc6b0c1/glance/df7c74cf-74e6-4348-9b2a-1338b946eb38-00001 -X PUT -H "X-Auth-Token: gAAAAABqFfTjz9fj..." {{(pid=102281) http_log /opt/stack/data/venv/lib/python3.12/site-packages/swiftclient/client.py:160}}
May 26 19:30:45.124905 np0000001454 devstack@g-api.service[102281]: DEBUG swiftclient [None req-3202f362-df10-432e-86aa-a21c9c2b9902 tempest-VolumesActionsTest-353073920 tempest-VolumesActionsTest-353073920-project-member] RESP STATUS: 201 Created {{(pid=102281) http_log /opt/stack/data/venv/lib/python3.12/site-packages/swiftclient/client.py:161}}
May 26 19:30:45.124905 np0000001454 devstack@g-api.service[102281]: DEBUG swiftclient [None req-3202f362-df10-432e-86aa-a21c9c2b9902 tempest-VolumesActionsTest-353073920 tempest-VolumesActionsTest-353073920-project-member] RESP HEADERS: {'Date': 'Tue, 26 May 2026 19:30:45 GMT', 'Server': 'Apache/2.4.58 (Ubuntu)', 'Content-Type': 'text/html; charset=UTF-8', 'Content-Length': '0', 'Etag': 'eda9a9889837ac4bc81d6387d92c1bec', 'Last-Modified': 'Tue, 26 May 2026 19:30:44 GMT', 'X-Trans-Id': 'txebe389eaa6c44a49b7ce6-006a15f4e3', 'X-Openstack-Request-Id': 'txebe389eaa6c44a49b7ce6-006a15f4e3', 'Connection': 'close'} {{(pid=102281) http_log /opt/stack/data/venv/lib/python3.12/site-packages/swiftclient/client.py:162}}
May 26 19:30:45.124905 np0000001454 devstack@g-api.service[102281]: DEBUG glance_store._drivers.swift.store [None req-3202f362-df10-432e-86aa-a21c9c2b9902 tempest-VolumesActionsTest-353073920 tempest-VolumesActionsTest-353073920-project-member] Wrote chunk df7c74cf-74e6-4348-9b2a-1338b946eb38-00001 (1/?) of length 204800000 to Swift returning MD5 of content: eda9a9889837ac4bc81d6387d92c1bec {{(pid=102281) add /opt/stack/data/venv/lib/python3.12/site-packages/glance_store/_drivers/swift/store.py:1059}}
May 26 19:30:45.900265 np0000001454 devstack@g-api.service[102282]: DEBUG glance.api.middleware.version_negotiation [None req-abbf38b9-13cc-43ca-be92-491c9d528847 tempest-VolumesActionsTest-353073920 tempest-VolumesActionsTest-353073920-project-member] Determining version of request: GET /v2/images/df7c74cf-74e6-4348-9b2a-1338b946eb38 Accept: application/json {{(pid=102282) process_request /opt/stack/glance/glance/api/middleware/version_negotiation.py:44}}
May 26 19:30:45.900265 np0000001454 devstack@g-api.service[102282]: DEBUG glance.api.middleware.version_negotiation [None req-abbf38b9-13cc-43ca-be92-491c9d528847 tempest-VolumesActionsTest-353073920 tempest-VolumesActionsTest-353073920-project-member] Using url versioning {{(pid=102282) process_request /opt/stack/glance/glance/api/middleware/version_negotiation.py:57}}
May 26 19:30:45.900265 np0000001454 devstack@g-api.service[102282]: DEBUG glance.api.middleware.version_negotiation [None req-abbf38b9-13cc-43ca-be92-491c9d528847 tempest-VolumesActionsTest-353073920 tempest-VolumesActionsTest-353073920-project-member] Matched version: v2 {{(pid=102282) process_request /opt/stack/glance/glance/api/middleware/version_negotiation.py:69}}
May 26 19:30:45.900265 np0000001454 devstack@g-api.service[102282]: DEBUG glance.api.middleware.version_negotiation [None req-abbf38b9-13cc-43ca-be92-491c9d528847 tempest-VolumesActionsTest-353073920 tempest-VolumesActionsTest-353073920-project-member] new path /v2/images/df7c74cf-74e6-4348-9b2a-1338b946eb38 {{(pid=102282) process_request /opt/stack/glance/glance/api/middleware/version_negotiation.py:70}}
May 26 19:30:45.915483 np0000001454 devstack@g-api.service[102282]: [pid: 102282|app: 0|req: 69/205] 127.0.0.1 () {40 vars in 838 bytes} [Tue May 26 19:30:45 2026] GET /v2/images/df7c74cf-74e6-4348-9b2a-1338b946eb38 => generated 649 bytes in 16 msecs (HTTP/1.1 200) 4 headers in 157 bytes (1 switches on core 0)
May 26 19:30:46.923290 np0000001454 devstack@g-api.service[102280]: DEBUG glance.api.middleware.version_negotiation [None req-a954fcb3-ef7f-4cee-8564-84a91860e822 tempest-VolumesActionsTest-353073920 tempest-VolumesActionsTest-353073920-project-member] Determining version of request: GET /v2/images/df7c74cf-74e6-4348-9b2a-1338b946eb38 Accept: application/json {{(pid=102280) process_request /opt/stack/glance/glance/api/middleware/version_negotiation.py:44}}
May 26 19:30:46.923755 np0000001454 devstack@g-api.service[102280]: DEBUG glance.api.middleware.version_negotiation [None req-a954fcb3-ef7f-4cee-8564-84a91860e822 tempest-VolumesActionsTest-353073920 tempest-VolumesActionsTest-353073920-project-member] Using url versioning {{(pid=102280) process_request /opt/stack/glance/glance/api/middleware/version_negotiation.py:57}}
May 26 19:30:46.923755 np0000001454 devstack@g-api.service[102280]: DEBUG glance.api.middleware.version_negotiation [None req-a954fcb3-ef7f-4cee-8564-84a91860e822 tempest-VolumesActionsTest-353073920 tempest-VolumesActionsTest-353073920-project-member] Matched version: v2 {{(pid=102280) process_request /opt/stack/glance/glance/api/middleware/version_negotiation.py:69}}
May 26 19:30:46.923755 np0000001454 devstack@g-api.service[102280]: DEBUG glance.api.middleware.version_negotiation [None req-a954fcb3-ef7f-4cee-8564-84a91860e822 tempest-VolumesActionsTest-353073920 tempest-VolumesActionsTest-353073920-project-member] new path /v2/images/df7c74cf-74e6-4348-9b2a-1338b946eb38 {{(pid=102280) process_request /opt/stack/glance/glance/api/middleware/version_negotiation.py:70}}
May 26 19:30:46.932545 np0000001454 devstack@g-api.service[102280]: [pid: 102280|app: 0|req: 70/206] 127.0.0.1 () {40 vars in 838 bytes} [Tue May 26 19:30:46 2026] GET /v2/images/df7c74cf-74e6-4348-9b2a-1338b946eb38 => generated 649 bytes in 9 msecs (HTTP/1.1 200) 4 headers in 157 bytes (1 switches on core 0)
May 26 19:30:47.081610 np0000001454 devstack@g-api.service[102281]: DEBUG swiftclient [None req-3202f362-df10-432e-86aa-a21c9c2b9902 tempest-VolumesActionsTest-353073920 tempest-VolumesActionsTest-353073920-project-member] REQ: curl -i https://10.4.3.240:8080/v1/AUTH_413ed21eafcb448d9a4bca221bc6b0c1/glance/df7c74cf-74e6-4348-9b2a-1338b946eb38-00002 -X PUT -H "X-Auth-Token: gAAAAABqFfTjz9fj..." {{(pid=102281) http_log /opt/stack/data/venv/lib/python3.12/site-packages/swiftclient/client.py:160}}
May 26 19:30:47.081610 np0000001454 devstack@g-api.service[102281]: DEBUG swiftclient [None req-3202f362-df10-432e-86aa-a21c9c2b9902 tempest-VolumesActionsTest-353073920 tempest-VolumesActionsTest-353073920-project-member] RESP STATUS: 201 Created {{(pid=102281) http_log /opt/stack/data/venv/lib/python3.12/site-packages/swiftclient/client.py:161}}
May 26 19:30:47.081610 np0000001454 devstack@g-api.service[102281]: DEBUG swiftclient [None req-3202f362-df10-432e-86aa-a21c9c2b9902 tempest-VolumesActionsTest-353073920 tempest-VolumesActionsTest-353073920-project-member] RESP HEADERS: {'Date': 'Tue, 26 May 2026 19:30:47 GMT', 'Server': 'Apache/2.4.58 (Ubuntu)', 'Content-Type': 'text/html; charset=UTF-8', 'Content-Length': '0', 'Etag': 'eda9a9889837ac4bc81d6387d92c1bec', 'Last-Modified': 'Tue, 26 May 2026 19:30:46 GMT', 'X-Trans-Id': 'tx1736a9a891924eceaa10c-006a15f4e5', 'X-Openstack-Request-Id': 'tx1736a9a891924eceaa10c-006a15f4e5', 'Connection': 'close'} {{(pid=102281) http_log /opt/stack/data/venv/lib/python3.12/site-packages/swiftclient/client.py:162}}
May 26 19:30:47.081999 np0000001454 devstack@g-api.service[102281]: DEBUG glance_store._drivers.swift.store [None req-3202f362-df10-432e-86aa-a21c9c2b9902 tempest-VolumesActionsTest-353073920 tempest-VolumesActionsTest-353073920-project-member] Wrote chunk df7c74cf-74e6-4348-9b2a-1338b946eb38-00002 (2/?) of length 204800000 to Swift returning MD5 of content: eda9a9889837ac4bc81d6387d92c1bec {{(pid=102281) add /opt/stack/data/venv/lib/python3.12/site-packages/glance_store/_drivers/swift/store.py:1059}}
May 26 19:30:47.944543 np0000001454 devstack@g-api.service[102282]: DEBUG glance.api.middleware.version_negotiation [None req-523031c8-f871-4962-9b72-90181d9c0ed4 tempest-VolumesActionsTest-353073920 tempest-VolumesActionsTest-353073920-project-member] Determining version of request: GET /v2/images/df7c74cf-74e6-4348-9b2a-1338b946eb38 Accept: application/json {{(pid=102282) process_request /opt/stack/glance/glance/api/middleware/version_negotiation.py:44}}
May 26 19:30:47.944543 np0000001454 devstack@g-api.service[102282]: DEBUG glance.api.middleware.version_negotiation [None req-523031c8-f871-4962-9b72-90181d9c0ed4 tempest-VolumesActionsTest-353073920 tempest-VolumesActionsTest-353073920-project-member] Using url versioning {{(pid=102282) process_request /opt/stack/glance/glance/api/middleware/version_negotiation.py:57}}
May 26 19:30:47.945144 np0000001454 devstack@g-api.service[102282]: DEBUG glance.api.middleware.version_negotiation [None req-523031c8-f871-4962-9b72-90181d9c0ed4 tempest-VolumesActionsTest-353073920 tempest-VolumesActionsTest-353073920-project-member] Matched version: v2 {{(pid=102282) process_request /opt/stack/glance/glance/api/middleware/version_negotiation.py:69}}
May 26 19:30:47.945144 np0000001454 devstack@g-api.service[102282]: DEBUG glance.api.middleware.version_negotiation [None req-523031c8-f871-4962-9b72-90181d9c0ed4 tempest-VolumesActionsTest-353073920 tempest-VolumesActionsTest-353073920-project-member] new path /v2/images/df7c74cf-74e6-4348-9b2a-1338b946eb38 {{(pid=102282) process_request /opt/stack/glance/glance/api/middleware/version_negotiation.py:70}}
May 26 19:30:47.958127 np0000001454 devstack@g-api.service[102282]: [pid: 102282|app: 0|req: 70/207] 127.0.0.1 () {40 vars in 838 bytes} [Tue May 26 19:30:47 2026] GET /v2/images/df7c74cf-74e6-4348-9b2a-1338b946eb38 => generated 649 bytes in 14 msecs (HTTP/1.1 200) 4 headers in 157 bytes (1 switches on core 0)
May 26 19:30:48.966257 np0000001454 devstack@g-api.service[102280]: DEBUG glance.api.middleware.version_negotiation [None req-8f9eda27-91f5-4705-8c3b-4f721f3f2d20 tempest-VolumesActionsTest-353073920 tempest-VolumesActionsTest-353073920-project-member] Determining version of request: GET /v2/images/df7c74cf-74e6-4348-9b2a-1338b946eb38 Accept: application/json {{(pid=102280) process_request /opt/stack/glance/glance/api/middleware/version_negotiation.py:44}}
May 26 19:30:48.966676 np0000001454 devstack@g-api.service[102280]: DEBUG glance.api.middleware.version_negotiation [None req-8f9eda27-91f5-4705-8c3b-4f721f3f2d20 tempest-VolumesActionsTest-353073920 tempest-VolumesActionsTest-353073920-project-member] Using url versioning {{(pid=102280) process_request /opt/stack/glance/glance/api/middleware/version_negotiation.py:57}}
May 26 19:30:48.966676 np0000001454 devstack@g-api.service[102280]: DEBUG glance.api.middleware.version_negotiation [None req-8f9eda27-91f5-4705-8c3b-4f721f3f2d20 tempest-VolumesActionsTest-353073920 tempest-VolumesActionsTest-353073920-project-member] Matched version: v2 {{(pid=102280) process_request /opt/stack/glance/glance/api/middleware/version_negotiation.py:69}}
May 26 19:30:48.966780 np0000001454 devstack@g-api.service[102280]: DEBUG glance.api.middleware.version_negotiation [None req-8f9eda27-91f5-4705-8c3b-4f721f3f2d20 tempest-VolumesActionsTest-353073920 tempest-VolumesActionsTest-353073920-project-member] new path /v2/images/df7c74cf-74e6-4348-9b2a-1338b946eb38 {{(pid=102280) process_request /opt/stack/glance/glance/api/middleware/version_negotiation.py:70}}
May 26 19:30:48.980710 np0000001454 devstack@g-api.service[102280]: [pid: 102280|app: 0|req: 71/208] 127.0.0.1 () {40 vars in 838 bytes} [Tue May 26 19:30:48 2026] GET /v2/images/df7c74cf-74e6-4348-9b2a-1338b946eb38 => generated 649 bytes in 15 msecs (HTTP/1.1 200) 4 headers in 157 bytes (1 switches on core 0)
May 26 19:30:49.208109 np0000001454 devstack@g-api.service[102281]: DEBUG swiftclient [None req-3202f362-df10-432e-86aa-a21c9c2b9902 tempest-VolumesActionsTest-353073920 tempest-VolumesActionsTest-353073920-project-member] REQ: curl -i https://10.4.3.240:8080/v1/AUTH_413ed21eafcb448d9a4bca221bc6b0c1/glance/df7c74cf-74e6-4348-9b2a-1338b946eb38-00003 -X PUT -H "X-Auth-Token: gAAAAABqFfTjz9fj..." {{(pid=102281) http_log /opt/stack/data/venv/lib/python3.12/site-packages/swiftclient/client.py:160}}
May 26 19:30:49.208109 np0000001454 devstack@g-api.service[102281]: DEBUG swiftclient [None req-3202f362-df10-432e-86aa-a21c9c2b9902 tempest-VolumesActionsTest-353073920 tempest-VolumesActionsTest-353073920-project-member] RESP STATUS: 201 Created {{(pid=102281) http_log /opt/stack/data/venv/lib/python3.12/site-packages/swiftclient/client.py:161}}
May 26 19:30:49.208109 np0000001454 devstack@g-api.service[102281]: DEBUG swiftclient [None req-3202f362-df10-432e-86aa-a21c9c2b9902 tempest-VolumesActionsTest-353073920 tempest-VolumesActionsTest-353073920-project-member] RESP HEADERS: {'Date': 'Tue, 26 May 2026 19:30:49 GMT', 'Server': 'Apache/2.4.58 (Ubuntu)', 'Content-Type': 'text/html; charset=UTF-8', 'Content-Length': '0', 'Etag': 'eda9a9889837ac4bc81d6387d92c1bec', 'Last-Modified': 'Tue, 26 May 2026 19:30:48 GMT', 'X-Trans-Id': 'tx1c3081291da24a8eb848a-006a15f4e7', 'X-Openstack-Request-Id': 'tx1c3081291da24a8eb848a-006a15f4e7', 'Connection': 'close'} {{(pid=102281) http_log /opt/stack/data/venv/lib/python3.12/site-packages/swiftclient/client.py:162}}
May 26 19:30:49.208109 np0000001454 devstack@g-api.service[102281]: DEBUG glance_store._drivers.swift.store [None req-3202f362-df10-432e-86aa-a21c9c2b9902 tempest-VolumesActionsTest-353073920 tempest-VolumesActionsTest-353073920-project-member] Wrote chunk df7c74cf-74e6-4348-9b2a-1338b946eb38-00003 (3/?) of length 204800000 to Swift returning MD5 of content: eda9a9889837ac4bc81d6387d92c1bec {{(pid=102281) add /opt/stack/data/venv/lib/python3.12/site-packages/glance_store/_drivers/swift/store.py:1059}}
May 26 19:30:49.992330 np0000001454 devstack@g-api.service[102282]: DEBUG glance.api.middleware.version_negotiation [None req-6a349ed9-aecd-4a8e-a437-c2e2b6547e8d tempest-VolumesActionsTest-353073920 tempest-VolumesActionsTest-353073920-project-member] Determining version of request: GET /v2/images/df7c74cf-74e6-4348-9b2a-1338b946eb38 Accept: application/json {{(pid=102282) process_request /opt/stack/glance/glance/api/middleware/version_negotiation.py:44}}
May 26 19:30:49.992330 np0000001454 devstack@g-api.service[102282]: DEBUG glance.api.middleware.version_negotiation [None req-6a349ed9-aecd-4a8e-a437-c2e2b6547e8d tempest-VolumesActionsTest-353073920 tempest-VolumesActionsTest-353073920-project-member] Using url versioning {{(pid=102282) process_request /opt/stack/glance/glance/api/middleware/version_negotiation.py:57}}
May 26 19:30:49.992330 np0000001454 devstack@g-api.service[102282]: DEBUG glance.api.middleware.version_negotiation [None req-6a349ed9-aecd-4a8e-a437-c2e2b6547e8d tempest-VolumesActionsTest-353073920 tempest-VolumesActionsTest-353073920-project-member] Matched version: v2 {{(pid=102282) process_request /opt/stack/glance/glance/api/middleware/version_negotiation.py:69}}
May 26 19:30:49.992330 np0000001454 devstack@g-api.service[102282]: DEBUG glance.api.middleware.version_negotiation [None req-6a349ed9-aecd-4a8e-a437-c2e2b6547e8d tempest-VolumesActionsTest-353073920 tempest-VolumesActionsTest-353073920-project-member] new path /v2/images/df7c74cf-74e6-4348-9b2a-1338b946eb38 {{(pid=102282) process_request /opt/stack/glance/glance/api/middleware/version_negotiation.py:70}}
May 26 19:30:50.004169 np0000001454 devstack@g-api.service[102282]: [pid: 102282|app: 0|req: 71/209] 127.0.0.1 () {40 vars in 838 bytes} [Tue May 26 19:30:49 2026] GET /v2/images/df7c74cf-74e6-4348-9b2a-1338b946eb38 => generated 649 bytes in 13 msecs (HTTP/1.1 200) 4 headers in 157 bytes (1 switches on core 0)
May 26 19:30:51.013797 np0000001454 devstack@g-api.service[102280]: DEBUG glance.api.middleware.version_negotiation [None req-9cee3f6d-9875-4087-9a94-9cd36f0e8317 tempest-VolumesActionsTest-353073920 tempest-VolumesActionsTest-353073920-project-member] Determining version of request: GET /v2/images/df7c74cf-74e6-4348-9b2a-1338b946eb38 Accept: application/json {{(pid=102280) process_request /opt/stack/glance/glance/api/middleware/version_negotiation.py:44}}
May 26 19:30:51.014547 np0000001454 devstack@g-api.service[102280]: DEBUG glance.api.middleware.version_negotiation [None req-9cee3f6d-9875-4087-9a94-9cd36f0e8317 tempest-VolumesActionsTest-353073920 tempest-VolumesActionsTest-353073920-project-member] Using url versioning {{(pid=102280) process_request /opt/stack/glance/glance/api/middleware/version_negotiation.py:57}}
May 26 19:30:51.014547 np0000001454 devstack@g-api.service[102280]: DEBUG glance.api.middleware.version_negotiation [None req-9cee3f6d-9875-4087-9a94-9cd36f0e8317 tempest-VolumesActionsTest-353073920 tempest-VolumesActionsTest-353073920-project-member] Matched version: v2 {{(pid=102280) process_request /opt/stack/glance/glance/api/middleware/version_negotiation.py:69}}
May 26 19:30:51.014547 np0000001454 devstack@g-api.service[102280]: DEBUG glance.api.middleware.version_negotiation [None req-9cee3f6d-9875-4087-9a94-9cd36f0e8317 tempest-VolumesActionsTest-353073920 tempest-VolumesActionsTest-353073920-project-member] new path /v2/images/df7c74cf-74e6-4348-9b2a-1338b946eb38 {{(pid=102280) process_request /opt/stack/glance/glance/api/middleware/version_negotiation.py:70}}
May 26 19:30:51.025690 np0000001454 devstack@g-api.service[102280]: [pid: 102280|app: 0|req: 72/210] 127.0.0.1 () {40 vars in 838 bytes} [Tue May 26 19:30:51 2026] GET /v2/images/df7c74cf-74e6-4348-9b2a-1338b946eb38 => generated 649 bytes in 12 msecs (HTTP/1.1 200) 4 headers in 157 bytes (1 switches on core 0)
May 26 19:30:51.235933 np0000001454 devstack@g-api.service[102281]: DEBUG swiftclient [None req-3202f362-df10-432e-86aa-a21c9c2b9902 tempest-VolumesActionsTest-353073920 tempest-VolumesActionsTest-353073920-project-member] REQ: curl -i https://10.4.3.240:8080/v1/AUTH_413ed21eafcb448d9a4bca221bc6b0c1/glance/df7c74cf-74e6-4348-9b2a-1338b946eb38-00004 -X PUT -H "X-Auth-Token: gAAAAABqFfTjz9fj..." {{(pid=102281) http_log /opt/stack/data/venv/lib/python3.12/site-packages/swiftclient/client.py:160}}
May 26 19:30:51.237703 np0000001454 devstack@g-api.service[102281]: DEBUG swiftclient [None req-3202f362-df10-432e-86aa-a21c9c2b9902 tempest-VolumesActionsTest-353073920 tempest-VolumesActionsTest-353073920-project-member] RESP STATUS: 201 Created {{(pid=102281) http_log /opt/stack/data/venv/lib/python3.12/site-packages/swiftclient/client.py:161}}
May 26 19:30:51.237703 np0000001454 devstack@g-api.service[102281]: DEBUG swiftclient [None req-3202f362-df10-432e-86aa-a21c9c2b9902 tempest-VolumesActionsTest-353073920 tempest-VolumesActionsTest-353073920-project-member] RESP HEADERS: {'Date': 'Tue, 26 May 2026 19:30:51 GMT', 'Server': 'Apache/2.4.58 (Ubuntu)', 'Content-Type': 'text/html; charset=UTF-8', 'Content-Length': '0', 'Etag': 'eda9a9889837ac4bc81d6387d92c1bec', 'Last-Modified': 'Tue, 26 May 2026 19:30:50 GMT', 'X-Trans-Id': 'txecd99cd82ee54bc38171f-006a15f4e9', 'X-Openstack-Request-Id': 'txecd99cd82ee54bc38171f-006a15f4e9', 'Connection': 'close'} {{(pid=102281) http_log /opt/stack/data/venv/lib/python3.12/site-packages/swiftclient/client.py:162}}
May 26 19:30:51.237703 np0000001454 devstack@g-api.service[102281]: DEBUG glance_store._drivers.swift.store [None req-3202f362-df10-432e-86aa-a21c9c2b9902 tempest-VolumesActionsTest-353073920 tempest-VolumesActionsTest-353073920-project-member] Wrote chunk df7c74cf-74e6-4348-9b2a-1338b946eb38-00004 (4/?) of length 204800000 to Swift returning MD5 of content: eda9a9889837ac4bc81d6387d92c1bec {{(pid=102281) add /opt/stack/data/venv/lib/python3.12/site-packages/glance_store/_drivers/swift/store.py:1059}}
May 26 19:30:52.039550 np0000001454 devstack@g-api.service[102282]: DEBUG glance.api.middleware.version_negotiation [None req-4852ef6d-2cf9-4b77-8caf-7b24c703832d tempest-VolumesActionsTest-353073920 tempest-VolumesActionsTest-353073920-project-member] Determining version of request: GET /v2/images/df7c74cf-74e6-4348-9b2a-1338b946eb38 Accept: application/json {{(pid=102282) process_request /opt/stack/glance/glance/api/middleware/version_negotiation.py:44}}
May 26 19:30:52.039550 np0000001454 devstack@g-api.service[102282]: DEBUG glance.api.middleware.version_negotiation [None req-4852ef6d-2cf9-4b77-8caf-7b24c703832d tempest-VolumesActionsTest-353073920 tempest-VolumesActionsTest-353073920-project-member] Using url versioning {{(pid=102282) process_request /opt/stack/glance/glance/api/middleware/version_negotiation.py:57}}
May 26 19:30:52.039550 np0000001454 devstack@g-api.service[102282]: DEBUG glance.api.middleware.version_negotiation [None req-4852ef6d-2cf9-4b77-8caf-7b24c703832d tempest-VolumesActionsTest-353073920 tempest-VolumesActionsTest-353073920-project-member] Matched version: v2 {{(pid=102282) process_request /opt/stack/glance/glance/api/middleware/version_negotiation.py:69}}
May 26 19:30:52.039550 np0000001454 devstack@g-api.service[102282]: DEBUG glance.api.middleware.version_negotiation [None req-4852ef6d-2cf9-4b77-8caf-7b24c703832d tempest-VolumesActionsTest-353073920 tempest-VolumesActionsTest-353073920-project-member] new path /v2/images/df7c74cf-74e6-4348-9b2a-1338b946eb38 {{(pid=102282) process_request /opt/stack/glance/glance/api/middleware/version_negotiation.py:70}}
May 26 19:30:52.054993 np0000001454 devstack@g-api.service[102282]: [pid: 102282|app: 0|req: 72/211] 127.0.0.1 () {40 vars in 838 bytes} [Tue May 26 19:30:52 2026] GET /v2/images/df7c74cf-74e6-4348-9b2a-1338b946eb38 => generated 649 bytes in 16 msecs (HTTP/1.1 200) 4 headers in 157 bytes (1 switches on core 0)
May 26 19:30:53.067470 np0000001454 devstack@g-api.service[102280]: DEBUG glance.api.middleware.version_negotiation [None req-1e03f2d9-29c7-4000-a0cf-8aac4a0e6ed8 tempest-VolumesActionsTest-353073920 tempest-VolumesActionsTest-353073920-project-member] Determining version of request: GET /v2/images/df7c74cf-74e6-4348-9b2a-1338b946eb38 Accept: application/json {{(pid=102280) process_request /opt/stack/glance/glance/api/middleware/version_negotiation.py:44}}
May 26 19:30:53.068157 np0000001454 devstack@g-api.service[102280]: DEBUG glance.api.middleware.version_negotiation [None req-1e03f2d9-29c7-4000-a0cf-8aac4a0e6ed8 tempest-VolumesActionsTest-353073920 tempest-VolumesActionsTest-353073920-project-member] Using url versioning {{(pid=102280) process_request /opt/stack/glance/glance/api/middleware/version_negotiation.py:57}}
May 26 19:30:53.068157 np0000001454 devstack@g-api.service[102280]: DEBUG glance.api.middleware.version_negotiation [None req-1e03f2d9-29c7-4000-a0cf-8aac4a0e6ed8 tempest-VolumesActionsTest-353073920 tempest-VolumesActionsTest-353073920-project-member] Matched version: v2 {{(pid=102280) process_request /opt/stack/glance/glance/api/middleware/version_negotiation.py:69}}
May 26 19:30:53.068157 np0000001454 devstack@g-api.service[102280]: DEBUG glance.api.middleware.version_negotiation [None req-1e03f2d9-29c7-4000-a0cf-8aac4a0e6ed8 tempest-VolumesActionsTest-353073920 tempest-VolumesActionsTest-353073920-project-member] new path /v2/images/df7c74cf-74e6-4348-9b2a-1338b946eb38 {{(pid=102280) process_request /opt/stack/glance/glance/api/middleware/version_negotiation.py:70}}
May 26 19:30:53.081049 np0000001454 devstack@g-api.service[102280]: [pid: 102280|app: 0|req: 73/212] 127.0.0.1 () {40 vars in 838 bytes} [Tue May 26 19:30:53 2026] GET /v2/images/df7c74cf-74e6-4348-9b2a-1338b946eb38 => generated 649 bytes in 14 msecs (HTTP/1.1 200) 4 headers in 157 bytes (1 switches on core 0)
May 26 19:30:53.084676 np0000001454 devstack@g-api.service[102281]: DEBUG dbcounter [-] [102281] Writing DB stats glance:SELECT=32,glance:UPDATE=3,glance:INSERT=1 {{(pid=102281) stat_writer /opt/stack/data/venv/lib/python3.12/site-packages/dbcounter.py:115}}
May 26 19:30:53.626301 np0000001454 devstack@g-api.service[102281]: DEBUG swiftclient [None req-3202f362-df10-432e-86aa-a21c9c2b9902 tempest-VolumesActionsTest-353073920 tempest-VolumesActionsTest-353073920-project-member] REQ: curl -i https://10.4.3.240:8080/v1/AUTH_413ed21eafcb448d9a4bca221bc6b0c1/glance/df7c74cf-74e6-4348-9b2a-1338b946eb38-00005 -X PUT -H "X-Auth-Token: gAAAAABqFfTjz9fj..." {{(pid=102281) http_log /opt/stack/data/venv/lib/python3.12/site-packages/swiftclient/client.py:160}}
May 26 19:30:53.626409 np0000001454 devstack@g-api.service[102281]: DEBUG swiftclient [None req-3202f362-df10-432e-86aa-a21c9c2b9902 tempest-VolumesActionsTest-353073920 tempest-VolumesActionsTest-353073920-project-member] RESP STATUS: 201 Created {{(pid=102281) http_log /opt/stack/data/venv/lib/python3.12/site-packages/swiftclient/client.py:161}}
May 26 19:30:53.626656 np0000001454 devstack@g-api.service[102281]: DEBUG swiftclient [None req-3202f362-df10-432e-86aa-a21c9c2b9902 tempest-VolumesActionsTest-353073920 tempest-VolumesActionsTest-353073920-project-member] RESP HEADERS: {'Date': 'Tue, 26 May 2026 19:30:53 GMT', 'Server': 'Apache/2.4.58 (Ubuntu)', 'Content-Type': 'text/html; charset=UTF-8', 'Content-Length': '0', 'Etag': 'eda9a9889837ac4bc81d6387d92c1bec', 'Last-Modified': 'Tue, 26 May 2026 19:30:52 GMT', 'X-Trans-Id': 'tx14b9c23f6d5940d881e17-006a15f4eb', 'X-Openstack-Request-Id': 'tx14b9c23f6d5940d881e17-006a15f4eb', 'Connection': 'close'} {{(pid=102281) http_log /opt/stack/data/venv/lib/python3.12/site-packages/swiftclient/client.py:162}}
May 26 19:30:53.626822 np0000001454 devstack@g-api.service[102281]: DEBUG glance_store._drivers.swift.store [None req-3202f362-df10-432e-86aa-a21c9c2b9902 tempest-VolumesActionsTest-353073920 tempest-VolumesActionsTest-353073920-project-member] Wrote chunk df7c74cf-74e6-4348-9b2a-1338b946eb38-00005 (5/?) of length 204800000 to Swift returning MD5 of content: eda9a9889837ac4bc81d6387d92c1bec {{(pid=102281) add /opt/stack/data/venv/lib/python3.12/site-packages/glance_store/_drivers/swift/store.py:1059}}
May 26 19:30:54.093549 np0000001454 devstack@g-api.service[102282]: DEBUG glance.api.middleware.version_negotiation [None req-751af618-c712-4f22-88d9-5255f2acde3c tempest-VolumesActionsTest-353073920 tempest-VolumesActionsTest-353073920-project-member] Determining version of request: GET /v2/images/df7c74cf-74e6-4348-9b2a-1338b946eb38 Accept: application/json {{(pid=102282) process_request /opt/stack/glance/glance/api/middleware/version_negotiation.py:44}}
May 26 19:30:54.093549 np0000001454 devstack@g-api.service[102282]: DEBUG glance.api.middleware.version_negotiation [None req-751af618-c712-4f22-88d9-5255f2acde3c tempest-VolumesActionsTest-353073920 tempest-VolumesActionsTest-353073920-project-member] Using url versioning {{(pid=102282) process_request /opt/stack/glance/glance/api/middleware/version_negotiation.py:57}}
May 26 19:30:54.094609 np0000001454 devstack@g-api.service[102282]: DEBUG glance.api.middleware.version_negotiation [None req-751af618-c712-4f22-88d9-5255f2acde3c tempest-VolumesActionsTest-353073920 tempest-VolumesActionsTest-353073920-project-member] Matched version: v2 {{(pid=102282) process_request /opt/stack/glance/glance/api/middleware/version_negotiation.py:69}}
