May 26 19:31:05.762079 np0000001454 devstack@g-api.service[102280]: DEBUG glance_store.location [None req-0d3da247-67fa-4cdb-b173-219aa174d655 tempest-ServerBootFromVolumeStableRescueTest-1734442944 tempest-ServerBootFromVolumeStableRescueTest-1734442944-project-member] Registering scheme swift+https with {'store': , 'location_class': , 'store_entry': 'swift'} {{(pid=102280) register_scheme_map /opt/stack/data/venv/lib/python3.12/site-packages/glance_store/location.py:146}}
May 26 19:31:05.762079 np0000001454 devstack@g-api.service[102280]: DEBUG glance_store.location [None req-0d3da247-67fa-4cdb-b173-219aa174d655 tempest-ServerBootFromVolumeStableRescueTest-1734442944 tempest-ServerBootFromVolumeStableRescueTest-1734442944-project-member] Registering scheme swift with {'store': , 'location_class': , 'store_entry': 'swift'} {{(pid=102280) register_scheme_map /opt/stack/data/venv/lib/python3.12/site-packages/glance_store/location.py:146}}
May 26 19:31:05.762079 np0000001454 devstack@g-api.service[102280]: DEBUG glance_store.location [None req-0d3da247-67fa-4cdb-b173-219aa174d655 tempest-ServerBootFromVolumeStableRescueTest-1734442944 tempest-ServerBootFromVolumeStableRescueTest-1734442944-project-member] Registering scheme swift+https with {'store': , 'location_class': , 'store_entry': 'swift'} {{(pid=102280) register_scheme_map /opt/stack/data/venv/lib/python3.12/site-packages/glance_store/location.py:146}}
May 26 19:31:05.762079 np0000001454 devstack@g-api.service[102280]: DEBUG glance_store.location [None req-0d3da247-67fa-4cdb-b173-219aa174d655 tempest-ServerBootFromVolumeStableRescueTest-1734442944 tempest-ServerBootFromVolumeStableRescueTest-1734442944-project-member] Registering scheme swift with {'store': , 'location_class': , 'store_entry': 'swift'} {{(pid=102280) register_scheme_map /opt/stack/data/venv/lib/python3.12/site-packages/glance_store/location.py:146}}
May 26 19:31:05.762079 np0000001454 devstack@g-api.service[102280]: DEBUG glance_store.location [None req-0d3da247-67fa-4cdb-b173-219aa174d655 tempest-ServerBootFromVolumeStableRescueTest-1734442944 tempest-ServerBootFromVolumeStableRescueTest-1734442944-project-member] Registering scheme swift+http with {'store': , 'location_class': , 'store_entry': 'swift'} {{(pid=102280) register_scheme_map /opt/stack/data/venv/lib/python3.12/site-packages/glance_store/location.py:146}}
May 26 19:31:05.762079 np0000001454 devstack@g-api.service[102280]: DEBUG glance_store.location [None req-0d3da247-67fa-4cdb-b173-219aa174d655 tempest-ServerBootFromVolumeStableRescueTest-1734442944 tempest-ServerBootFromVolumeStableRescueTest-1734442944-project-member] Registering scheme swift+https with {'store': , 'location_class': , 'store_entry': 'swift'} {{(pid=102280) register_scheme_map /opt/stack/data/venv/lib/python3.12/site-packages/glance_store/location.py:146}}
May 26 19:31:05.762079 np0000001454 devstack@g-api.service[102280]: DEBUG glance_store.location [None req-0d3da247-67fa-4cdb-b173-219aa174d655 tempest-ServerBootFromVolumeStableRescueTest-1734442944 tempest-ServerBootFromVolumeStableRescueTest-1734442944-project-member] Registering scheme swift with {'store': , 'location_class': , 'store_entry': 'swift'} {{(pid=102280) register_scheme_map /opt/stack/data/venv/lib/python3.12/site-packages/glance_store/location.py:146}}
May 26 19:31:05.762079 np0000001454 devstack@g-api.service[102280]: DEBUG glance_store.location [None req-0d3da247-67fa-4cdb-b173-219aa174d655 tempest-ServerBootFromVolumeStableRescueTest-1734442944 tempest-ServerBootFromVolumeStableRescueTest-1734442944-project-member] Registering scheme swift+http with {'store': , 'location_class': , 'store_entry': 'swift'} {{(pid=102280) register_scheme_map /opt/stack/data/venv/lib/python3.12/site-packages/glance_store/location.py:146}}
May 26 19:31:05.762079 np0000001454 devstack@g-api.service[102280]: DEBUG glance_store.location [None req-0d3da247-67fa-4cdb-b173-219aa174d655 tempest-ServerBootFromVolumeStableRescueTest-1734442944 tempest-ServerBootFromVolumeStableRescueTest-1734442944-project-member] Registering scheme swift+config with {'store': , 'location_class': , 'store_entry': 'swift'} {{(pid=102280) register_scheme_map /opt/stack/data/venv/lib/python3.12/site-packages/glance_store/location.py:146}}
May 26 19:31:05.762079 np0000001454 devstack@g-api.service[102280]: DEBUG keystoneclient.auth.identity.v3.base [None req-0d3da247-67fa-4cdb-b173-219aa174d655 tempest-ServerBootFromVolumeStableRescueTest-1734442944 tempest-ServerBootFromVolumeStableRescueTest-1734442944-project-member] Making authentication request to https://10.4.3.240/identity/v3/auth/tokens {{(pid=102280) get_auth_ref /opt/stack/data/venv/lib/python3.12/site-packages/keystoneclient/auth/identity/v3/base.py:185}}
May 26 19:31:05.924130 np0000001454 devstack@g-api.service[102280]: DEBUG keystoneclient.auth.identity.v3.base [None req-0d3da247-67fa-4cdb-b173-219aa174d655 tempest-ServerBootFromVolumeStableRescueTest-1734442944 tempest-ServerBootFromVolumeStableRescueTest-1734442944-project-member] {"token": {"methods": ["password"], "user": {"domain": {"id": "default", "name": "Default"}, "id": "63cceb7c1fa04c4498443983fd9e95e5", "name": "glance-swift", "password_expires_at": null}, "audit_ids": ["Aw00hYN8QLaWsatVNktk7A"], "expires_at": "2026-05-26T20:31:05.000000Z", "issued_at": "2026-05-26T19:31:05.000000Z", "project": {"domain": {"id": "default", "name": "Default"}, "id": "413ed21eafcb448d9a4bca221bc6b0c1", "name": "service"}, "is_domain": false, "roles": [{"id": "75f2f67696254253b2fd03a5c27a62c9", "name": "ResellerAdmin"}, {"id": "aa79b7bad5fe405da7f146634e4b7851", "name": "service"}], "catalog": [{"endpoints": [{"id": "da6eb76d0ae6464b9326c968b8767adb", "interface": "public", "region_id": "RegionOne", "url": "https://10.4.3.240/volume/v3", "region": "RegionOne"}], "id": "4eef602cd1fe49838c85f9ef7997df95", "type": "block-storage", "name": "cinder"}, {"endpoints": [{"id": "0fc5366d7eb34c8fbf24af84f322cdc3", "interface": "public", "region_id": "RegionOne", "url": "https://10.4.3.240/image", "region": "RegionOne"}], "id": "669c597c1b1b4660a6fe00ccb527ed16", "type": "image", "name": "glance"}, {"endpoints": [{"id": "85925592b3384d1599a8fb7205654c31", "interface": "public", "region_id": "RegionOne", "url": "https://10.4.3.240/identity", "region": "RegionOne"}], "id": "8cb3670a26554717bab97a79d5c96a95", "type": "identity", "name": "keystone"}, {"endpoints": [{"id": "430a25fc98e549979e346aa5ce2d3c0a", "interface": "public", "region_id": "RegionOne", "url": "https://10.4.3.240/compute/v2.1", "region": "RegionOne"}], "id": "91e3910a32394f048daad49adea56965", "type": "compute", "name": "nova"}, {"endpoints": [{"id": "6bab7da8260d4d498e06a5a471e6e549", "interface": "public", "region_id": "RegionOne", "url": "https://10.4.3.240:8080/v1/AUTH_413ed21eafcb448d9a4bca221bc6b0c1", "region": "RegionOne"}, {"id": "7025d8709ce449f39f3614aeefeac6cc", "interface": "admin", "region_id": "RegionOne", "url": "https://10.4.3.240:8080", "region": "RegionOne"}], "id": "a661e5a64199459ba429229cc691fc29", "type": "object-store", "name": "swift"}, {"endpoints": [{"id": "0b035c01a63d4f30b611417f1c7e369f", "interface": "public", "region_id": "RegionOne", "url": "https://10.4.3.240/compute/v2/413ed21eafcb448d9a4bca221bc6b0c1", "region": "RegionOne"}], "id": "b9531005b1724b93a4f7f9f3f88c6c4f", "type": "compute_legacy", "name": "nova_legacy"}, {"endpoints": [{"id": "6fa168b1c23844be9b82a3ca93924f12", "interface": "public", "region_id": "RegionOne", "url": "https://10.4.3.240/placement", "region": "RegionOne"}], "id": "cb383bba01e34ab295de03e2fc41239c", "type": "placement", "name": "placement"}, {"endpoints": [{"id": "c4d4fd3fd415401a983aa5f3ec019644", "interface": "public", "region_id": "RegionOne", "url": "https://10.4.3.240/networking", "region": "RegionOne"}], "id": "f9070f72cc4b46e4a4291814d1cb220c", "type": "network", "name": "neutron"}]}} {{(pid=102280) get_auth_ref /opt/stack/data/venv/lib/python3.12/site-packages/keystoneclient/auth/identity/v3/base.py:190}}
May 26 19:31:05.924883 np0000001454 devstack@g-api.service[102280]: DEBUG keystoneclient.httpclient [None req-0d3da247-67fa-4cdb-b173-219aa174d655 tempest-ServerBootFromVolumeStableRescueTest-1734442944 tempest-ServerBootFromVolumeStableRescueTest-1734442944-project-member] Failed to find endpoint for management url admin endpoint for identity service not found {{(pid=102280) _process_management_url /opt/stack/data/venv/lib/python3.12/site-packages/keystoneclient/httpclient.py:670}}
May 26 19:31:06.067120 np0000001454 devstack@g-api.service[102280]: DEBUG swiftclient [None req-0d3da247-67fa-4cdb-b173-219aa174d655 tempest-ServerBootFromVolumeStableRescueTest-1734442944 tempest-ServerBootFromVolumeStableRescueTest-1734442944-project-member] REQ: curl -i https://10.4.3.240:8080/v1/AUTH_413ed21eafcb448d9a4bca221bc6b0c1/glance/09d3b863-38f3-47a4-bb12-99d8ff525e8d -I -H "X-Auth-Token: gAAAAABqFfT53kUr..." {{(pid=102280) http_log /opt/stack/data/venv/lib/python3.12/site-packages/swiftclient/client.py:160}}
May 26 19:31:06.067248 np0000001454 devstack@g-api.service[102280]: DEBUG swiftclient [None req-0d3da247-67fa-4cdb-b173-219aa174d655 tempest-ServerBootFromVolumeStableRescueTest-1734442944 tempest-ServerBootFromVolumeStableRescueTest-1734442944-project-member] RESP STATUS: 200 OK {{(pid=102280) http_log /opt/stack/data/venv/lib/python3.12/site-packages/swiftclient/client.py:161}}
May 26 19:31:06.067484 np0000001454 devstack@g-api.service[102280]: DEBUG swiftclient [None req-0d3da247-67fa-4cdb-b173-219aa174d655 tempest-ServerBootFromVolumeStableRescueTest-1734442944 tempest-ServerBootFromVolumeStableRescueTest-1734442944-project-member] RESP HEADERS: {'Date': 'Tue, 26 May 2026 19:31:06 GMT', 'Server': 'Apache/2.4.58 (Ubuntu)', 'Content-Type': 'application/octet-stream', 'Content-Length': '23527424', 'X-Object-Manifest': 'glance/09d3b863-38f3-47a4-bb12-99d8ff525e8d-', 'Last-Modified': 'Tue, 26 May 2026 19:30:07 GMT', 'X-Timestamp': '1779823806.21632', 'Accept-Ranges': 'bytes', 'Etag': '"9c424351ecc3b84373f916fa8ecd34a2"', 'X-Trans-Id': 'txd9751cff0fb94460ad5cb-006a15f4f9', 'X-Openstack-Request-Id': 'txd9751cff0fb94460ad5cb-006a15f4f9', 'Connection': 'close'} {{(pid=102280) http_log /opt/stack/data/venv/lib/python3.12/site-packages/swiftclient/client.py:162}}
May 26 19:31:06.088701 np0000001454 devstack@g-api.service[102280]: DEBUG swiftclient [None req-0d3da247-67fa-4cdb-b173-219aa174d655 tempest-ServerBootFromVolumeStableRescueTest-1734442944 tempest-ServerBootFromVolumeStableRescueTest-1734442944-project-member] REQ: curl -i https://10.4.3.240:8080/v1/AUTH_413ed21eafcb448d9a4bca221bc6b0c1/glance?format=json&prefix=09d3b863-38f3-47a4-bb12-99d8ff525e8d- -X GET -H "X-Auth-Token: gAAAAABqFfT53kUr..." -H "Accept-Encoding: gzip" {{(pid=102280) http_log /opt/stack/data/venv/lib/python3.12/site-packages/swiftclient/client.py:160}}
May 26 19:31:06.088884 np0000001454 devstack@g-api.service[102280]: DEBUG swiftclient [None req-0d3da247-67fa-4cdb-b173-219aa174d655 tempest-ServerBootFromVolumeStableRescueTest-1734442944 tempest-ServerBootFromVolumeStableRescueTest-1734442944-project-member] RESP STATUS: 200 OK {{(pid=102280) http_log /opt/stack/data/venv/lib/python3.12/site-packages/swiftclient/client.py:161}}
May 26 19:31:06.088962 np0000001454 devstack@g-api.service[102280]: DEBUG swiftclient [None req-0d3da247-67fa-4cdb-b173-219aa174d655 tempest-ServerBootFromVolumeStableRescueTest-1734442944 tempest-ServerBootFromVolumeStableRescueTest-1734442944-project-member] RESP HEADERS: {'Date': 'Tue, 26 May 2026 19:31:06 GMT', 'Server': 'Apache/2.4.58 (Ubuntu)', 'Content-Type': 'application/json; charset=utf-8', 'Content-Length': '210', 'X-Container-Object-Count': '14', 'X-Container-Bytes-Used': '1185153024', 'X-Timestamp': '1779823498.95395', 'Last-Modified': 'Tue, 26 May 2026 19:24:59 GMT', 'Accept-Ranges': 'bytes', 'X-Storage-Policy': 'Policy-0', 'X-Container-Sharding': 'False', 'X-Trans-Id': 'tx2b5c61597947496095782-006a15f4fa', 'X-Openstack-Request-Id': 'tx2b5c61597947496095782-006a15f4fa', 'Connection': 'close'} {{(pid=102280) http_log /opt/stack/data/venv/lib/python3.12/site-packages/swiftclient/client.py:162}}
May 26 19:31:06.089435 np0000001454 devstack@g-api.service[102280]: DEBUG swiftclient [None req-0d3da247-67fa-4cdb-b173-219aa174d655 tempest-ServerBootFromVolumeStableRescueTest-1734442944 tempest-ServerBootFromVolumeStableRescueTest-1734442944-project-member] RESP BODY: b'[{"bytes": 23527424, "hash": "4fa343ee581d8d2e78533191fd1ac3e1", "name": "09d3b863-38f3-47a4-bb12-99d8ff525e8d-00001", "content_type": "application/octet-stream", "last_modified": "2026-05-26T19:30:05.988670"}]' {{(pid=102280) http_log /opt/stack/data/venv/lib/python3.12/site-packages/swiftclient/client.py:166}}
May 26 19:31:06.113368 np0000001454 devstack@g-api.service[102280]: DEBUG swiftclient [None req-0d3da247-67fa-4cdb-b173-219aa174d655 tempest-ServerBootFromVolumeStableRescueTest-1734442944 tempest-ServerBootFromVolumeStableRescueTest-1734442944-project-member] REQ: curl -i https://10.4.3.240:8080/v1/AUTH_413ed21eafcb448d9a4bca221bc6b0c1/glance/09d3b863-38f3-47a4-bb12-99d8ff525e8d-00001 DELETE -H "X-Auth-Token: gAAAAABqFfT53kUr..." {{(pid=102280) http_log /opt/stack/data/venv/lib/python3.12/site-packages/swiftclient/client.py:160}}
May 26 19:31:06.113505 np0000001454 devstack@g-api.service[102280]: DEBUG swiftclient [None req-0d3da247-67fa-4cdb-b173-219aa174d655 tempest-ServerBootFromVolumeStableRescueTest-1734442944 tempest-ServerBootFromVolumeStableRescueTest-1734442944-project-member] RESP STATUS: 204 No Content {{(pid=102280) http_log /opt/stack/data/venv/lib/python3.12/site-packages/swiftclient/client.py:161}}
May 26 19:31:06.113668 np0000001454 devstack@g-api.service[102280]: DEBUG swiftclient [None req-0d3da247-67fa-4cdb-b173-219aa174d655 tempest-ServerBootFromVolumeStableRescueTest-1734442944 tempest-ServerBootFromVolumeStableRescueTest-1734442944-project-member] RESP HEADERS: {'Date': 'Tue, 26 May 2026 19:31:06 GMT', 'Server': 'Apache/2.4.58 (Ubuntu)', 'Content-Type': 'text/html; charset=UTF-8', 'X-Trans-Id': 'txa5a9a430720540f5ac341-006a15f4fa', 'X-Openstack-Request-Id': 'txa5a9a430720540f5ac341-006a15f4fa', 'Connection': 'close'} {{(pid=102280) http_log /opt/stack/data/venv/lib/python3.12/site-packages/swiftclient/client.py:162}}
May 26 19:31:06.120855 np0000001454 devstack@g-api.service[102282]: DEBUG glance.api.middleware.version_negotiation [None req-9d153f74-b5ad-48e8-b0be-32826c36548d tempest-VolumesActionsTest-353073920 tempest-VolumesActionsTest-353073920-project-member] Determining version of request: GET /v2/images/d59beb98-bc89-4b38-a15a-6df27f0f68cc Accept: application/json {{(pid=102282) process_request /opt/stack/glance/glance/api/middleware/version_negotiation.py:44}}
May 26 19:31:06.121258 np0000001454 devstack@g-api.service[102282]: DEBUG glance.api.middleware.version_negotiation [None req-9d153f74-b5ad-48e8-b0be-32826c36548d tempest-VolumesActionsTest-353073920 tempest-VolumesActionsTest-353073920-project-member] Using url versioning {{(pid=102282) process_request /opt/stack/glance/glance/api/middleware/version_negotiation.py:57}}
May 26 19:31:06.121258 np0000001454 devstack@g-api.service[102282]: DEBUG glance.api.middleware.version_negotiation [None req-9d153f74-b5ad-48e8-b0be-32826c36548d tempest-VolumesActionsTest-353073920 tempest-VolumesActionsTest-353073920-project-member] Matched version: v2 {{(pid=102282) process_request /opt/stack/glance/glance/api/middleware/version_negotiation.py:69}}
May 26 19:31:06.121350 np0000001454 devstack@g-api.service[102282]: DEBUG glance.api.middleware.version_negotiation [None req-9d153f74-b5ad-48e8-b0be-32826c36548d tempest-VolumesActionsTest-353073920 tempest-VolumesActionsTest-353073920-project-member] new path /v2/images/d59beb98-bc89-4b38-a15a-6df27f0f68cc {{(pid=102282) process_request /opt/stack/glance/glance/api/middleware/version_negotiation.py:70}}
May 26 19:31:06.132602 np0000001454 devstack@g-api.service[102282]: [pid: 102282|app: 0|req: 80/233] 127.0.0.1 () {40 vars in 838 bytes} [Tue May 26 19:31:06 2026] GET /v2/images/d59beb98-bc89-4b38-a15a-6df27f0f68cc => generated 652 bytes in 12 msecs (HTTP/1.1 200) 4 headers in 157 bytes (1 switches on core 0)
May 26 19:31:06.139370 np0000001454 devstack@g-api.service[102280]: DEBUG swiftclient [None req-0d3da247-67fa-4cdb-b173-219aa174d655 tempest-ServerBootFromVolumeStableRescueTest-1734442944 tempest-ServerBootFromVolumeStableRescueTest-1734442944-project-member] REQ: curl -i https://10.4.3.240:8080/v1/AUTH_413ed21eafcb448d9a4bca221bc6b0c1/glance/09d3b863-38f3-47a4-bb12-99d8ff525e8d DELETE -H "X-Auth-Token: gAAAAABqFfT53kUr..." {{(pid=102280) http_log /opt/stack/data/venv/lib/python3.12/site-packages/swiftclient/client.py:160}}
May 26 19:31:06.139498 np0000001454 devstack@g-api.service[102280]: DEBUG swiftclient [None req-0d3da247-67fa-4cdb-b173-219aa174d655 tempest-ServerBootFromVolumeStableRescueTest-1734442944 tempest-ServerBootFromVolumeStableRescueTest-1734442944-project-member] RESP STATUS: 204 No Content {{(pid=102280) http_log /opt/stack/data/venv/lib/python3.12/site-packages/swiftclient/client.py:161}}
May 26 19:31:06.139669 np0000001454 devstack@g-api.service[102280]: DEBUG swiftclient [None req-0d3da247-67fa-4cdb-b173-219aa174d655 tempest-ServerBootFromVolumeStableRescueTest-1734442944 tempest-ServerBootFromVolumeStableRescueTest-1734442944-project-member] RESP HEADERS: {'Date': 'Tue, 26 May 2026 19:31:06 GMT', 'Server': 'Apache/2.4.58 (Ubuntu)', 'Content-Type': 'text/html; charset=UTF-8', 'X-Trans-Id': 'tx4e7828cf22154a8a8b82c-006a15f4fa', 'X-Openstack-Request-Id': 'tx4e7828cf22154a8a8b82c-006a15f4fa', 'Connection': 'close'} {{(pid=102280) http_log /opt/stack/data/venv/lib/python3.12/site-packages/swiftclient/client.py:162}}
May 26 19:31:06.291511 np0000001454 devstack@g-api.service[102281]: DEBUG glance.api.middleware.version_negotiation [None req-1bd952de-8b90-4649-aa0c-f0d53204ffab tempest-VolumesActionsTest-353073920 tempest-VolumesActionsTest-353073920-project-member] Determining version of request: GET /v2/images/9b8218e0-fa8e-4c93-8d2b-673fd9cde323 Accept: */* {{(pid=102281) process_request /opt/stack/glance/glance/api/middleware/version_negotiation.py:44}}
May 26 19:31:06.291511 np0000001454 devstack@g-api.service[102281]: DEBUG glance.api.middleware.version_negotiation [None req-1bd952de-8b90-4649-aa0c-f0d53204ffab tempest-VolumesActionsTest-353073920 tempest-VolumesActionsTest-353073920-project-member] Using url versioning {{(pid=102281) process_request /opt/stack/glance/glance/api/middleware/version_negotiation.py:57}}
May 26 19:31:06.291931 np0000001454 devstack@g-api.service[102281]: DEBUG glance.api.middleware.version_negotiation [None req-1bd952de-8b90-4649-aa0c-f0d53204ffab tempest-VolumesActionsTest-353073920 tempest-VolumesActionsTest-353073920-project-member] Matched version: v2 {{(pid=102281) process_request /opt/stack/glance/glance/api/middleware/version_negotiation.py:69}}
May 26 19:31:06.291931 np0000001454 devstack@g-api.service[102281]: DEBUG glance.api.middleware.version_negotiation [None req-1bd952de-8b90-4649-aa0c-f0d53204ffab tempest-VolumesActionsTest-353073920 tempest-VolumesActionsTest-353073920-project-member] new path /v2/images/9b8218e0-fa8e-4c93-8d2b-673fd9cde323 {{(pid=102281) process_request /opt/stack/glance/glance/api/middleware/version_negotiation.py:70}}
May 26 19:31:06.304611 np0000001454 devstack@g-api.service[102280]: DEBUG glance.api.middleware.cache [None req-0d3da247-67fa-4cdb-b173-219aa174d655 tempest-ServerBootFromVolumeStableRescueTest-1734442944 tempest-ServerBootFromVolumeStableRescueTest-1734442944-project-member] Removing image 09d3b863-38f3-47a4-bb12-99d8ff525e8d from cache {{(pid=102280) _process_DELETE_response /opt/stack/glance/glance/api/middleware/cache.py:264}}
May 26 19:31:06.304855 np0000001454 devstack@g-api.service[102280]: DEBUG glance.image_cache.drivers.centralized_db [None req-0d3da247-67fa-4cdb-b173-219aa174d655 tempest-ServerBootFromVolumeStableRescueTest-1734442944 tempest-ServerBootFromVolumeStableRescueTest-1734442944-project-member] Deleting image cache file '/opt/stack/data/glance/cache/09d3b863-38f3-47a4-bb12-99d8ff525e8d' {{(pid=102280) delete_cached_file /opt/stack/glance/glance/image_cache/drivers/centralized_db.py:395}}
May 26 19:31:06.318740 np0000001454 devstack@g-api.service[102281]: [pid: 102281|app: 0|req: 75/234] 127.0.0.1 () {44 vars in 1115 bytes} [Tue May 26 19:31:06 2026] GET /v2/images/9b8218e0-fa8e-4c93-8d2b-673fd9cde323 => generated 1044 bytes in 29 msecs (HTTP/1.1 200) 4 headers in 158 bytes (1 switches on core 0)
May 26 19:31:06.320683 np0000001454 devstack@g-api.service[102280]: [pid: 102280|app: 0|req: 80/235] 127.0.0.1 () {40 vars in 841 bytes} [Tue May 26 19:31:05 2026] DELETE /v2/images/09d3b863-38f3-47a4-bb12-99d8ff525e8d => generated 0 bytes in 577 msecs (HTTP/1.1 204) 4 headers in 171 bytes (1 switches on core 0)
May 26 19:31:06.330630 np0000001454 devstack@g-api.service[102282]: DEBUG glance.api.middleware.version_negotiation [None req-bd77615e-c5e6-4d58-b07a-c13061de0af0 tempest-VolumesActionsTest-353073920 tempest-VolumesActionsTest-353073920-project-member] Determining version of request: GET /v2/schemas/image Accept: */* {{(pid=102282) process_request /opt/stack/glance/glance/api/middleware/version_negotiation.py:44}}
May 26 19:31:06.330836 np0000001454 devstack@g-api.service[102282]: DEBUG glance.api.middleware.version_negotiation [None req-bd77615e-c5e6-4d58-b07a-c13061de0af0 tempest-VolumesActionsTest-353073920 tempest-VolumesActionsTest-353073920-project-member] Using url versioning {{(pid=102282) process_request /opt/stack/glance/glance/api/middleware/version_negotiation.py:57}}
May 26 19:31:06.331001 np0000001454 devstack@g-api.service[102282]: DEBUG glance.api.middleware.version_negotiation [None req-bd77615e-c5e6-4d58-b07a-c13061de0af0 tempest-VolumesActionsTest-353073920 tempest-VolumesActionsTest-353073920-project-member] Matched version: v2 {{(pid=102282) process_request /opt/stack/glance/glance/api/middleware/version_negotiation.py:69}}
May 26 19:31:06.331161 np0000001454 devstack@g-api.service[102282]: DEBUG glance.api.middleware.version_negotiation [None req-bd77615e-c5e6-4d58-b07a-c13061de0af0 tempest-VolumesActionsTest-353073920 tempest-VolumesActionsTest-353073920-project-member] new path /v2/schemas/image {{(pid=102282) process_request /opt/stack/glance/glance/api/middleware/version_negotiation.py:70}}
May 26 19:31:06.333861 np0000001454 devstack@g-api.service[102282]: [pid: 102282|app: 0|req: 81/236] 127.0.0.1 () {44 vars in 1055 bytes} [Tue May 26 19:31:06 2026] GET /v2/schemas/image => generated 6083 bytes in 3 msecs (HTTP/1.1 200) 4 headers in 158 bytes (1 switches on core 0)
May 26 19:31:06.343185 np0000001454 devstack@g-api.service[102281]: DEBUG glance.api.middleware.version_negotiation [None req-e0eaf4a3-27b3-4427-99a0-3abb6303ddc1 tempest-TaggedBootDevicesTest-350264079 tempest-TaggedBootDevicesTest-350264079-project-member] Determining version of request: GET /v2/schemas/image Accept: */* {{(pid=102281) process_request /opt/stack/glance/glance/api/middleware/version_negotiation.py:44}}
May 26 19:31:06.343365 np0000001454 devstack@g-api.service[102281]: DEBUG glance.api.middleware.version_negotiation [None req-e0eaf4a3-27b3-4427-99a0-3abb6303ddc1 tempest-TaggedBootDevicesTest-350264079 tempest-TaggedBootDevicesTest-350264079-project-member] Using url versioning {{(pid=102281) process_request /opt/stack/glance/glance/api/middleware/version_negotiation.py:57}}
May 26 19:31:06.343528 np0000001454 devstack@g-api.service[102281]: DEBUG glance.api.middleware.version_negotiation [None req-e0eaf4a3-27b3-4427-99a0-3abb6303ddc1 tempest-TaggedBootDevicesTest-350264079 tempest-TaggedBootDevicesTest-350264079-project-member] Matched version: v2 {{(pid=102281) process_request /opt/stack/glance/glance/api/middleware/version_negotiation.py:69}}
May 26 19:31:06.343678 np0000001454 devstack@g-api.service[102281]: DEBUG glance.api.middleware.version_negotiation [None req-e0eaf4a3-27b3-4427-99a0-3abb6303ddc1 tempest-TaggedBootDevicesTest-350264079 tempest-TaggedBootDevicesTest-350264079-project-member] new path /v2/schemas/image {{(pid=102281) process_request /opt/stack/glance/glance/api/middleware/version_negotiation.py:70}}
May 26 19:31:06.346907 np0000001454 devstack@g-api.service[102281]: [pid: 102281|app: 0|req: 76/237] 127.0.0.1 () {44 vars in 1055 bytes} [Tue May 26 19:31:06 2026] GET /v2/schemas/image => generated 6083 bytes in 4 msecs (HTTP/1.1 200) 4 headers in 158 bytes (1 switches on core 0)
May 26 19:31:06.354843 np0000001454 devstack@g-api.service[102280]: DEBUG glance.api.middleware.version_negotiation [None req-0d3da247-67fa-4cdb-b173-219aa174d655 tempest-ServerBootFromVolumeStableRescueTest-1734442944 tempest-ServerBootFromVolumeStableRescueTest-1734442944-project-member] Determining version of request: GET /v2/images/9b8218e0-fa8e-4c93-8d2b-673fd9cde323 Accept: */* {{(pid=102280) process_request /opt/stack/glance/glance/api/middleware/version_negotiation.py:44}}
May 26 19:31:06.354967 np0000001454 devstack@g-api.service[102280]: DEBUG glance.api.middleware.version_negotiation [None req-0d3da247-67fa-4cdb-b173-219aa174d655 tempest-ServerBootFromVolumeStableRescueTest-1734442944 tempest-ServerBootFromVolumeStableRescueTest-1734442944-project-member] Using url versioning {{(pid=102280) process_request /opt/stack/glance/glance/api/middleware/version_negotiation.py:57}}
May 26 19:31:06.355068 np0000001454 devstack@g-api.service[102280]: DEBUG glance.api.middleware.version_negotiation [None req-0d3da247-67fa-4cdb-b173-219aa174d655 tempest-ServerBootFromVolumeStableRescueTest-1734442944 tempest-ServerBootFromVolumeStableRescueTest-1734442944-project-member] Matched version: v2 {{(pid=102280) process_request /opt/stack/glance/glance/api/middleware/version_negotiation.py:69}}
May 26 19:31:06.355178 np0000001454 devstack@g-api.service[102280]: DEBUG glance.api.middleware.version_negotiation [None req-0d3da247-67fa-4cdb-b173-219aa174d655 tempest-ServerBootFromVolumeStableRescueTest-1734442944 tempest-ServerBootFromVolumeStableRescueTest-1734442944-project-member] new path /v2/images/9b8218e0-fa8e-4c93-8d2b-673fd9cde323 {{(pid=102280) process_request /opt/stack/glance/glance/api/middleware/version_negotiation.py:70}}
May 26 19:31:06.364177 np0000001454 devstack@g-api.service[102280]: [pid: 102280|app: 0|req: 81/238] 127.0.0.1 () {44 vars in 1115 bytes} [Tue May 26 19:31:06 2026] GET /v2/images/9b8218e0-fa8e-4c93-8d2b-673fd9cde323 => generated 1044 bytes in 9 msecs (HTTP/1.1 200) 4 headers in 158 bytes (1 switches on core 0)
May 26 19:31:06.372968 np0000001454 devstack@g-api.service[102282]: DEBUG glance.api.middleware.version_negotiation [None req-e0eaf4a3-27b3-4427-99a0-3abb6303ddc1 tempest-TaggedBootDevicesTest-350264079 tempest-TaggedBootDevicesTest-350264079-project-member] Determining version of request: GET /v2/schemas/image Accept: */* {{(pid=102282) process_request /opt/stack/glance/glance/api/middleware/version_negotiation.py:44}}
May 26 19:31:06.373180 np0000001454 devstack@g-api.service[102282]: DEBUG glance.api.middleware.version_negotiation [None req-e0eaf4a3-27b3-4427-99a0-3abb6303ddc1 tempest-TaggedBootDevicesTest-350264079 tempest-TaggedBootDevicesTest-350264079-project-member] Using url versioning {{(pid=102282) process_request /opt/stack/glance/glance/api/middleware/version_negotiation.py:57}}
May 26 19:31:06.373364 np0000001454 devstack@g-api.service[102282]: DEBUG glance.api.middleware.version_negotiation [None req-e0eaf4a3-27b3-4427-99a0-3abb6303ddc1 tempest-TaggedBootDevicesTest-350264079 tempest-TaggedBootDevicesTest-350264079-project-member] Matched version: v2 {{(pid=102282) process_request /opt/stack/glance/glance/api/middleware/version_negotiation.py:69}}
May 26 19:31:06.373496 np0000001454 devstack@g-api.service[102282]: DEBUG glance.api.middleware.version_negotiation [None req-e0eaf4a3-27b3-4427-99a0-3abb6303ddc1 tempest-TaggedBootDevicesTest-350264079 tempest-TaggedBootDevicesTest-350264079-project-member] new path /v2/schemas/image {{(pid=102282) process_request /opt/stack/glance/glance/api/middleware/version_negotiation.py:70}}
May 26 19:31:06.376597 np0000001454 devstack@g-api.service[102282]: [pid: 102282|app: 0|req: 82/239] 127.0.0.1 () {44 vars in 1055 bytes} [Tue May 26 19:31:06 2026] GET /v2/schemas/image => generated 6083 bytes in 4 msecs (HTTP/1.1 200) 4 headers in 158 bytes (1 switches on core 0)
May 26 19:31:06.385812 np0000001454 devstack@g-api.service[102281]: DEBUG glance.api.middleware.version_negotiation [None req-e0eaf4a3-27b3-4427-99a0-3abb6303ddc1 tempest-TaggedBootDevicesTest-350264079 tempest-TaggedBootDevicesTest-350264079-project-member] Determining version of request: GET /v2/schemas/image Accept: */* {{(pid=102281) process_request /opt/stack/glance/glance/api/middleware/version_negotiation.py:44}}
May 26 19:31:06.386003 np0000001454 devstack@g-api.service[102281]: DEBUG glance.api.middleware.version_negotiation [None req-e0eaf4a3-27b3-4427-99a0-3abb6303ddc1 tempest-TaggedBootDevicesTest-350264079 tempest-TaggedBootDevicesTest-350264079-project-member] Using url versioning {{(pid=102281) process_request /opt/stack/glance/glance/api/middleware/version_negotiation.py:57}}
May 26 19:31:06.386228 np0000001454 devstack@g-api.service[102281]: DEBUG glance.api.middleware.version_negotiation [None req-e0eaf4a3-27b3-4427-99a0-3abb6303ddc1 tempest-TaggedBootDevicesTest-350264079 tempest-TaggedBootDevicesTest-350264079-project-member] Matched version: v2 {{(pid=102281) process_request /opt/stack/glance/glance/api/middleware/version_negotiation.py:69}}
May 26 19:31:06.386321 np0000001454 devstack@g-api.service[102281]: DEBUG glance.api.middleware.version_negotiation [None req-e0eaf4a3-27b3-4427-99a0-3abb6303ddc1 tempest-TaggedBootDevicesTest-350264079 tempest-TaggedBootDevicesTest-350264079-project-member] new path /v2/schemas/image {{(pid=102281) process_request /opt/stack/glance/glance/api/middleware/version_negotiation.py:70}}
May 26 19:31:06.388404 np0000001454 devstack@g-api.service[102281]: [pid: 102281|app: 0|req: 77/240] 127.0.0.1 () {44 vars in 1055 bytes} [Tue May 26 19:31:06 2026] GET /v2/schemas/image => generated 6083 bytes in 3 msecs (HTTP/1.1 200) 4 headers in 158 bytes (1 switches on core 0)
May 26 19:31:06.408243 np0000001454 devstack@g-api.service[102280]: DEBUG glance.api.middleware.version_negotiation [None req-e0eaf4a3-27b3-4427-99a0-3abb6303ddc1 tempest-TaggedBootDevicesTest-350264079 tempest-TaggedBootDevicesTest-350264079-project-member] Determining version of request: GET /v2/images/9b8218e0-fa8e-4c93-8d2b-673fd9cde323 Accept: */* {{(pid=102280) process_request /opt/stack/glance/glance/api/middleware/version_negotiation.py:44}}
May 26 19:31:06.408409 np0000001454 devstack@g-api.service[102280]: DEBUG glance.api.middleware.version_negotiation [None req-e0eaf4a3-27b3-4427-99a0-3abb6303ddc1 tempest-TaggedBootDevicesTest-350264079 tempest-TaggedBootDevicesTest-350264079-project-member] Using url versioning {{(pid=102280) process_request /opt/stack/glance/glance/api/middleware/version_negotiation.py:57}}
May 26 19:31:06.408543 np0000001454 devstack@g-api.service[102280]: DEBUG glance.api.middleware.version_negotiation [None req-e0eaf4a3-27b3-4427-99a0-3abb6303ddc1 tempest-TaggedBootDevicesTest-350264079 tempest-TaggedBootDevicesTest-350264079-project-member] Matched version: v2 {{(pid=102280) process_request /opt/stack/glance/glance/api/middleware/version_negotiation.py:69}}
May 26 19:31:06.408655 np0000001454 devstack@g-api.service[102280]: DEBUG glance.api.middleware.version_negotiation [None req-e0eaf4a3-27b3-4427-99a0-3abb6303ddc1 tempest-TaggedBootDevicesTest-350264079 tempest-TaggedBootDevicesTest-350264079-project-member] new path /v2/images/9b8218e0-fa8e-4c93-8d2b-673fd9cde323 {{(pid=102280) process_request /opt/stack/glance/glance/api/middleware/version_negotiation.py:70}}
May 26 19:31:06.424370 np0000001454 devstack@g-api.service[102280]: [pid: 102280|app: 0|req: 82/241] 127.0.0.1 () {44 vars in 1115 bytes} [Tue May 26 19:31:06 2026] GET /v2/images/9b8218e0-fa8e-4c93-8d2b-673fd9cde323 => generated 1044 bytes in 16 msecs (HTTP/1.1 200) 4 headers in 158 bytes (1 switches on core 0)
May 26 19:31:06.434947 np0000001454 devstack@g-api.service[102282]: DEBUG glance.api.middleware.version_negotiation [None req-e0eaf4a3-27b3-4427-99a0-3abb6303ddc1 tempest-TaggedBootDevicesTest-350264079 tempest-TaggedBootDevicesTest-350264079-project-member] Determining version of request: GET /v2/schemas/image Accept: */* {{(pid=102282) process_request /opt/stack/glance/glance/api/middleware/version_negotiation.py:44}}
May 26 19:31:06.435118 np0000001454 devstack@g-api.service[102282]: DEBUG glance.api.middleware.version_negotiation [None req-e0eaf4a3-27b3-4427-99a0-3abb6303ddc1 tempest-TaggedBootDevicesTest-350264079 tempest-TaggedBootDevicesTest-350264079-project-member] Using url versioning {{(pid=102282) process_request /opt/stack/glance/glance/api/middleware/version_negotiation.py:57}}
May 26 19:31:06.435930 np0000001454 devstack@g-api.service[102282]: DEBUG glance.api.middleware.version_negotiation [None req-e0eaf4a3-27b3-4427-99a0-3abb6303ddc1 tempest-TaggedBootDevicesTest-350264079 tempest-TaggedBootDevicesTest-350264079-project-member] Matched version: v2 {{(pid=102282) process_request /opt/stack/glance/glance/api/middleware/version_negotiation.py:69}}
May 26 19:31:06.435930 np0000001454 devstack@g-api.service[102282]: DEBUG glance.api.middleware.version_negotiation [None req-e0eaf4a3-27b3-4427-99a0-3abb6303ddc1 tempest-TaggedBootDevicesTest-350264079 tempest-TaggedBootDevicesTest-350264079-project-member] new path /v2/schemas/image {{(pid=102282) process_request /opt/stack/glance/glance/api/middleware/version_negotiation.py:70}}
May 26 19:31:06.438775 np0000001454 devstack@g-api.service[102282]: [pid: 102282|app: 0|req: 83/242] 127.0.0.1 () {44 vars in 1055 bytes} [Tue May 26 19:31:06 2026] GET /v2/schemas/image => generated 6083 bytes in 4 msecs (HTTP/1.1 200) 4 headers in 158 bytes (1 switches on core 0)
May 26 19:31:06.980526 np0000001454 devstack@g-api.service[102281]: DEBUG glance.api.middleware.version_negotiation [None req-e0eaf4a3-27b3-4427-99a0-3abb6303ddc1 tempest-TaggedBootDevicesTest-350264079 tempest-TaggedBootDevicesTest-350264079-project-member] Determining version of request: GET /versions Accept: */* {{(pid=102281) process_request /opt/stack/glance/glance/api/middleware/version_negotiation.py:44}}
May 26 19:31:06.981105 np0000001454 devstack@g-api.service[102281]: [pid: 102281|app: 0|req: 78/243] 127.0.0.1 () {44 vars in 1039 bytes} [Tue May 26 19:31:06 2026] GET /versions => generated 1407 bytes in 1 msecs (HTTP/1.1 200) 3 headers in 92 bytes (1 switches on core 0)
May 26 19:31:06.989901 np0000001454 devstack@g-api.service[102280]: DEBUG glance.api.middleware.version_negotiation [None req-e0eaf4a3-27b3-4427-99a0-3abb6303ddc1 tempest-TaggedBootDevicesTest-350264079 tempest-TaggedBootDevicesTest-350264079-project-member] Determining version of request: GET /v2/images/9b8218e0-fa8e-4c93-8d2b-673fd9cde323/locations Accept: */* {{(pid=102280) process_request /opt/stack/glance/glance/api/middleware/version_negotiation.py:44}}
May 26 19:31:06.989901 np0000001454 devstack@g-api.service[102280]: DEBUG glance.api.middleware.version_negotiation [None req-e0eaf4a3-27b3-4427-99a0-3abb6303ddc1 tempest-TaggedBootDevicesTest-350264079 tempest-TaggedBootDevicesTest-350264079-project-member] Using url versioning {{(pid=102280) process_request /opt/stack/glance/glance/api/middleware/version_negotiation.py:57}}
May 26 19:31:06.989901 np0000001454 devstack@g-api.service[102280]: DEBUG glance.api.middleware.version_negotiation [None req-e0eaf4a3-27b3-4427-99a0-3abb6303ddc1 tempest-TaggedBootDevicesTest-350264079 tempest-TaggedBootDevicesTest-350264079-project-member] Matched version: v2 {{(pid=102280) process_request /opt/stack/glance/glance/api/middleware/version_negotiation.py:69}}
May 26 19:31:06.989901 np0000001454 devstack@g-api.service[102280]: DEBUG glance.api.middleware.version_negotiation [None req-e0eaf4a3-27b3-4427-99a0-3abb6303ddc1 tempest-TaggedBootDevicesTest-350264079 tempest-TaggedBootDevicesTest-350264079-project-member] new path /v2/images/9b8218e0-fa8e-4c93-8d2b-673fd9cde323/locations {{(pid=102280) process_request /opt/stack/glance/glance/api/middleware/version_negotiation.py:70}}
May 26 19:31:07.035562 np0000001454 devstack@g-api.service[102280]: [pid: 102280|app: 0|req: 83/244] 127.0.0.1 () {44 vars in 1135 bytes} [Tue May 26 19:31:06 2026] GET /v2/images/9b8218e0-fa8e-4c93-8d2b-673fd9cde323/locations => generated 92 bytes in 44 msecs (HTTP/1.1 200) 4 headers in 156 bytes (1 switches on core 0)
May 26 19:31:07.046526 np0000001454 devstack@g-api.service[102282]: DEBUG glance.api.middleware.version_negotiation [None req-e0eaf4a3-27b3-4427-99a0-3abb6303ddc1 tempest-TaggedBootDevicesTest-350264079 tempest-TaggedBootDevicesTest-350264079-project-member] Determining version of request: GET /v2/images/9b8218e0-fa8e-4c93-8d2b-673fd9cde323 Accept: */* {{(pid=102282) process_request /opt/stack/glance/glance/api/middleware/version_negotiation.py:44}}
May 26 19:31:07.046526 np0000001454 devstack@g-api.service[102282]: DEBUG glance.api.middleware.version_negotiation [None req-e0eaf4a3-27b3-4427-99a0-3abb6303ddc1 tempest-TaggedBootDevicesTest-350264079 tempest-TaggedBootDevicesTest-350264079-project-member] Using url versioning {{(pid=102282) process_request /opt/stack/glance/glance/api/middleware/version_negotiation.py:57}}
May 26 19:31:07.046526 np0000001454 devstack@g-api.service[102282]: DEBUG glance.api.middleware.version_negotiation [None req-e0eaf4a3-27b3-4427-99a0-3abb6303ddc1 tempest-TaggedBootDevicesTest-350264079 tempest-TaggedBootDevicesTest-350264079-project-member] Matched version: v2 {{(pid=102282) process_request /opt/stack/glance/glance/api/middleware/version_negotiation.py:69}}
May 26 19:31:07.046526 np0000001454 devstack@g-api.service[102282]: DEBUG glance.api.middleware.version_negotiation [None req-e0eaf4a3-27b3-4427-99a0-3abb6303ddc1 tempest-TaggedBootDevicesTest-350264079 tempest-TaggedBootDevicesTest-350264079-project-member] new path /v2/images/9b8218e0-fa8e-4c93-8d2b-673fd9cde323 {{(pid=102282) process_request /opt/stack/glance/glance/api/middleware/version_negotiation.py:70}}
May 26 19:31:07.055690 np0000001454 devstack@g-api.service[102282]: [pid: 102282|app: 0|req: 84/245] 127.0.0.1 () {44 vars in 1115 bytes} [Tue May 26 19:31:07 2026] GET /v2/images/9b8218e0-fa8e-4c93-8d2b-673fd9cde323 => generated 1044 bytes in 9 msecs (HTTP/1.1 200) 4 headers in 158 bytes (1 switches on core 0)
May 26 19:31:07.062728 np0000001454 devstack@g-api.service[102281]: DEBUG glance.api.middleware.version_negotiation [None req-e0eaf4a3-27b3-4427-99a0-3abb6303ddc1 tempest-TaggedBootDevicesTest-350264079 tempest-TaggedBootDevicesTest-350264079-project-member] Determining version of request: GET /v2/schemas/image Accept: */* {{(pid=102281) process_request /opt/stack/glance/glance/api/middleware/version_negotiation.py:44}}
May 26 19:31:07.064811 np0000001454 devstack@g-api.service[102281]: DEBUG glance.api.middleware.version_negotiation [None req-e0eaf4a3-27b3-4427-99a0-3abb6303ddc1 tempest-TaggedBootDevicesTest-350264079 tempest-TaggedBootDevicesTest-350264079-project-member] Using url versioning {{(pid=102281) process_request /opt/stack/glance/glance/api/middleware/version_negotiation.py:57}}
May 26 19:31:07.064811 np0000001454 devstack@g-api.service[102281]: DEBUG glance.api.middleware.version_negotiation [None req-e0eaf4a3-27b3-4427-99a0-3abb6303ddc1 tempest-TaggedBootDevicesTest-350264079 tempest-TaggedBootDevicesTest-350264079-project-member] Matched version: v2 {{(pid=102281) process_request /opt/stack/glance/glance/api/middleware/version_negotiation.py:69}}
May 26 19:31:07.064811 np0000001454 devstack@g-api.service[102281]: DEBUG glance.api.middleware.version_negotiation [None req-e0eaf4a3-27b3-4427-99a0-3abb6303ddc1 tempest-TaggedBootDevicesTest-350264079 tempest-TaggedBootDevicesTest-350264079-project-member] new path /v2/schemas/image {{(pid=102281) process_request /opt/stack/glance/glance/api/middleware/version_negotiation.py:70}}
May 26 19:31:07.065316 np0000001454 devstack@g-api.service[102281]: [pid: 102281|app: 0|req: 79/246] 127.0.0.1 () {44 vars in 1055 bytes} [Tue May 26 19:31:07 2026] GET /v2/schemas/image => generated 6083 bytes in 3 msecs (HTTP/1.1 200) 4 headers in 158 bytes (1 switches on core 0)
May 26 19:31:07.073593 np0000001454 devstack@g-api.service[102280]: DEBUG glance.api.middleware.version_negotiation [None req-e0eaf4a3-27b3-4427-99a0-3abb6303ddc1 service glance] Determining version of request: GET /v2/schemas/image Accept: */* {{(pid=102280) process_request /opt/stack/glance/glance/api/middleware/version_negotiation.py:44}}
May 26 19:31:07.073593 np0000001454 devstack@g-api.service[102280]: DEBUG glance.api.middleware.version_negotiation [None req-e0eaf4a3-27b3-4427-99a0-3abb6303ddc1 service glance] Using url versioning {{(pid=102280) process_request /opt/stack/glance/glance/api/middleware/version_negotiation.py:57}}
May 26 19:31:07.073593 np0000001454 devstack@g-api.service[102280]: DEBUG glance.api.middleware.version_negotiation [None req-e0eaf4a3-27b3-4427-99a0-3abb6303ddc1 service glance] Matched version: v2 {{(pid=102280) process_request /opt/stack/glance/glance/api/middleware/version_negotiation.py:69}}
May 26 19:31:07.073593 np0000001454 devstack@g-api.service[102280]: DEBUG glance.api.middleware.version_negotiation [None req-e0eaf4a3-27b3-4427-99a0-3abb6303ddc1 service glance] new path /v2/schemas/image {{(pid=102280) process_request /opt/stack/glance/glance/api/middleware/version_negotiation.py:70}}
May 26 19:31:07.075921 np0000001454 devstack@g-api.service[102280]: [pid: 102280|app: 0|req: 84/247] 127.0.0.1 () {44 vars in 1055 bytes} [Tue May 26 19:31:07 2026] GET /v2/schemas/image => generated 6083 bytes in 3 msecs (HTTP/1.1 200) 4 headers in 158 bytes (1 switches on core 0)
May 26 19:31:07.148781 np0000001454 devstack@g-api.service[102282]: DEBUG glance.api.middleware.version_negotiation [None req-e0eaf4a3-27b3-4427-99a0-3abb6303ddc1 tempest-TaggedBootDevicesTest-350264079 tempest-TaggedBootDevicesTest-350264079-project-member] Determining version of request: GET /v2/images/d59beb98-bc89-4b38-a15a-6df27f0f68cc Accept: application/json {{(pid=102282) process_request /opt/stack/glance/glance/api/middleware/version_negotiation.py:44}}
May 26 19:31:07.149236 np0000001454 devstack@g-api.service[102282]: DEBUG glance.api.middleware.version_negotiation [None req-e0eaf4a3-27b3-4427-99a0-3abb6303ddc1 tempest-TaggedBootDevicesTest-350264079 tempest-TaggedBootDevicesTest-350264079-project-member] Using url versioning {{(pid=102282) process_request /opt/stack/glance/glance/api/middleware/version_negotiation.py:57}}
May 26 19:31:07.149236 np0000001454 devstack@g-api.service[102282]: DEBUG glance.api.middleware.version_negotiation [None req-e0eaf4a3-27b3-4427-99a0-3abb6303ddc1 tempest-TaggedBootDevicesTest-350264079 tempest-TaggedBootDevicesTest-350264079-project-member] Matched version: v2 {{(pid=102282) process_request /opt/stack/glance/glance/api/middleware/version_negotiation.py:69}}
May 26 19:31:07.149236 np0000001454 devstack@g-api.service[102282]: DEBUG glance.api.middleware.version_negotiation [None req-e0eaf4a3-27b3-4427-99a0-3abb6303ddc1 tempest-TaggedBootDevicesTest-350264079 tempest-TaggedBootDevicesTest-350264079-project-member] new path /v2/images/d59beb98-bc89-4b38-a15a-6df27f0f68cc {{(pid=102282) process_request /opt/stack/glance/glance/api/middleware/version_negotiation.py:70}}
May 26 19:31:07.162110 np0000001454 devstack@g-api.service[102282]: [pid: 102282|app: 0|req: 85/248] 127.0.0.1 () {40 vars in 838 bytes} [Tue May 26 19:31:07 2026] GET /v2/images/d59beb98-bc89-4b38-a15a-6df27f0f68cc => generated 652 bytes in 13 msecs (HTTP/1.1 200) 4 headers in 157 bytes (1 switches on core 0)
May 26 19:31:08.114564 np0000001454 devstack@g-api.service[102281]: DEBUG glance.api.middleware.version_negotiation [None req-e0eaf4a3-27b3-4427-99a0-3abb6303ddc1 tempest-TaggedBootDevicesTest-350264079 tempest-TaggedBootDevicesTest-350264079-project-member] Determining version of request: PUT /v2/images/d59beb98-bc89-4b38-a15a-6df27f0f68cc/file Accept: */* {{(pid=102281) process_request /opt/stack/glance/glance/api/middleware/version_negotiation.py:44}}
May 26 19:31:08.115017 np0000001454 devstack@g-api.service[102281]: DEBUG glance.api.middleware.version_negotiation [None req-e0eaf4a3-27b3-4427-99a0-3abb6303ddc1 tempest-TaggedBootDevicesTest-350264079 tempest-TaggedBootDevicesTest-350264079-project-member] Using url versioning {{(pid=102281) process_request /opt/stack/glance/glance/api/middleware/version_negotiation.py:57}}
May 26 19:31:08.115017 np0000001454 devstack@g-api.service[102281]: DEBUG glance.api.middleware.version_negotiation [None req-e0eaf4a3-27b3-4427-99a0-3abb6303ddc1 tempest-TaggedBootDevicesTest-350264079 tempest-TaggedBootDevicesTest-350264079-project-member] Matched version: v2 {{(pid=102281) process_request /opt/stack/glance/glance/api/middleware/version_negotiation.py:69}}
May 26 19:31:08.115228 np0000001454 devstack@g-api.service[102281]: DEBUG glance.api.middleware.version_negotiation [None req-e0eaf4a3-27b3-4427-99a0-3abb6303ddc1 tempest-TaggedBootDevicesTest-350264079 tempest-TaggedBootDevicesTest-350264079-project-member] new path /v2/images/d59beb98-bc89-4b38-a15a-6df27f0f68cc/file {{(pid=102281) process_request /opt/stack/glance/glance/api/middleware/version_negotiation.py:70}}
May 26 19:31:08.170425 np0000001454 devstack@g-api.service[102280]: DEBUG glance.api.middleware.version_negotiation [None req-e0eaf4a3-27b3-4427-99a0-3abb6303ddc1 tempest-TaggedBootDevicesTest-350264079 tempest-TaggedBootDevicesTest-350264079-project-member] Determining version of request: GET /v2/images/d59beb98-bc89-4b38-a15a-6df27f0f68cc Accept: application/json {{(pid=102280) process_request /opt/stack/glance/glance/api/middleware/version_negotiation.py:44}}
May 26 19:31:08.170425 np0000001454 devstack@g-api.service[102280]: DEBUG glance.api.middleware.version_negotiation [None req-e0eaf4a3-27b3-4427-99a0-3abb6303ddc1 tempest-TaggedBootDevicesTest-350264079 tempest-TaggedBootDevicesTest-350264079-project-member] Using url versioning {{(pid=102280) process_request /opt/stack/glance/glance/api/middleware/version_negotiation.py:57}}
May 26 19:31:08.170425 np0000001454 devstack@g-api.service[102280]: DEBUG glance.api.middleware.version_negotiation [None req-e0eaf4a3-27b3-4427-99a0-3abb6303ddc1 tempest-TaggedBootDevicesTest-350264079 tempest-TaggedBootDevicesTest-350264079-project-member] Matched version: v2 {{(pid=102280) process_request /opt/stack/glance/glance/api/middleware/version_negotiation.py:69}}
May 26 19:31:08.170425 np0000001454 devstack@g-api.service[102280]: DEBUG glance.api.middleware.version_negotiation [None req-e0eaf4a3-27b3-4427-99a0-3abb6303ddc1 tempest-TaggedBootDevicesTest-350264079 tempest-TaggedBootDevicesTest-350264079-project-member] new path /v2/images/d59beb98-bc89-4b38-a15a-6df27f0f68cc {{(pid=102280) process_request /opt/stack/glance/glance/api/middleware/version_negotiation.py:70}}
May 26 19:31:08.177820 np0000001454 devstack@g-api.service[102280]: [pid: 102280|app: 0|req: 85/249] 127.0.0.1 () {40 vars in 838 bytes} [Tue May 26 19:31:08 2026] GET /v2/images/d59beb98-bc89-4b38-a15a-6df27f0f68cc => generated 652 bytes in 8 msecs (HTTP/1.1 200) 4 headers in 157 bytes (1 switches on core 0)
May 26 19:31:08.517718 np0000001454 devstack@g-api.service[102281]: INFO glance.api.v2.image_data [None req-0da812e9-7fdd-4321-9f2e-b78290c598f3 tempest-VolumesActionsTest-353073920 tempest-VolumesActionsTest-353073920-project-member] Unable to create trust: no such option collect_timing in group [keystone_authtoken] Use the existing user token.
May 26 19:31:08.867831 np0000001454 devstack@g-api.service[102281]: DEBUG glance.location [None req-0da812e9-7fdd-4321-9f2e-b78290c598f3 tempest-VolumesActionsTest-353073920 tempest-VolumesActionsTest-353073920-project-member] Enabling in-flight format inspection for qcow2 {{(pid=102281) set_data /opt/stack/glance/glance/location.py:616}}
May 26 19:31:08.868223 np0000001454 devstack@g-api.service[102281]: DEBUG glance_store.backend [None req-0da812e9-7fdd-4321-9f2e-b78290c598f3 tempest-VolumesActionsTest-353073920 tempest-VolumesActionsTest-353073920-project-member] Attempting to import store swift {{(pid=102281) _load_store /opt/stack/data/venv/lib/python3.12/site-packages/glance_store/backend.py:215}}
May 26 19:31:08.869671 np0000001454 devstack@g-api.service[102281]: DEBUG glance_store.capabilities [None req-0da812e9-7fdd-4321-9f2e-b78290c598f3 tempest-VolumesActionsTest-353073920 tempest-VolumesActionsTest-353073920-project-member] Store glance_store._drivers.swift.store.SingleTenantStore doesn't support updating dynamic storage capabilities. Please overwrite 'update_capabilities' method of the store to implement updating logics if needed. {{(pid=102281) update_capabilities /opt/stack/data/venv/lib/python3.12/site-packages/glance_store/capabilities.py:91}}
May 26 19:31:08.869790 np0000001454 devstack@g-api.service[102281]: DEBUG glance_store.driver [None req-0da812e9-7fdd-4321-9f2e-b78290c598f3 tempest-VolumesActionsTest-353073920 tempest-VolumesActionsTest-353073920-project-member] Late loading location class glance_store._drivers.swift.store.StoreLocation {{(pid=102281) get_store_location_class /opt/stack/data/venv/lib/python3.12/site-packages/glance_store/driver.py:134}}
