May 26 19:24:51.550055 np0000001454 devstack@g-api.service[102281]: DEBUG glance_store.location [-] Registering scheme swift+config with {'store': , 'location_class': , 'store_entry': 'swift'} {{(pid=102281) register_scheme_map /opt/stack/data/venv/lib/python3.12/site-packages/glance_store/location.py:146}}
May 26 19:24:51.550120 np0000001454 devstack@g-api.service[102281]: DEBUG glance_store.backend [-] Attempting to import store file {{(pid=102281) _load_store /opt/stack/data/venv/lib/python3.12/site-packages/glance_store/backend.py:215}}
May 26 19:24:51.550559 np0000001454 devstack@g-api.service[102281]: DEBUG glance_store.capabilities [-] Store glance_store._drivers.filesystem.Store doesn't support updating dynamic storage capabilities. Please overwrite 'update_capabilities' method of the store to implement updating logics if needed. {{(pid=102281) update_capabilities /opt/stack/data/venv/lib/python3.12/site-packages/glance_store/capabilities.py:91}}
May 26 19:24:51.550608 np0000001454 devstack@g-api.service[102281]: DEBUG glance_store.backend [-] Registering store file with schemes ('file', 'filesystem') {{(pid=102281) create_stores /opt/stack/data/venv/lib/python3.12/site-packages/glance_store/backend.py:261}}
May 26 19:24:51.550666 np0000001454 devstack@g-api.service[102281]: DEBUG glance_store.driver [-] Late loading location class glance_store._drivers.filesystem.StoreLocation {{(pid=102281) get_store_location_class /opt/stack/data/venv/lib/python3.12/site-packages/glance_store/driver.py:134}}
May 26 19:24:51.550720 np0000001454 devstack@g-api.service[102281]: DEBUG glance_store.location [-] Registering scheme file with {'store': , 'location_class': , 'store_entry': 'file'} {{(pid=102281) register_scheme_map /opt/stack/data/venv/lib/python3.12/site-packages/glance_store/location.py:146}}
May 26 19:24:51.550779 np0000001454 devstack@g-api.service[102281]: DEBUG glance_store.location [-] Registering scheme filesystem with {'store': , 'location_class': , 'store_entry': 'file'} {{(pid=102281) register_scheme_map /opt/stack/data/venv/lib/python3.12/site-packages/glance_store/location.py:146}}
May 26 19:24:51.550828 np0000001454 devstack@g-api.service[102281]: DEBUG glance_store.backend [-] Attempting to import store http {{(pid=102281) _load_store /opt/stack/data/venv/lib/python3.12/site-packages/glance_store/backend.py:215}}
May 26 19:24:51.550990 np0000001454 devstack@g-api.service[102281]: DEBUG glance_store.capabilities [-] Store glance_store._drivers.http.Store doesn't support updating dynamic storage capabilities. Please overwrite 'update_capabilities' method of the store to implement updating logics if needed. {{(pid=102281) update_capabilities /opt/stack/data/venv/lib/python3.12/site-packages/glance_store/capabilities.py:91}}
May 26 19:24:51.551039 np0000001454 devstack@g-api.service[102281]: DEBUG glance_store.backend [-] Registering store http with schemes ('http', 'https') {{(pid=102281) create_stores /opt/stack/data/venv/lib/python3.12/site-packages/glance_store/backend.py:261}}
May 26 19:24:51.551080 np0000001454 devstack@g-api.service[102281]: DEBUG glance_store.driver [-] Late loading location class glance_store._drivers.http.StoreLocation {{(pid=102281) get_store_location_class /opt/stack/data/venv/lib/python3.12/site-packages/glance_store/driver.py:134}}
May 26 19:24:51.551171 np0000001454 devstack@g-api.service[102281]: DEBUG glance_store.location [-] Registering scheme http with {'store': , 'location_class': , 'store_entry': 'http'} {{(pid=102281) register_scheme_map /opt/stack/data/venv/lib/python3.12/site-packages/glance_store/location.py:146}}
May 26 19:24:51.551220 np0000001454 devstack@g-api.service[102281]: DEBUG glance_store.location [-] Registering scheme https with {'store': , 'location_class': , 'store_entry': 'http'} {{(pid=102281) register_scheme_map /opt/stack/data/venv/lib/python3.12/site-packages/glance_store/location.py:146}}
May 26 19:24:51.551326 np0000001454 devstack@g-api.service[102281]: DEBUG glance_store.backend [-] Attempting to import store swift {{(pid=102281) _load_store /opt/stack/data/venv/lib/python3.12/site-packages/glance_store/backend.py:215}}
May 26 19:24:51.552378 np0000001454 devstack@g-api.service[102281]: DEBUG glance_store.capabilities [-] Store glance_store._drivers.swift.store.SingleTenantStore doesn't support updating dynamic storage capabilities. Please overwrite 'update_capabilities' method of the store to implement updating logics if needed. {{(pid=102281) update_capabilities /opt/stack/data/venv/lib/python3.12/site-packages/glance_store/capabilities.py:91}}
May 26 19:24:51.552458 np0000001454 devstack@g-api.service[102281]: DEBUG glance_store.driver [-] Late loading location class glance_store._drivers.swift.store.StoreLocation {{(pid=102281) get_store_location_class /opt/stack/data/venv/lib/python3.12/site-packages/glance_store/driver.py:134}}
May 26 19:24:51.552519 np0000001454 devstack@g-api.service[102281]: DEBUG glance_store.location [-] Registering scheme swift+https with {'store': , 'location_class': , 'store_entry': 'swift'} {{(pid=102281) register_scheme_map /opt/stack/data/venv/lib/python3.12/site-packages/glance_store/location.py:146}}
May 26 19:24:51.552568 np0000001454 devstack@g-api.service[102281]: DEBUG glance_store.location [-] Registering scheme swift+https with {'store': , 'location_class': , 'store_entry': 'swift'} {{(pid=102281) register_scheme_map /opt/stack/data/venv/lib/python3.12/site-packages/glance_store/location.py:146}}
May 26 19:24:51.552619 np0000001454 devstack@g-api.service[102281]: DEBUG glance_store.location [-] Registering scheme swift with {'store': , 'location_class': , 'store_entry': 'swift'} {{(pid=102281) register_scheme_map /opt/stack/data/venv/lib/python3.12/site-packages/glance_store/location.py:146}}
May 26 19:24:51.552668 np0000001454 devstack@g-api.service[102281]: DEBUG glance_store.location [-] Registering scheme swift+https with {'store': , 'location_class': , 'store_entry': 'swift'} {{(pid=102281) register_scheme_map /opt/stack/data/venv/lib/python3.12/site-packages/glance_store/location.py:146}}
May 26 19:24:51.552716 np0000001454 devstack@g-api.service[102281]: DEBUG glance_store.location [-] Registering scheme swift with {'store': , 'location_class': , 'store_entry': 'swift'} {{(pid=102281) register_scheme_map /opt/stack/data/venv/lib/python3.12/site-packages/glance_store/location.py:146}}
May 26 19:24:51.552764 np0000001454 devstack@g-api.service[102281]: DEBUG glance_store.location [-] Registering scheme swift+http with {'store': , 'location_class': , 'store_entry': 'swift'} {{(pid=102281) register_scheme_map /opt/stack/data/venv/lib/python3.12/site-packages/glance_store/location.py:146}}
May 26 19:24:51.552814 np0000001454 devstack@g-api.service[102281]: DEBUG glance_store.location [-] Registering scheme swift+https with {'store': , 'location_class': , 'store_entry': 'swift'} {{(pid=102281) register_scheme_map /opt/stack/data/venv/lib/python3.12/site-packages/glance_store/location.py:146}}
May 26 19:24:51.552861 np0000001454 devstack@g-api.service[102281]: DEBUG glance_store.location [-] Registering scheme swift with {'store': , 'location_class': , 'store_entry': 'swift'} {{(pid=102281) register_scheme_map /opt/stack/data/venv/lib/python3.12/site-packages/glance_store/location.py:146}}
May 26 19:24:51.552911 np0000001454 devstack@g-api.service[102281]: DEBUG glance_store.location [-] Registering scheme swift+http with {'store': , 'location_class': , 'store_entry': 'swift'} {{(pid=102281) register_scheme_map /opt/stack/data/venv/lib/python3.12/site-packages/glance_store/location.py:146}}
May 26 19:24:51.552966 np0000001454 devstack@g-api.service[102281]: DEBUG glance_store.location [-] Registering scheme swift+config with {'store': , 'location_class': , 'store_entry': 'swift'} {{(pid=102281) register_scheme_map /opt/stack/data/venv/lib/python3.12/site-packages/glance_store/location.py:146}}
May 26 19:24:51.553205 np0000001454 devstack@g-api.service[102281]: DEBUG glance.sqlite_migration [-] SQLite caching database not located, skipping migration {{(pid=102281) get_db_path /opt/stack/glance/glance/sqlite_migration.py:68}}
May 26 19:24:51.553383 np0000001454 devstack@g-api.service[102281]: WARNING glance.common.wsgi_app [-] Import methods are enabled but staging directory /tmp/staging/ does not exist; Imports will fail!
May 26 19:24:51.790238 np0000001454 devstack@g-api.service[102280]: DEBUG glance.common.config [None req-1108c0d2-ba23-4f12-8d47-fc3d02734dd7 None None] Loading glance-api-keystone+cachemanagement from /etc/glance/glance-api-paste.ini {{(pid=102280) load_paste_app /opt/stack/glance/glance/common/config.py:758}}
May 26 19:24:51.793995 np0000001454 devstack@g-api.service[102282]: DEBUG glance.common.config [None req-fd030263-5831-4365-b479-830f316a5abb None None] Loading glance-api-keystone+cachemanagement from /etc/glance/glance-api-paste.ini {{(pid=102282) load_paste_app /opt/stack/glance/glance/common/config.py:758}}
May 26 19:24:51.836169 np0000001454 devstack@g-api.service[102281]: DEBUG glance.common.config [None req-525bd2fc-0f2a-482b-bed4-bae4ab65bb3c None None] Loading glance-api-keystone+cachemanagement from /etc/glance/glance-api-paste.ini {{(pid=102281) load_paste_app /opt/stack/glance/glance/common/config.py:758}}
May 26 19:24:52.372798 np0000001454 devstack@g-api.service[102282]: INFO glance.image_cache [None req-fd030263-5831-4365-b479-830f316a5abb None None] Image cache loaded driver 'centralized_db'.
May 26 19:24:52.377699 np0000001454 devstack@g-api.service[102280]: INFO glance.image_cache [None req-1108c0d2-ba23-4f12-8d47-fc3d02734dd7 None None] Image cache loaded driver 'centralized_db'.
May 26 19:24:52.412854 np0000001454 devstack@g-api.service[102281]: INFO glance.image_cache [None req-525bd2fc-0f2a-482b-bed4-bae4ab65bb3c None None] Image cache loaded driver 'centralized_db'.
May 26 19:24:52.424164 np0000001454 devstack@g-api.service[102280]: INFO dbcounter [None req-1108c0d2-ba23-4f12-8d47-fc3d02734dd7 None None] Registered counter for database glance
May 26 19:24:52.433376 np0000001454 devstack@g-api.service[102282]: INFO dbcounter [None req-fd030263-5831-4365-b479-830f316a5abb None None] Registered counter for database glance
May 26 19:24:52.469667 np0000001454 devstack@g-api.service[102280]: DEBUG oslo_db.sqlalchemy.engines [None req-1108c0d2-ba23-4f12-8d47-fc3d02734dd7 None None] MySQL server mode set to STRICT_TRANS_TABLES,STRICT_ALL_TABLES,NO_ZERO_IN_DATE,NO_ZERO_DATE,ERROR_FOR_DIVISION_BY_ZERO,TRADITIONAL,NO_ENGINE_SUBSTITUTION {{(pid=102280) _check_effective_sql_mode /opt/stack/data/venv/lib/python3.12/site-packages/oslo_db/sqlalchemy/engines.py:325}}
May 26 19:24:52.470821 np0000001454 devstack@g-api.service[102281]: INFO dbcounter [None req-525bd2fc-0f2a-482b-bed4-bae4ab65bb3c None None] Registered counter for database glance
May 26 19:24:52.486135 np0000001454 devstack@g-api.service[102282]: DEBUG oslo_db.sqlalchemy.engines [None req-fd030263-5831-4365-b479-830f316a5abb None None] MySQL server mode set to STRICT_TRANS_TABLES,STRICT_ALL_TABLES,NO_ZERO_IN_DATE,NO_ZERO_DATE,ERROR_FOR_DIVISION_BY_ZERO,TRADITIONAL,NO_ENGINE_SUBSTITUTION {{(pid=102282) _check_effective_sql_mode /opt/stack/data/venv/lib/python3.12/site-packages/oslo_db/sqlalchemy/engines.py:325}}
May 26 19:24:52.493472 np0000001454 devstack@g-api.service[102280]: DEBUG dbcounter [-] [102280] Writer thread running {{(pid=102280) stat_writer /opt/stack/data/venv/lib/python3.12/site-packages/dbcounter.py:102}}
May 26 19:24:52.506552 np0000001454 devstack@g-api.service[102280]: INFO glance.image_cache [None req-1108c0d2-ba23-4f12-8d47-fc3d02734dd7 None None] Image cache loaded driver 'centralized_db'.
May 26 19:24:52.514372 np0000001454 devstack@g-api.service[102280]: DEBUG glance.image_cache.drivers.centralized_db [None req-1108c0d2-ba23-4f12-8d47-fc3d02734dd7 None None] Node reference is already recorded, ignoring it {{(pid=102280) configure /opt/stack/glance/glance/image_cache/drivers/centralized_db.py:71}}
May 26 19:24:52.517491 np0000001454 devstack@g-api.service[102282]: DEBUG dbcounter [-] [102282] Writer thread running {{(pid=102282) stat_writer /opt/stack/data/venv/lib/python3.12/site-packages/dbcounter.py:102}}
May 26 19:24:52.518764 np0000001454 devstack@g-api.service[102281]: DEBUG oslo_db.sqlalchemy.engines [None req-525bd2fc-0f2a-482b-bed4-bae4ab65bb3c None None] MySQL server mode set to STRICT_TRANS_TABLES,STRICT_ALL_TABLES,NO_ZERO_IN_DATE,NO_ZERO_DATE,ERROR_FOR_DIVISION_BY_ZERO,TRADITIONAL,NO_ENGINE_SUBSTITUTION {{(pid=102281) _check_effective_sql_mode /opt/stack/data/venv/lib/python3.12/site-packages/oslo_db/sqlalchemy/engines.py:325}}
May 26 19:24:52.518854 np0000001454 devstack@g-api.service[102280]: DEBUG glance.api.v2.cached_images [None req-1108c0d2-ba23-4f12-8d47-fc3d02734dd7 None None] Started cache worker thread {{(pid=102280) __init__ /opt/stack/glance/glance/api/v2/cached_images.py:69}}
May 26 19:24:52.519534 np0000001454 devstack@g-api.service[102280]: INFO glance.image_cache [None req-1108c0d2-ba23-4f12-8d47-fc3d02734dd7 None None] Image cache loaded driver 'centralized_db'.
May 26 19:24:52.520998 np0000001454 devstack@g-api.service[102282]: DEBUG glance.image_cache.drivers.centralized_db [None req-fd030263-5831-4365-b479-830f316a5abb None None] Node reference is already recorded, ignoring it {{(pid=102282) configure /opt/stack/glance/glance/image_cache/drivers/centralized_db.py:71}}
May 26 19:24:52.526477 np0000001454 devstack@g-api.service[102280]: DEBUG glance.image_cache.drivers.centralized_db [None req-1108c0d2-ba23-4f12-8d47-fc3d02734dd7 None None] Node reference is already recorded, ignoring it {{(pid=102280) configure /opt/stack/glance/glance/image_cache/drivers/centralized_db.py:71}}
May 26 19:24:52.529629 np0000001454 devstack@g-api.service[102282]: INFO glance.image_cache [None req-fd030263-5831-4365-b479-830f316a5abb None None] Image cache loaded driver 'centralized_db'.
May 26 19:24:52.535109 np0000001454 devstack@g-api.service[102280]: INFO glance.api.middleware.cache_manage [None req-1108c0d2-ba23-4f12-8d47-fc3d02734dd7 None None] Initialized image cache management middleware
May 26 19:24:52.535312 np0000001454 devstack@g-api.service[102280]: INFO glance.image_cache [None req-1108c0d2-ba23-4f12-8d47-fc3d02734dd7 None None] Image cache loaded driver 'centralized_db'.
May 26 19:24:52.540037 np0000001454 devstack@g-api.service[102282]: DEBUG glance.image_cache.drivers.centralized_db [None req-fd030263-5831-4365-b479-830f316a5abb None None] Node reference is already recorded, ignoring it {{(pid=102282) configure /opt/stack/glance/glance/image_cache/drivers/centralized_db.py:71}}
May 26 19:24:52.543924 np0000001454 devstack@g-api.service[102280]: DEBUG glance.image_cache.drivers.centralized_db [None req-1108c0d2-ba23-4f12-8d47-fc3d02734dd7 None None] Node reference is already recorded, ignoring it {{(pid=102280) configure /opt/stack/glance/glance/image_cache/drivers/centralized_db.py:71}}
May 26 19:24:52.546393 np0000001454 devstack@g-api.service[102282]: DEBUG glance.api.v2.cached_images [None req-fd030263-5831-4365-b479-830f316a5abb None None] Started cache worker thread {{(pid=102282) __init__ /opt/stack/glance/glance/api/v2/cached_images.py:69}}
May 26 19:24:52.546951 np0000001454 devstack@g-api.service[102282]: INFO glance.image_cache [None req-fd030263-5831-4365-b479-830f316a5abb None None] Image cache loaded driver 'centralized_db'.
May 26 19:24:52.549174 np0000001454 devstack@g-api.service[102280]: INFO glance.api.middleware.cache [None req-1108c0d2-ba23-4f12-8d47-fc3d02734dd7 None None] Initialized image cache middleware
May 26 19:24:52.552873 np0000001454 devstack@g-api.service[102281]: DEBUG dbcounter [-] [102281] Writer thread running {{(pid=102281) stat_writer /opt/stack/data/venv/lib/python3.12/site-packages/dbcounter.py:102}}
May 26 19:24:52.557915 np0000001454 devstack@g-api.service[102282]: DEBUG glance.image_cache.drivers.centralized_db [None req-fd030263-5831-4365-b479-830f316a5abb None None] Node reference is already recorded, ignoring it {{(pid=102282) configure /opt/stack/glance/glance/image_cache/drivers/centralized_db.py:71}}
May 26 19:24:52.558218 np0000001454 devstack@g-api.service[102281]: DEBUG glance.image_cache.drivers.centralized_db [None req-525bd2fc-0f2a-482b-bed4-bae4ab65bb3c None None] Node reference is already recorded, ignoring it {{(pid=102281) configure /opt/stack/glance/glance/image_cache/drivers/centralized_db.py:71}}
May 26 19:24:52.562296 np0000001454 devstack@g-api.service[102282]: INFO glance.api.middleware.cache_manage [None req-fd030263-5831-4365-b479-830f316a5abb None None] Initialized image cache management middleware
May 26 19:24:52.562489 np0000001454 devstack@g-api.service[102282]: INFO glance.image_cache [None req-fd030263-5831-4365-b479-830f316a5abb None None] Image cache loaded driver 'centralized_db'.
May 26 19:24:52.563896 np0000001454 devstack@g-api.service[102280]: DEBUG glance.common.config [None req-1108c0d2-ba23-4f12-8d47-fc3d02734dd7 None None] ******************************************************************************** {{(pid=102280) log_opt_values /opt/stack/data/venv/lib/python3.12/site-packages/oslo_config/cfg.py:3229}}
May 26 19:24:52.563992 np0000001454 devstack@g-api.service[102280]: DEBUG glance.common.config [None req-1108c0d2-ba23-4f12-8d47-fc3d02734dd7 None None] Configuration options gathered from: {{(pid=102280) log_opt_values /opt/stack/data/venv/lib/python3.12/site-packages/oslo_config/cfg.py:3230}}
May 26 19:24:52.564386 np0000001454 devstack@g-api.service[102280]: DEBUG glance.common.config [None req-1108c0d2-ba23-4f12-8d47-fc3d02734dd7 None None] command line args: [] {{(pid=102280) log_opt_values /opt/stack/data/venv/lib/python3.12/site-packages/oslo_config/cfg.py:3231}}
May 26 19:24:52.564547 np0000001454 devstack@g-api.service[102280]: DEBUG glance.common.config [None req-1108c0d2-ba23-4f12-8d47-fc3d02734dd7 None None] config files: ['/etc/glance/glance-image-import.conf', '/etc/glance/glance-api.conf'] {{(pid=102280) log_opt_values /opt/stack/data/venv/lib/python3.12/site-packages/oslo_config/cfg.py:3232}}
May 26 19:24:52.564644 np0000001454 devstack@g-api.service[102280]: DEBUG glance.common.config [None req-1108c0d2-ba23-4f12-8d47-fc3d02734dd7 None None] ================================================================================ {{(pid=102280) log_opt_values /opt/stack/data/venv/lib/python3.12/site-packages/oslo_config/cfg.py:3237}}
May 26 19:24:52.564809 np0000001454 devstack@g-api.service[102280]: DEBUG glance.common.config [None req-1108c0d2-ba23-4f12-8d47-fc3d02734dd7 None None] allow_anonymous_access = False {{(pid=102280) log_opt_values /opt/stack/data/venv/lib/python3.12/site-packages/oslo_config/cfg.py:3245}}
May 26 19:24:52.564947 np0000001454 devstack@g-api.service[102280]: DEBUG glance.common.config [None req-1108c0d2-ba23-4f12-8d47-fc3d02734dd7 None None] api_limit_max = 1000 {{(pid=102280) log_opt_values /opt/stack/data/venv/lib/python3.12/site-packages/oslo_config/cfg.py:3245}}
May 26 19:24:52.565076 np0000001454 devstack@g-api.service[102280]: DEBUG glance.common.config [None req-1108c0d2-ba23-4f12-8d47-fc3d02734dd7 None None] backlog = 4096 {{(pid=102280) log_opt_values /opt/stack/data/venv/lib/python3.12/site-packages/oslo_config/cfg.py:3245}}
May 26 19:24:52.565273 np0000001454 devstack@g-api.service[102280]: DEBUG glance.common.config [None req-1108c0d2-ba23-4f12-8d47-fc3d02734dd7 None None] bind_host = 0.0.0.0 {{(pid=102280) log_opt_values /opt/stack/data/venv/lib/python3.12/site-packages/oslo_config/cfg.py:3245}}
May 26 19:24:52.565427 np0000001454 devstack@g-api.service[102280]: DEBUG glance.common.config [None req-1108c0d2-ba23-4f12-8d47-fc3d02734dd7 None None] bind_port = 19292 {{(pid=102280) log_opt_values /opt/stack/data/venv/lib/python3.12/site-packages/oslo_config/cfg.py:3245}}
May 26 19:24:52.565847 np0000001454 devstack@g-api.service[102280]: DEBUG glance.common.config [None req-1108c0d2-ba23-4f12-8d47-fc3d02734dd7 None None] client_socket_timeout = 900 {{(pid=102280) log_opt_values /opt/stack/data/venv/lib/python3.12/site-packages/oslo_config/cfg.py:3245}}
May 26 19:24:52.565847 np0000001454 devstack@g-api.service[102280]: DEBUG glance.common.config [None req-1108c0d2-ba23-4f12-8d47-fc3d02734dd7 None None] config_dir = [] {{(pid=102280) log_opt_values /opt/stack/data/venv/lib/python3.12/site-packages/oslo_config/cfg.py:3245}}
May 26 19:24:52.565847 np0000001454 devstack@g-api.service[102280]: DEBUG glance.common.config [None req-1108c0d2-ba23-4f12-8d47-fc3d02734dd7 None None] config_file = ['/etc/glance/glance-image-import.conf', '/etc/glance/glance-api.conf'] {{(pid=102280) log_opt_values /opt/stack/data/venv/lib/python3.12/site-packages/oslo_config/cfg.py:3245}}
May 26 19:24:52.566057 np0000001454 devstack@g-api.service[102280]: DEBUG glance.common.config [None req-1108c0d2-ba23-4f12-8d47-fc3d02734dd7 None None] config_source = [] {{(pid=102280) log_opt_values /opt/stack/data/venv/lib/python3.12/site-packages/oslo_config/cfg.py:3245}}
May 26 19:24:52.566057 np0000001454 devstack@g-api.service[102280]: DEBUG glance.common.config [None req-1108c0d2-ba23-4f12-8d47-fc3d02734dd7 None None] control_exchange = glance {{(pid=102280) log_opt_values /opt/stack/data/venv/lib/python3.12/site-packages/oslo_config/cfg.py:3245}}
May 26 19:24:52.566145 np0000001454 devstack@g-api.service[102280]: DEBUG glance.common.config [None req-1108c0d2-ba23-4f12-8d47-fc3d02734dd7 None None] debug = True {{(pid=102280) log_opt_values /opt/stack/data/venv/lib/python3.12/site-packages/oslo_config/cfg.py:3245}}
May 26 19:24:52.566399 np0000001454 devstack@g-api.service[102280]: DEBUG glance.common.config [None req-1108c0d2-ba23-4f12-8d47-fc3d02734dd7 None None] default_log_levels = ['amqp=WARN', 'boto=WARN', 'sqlalchemy=WARN', 'suds=INFO', 'oslo.messaging=INFO', 'oslo_messaging=INFO', 'iso8601=WARN', 'requests.packages.urllib3.connectionpool=WARN', 'urllib3.connectionpool=WARN', 'websocket=WARN', 'requests.packages.urllib3.util.retry=WARN', 'urllib3.util.retry=WARN', 'keystonemiddleware=WARN', 'routes.middleware=WARN', 'stevedore=WARN', 'taskflow=WARN', 'keystoneauth=WARN', 'oslo.cache=INFO', 'oslo_policy=INFO', 'dogpile.core.dogpile=INFO'] {{(pid=102280) log_opt_values /opt/stack/data/venv/lib/python3.12/site-packages/oslo_config/cfg.py:3245}}
May 26 19:24:52.566519 np0000001454 devstack@g-api.service[102280]: DEBUG glance.common.config [None req-1108c0d2-ba23-4f12-8d47-fc3d02734dd7 None None] default_publisher_id = image.localhost {{(pid=102280) log_opt_values /opt/stack/data/venv/lib/python3.12/site-packages/oslo_config/cfg.py:3245}}
May 26 19:24:52.566658 np0000001454 devstack@g-api.service[102280]: DEBUG glance.common.config [None req-1108c0d2-ba23-4f12-8d47-fc3d02734dd7 None None] delayed_delete = False {{(pid=102280) log_opt_values /opt/stack/data/venv/lib/python3.12/site-packages/oslo_config/cfg.py:3245}}
May 26 19:24:52.566791 np0000001454 devstack@g-api.service[102280]: DEBUG glance.common.config [None req-1108c0d2-ba23-4f12-8d47-fc3d02734dd7 None None] digest_algorithm = sha256 {{(pid=102280) log_opt_values /opt/stack/data/venv/lib/python3.12/site-packages/oslo_config/cfg.py:3245}}
May 26 19:24:52.566922 np0000001454 devstack@g-api.service[102280]: DEBUG glance.common.config [None req-1108c0d2-ba23-4f12-8d47-fc3d02734dd7 None None] disabled_notifications = [] {{(pid=102280) log_opt_values /opt/stack/data/venv/lib/python3.12/site-packages/oslo_config/cfg.py:3245}}
May 26 19:24:52.566968 np0000001454 devstack@g-api.service[102281]: INFO glance.image_cache [None req-525bd2fc-0f2a-482b-bed4-bae4ab65bb3c None None] Image cache loaded driver 'centralized_db'.
May 26 19:24:52.567046 np0000001454 devstack@g-api.service[102280]: DEBUG glance.common.config [None req-1108c0d2-ba23-4f12-8d47-fc3d02734dd7 None None] do_secure_hash = True {{(pid=102280) log_opt_values /opt/stack/data/venv/lib/python3.12/site-packages/oslo_config/cfg.py:3245}}
May 26 19:24:52.567183 np0000001454 devstack@g-api.service[102280]: DEBUG glance.common.config [None req-1108c0d2-ba23-4f12-8d47-fc3d02734dd7 None None] enabled_backends = None {{(pid=102280) log_opt_values /opt/stack/data/venv/lib/python3.12/site-packages/oslo_config/cfg.py:3245}}
May 26 19:24:52.567331 np0000001454 devstack@g-api.service[102280]: DEBUG glance.common.config [None req-1108c0d2-ba23-4f12-8d47-fc3d02734dd7 None None] enabled_import_methods = ['glance-direct', 'web-download', 'copy-image'] {{(pid=102280) log_opt_values /opt/stack/data/venv/lib/python3.12/site-packages/oslo_config/cfg.py:3245}}
May 26 19:24:52.567465 np0000001454 devstack@g-api.service[102280]: DEBUG glance.common.config [None req-1108c0d2-ba23-4f12-8d47-fc3d02734dd7 None None] fatal_deprecations = False {{(pid=102280) log_opt_values /opt/stack/data/venv/lib/python3.12/site-packages/oslo_config/cfg.py:3245}}
May 26 19:24:52.567603 np0000001454 devstack@g-api.service[102280]: DEBUG glance.common.config [None req-1108c0d2-ba23-4f12-8d47-fc3d02734dd7 None None] hashing_algorithm = sha512 {{(pid=102280) log_opt_values /opt/stack/data/venv/lib/python3.12/site-packages/oslo_config/cfg.py:3245}}
May 26 19:24:52.567724 np0000001454 devstack@g-api.service[102280]: DEBUG glance.common.config [None req-1108c0d2-ba23-4f12-8d47-fc3d02734dd7 None None] http_keepalive = True {{(pid=102280) log_opt_values /opt/stack/data/venv/lib/python3.12/site-packages/oslo_config/cfg.py:3245}}
May 26 19:24:52.567846 np0000001454 devstack@g-api.service[102280]: DEBUG glance.common.config [None req-1108c0d2-ba23-4f12-8d47-fc3d02734dd7 None None] http_retries = 3 {{(pid=102280) log_opt_values /opt/stack/data/venv/lib/python3.12/site-packages/oslo_config/cfg.py:3245}}
May 26 19:24:52.567979 np0000001454 devstack@g-api.service[102280]: DEBUG glance.common.config [None req-1108c0d2-ba23-4f12-8d47-fc3d02734dd7 None None] image_cache_dir = /opt/stack/data/glance/cache/ {{(pid=102280) log_opt_values /opt/stack/data/venv/lib/python3.12/site-packages/oslo_config/cfg.py:3245}}
May 26 19:24:52.568126 np0000001454 devstack@g-api.service[102280]: DEBUG glance.common.config [None req-1108c0d2-ba23-4f12-8d47-fc3d02734dd7 None None] image_cache_driver = centralized_db {{(pid=102280) log_opt_values /opt/stack/data/venv/lib/python3.12/site-packages/oslo_config/cfg.py:3245}}
May 26 19:24:52.568254 np0000001454 devstack@g-api.service[102280]: DEBUG glance.common.config [None req-1108c0d2-ba23-4f12-8d47-fc3d02734dd7 None None] image_cache_max_size = 10737418240 {{(pid=102280) log_opt_values /opt/stack/data/venv/lib/python3.12/site-packages/oslo_config/cfg.py:3245}}
May 26 19:24:52.568403 np0000001454 devstack@g-api.service[102280]: DEBUG glance.common.config [None req-1108c0d2-ba23-4f12-8d47-fc3d02734dd7 None None] image_cache_sqlite_db = cache.db {{(pid=102280) log_opt_values /opt/stack/data/venv/lib/python3.12/site-packages/oslo_config/cfg.py:3245}}
May 26 19:24:52.568527 np0000001454 devstack@g-api.service[102280]: DEBUG glance.common.config [None req-1108c0d2-ba23-4f12-8d47-fc3d02734dd7 None None] image_cache_stall_time = 86400 {{(pid=102280) log_opt_values /opt/stack/data/venv/lib/python3.12/site-packages/oslo_config/cfg.py:3245}}
May 26 19:24:52.568655 np0000001454 devstack@g-api.service[102280]: DEBUG glance.common.config [None req-1108c0d2-ba23-4f12-8d47-fc3d02734dd7 None None] image_location_quota = 10 {{(pid=102280) log_opt_values /opt/stack/data/venv/lib/python3.12/site-packages/oslo_config/cfg.py:3245}}
May 26 19:24:52.568788 np0000001454 devstack@g-api.service[102280]: DEBUG glance.common.config [None req-1108c0d2-ba23-4f12-8d47-fc3d02734dd7 None None] image_member_quota = 128 {{(pid=102280) log_opt_values /opt/stack/data/venv/lib/python3.12/site-packages/oslo_config/cfg.py:3245}}
May 26 19:24:52.568911 np0000001454 devstack@g-api.service[102280]: DEBUG glance.common.config [None req-1108c0d2-ba23-4f12-8d47-fc3d02734dd7 None None] image_property_quota = 128 {{(pid=102280) log_opt_values /opt/stack/data/venv/lib/python3.12/site-packages/oslo_config/cfg.py:3245}}
May 26 19:24:52.569033 np0000001454 devstack@g-api.service[102280]: DEBUG glance.common.config [None req-1108c0d2-ba23-4f12-8d47-fc3d02734dd7 None None] image_size_cap = 1099511627776 {{(pid=102280) log_opt_values /opt/stack/data/venv/lib/python3.12/site-packages/oslo_config/cfg.py:3245}}
May 26 19:24:52.569173 np0000001454 devstack@g-api.service[102280]: DEBUG glance.common.config [None req-1108c0d2-ba23-4f12-8d47-fc3d02734dd7 None None] image_tag_quota = 128 {{(pid=102280) log_opt_values /opt/stack/data/venv/lib/python3.12/site-packages/oslo_config/cfg.py:3245}}
May 26 19:24:52.569302 np0000001454 devstack@g-api.service[102280]: DEBUG glance.common.config [None req-1108c0d2-ba23-4f12-8d47-fc3d02734dd7 None None] instance_format = [instance: %(uuid)s] {{(pid=102280) log_opt_values /opt/stack/data/venv/lib/python3.12/site-packages/oslo_config/cfg.py:3245}}
May 26 19:24:52.569444 np0000001454 devstack@g-api.service[102280]: DEBUG glance.common.config [None req-1108c0d2-ba23-4f12-8d47-fc3d02734dd7 None None] instance_uuid_format = [instance: %(uuid)s] {{(pid=102280) log_opt_values /opt/stack/data/venv/lib/python3.12/site-packages/oslo_config/cfg.py:3245}}
May 26 19:24:52.569571 np0000001454 devstack@g-api.service[102280]: DEBUG glance.common.config [None req-1108c0d2-ba23-4f12-8d47-fc3d02734dd7 None None] limit_param_default = 25 {{(pid=102280) log_opt_values /opt/stack/data/venv/lib/python3.12/site-packages/oslo_config/cfg.py:3245}}
May 26 19:24:52.569698 np0000001454 devstack@g-api.service[102282]: DEBUG glance.image_cache.drivers.centralized_db [None req-fd030263-5831-4365-b479-830f316a5abb None None] Node reference is already recorded, ignoring it {{(pid=102282) configure /opt/stack/glance/glance/image_cache/drivers/centralized_db.py:71}}
May 26 19:24:52.569747 np0000001454 devstack@g-api.service[102280]: DEBUG glance.common.config [None req-1108c0d2-ba23-4f12-8d47-fc3d02734dd7 None None] log_color = False {{(pid=102280) log_opt_values /opt/stack/data/venv/lib/python3.12/site-packages/oslo_config/cfg.py:3245}}
May 26 19:24:52.569831 np0000001454 devstack@g-api.service[102280]: DEBUG glance.common.config [None req-1108c0d2-ba23-4f12-8d47-fc3d02734dd7 None None] log_config_append = None {{(pid=102280) log_opt_values /opt/stack/data/venv/lib/python3.12/site-packages/oslo_config/cfg.py:3245}}
May 26 19:24:52.569964 np0000001454 devstack@g-api.service[102280]: DEBUG glance.common.config [None req-1108c0d2-ba23-4f12-8d47-fc3d02734dd7 None None] log_date_format = %Y-%m-%d %H:%M:%S {{(pid=102280) log_opt_values /opt/stack/data/venv/lib/python3.12/site-packages/oslo_config/cfg.py:3245}}
May 26 19:24:52.570100 np0000001454 devstack@g-api.service[102280]: DEBUG glance.common.config [None req-1108c0d2-ba23-4f12-8d47-fc3d02734dd7 None None] log_dir = None {{(pid=102280) log_opt_values /opt/stack/data/venv/lib/python3.12/site-packages/oslo_config/cfg.py:3245}}
May 26 19:24:52.570235 np0000001454 devstack@g-api.service[102280]: DEBUG glance.common.config [None req-1108c0d2-ba23-4f12-8d47-fc3d02734dd7 None None] log_file = None {{(pid=102280) log_opt_values /opt/stack/data/venv/lib/python3.12/site-packages/oslo_config/cfg.py:3245}}
May 26 19:24:52.570369 np0000001454 devstack@g-api.service[102280]: DEBUG glance.common.config [None req-1108c0d2-ba23-4f12-8d47-fc3d02734dd7 None None] log_rotate_interval = 1 {{(pid=102280) log_opt_values /opt/stack/data/venv/lib/python3.12/site-packages/oslo_config/cfg.py:3245}}
May 26 19:24:52.570504 np0000001454 devstack@g-api.service[102280]: DEBUG glance.common.config [None req-1108c0d2-ba23-4f12-8d47-fc3d02734dd7 None None] log_rotate_interval_type = days {{(pid=102280) log_opt_values /opt/stack/data/venv/lib/python3.12/site-packages/oslo_config/cfg.py:3245}}
May 26 19:24:52.570639 np0000001454 devstack@g-api.service[102280]: DEBUG glance.common.config [None req-1108c0d2-ba23-4f12-8d47-fc3d02734dd7 None None] log_rotation_type = none {{(pid=102280) log_opt_values /opt/stack/data/venv/lib/python3.12/site-packages/oslo_config/cfg.py:3245}}
May 26 19:24:52.570745 np0000001454 devstack@g-api.service[102280]: DEBUG glance.common.config [None req-1108c0d2-ba23-4f12-8d47-fc3d02734dd7 None None] logging_context_format_string = %(color)s%(levelname)s %(name)s [%(global_request_id)s %(request_id)s %(project_name)s %(user_name)s%(color)s] %(instance)s%(color)s%(message)s {{(pid=102280) log_opt_values /opt/stack/data/venv/lib/python3.12/site-packages/oslo_config/cfg.py:3245}}
May 26 19:24:52.570842 np0000001454 devstack@g-api.service[102280]: DEBUG glance.common.config [None req-1108c0d2-ba23-4f12-8d47-fc3d02734dd7 None None] logging_debug_format_suffix = {{(pid=%(process)d) %(funcName)s %(pathname)s:%(lineno)d}} {{(pid=102280) log_opt_values /opt/stack/data/venv/lib/python3.12/site-packages/oslo_config/cfg.py:3245}}
May 26 19:24:52.570972 np0000001454 devstack@g-api.service[102280]: DEBUG glance.common.config [None req-1108c0d2-ba23-4f12-8d47-fc3d02734dd7 None None] logging_default_format_string = %(color)s%(levelname)s %(name)s [-%(color)s] %(instance)s%(color)s%(message)s {{(pid=102280) log_opt_values /opt/stack/data/venv/lib/python3.12/site-packages/oslo_config/cfg.py:3245}}
May 26 19:24:52.571121 np0000001454 devstack@g-api.service[102280]: DEBUG glance.common.config [None req-1108c0d2-ba23-4f12-8d47-fc3d02734dd7 None None] logging_exception_prefix = ERROR %(name)s %(instance)s {{(pid=102280) log_opt_values /opt/stack/data/venv/lib/python3.12/site-packages/oslo_config/cfg.py:3245}}
May 26 19:24:52.571217 np0000001454 devstack@g-api.service[102280]: DEBUG glance.common.config [None req-1108c0d2-ba23-4f12-8d47-fc3d02734dd7 None None] logging_user_identity_format = %(user)s %(project)s %(domain)s %(system_scope)s %(user_domain)s %(project_domain)s {{(pid=102280) log_opt_values /opt/stack/data/venv/lib/python3.12/site-packages/oslo_config/cfg.py:3245}}
May 26 19:24:52.571353 np0000001454 devstack@g-api.service[102280]: DEBUG glance.common.config [None req-1108c0d2-ba23-4f12-8d47-fc3d02734dd7 None None] max_header_line = 16384 {{(pid=102280) log_opt_values /opt/stack/data/venv/lib/python3.12/site-packages/oslo_config/cfg.py:3245}}
May 26 19:24:52.571481 np0000001454 devstack@g-api.service[102280]: DEBUG glance.common.config [None req-1108c0d2-ba23-4f12-8d47-fc3d02734dd7 None None] max_logfile_count = 30 {{(pid=102280) log_opt_values /opt/stack/data/venv/lib/python3.12/site-packages/oslo_config/cfg.py:3245}}
May 26 19:24:52.571607 np0000001454 devstack@g-api.service[102280]: DEBUG glance.common.config [None req-1108c0d2-ba23-4f12-8d47-fc3d02734dd7 None None] max_logfile_size_mb = 200 {{(pid=102280) log_opt_values /opt/stack/data/venv/lib/python3.12/site-packages/oslo_config/cfg.py:3245}}
May 26 19:24:52.571728 np0000001454 devstack@g-api.service[102280]: DEBUG glance.common.config [None req-1108c0d2-ba23-4f12-8d47-fc3d02734dd7 None None] max_request_id_length = 64 {{(pid=102280) log_opt_values /opt/stack/data/venv/lib/python3.12/site-packages/oslo_config/cfg.py:3245}}
May 26 19:24:52.571858 np0000001454 devstack@g-api.service[102280]: DEBUG glance.common.config [None req-1108c0d2-ba23-4f12-8d47-fc3d02734dd7 None None] metadata_encryption_key = **** {{(pid=102280) log_opt_values /opt/stack/data/venv/lib/python3.12/site-packages/oslo_config/cfg.py:3245}}
May 26 19:24:52.571989 np0000001454 devstack@g-api.service[102280]: DEBUG glance.common.config [None req-1108c0d2-ba23-4f12-8d47-fc3d02734dd7 None None] node_staging_uri = file:///tmp/staging/ {{(pid=102280) log_opt_values /opt/stack/data/venv/lib/python3.12/site-packages/oslo_config/cfg.py:3245}}
May 26 19:24:52.572129 np0000001454 devstack@g-api.service[102280]: DEBUG glance.common.config [None req-1108c0d2-ba23-4f12-8d47-fc3d02734dd7 None None] property_protection_file = None {{(pid=102280) log_opt_values /opt/stack/data/venv/lib/python3.12/site-packages/oslo_config/cfg.py:3245}}
May 26 19:24:52.572258 np0000001454 devstack@g-api.service[102280]: DEBUG glance.common.config [None req-1108c0d2-ba23-4f12-8d47-fc3d02734dd7 None None] property_protection_rule_format = roles {{(pid=102280) log_opt_values /opt/stack/data/venv/lib/python3.12/site-packages/oslo_config/cfg.py:3245}}
May 26 19:24:52.572400 np0000001454 devstack@g-api.service[102280]: DEBUG glance.common.config [None req-1108c0d2-ba23-4f12-8d47-fc3d02734dd7 None None] public_endpoint = https://10.4.3.240/image {{(pid=102280) log_opt_values /opt/stack/data/venv/lib/python3.12/site-packages/oslo_config/cfg.py:3245}}
May 26 19:24:52.572527 np0000001454 devstack@g-api.service[102280]: DEBUG glance.common.config [None req-1108c0d2-ba23-4f12-8d47-fc3d02734dd7 None None] publish_errors = False {{(pid=102280) log_opt_values /opt/stack/data/venv/lib/python3.12/site-packages/oslo_config/cfg.py:3245}}
May 26 19:24:52.572649 np0000001454 devstack@g-api.service[102280]: DEBUG glance.common.config [None req-1108c0d2-ba23-4f12-8d47-fc3d02734dd7 None None] pydev_worker_debug_host = None {{(pid=102280) log_opt_values /opt/stack/data/venv/lib/python3.12/site-packages/oslo_config/cfg.py:3245}}
May 26 19:24:52.572780 np0000001454 devstack@g-api.service[102280]: DEBUG glance.common.config [None req-1108c0d2-ba23-4f12-8d47-fc3d02734dd7 None None] pydev_worker_debug_port = 5678 {{(pid=102280) log_opt_values /opt/stack/data/venv/lib/python3.12/site-packages/oslo_config/cfg.py:3245}}
May 26 19:24:52.572898 np0000001454 devstack@g-api.service[102280]: DEBUG glance.common.config [None req-1108c0d2-ba23-4f12-8d47-fc3d02734dd7 None None] rate_limit_burst = 0 {{(pid=102280) log_opt_values /opt/stack/data/venv/lib/python3.12/site-packages/oslo_config/cfg.py:3245}}
May 26 19:24:52.573027 np0000001454 devstack@g-api.service[102280]: DEBUG glance.common.config [None req-1108c0d2-ba23-4f12-8d47-fc3d02734dd7 None None] rate_limit_except_level = CRITICAL {{(pid=102280) log_opt_values /opt/stack/data/venv/lib/python3.12/site-packages/oslo_config/cfg.py:3245}}
May 26 19:24:52.573168 np0000001454 devstack@g-api.service[102280]: DEBUG glance.common.config [None req-1108c0d2-ba23-4f12-8d47-fc3d02734dd7 None None] rate_limit_interval = 0 {{(pid=102280) log_opt_values /opt/stack/data/venv/lib/python3.12/site-packages/oslo_config/cfg.py:3245}}
May 26 19:24:52.573288 np0000001454 devstack@g-api.service[102280]: DEBUG glance.common.config [None req-1108c0d2-ba23-4f12-8d47-fc3d02734dd7 None None] scrub_pool_size = 1 {{(pid=102280) log_opt_values /opt/stack/data/venv/lib/python3.12/site-packages/oslo_config/cfg.py:3245}}
May 26 19:24:52.573421 np0000001454 devstack@g-api.service[102280]: DEBUG glance.common.config [None req-1108c0d2-ba23-4f12-8d47-fc3d02734dd7 None None] scrub_time = 0 {{(pid=102280) log_opt_values /opt/stack/data/venv/lib/python3.12/site-packages/oslo_config/cfg.py:3245}}
May 26 19:24:52.573544 np0000001454 devstack@g-api.service[102280]: DEBUG glance.common.config [None req-1108c0d2-ba23-4f12-8d47-fc3d02734dd7 None None] shell_completion = None {{(pid=102280) log_opt_values /opt/stack/data/venv/lib/python3.12/site-packages/oslo_config/cfg.py:3245}}
May 26 19:24:52.573677 np0000001454 devstack@g-api.service[102280]: DEBUG glance.common.config [None req-1108c0d2-ba23-4f12-8d47-fc3d02734dd7 None None] show_image_direct_url = False {{(pid=102280) log_opt_values /opt/stack/data/venv/lib/python3.12/site-packages/oslo_config/cfg.py:3245}}
May 26 19:24:52.573955 np0000001454 devstack@g-api.service[102280]: WARNING oslo_config.cfg [None req-1108c0d2-ba23-4f12-8d47-fc3d02734dd7 None None] Deprecated: Option "show_multiple_locations" from group "DEFAULT" is deprecated for removal (Use of this option, deprecated since Newton, is a security risk and will be removed once we figure out a way to satisfy those use cases that currently require it. An earlier announcement that the same functionality can be achieved with greater granularity by using policies is incorrect. You cannot work around this option via policy configuration at the present time, though that is the direction we believe the fix will take. Please keep an eye on the Glance release notes to stay up to date on progress in addressing this issue.). Its value may be silently ignored in the future.
May 26 19:24:52.574101 np0000001454 devstack@g-api.service[102280]: DEBUG glance.common.config [None req-1108c0d2-ba23-4f12-8d47-fc3d02734dd7 None None] show_multiple_locations = False {{(pid=102280) log_opt_values /opt/stack/data/venv/lib/python3.12/site-packages/oslo_config/cfg.py:3245}}
May 26 19:24:52.574283 np0000001454 devstack@g-api.service[102280]: DEBUG glance.common.config [None req-1108c0d2-ba23-4f12-8d47-fc3d02734dd7 None None] syslog_log_facility = LOG_USER {{(pid=102280) log_opt_values /opt/stack/data/venv/lib/python3.12/site-packages/oslo_config/cfg.py:3245}}
May 26 19:24:52.574380 np0000001454 devstack@g-api.service[102282]: INFO glance.api.middleware.cache [None req-fd030263-5831-4365-b479-830f316a5abb None None] Initialized image cache middleware
May 26 19:24:52.574425 np0000001454 devstack@g-api.service[102280]: DEBUG glance.common.config [None req-1108c0d2-ba23-4f12-8d47-fc3d02734dd7 None None] tcp_keepidle = 600 {{(pid=102280) log_opt_values /opt/stack/data/venv/lib/python3.12/site-packages/oslo_config/cfg.py:3245}}
May 26 19:24:52.574559 np0000001454 devstack@g-api.service[102280]: DEBUG glance.common.config [None req-1108c0d2-ba23-4f12-8d47-fc3d02734dd7 None None] transport_url = **** {{(pid=102280) log_opt_values /opt/stack/data/venv/lib/python3.12/site-packages/oslo_config/cfg.py:3245}}
May 26 19:24:52.574688 np0000001454 devstack@g-api.service[102280]: DEBUG glance.common.config [None req-1108c0d2-ba23-4f12-8d47-fc3d02734dd7 None None] use_journal = False {{(pid=102280) log_opt_values /opt/stack/data/venv/lib/python3.12/site-packages/oslo_config/cfg.py:3245}}
May 26 19:24:52.574813 np0000001454 devstack@g-api.service[102280]: DEBUG glance.common.config [None req-1108c0d2-ba23-4f12-8d47-fc3d02734dd7 None None] use_json = False {{(pid=102280) log_opt_values /opt/stack/data/venv/lib/python3.12/site-packages/oslo_config/cfg.py:3245}}
May 26 19:24:52.574941 np0000001454 devstack@g-api.service[102280]: DEBUG glance.common.config [None req-1108c0d2-ba23-4f12-8d47-fc3d02734dd7 None None] use_keystone_limits = True {{(pid=102280) log_opt_values /opt/stack/data/venv/lib/python3.12/site-packages/oslo_config/cfg.py:3245}}
May 26 19:24:52.575065 np0000001454 devstack@g-api.service[102280]: DEBUG glance.common.config [None req-1108c0d2-ba23-4f12-8d47-fc3d02734dd7 None None] use_stderr = False {{(pid=102280) log_opt_values /opt/stack/data/venv/lib/python3.12/site-packages/oslo_config/cfg.py:3245}}
May 26 19:24:52.575218 np0000001454 devstack@g-api.service[102280]: DEBUG glance.common.config [None req-1108c0d2-ba23-4f12-8d47-fc3d02734dd7 None None] use_syslog = False {{(pid=102280) log_opt_values /opt/stack/data/venv/lib/python3.12/site-packages/oslo_config/cfg.py:3245}}
May 26 19:24:52.575373 np0000001454 devstack@g-api.service[102280]: DEBUG glance.common.config [None req-1108c0d2-ba23-4f12-8d47-fc3d02734dd7 None None] user_storage_quota = 0 {{(pid=102280) log_opt_values /opt/stack/data/venv/lib/python3.12/site-packages/oslo_config/cfg.py:3245}}
May 26 19:24:52.575487 np0000001454 devstack@g-api.service[102280]: DEBUG glance.common.config [None req-1108c0d2-ba23-4f12-8d47-fc3d02734dd7 None None] worker_self_reference_url = http://127.0.0.1:60999 {{(pid=102280) log_opt_values /opt/stack/data/venv/lib/python3.12/site-packages/oslo_config/cfg.py:3245}}
May 26 19:24:52.575610 np0000001454 devstack@g-api.service[102280]: DEBUG glance.common.config [None req-1108c0d2-ba23-4f12-8d47-fc3d02734dd7 None None] workers = None {{(pid=102280) log_opt_values /opt/stack/data/venv/lib/python3.12/site-packages/oslo_config/cfg.py:3245}}
May 26 19:24:52.575770 np0000001454 devstack@g-api.service[102280]: DEBUG glance.common.config [None req-1108c0d2-ba23-4f12-8d47-fc3d02734dd7 None None] oslo_concurrency.disable_process_locking = False {{(pid=102280) log_opt_values /opt/stack/data/venv/lib/python3.12/site-packages/oslo_config/cfg.py:3256}}
May 26 19:24:52.575903 np0000001454 devstack@g-api.service[102280]: DEBUG glance.common.config [None req-1108c0d2-ba23-4f12-8d47-fc3d02734dd7 None None] oslo_concurrency.lock_path = /opt/stack/data/glance/locks {{(pid=102280) log_opt_values /opt/stack/data/venv/lib/python3.12/site-packages/oslo_config/cfg.py:3256}}
May 26 19:24:52.576034 np0000001454 devstack@g-api.service[102280]: DEBUG glance.common.config [None req-1108c0d2-ba23-4f12-8d47-fc3d02734dd7 None None] oslo_middleware.enable_proxy_headers_parsing = False {{(pid=102280) log_opt_values /opt/stack/data/venv/lib/python3.12/site-packages/oslo_config/cfg.py:3256}}
May 26 19:24:52.576189 np0000001454 devstack@g-api.service[102280]: DEBUG glance.common.config [None req-1108c0d2-ba23-4f12-8d47-fc3d02734dd7 None None] oslo_middleware.http_basic_auth_user_file = /etc/htpasswd {{(pid=102280) log_opt_values /opt/stack/data/venv/lib/python3.12/site-packages/oslo_config/cfg.py:3256}}
May 26 19:24:52.576320 np0000001454 devstack@g-api.service[102280]: DEBUG glance.common.config [None req-1108c0d2-ba23-4f12-8d47-fc3d02734dd7 None None] paste_deploy.config_file = None {{(pid=102280) log_opt_values /opt/stack/data/venv/lib/python3.12/site-packages/oslo_config/cfg.py:3256}}
May 26 19:24:52.576466 np0000001454 devstack@g-api.service[102280]: DEBUG glance.common.config [None req-1108c0d2-ba23-4f12-8d47-fc3d02734dd7 None None] paste_deploy.flavor = keystone+cachemanagement {{(pid=102280) log_opt_values /opt/stack/data/venv/lib/python3.12/site-packages/oslo_config/cfg.py:3256}}
May 26 19:24:52.576660 np0000001454 devstack@g-api.service[102280]: DEBUG glance.common.config [None req-1108c0d2-ba23-4f12-8d47-fc3d02734dd7 None None] image_format.container_formats = ['ami', 'ari', 'aki', 'bare', 'ovf', 'ova', 'docker', 'compressed'] {{(pid=102280) log_opt_values /opt/stack/data/venv/lib/python3.12/site-packages/oslo_config/cfg.py:3256}}
May 26 19:24:52.576844 np0000001454 devstack@g-api.service[102280]: DEBUG glance.common.config [None req-1108c0d2-ba23-4f12-8d47-fc3d02734dd7 None None] image_format.disk_formats = ['ami', 'ari', 'aki', 'vhd', 'vhdx', 'vmdk', 'raw', 'qcow2', 'vdi', 'iso', 'ploop'] {{(pid=102280) log_opt_values /opt/stack/data/venv/lib/python3.12/site-packages/oslo_config/cfg.py:3256}}
May 26 19:24:52.576977 np0000001454 devstack@g-api.service[102280]: DEBUG glance.common.config [None req-1108c0d2-ba23-4f12-8d47-fc3d02734dd7 None None] image_format.gpt_safety_checks_nonfatal = [] {{(pid=102280) log_opt_values /opt/stack/data/venv/lib/python3.12/site-packages/oslo_config/cfg.py:3256}}
May 26 19:24:52.577124 np0000001454 devstack@g-api.service[102280]: DEBUG glance.common.config [None req-1108c0d2-ba23-4f12-8d47-fc3d02734dd7 None None] image_format.require_image_format_match = True {{(pid=102280) log_opt_values /opt/stack/data/venv/lib/python3.12/site-packages/oslo_config/cfg.py:3256}}
May 26 19:24:52.577268 np0000001454 devstack@g-api.service[102280]: DEBUG glance.common.config [None req-1108c0d2-ba23-4f12-8d47-fc3d02734dd7 None None] image_format.vmdk_allowed_types = ['streamOptimized', 'monolithicSparse'] {{(pid=102280) log_opt_values /opt/stack/data/venv/lib/python3.12/site-packages/oslo_config/cfg.py:3256}}
May 26 19:24:52.577416 np0000001454 devstack@g-api.service[102280]: DEBUG glance.common.config [None req-1108c0d2-ba23-4f12-8d47-fc3d02734dd7 None None] task.task_executor = taskflow {{(pid=102280) log_opt_values /opt/stack/data/venv/lib/python3.12/site-packages/oslo_config/cfg.py:3256}}
May 26 19:24:52.577548 np0000001454 devstack@g-api.service[102280]: DEBUG glance.common.config [None req-1108c0d2-ba23-4f12-8d47-fc3d02734dd7 None None] task.task_time_to_live = 48 {{(pid=102280) log_opt_values /opt/stack/data/venv/lib/python3.12/site-packages/oslo_config/cfg.py:3256}}
May 26 19:24:52.577672 np0000001454 devstack@g-api.service[102280]: DEBUG glance.common.config [None req-1108c0d2-ba23-4f12-8d47-fc3d02734dd7 None None] task.work_dir = None {{(pid=102280) log_opt_values /opt/stack/data/venv/lib/python3.12/site-packages/oslo_config/cfg.py:3256}}
May 26 19:24:52.577808 np0000001454 devstack@g-api.service[102280]: DEBUG glance.common.config [None req-1108c0d2-ba23-4f12-8d47-fc3d02734dd7 None None] wsgi.python_interpreter = /opt/stack/data/venv/bin/python3 {{(pid=102280) log_opt_values /opt/stack/data/venv/lib/python3.12/site-packages/oslo_config/cfg.py:3256}}
May 26 19:24:52.577938 np0000001454 devstack@g-api.service[102280]: DEBUG glance.common.config [None req-1108c0d2-ba23-4f12-8d47-fc3d02734dd7 None None] wsgi.task_pool_threads = 16 {{(pid=102280) log_opt_values /opt/stack/data/venv/lib/python3.12/site-packages/oslo_config/cfg.py:3256}}
May 26 19:24:52.578077 np0000001454 devstack@g-api.service[102280]: DEBUG glance.common.config [None req-1108c0d2-ba23-4f12-8d47-fc3d02734dd7 None None] profiler.connection_string = messaging:// {{(pid=102280) log_opt_values /opt/stack/data/venv/lib/python3.12/site-packages/oslo_config/cfg.py:3256}}
May 26 19:24:52.578238 np0000001454 devstack@g-api.service[102280]: DEBUG glance.common.config [None req-1108c0d2-ba23-4f12-8d47-fc3d02734dd7 None None] profiler.enabled = False {{(pid=102280) log_opt_values /opt/stack/data/venv/lib/python3.12/site-packages/oslo_config/cfg.py:3256}}
May 26 19:24:52.578377 np0000001454 devstack@g-api.service[102280]: DEBUG glance.common.config [None req-1108c0d2-ba23-4f12-8d47-fc3d02734dd7 None None] profiler.es_doc_type = notification {{(pid=102280) log_opt_values /opt/stack/data/venv/lib/python3.12/site-packages/oslo_config/cfg.py:3256}}
