May 26 19:24:28.120807 np0000001454 nova-scheduler[95924]: DEBUG cotyledon.oslo_config_glue [-] oslo_limit.endpoint_id = None {{(pid=95924) log_opt_values /opt/stack/data/venv/lib/python3.12/site-packages/oslo_config/cfg.py:3256}}
May 26 19:24:28.120807 np0000001454 nova-scheduler[95924]: DEBUG cotyledon.oslo_config_glue [-] oslo_limit.endpoint_interface = public {{(pid=95924) log_opt_values /opt/stack/data/venv/lib/python3.12/site-packages/oslo_config/cfg.py:3256}}
May 26 19:24:28.120807 np0000001454 nova-scheduler[95924]: DEBUG cotyledon.oslo_config_glue [-] oslo_limit.endpoint_override = None {{(pid=95924) log_opt_values /opt/stack/data/venv/lib/python3.12/site-packages/oslo_config/cfg.py:3256}}
May 26 19:24:28.120807 np0000001454 nova-scheduler[95924]: DEBUG cotyledon.oslo_config_glue [-] oslo_limit.endpoint_region_name = None {{(pid=95924) log_opt_values /opt/stack/data/venv/lib/python3.12/site-packages/oslo_config/cfg.py:3256}}
May 26 19:24:28.120807 np0000001454 nova-scheduler[95924]: DEBUG cotyledon.oslo_config_glue [-] oslo_limit.endpoint_service_name = None {{(pid=95924) log_opt_values /opt/stack/data/venv/lib/python3.12/site-packages/oslo_config/cfg.py:3256}}
May 26 19:24:28.121224 np0000001454 nova-scheduler[95924]: DEBUG cotyledon.oslo_config_glue [-] oslo_limit.endpoint_service_type = None {{(pid=95924) log_opt_values /opt/stack/data/venv/lib/python3.12/site-packages/oslo_config/cfg.py:3256}}
May 26 19:24:28.121224 np0000001454 nova-scheduler[95924]: DEBUG cotyledon.oslo_config_glue [-] oslo_limit.insecure = False {{(pid=95924) log_opt_values /opt/stack/data/venv/lib/python3.12/site-packages/oslo_config/cfg.py:3256}}
May 26 19:24:28.121224 np0000001454 nova-scheduler[95924]: DEBUG cotyledon.oslo_config_glue [-] oslo_limit.keyfile = None {{(pid=95924) log_opt_values /opt/stack/data/venv/lib/python3.12/site-packages/oslo_config/cfg.py:3256}}
May 26 19:24:28.121224 np0000001454 nova-scheduler[95924]: DEBUG cotyledon.oslo_config_glue [-] oslo_limit.max_version = None {{(pid=95924) log_opt_values /opt/stack/data/venv/lib/python3.12/site-packages/oslo_config/cfg.py:3256}}
May 26 19:24:28.121224 np0000001454 nova-scheduler[95924]: DEBUG cotyledon.oslo_config_glue [-] oslo_limit.min_version = None {{(pid=95924) log_opt_values /opt/stack/data/venv/lib/python3.12/site-packages/oslo_config/cfg.py:3256}}
May 26 19:24:28.121224 np0000001454 nova-scheduler[95924]: DEBUG cotyledon.oslo_config_glue [-] oslo_limit.region_name = None {{(pid=95924) log_opt_values /opt/stack/data/venv/lib/python3.12/site-packages/oslo_config/cfg.py:3256}}
May 26 19:24:28.121224 np0000001454 nova-scheduler[95924]: DEBUG cotyledon.oslo_config_glue [-] oslo_limit.retriable_status_codes = None {{(pid=95924) log_opt_values /opt/stack/data/venv/lib/python3.12/site-packages/oslo_config/cfg.py:3256}}
May 26 19:24:28.121224 np0000001454 nova-scheduler[95924]: DEBUG cotyledon.oslo_config_glue [-] oslo_limit.service_name = None {{(pid=95924) log_opt_values /opt/stack/data/venv/lib/python3.12/site-packages/oslo_config/cfg.py:3256}}
May 26 19:24:28.121224 np0000001454 nova-scheduler[95924]: DEBUG cotyledon.oslo_config_glue [-] oslo_limit.service_type = None {{(pid=95924) log_opt_values /opt/stack/data/venv/lib/python3.12/site-packages/oslo_config/cfg.py:3256}}
May 26 19:24:28.121543 np0000001454 nova-scheduler[95924]: DEBUG cotyledon.oslo_config_glue [-] oslo_limit.split_loggers = False {{(pid=95924) log_opt_values /opt/stack/data/venv/lib/python3.12/site-packages/oslo_config/cfg.py:3256}}
May 26 19:24:28.121543 np0000001454 nova-scheduler[95924]: DEBUG cotyledon.oslo_config_glue [-] oslo_limit.status_code_retries = None {{(pid=95924) log_opt_values /opt/stack/data/venv/lib/python3.12/site-packages/oslo_config/cfg.py:3256}}
May 26 19:24:28.121543 np0000001454 nova-scheduler[95924]: DEBUG cotyledon.oslo_config_glue [-] oslo_limit.status_code_retry_delay = None {{(pid=95924) log_opt_values /opt/stack/data/venv/lib/python3.12/site-packages/oslo_config/cfg.py:3256}}
May 26 19:24:28.121543 np0000001454 nova-scheduler[95924]: DEBUG cotyledon.oslo_config_glue [-] oslo_limit.timeout = None {{(pid=95924) log_opt_values /opt/stack/data/venv/lib/python3.12/site-packages/oslo_config/cfg.py:3256}}
May 26 19:24:28.121543 np0000001454 nova-scheduler[95924]: DEBUG cotyledon.oslo_config_glue [-] oslo_limit.valid_interfaces = None {{(pid=95924) log_opt_values /opt/stack/data/venv/lib/python3.12/site-packages/oslo_config/cfg.py:3256}}
May 26 19:24:28.121543 np0000001454 nova-scheduler[95924]: DEBUG cotyledon.oslo_config_glue [-] oslo_limit.version = None {{(pid=95924) log_opt_values /opt/stack/data/venv/lib/python3.12/site-packages/oslo_config/cfg.py:3256}}
May 26 19:24:28.121543 np0000001454 nova-scheduler[95924]: DEBUG cotyledon.oslo_config_glue [-] oslo_reports.file_event_handler = None {{(pid=95924) log_opt_values /opt/stack/data/venv/lib/python3.12/site-packages/oslo_config/cfg.py:3256}}
May 26 19:24:28.121543 np0000001454 nova-scheduler[95924]: DEBUG cotyledon.oslo_config_glue [-] oslo_reports.file_event_handler_interval = 1 {{(pid=95924) log_opt_values /opt/stack/data/venv/lib/python3.12/site-packages/oslo_config/cfg.py:3256}}
May 26 19:24:28.121543 np0000001454 nova-scheduler[95924]: DEBUG cotyledon.oslo_config_glue [-] oslo_reports.log_dir = None {{(pid=95924) log_opt_values /opt/stack/data/venv/lib/python3.12/site-packages/oslo_config/cfg.py:3256}}
May 26 19:24:28.121851 np0000001454 nova-scheduler[95924]: DEBUG cotyledon.oslo_config_glue [-] ******************************************************************************** {{(pid=95924) log_opt_values /opt/stack/data/venv/lib/python3.12/site-packages/oslo_config/cfg.py:3263}}
May 26 19:24:28.121851 np0000001454 nova-scheduler[95924]: DEBUG cotyledon._service_worker [-] Run service ServiceWrapper(2) [95924] {{(pid=95924) wait_forever /opt/stack/data/venv/lib/python3.12/site-packages/cotyledon/_service_worker.py:218}}
May 26 19:24:28.121851 np0000001454 nova-scheduler[95924]: INFO nova.service [-] Starting scheduler node (version 33.1.0)
May 26 19:24:28.121851 np0000001454 nova-scheduler[95924]: INFO dbcounter [None req-673d220b-84a7-4172-8692-3454f8268d56 None None] Registered counter for database nova_cell0
May 26 19:24:28.122009 np0000001454 nova-scheduler[95917]: DEBUG oslo_db.sqlalchemy.engines [None req-faadac7d-3c78-4d05-9aa1-a74611527835 None None] MySQL server mode set to STRICT_TRANS_TABLES,STRICT_ALL_TABLES,NO_ZERO_IN_DATE,NO_ZERO_DATE,ERROR_FOR_DIVISION_BY_ZERO,TRADITIONAL,NO_ENGINE_SUBSTITUTION {{(pid=95917) _check_effective_sql_mode /opt/stack/data/venv/lib/python3.12/site-packages/oslo_db/sqlalchemy/engines.py:325}}
May 26 19:24:28.122009 np0000001454 nova-scheduler[95917]: DEBUG dbcounter [-] [95917] Writer thread running {{(pid=95917) stat_writer /opt/stack/data/venv/lib/python3.12/site-packages/dbcounter.py:102}}
May 26 19:24:28.122121 np0000001454 nova-scheduler[95922]: DEBUG oslo_db.sqlalchemy.engines [None req-b6f2a732-8a63-4748-968f-93493f0885e8 None None] MySQL server mode set to STRICT_TRANS_TABLES,STRICT_ALL_TABLES,NO_ZERO_IN_DATE,NO_ZERO_DATE,ERROR_FOR_DIVISION_BY_ZERO,TRADITIONAL,NO_ENGINE_SUBSTITUTION {{(pid=95922) _check_effective_sql_mode /opt/stack/data/venv/lib/python3.12/site-packages/oslo_db/sqlalchemy/engines.py:325}}
May 26 19:24:28.122169 np0000001454 nova-scheduler[95924]: DEBUG oslo_db.sqlalchemy.engines [None req-673d220b-84a7-4172-8692-3454f8268d56 None None] MySQL server mode set to STRICT_TRANS_TABLES,STRICT_ALL_TABLES,NO_ZERO_IN_DATE,NO_ZERO_DATE,ERROR_FOR_DIVISION_BY_ZERO,TRADITIONAL,NO_ENGINE_SUBSTITUTION {{(pid=95924) _check_effective_sql_mode /opt/stack/data/venv/lib/python3.12/site-packages/oslo_db/sqlalchemy/engines.py:325}}
May 26 19:24:28.126782 np0000001454 nova-scheduler[95922]: DEBUG dbcounter [-] [95922] Writer thread running {{(pid=95922) stat_writer /opt/stack/data/venv/lib/python3.12/site-packages/dbcounter.py:102}}
May 26 19:24:28.129452 np0000001454 nova-scheduler[95924]: DEBUG dbcounter [-] [95924] Writer thread running {{(pid=95924) stat_writer /opt/stack/data/venv/lib/python3.12/site-packages/dbcounter.py:102}}
May 26 19:24:28.130379 np0000001454 nova-scheduler[95917]: DEBUG nova.service [None req-faadac7d-3c78-4d05-9aa1-a74611527835 None None] Creating RPC server for service: nova-scheduler on topic: scheduler {{(pid=95917) start /opt/stack/nova/nova/service.py:195}}
May 26 19:24:28.131720 np0000001454 nova-scheduler[95924]: DEBUG nova.service [None req-673d220b-84a7-4172-8692-3454f8268d56 None None] Creating RPC server for service: nova-scheduler on topic: scheduler {{(pid=95924) start /opt/stack/nova/nova/service.py:195}}
May 26 19:24:28.143780 np0000001454 nova-scheduler[95922]: DEBUG nova.service [None req-b6f2a732-8a63-4748-968f-93493f0885e8 None None] Creating RPC server for service: nova-scheduler on topic: scheduler {{(pid=95922) start /opt/stack/nova/nova/service.py:195}}
May 26 19:24:28.156258 np0000001454 nova-scheduler[95924]: DEBUG nova.service [None req-673d220b-84a7-4172-8692-3454f8268d56 None None] Join ServiceGroup membership for this service scheduler {{(pid=95924) start /opt/stack/nova/nova/service.py:221}}
May 26 19:24:28.156392 np0000001454 nova-scheduler[95924]: DEBUG nova.servicegroup.drivers.db [None req-673d220b-84a7-4172-8692-3454f8268d56 None None] DB_Driver: join new ServiceGroup member np0000001454 to the scheduler group, service = {{(pid=95924) join /opt/stack/nova/nova/servicegroup/drivers/db.py:44}}
May 26 19:24:28.159047 np0000001454 nova-scheduler[95917]: DEBUG nova.service [None req-faadac7d-3c78-4d05-9aa1-a74611527835 None None] Join ServiceGroup membership for this service scheduler {{(pid=95917) start /opt/stack/nova/nova/service.py:221}}
May 26 19:24:28.159542 np0000001454 nova-scheduler[95917]: DEBUG nova.servicegroup.drivers.db [None req-faadac7d-3c78-4d05-9aa1-a74611527835 None None] DB_Driver: join new ServiceGroup member np0000001454 to the scheduler group, service = {{(pid=95917) join /opt/stack/nova/nova/servicegroup/drivers/db.py:44}}
May 26 19:24:28.162453 np0000001454 nova-scheduler[95922]: DEBUG nova.service [None req-b6f2a732-8a63-4748-968f-93493f0885e8 None None] Join ServiceGroup membership for this service scheduler {{(pid=95922) start /opt/stack/nova/nova/service.py:221}}
May 26 19:24:28.162715 np0000001454 nova-scheduler[95922]: DEBUG nova.servicegroup.drivers.db [None req-b6f2a732-8a63-4748-968f-93493f0885e8 None None] DB_Driver: join new ServiceGroup member np0000001454 to the scheduler group, service = {{(pid=95922) join /opt/stack/nova/nova/servicegroup/drivers/db.py:44}}
May 26 19:24:33.176072 np0000001454 nova-scheduler[95924]: DEBUG oslo.service.backend._threading.loopingcall [-] Fixed interval looping call 'nova.servicegroup.drivers.db.DbDriver._report_state' sleeping for 119.98 seconds {{(pid=95924) _run_loop /opt/stack/data/venv/lib/python3.12/site-packages/oslo_service/backend/_threading/loopingcall.py:125}}
May 26 19:24:33.176860 np0000001454 nova-scheduler[95917]: DEBUG oslo.service.backend._threading.loopingcall [-] Fixed interval looping call 'nova.servicegroup.drivers.db.DbDriver._report_state' sleeping for 119.98 seconds {{(pid=95917) _run_loop /opt/stack/data/venv/lib/python3.12/site-packages/oslo_service/backend/_threading/loopingcall.py:125}}
May 26 19:24:33.177732 np0000001454 nova-scheduler[95922]: DEBUG oslo.service.backend._threading.loopingcall [-] Fixed interval looping call 'nova.servicegroup.drivers.db.DbDriver._report_state' sleeping for 119.99 seconds {{(pid=95922) _run_loop /opt/stack/data/venv/lib/python3.12/site-packages/oslo_service/backend/_threading/loopingcall.py:125}}
May 26 19:24:35.165329 np0000001454 nova-scheduler[95922]: DEBUG oslo.service.backend._threading.loopingcall [None req-bc0f7928-c7a6-4cad-a8f2-f2f460874f5e None None] Dynamic interval looping call 'nova.service.Service.periodic_tasks' sleeping for 60.00 seconds {{(pid=95922) _run_loop /opt/stack/data/venv/lib/python3.12/site-packages/oslo_service/backend/_threading/loopingcall.py:125}}
May 26 19:24:36.689506 np0000001454 nova-scheduler[94721]: DEBUG dbcounter [-] [94721] Writing DB stats nova_api:SELECT=3 {{(pid=94721) stat_writer /opt/stack/data/venv/lib/python3.12/site-packages/dbcounter.py:115}}
May 26 19:24:36.816655 np0000001454 nova-scheduler[94721]: DEBUG dbcounter [-] [94721] Writing DB stats nova_cell1:SELECT=1 {{(pid=94721) stat_writer /opt/stack/data/venv/lib/python3.12/site-packages/dbcounter.py:115}}
May 26 19:24:36.828965 np0000001454 nova-scheduler[94721]: DEBUG dbcounter [-] [94721] Writing DB stats nova_cell0:SELECT=1 {{(pid=94721) stat_writer /opt/stack/data/venv/lib/python3.12/site-packages/dbcounter.py:115}}
May 26 19:24:43.170570 np0000001454 nova-scheduler[95917]: DEBUG dbcounter [-] [95917] Writing DB stats nova_cell0:SELECT=4,nova_cell0:INSERT=1,nova_cell0:UPDATE=1 {{(pid=95917) stat_writer /opt/stack/data/venv/lib/python3.12/site-packages/dbcounter.py:115}}
May 26 19:24:43.176106 np0000001454 nova-scheduler[95924]: DEBUG dbcounter [-] [95924] Writing DB stats nova_cell0:SELECT=3,nova_cell0:UPDATE=1 {{(pid=95924) stat_writer /opt/stack/data/venv/lib/python3.12/site-packages/dbcounter.py:115}}
May 26 19:24:43.176417 np0000001454 nova-scheduler[95922]: DEBUG dbcounter [-] [95922] Writing DB stats nova_cell0:SELECT=4,nova_cell0:INSERT=1,nova_cell0:UPDATE=1 {{(pid=95922) stat_writer /opt/stack/data/venv/lib/python3.12/site-packages/dbcounter.py:115}}
May 26 19:24:44.161963 np0000001454 nova-scheduler[95917]: DEBUG oslo.service.backend._threading.loopingcall [None req-083fd65c-81eb-4668-9064-b5015d66d9ad None None] Dynamic interval looping call 'nova.service.Service.periodic_tasks' sleeping for 60.00 seconds {{(pid=95917) _run_loop /opt/stack/data/venv/lib/python3.12/site-packages/oslo_service/backend/_threading/loopingcall.py:125}}
May 26 19:25:22.159129 np0000001454 nova-scheduler[95924]: DEBUG oslo.service.backend._threading.loopingcall [None req-2680e23b-f36f-4eef-82a9-fd4f69f79de7 None None] Dynamic interval looping call 'nova.service.Service.periodic_tasks' sleeping for 60.00 seconds {{(pid=95924) _run_loop /opt/stack/data/venv/lib/python3.12/site-packages/oslo_service/backend/_threading/loopingcall.py:125}}
May 26 19:25:35.165934 np0000001454 nova-scheduler[95922]: DEBUG oslo.service.backend._threading.loopingcall [None req-bc0f7928-c7a6-4cad-a8f2-f2f460874f5e None None] Dynamic interval looping call 'nova.service.Service.periodic_tasks' sleeping for 60.00 seconds {{(pid=95922) _run_loop /opt/stack/data/venv/lib/python3.12/site-packages/oslo_service/backend/_threading/loopingcall.py:125}}
May 26 19:25:44.162467 np0000001454 nova-scheduler[95917]: DEBUG oslo.service.backend._threading.loopingcall [None req-083fd65c-81eb-4668-9064-b5015d66d9ad None None] Dynamic interval looping call 'nova.service.Service.periodic_tasks' sleeping for 60.00 seconds {{(pid=95917) _run_loop /opt/stack/data/venv/lib/python3.12/site-packages/oslo_service/backend/_threading/loopingcall.py:125}}
May 26 19:26:22.159548 np0000001454 nova-scheduler[95924]: DEBUG oslo.service.backend._threading.loopingcall [None req-2680e23b-f36f-4eef-82a9-fd4f69f79de7 None None] Dynamic interval looping call 'nova.service.Service.periodic_tasks' sleeping for 60.00 seconds {{(pid=95924) _run_loop /opt/stack/data/venv/lib/python3.12/site-packages/oslo_service/backend/_threading/loopingcall.py:125}}
May 26 19:26:33.163376 np0000001454 nova-scheduler[95924]: DEBUG oslo.service.backend._threading.loopingcall [-] Fixed interval looping call 'nova.servicegroup.drivers.db.DbDriver._report_state' sleeping for 119.99 seconds {{(pid=95924) _run_loop /opt/stack/data/venv/lib/python3.12/site-packages/oslo_service/backend/_threading/loopingcall.py:125}}
May 26 19:26:33.164059 np0000001454 nova-scheduler[95917]: DEBUG oslo.service.backend._threading.loopingcall [-] Fixed interval looping call 'nova.servicegroup.drivers.db.DbDriver._report_state' sleeping for 119.99 seconds {{(pid=95917) _run_loop /opt/stack/data/venv/lib/python3.12/site-packages/oslo_service/backend/_threading/loopingcall.py:125}}
May 26 19:26:33.172324 np0000001454 nova-scheduler[95922]: DEBUG oslo.service.backend._threading.loopingcall [-] Fixed interval looping call 'nova.servicegroup.drivers.db.DbDriver._report_state' sleeping for 120.00 seconds {{(pid=95922) _run_loop /opt/stack/data/venv/lib/python3.12/site-packages/oslo_service/backend/_threading/loopingcall.py:125}}
May 26 19:26:35.166403 np0000001454 nova-scheduler[95922]: DEBUG oslo.service.backend._threading.loopingcall [None req-bc0f7928-c7a6-4cad-a8f2-f2f460874f5e None None] Dynamic interval looping call 'nova.service.Service.periodic_tasks' sleeping for 60.00 seconds {{(pid=95922) _run_loop /opt/stack/data/venv/lib/python3.12/site-packages/oslo_service/backend/_threading/loopingcall.py:125}}
May 26 19:26:43.160005 np0000001454 nova-scheduler[95924]: DEBUG dbcounter [-] [95924] Writing DB stats nova_cell0:SELECT=1,nova_cell0:UPDATE=1 {{(pid=95924) stat_writer /opt/stack/data/venv/lib/python3.12/site-packages/dbcounter.py:115}}
May 26 19:26:43.160537 np0000001454 nova-scheduler[95917]: DEBUG dbcounter [-] [95917] Writing DB stats nova_cell0:SELECT=1,nova_cell0:UPDATE=1 {{(pid=95917) stat_writer /opt/stack/data/venv/lib/python3.12/site-packages/dbcounter.py:115}}
May 26 19:26:43.170228 np0000001454 nova-scheduler[95922]: DEBUG dbcounter [-] [95922] Writing DB stats nova_cell0:SELECT=1 {{(pid=95922) stat_writer /opt/stack/data/venv/lib/python3.12/site-packages/dbcounter.py:115}}
May 26 19:26:44.162917 np0000001454 nova-scheduler[95917]: DEBUG oslo.service.backend._threading.loopingcall [None req-083fd65c-81eb-4668-9064-b5015d66d9ad None None] Dynamic interval looping call 'nova.service.Service.periodic_tasks' sleeping for 60.00 seconds {{(pid=95917) _run_loop /opt/stack/data/venv/lib/python3.12/site-packages/oslo_service/backend/_threading/loopingcall.py:125}}
May 26 19:27:14.684236 np0000001454 nova-scheduler[95924]: DEBUG nova.scheduler.manager [None req-1d2046fc-b458-4051-b7fe-8e09194ffe52 tempest-ServersNegativeTestJSON-279856555 tempest-ServersNegativeTestJSON-279856555-project-member] Starting to schedule for instances: ['8e47a502-82b5-424d-8a97-a58e542b6686'] {{(pid=95924) select_destinations /opt/stack/nova/nova/scheduler/manager.py:210}}
May 26 19:27:14.685486 np0000001454 nova-scheduler[95924]: DEBUG nova.scheduler.request_filter [None req-1d2046fc-b458-4051-b7fe-8e09194ffe52 tempest-ServersNegativeTestJSON-279856555 tempest-ServersNegativeTestJSON-279856555-project-member] compute_status_filter request filter added forbidden trait COMPUTE_STATUS_DISABLED {{(pid=95924) compute_status_filter /opt/stack/nova/nova/scheduler/request_filter.py:253}}
May 26 19:27:14.685794 np0000001454 nova-scheduler[95924]: DEBUG nova.scheduler.request_filter [None req-1d2046fc-b458-4051-b7fe-8e09194ffe52 tempest-ServersNegativeTestJSON-279856555 tempest-ServersNegativeTestJSON-279856555-project-member] Request filter 'compute_status_filter' took 0.0 seconds {{(pid=95924) wrapper /opt/stack/nova/nova/scheduler/request_filter.py:46}}
May 26 19:27:14.686204 np0000001454 nova-scheduler[95924]: DEBUG nova.scheduler.request_filter [None req-1d2046fc-b458-4051-b7fe-8e09194ffe52 tempest-ServersNegativeTestJSON-279856555 tempest-ServersNegativeTestJSON-279856555-project-member] Request filter 'accelerators_filter' took 0.0 seconds {{(pid=95924) wrapper /opt/stack/nova/nova/scheduler/request_filter.py:46}}
May 26 19:27:14.686630 np0000001454 nova-scheduler[95924]: DEBUG nova.scheduler.request_filter [None req-1d2046fc-b458-4051-b7fe-8e09194ffe52 tempest-ServersNegativeTestJSON-279856555 tempest-ServersNegativeTestJSON-279856555-project-member] Request filter 'packed_virtqueue_filter' took 0.0 seconds {{(pid=95924) wrapper /opt/stack/nova/nova/scheduler/request_filter.py:46}}
May 26 19:27:14.687012 np0000001454 nova-scheduler[95924]: DEBUG nova.scheduler.request_filter [None req-1d2046fc-b458-4051-b7fe-8e09194ffe52 tempest-ServersNegativeTestJSON-279856555 tempest-ServersNegativeTestJSON-279856555-project-member] Request filter 'remote_managed_ports_filter' took 0.0 seconds {{(pid=95924) wrapper /opt/stack/nova/nova/scheduler/request_filter.py:46}}
May 26 19:27:14.687509 np0000001454 nova-scheduler[95924]: DEBUG nova.scheduler.request_filter [None req-1d2046fc-b458-4051-b7fe-8e09194ffe52 tempest-ServersNegativeTestJSON-279856555 tempest-ServersNegativeTestJSON-279856555-project-member] ephemeral_encryption_filter skipped {{(pid=95924) ephemeral_encryption_filter /opt/stack/nova/nova/scheduler/request_filter.py:426}}
May 26 19:27:14.687783 np0000001454 nova-scheduler[95924]: DEBUG nova.scheduler.request_filter [None req-1d2046fc-b458-4051-b7fe-8e09194ffe52 tempest-ServersNegativeTestJSON-279856555 tempest-ServersNegativeTestJSON-279856555-project-member] virtio_sound_filter skipped {{(pid=95924) virtio_sound_filter /opt/stack/nova/nova/scheduler/request_filter.py:460}}
May 26 19:27:14.687977 np0000001454 nova-scheduler[95924]: DEBUG nova.scheduler.request_filter [None req-1d2046fc-b458-4051-b7fe-8e09194ffe52 tempest-ServersNegativeTestJSON-279856555 tempest-ServersNegativeTestJSON-279856555-project-member] tpm_secret_security_filter skipped {{(pid=95924) tpm_secret_security_filter /opt/stack/nova/nova/scheduler/request_filter.py:477}}
May 26 19:27:15.346989 np0000001454 nova-scheduler[95924]: INFO nova.utils [None req-1d2046fc-b458-4051-b7fe-8e09194ffe52 tempest-ServersNegativeTestJSON-279856555 tempest-ServersNegativeTestJSON-279856555-project-member] The cell worker thread pool ForkProcess-3.cell_worker is initialized
May 26 19:27:15.347501 np0000001454 nova-scheduler[95924]: DEBUG oslo_concurrency.lockutils [None req-1d2046fc-b458-4051-b7fe-8e09194ffe52 tempest-ServersNegativeTestJSON-279856555 tempest-ServersNegativeTestJSON-279856555-project-member] Acquiring lock "0510983a-24a1-4618-a029-98934831445e" by "nova.context.set_target_cell..get_or_set_cached_cell_and_set_connections" {{(pid=95924) inner /opt/stack/data/venv/lib/python3.12/site-packages/oslo_concurrency/lockutils.py:511}}
May 26 19:27:15.347822 np0000001454 nova-scheduler[95924]: DEBUG oslo_concurrency.lockutils [None req-1d2046fc-b458-4051-b7fe-8e09194ffe52 tempest-ServersNegativeTestJSON-279856555 tempest-ServersNegativeTestJSON-279856555-project-member] Lock "0510983a-24a1-4618-a029-98934831445e" acquired by "nova.context.set_target_cell..get_or_set_cached_cell_and_set_connections" :: waited 0.000s {{(pid=95924) inner /opt/stack/data/venv/lib/python3.12/site-packages/oslo_concurrency/lockutils.py:524}}
May 26 19:27:15.350220 np0000001454 nova-scheduler[95924]: DEBUG oslo_concurrency.lockutils [None req-1d2046fc-b458-4051-b7fe-8e09194ffe52 tempest-ServersNegativeTestJSON-279856555 tempest-ServersNegativeTestJSON-279856555-project-member] Lock "0510983a-24a1-4618-a029-98934831445e" "released" by "nova.context.set_target_cell..get_or_set_cached_cell_and_set_connections" :: held 0.002s {{(pid=95924) inner /opt/stack/data/venv/lib/python3.12/site-packages/oslo_concurrency/lockutils.py:543}}
May 26 19:27:15.353125 np0000001454 nova-scheduler[95924]: INFO dbcounter [None req-1d2046fc-b458-4051-b7fe-8e09194ffe52 tempest-ServersNegativeTestJSON-279856555 tempest-ServersNegativeTestJSON-279856555-project-member] Registered counter for database nova_cell1
May 26 19:27:15.401472 np0000001454 nova-scheduler[95924]: DEBUG oslo_db.sqlalchemy.engines [None req-1d2046fc-b458-4051-b7fe-8e09194ffe52 tempest-ServersNegativeTestJSON-279856555 tempest-ServersNegativeTestJSON-279856555-project-member] MySQL server mode set to STRICT_TRANS_TABLES,STRICT_ALL_TABLES,NO_ZERO_IN_DATE,NO_ZERO_DATE,ERROR_FOR_DIVISION_BY_ZERO,TRADITIONAL,NO_ENGINE_SUBSTITUTION {{(pid=95924) _check_effective_sql_mode /opt/stack/data/venv/lib/python3.12/site-packages/oslo_db/sqlalchemy/engines.py:325}}
May 26 19:27:15.408615 np0000001454 nova-scheduler[95924]: DEBUG dbcounter [-] [95924] Writer thread running {{(pid=95924) stat_writer /opt/stack/data/venv/lib/python3.12/site-packages/dbcounter.py:102}}
May 26 19:27:15.424094 np0000001454 nova-scheduler[95924]: DEBUG oslo_db.sqlalchemy.engines [None req-1d2046fc-b458-4051-b7fe-8e09194ffe52 tempest-ServersNegativeTestJSON-279856555 tempest-ServersNegativeTestJSON-279856555-project-member] Parent process 94721 forked (95924) with an open database connection, which is being discarded and recreated. {{(pid=95924) checkout /opt/stack/data/venv/lib/python3.12/site-packages/oslo_db/sqlalchemy/engines.py:402}}
May 26 19:27:15.467117 np0000001454 nova-scheduler[95924]: DEBUG dbcounter [-] [95924] Writer thread running {{(pid=95924) stat_writer /opt/stack/data/venv/lib/python3.12/site-packages/dbcounter.py:102}}
May 26 19:27:15.469838 np0000001454 nova-scheduler[95924]: DEBUG oslo_concurrency.lockutils [None req-1d2046fc-b458-4051-b7fe-8e09194ffe52 tempest-ServersNegativeTestJSON-279856555 tempest-ServersNegativeTestJSON-279856555-project-member] Acquiring lock "0510983a-24a1-4618-a029-98934831445e" by "nova.context.set_target_cell..get_or_set_cached_cell_and_set_connections" {{(pid=95924) inner /opt/stack/data/venv/lib/python3.12/site-packages/oslo_concurrency/lockutils.py:511}}
May 26 19:27:15.469969 np0000001454 nova-scheduler[95924]: DEBUG oslo_concurrency.lockutils [None req-1d2046fc-b458-4051-b7fe-8e09194ffe52 tempest-ServersNegativeTestJSON-279856555 tempest-ServersNegativeTestJSON-279856555-project-member] Lock "0510983a-24a1-4618-a029-98934831445e" acquired by "nova.context.set_target_cell..get_or_set_cached_cell_and_set_connections" :: waited 0.000s {{(pid=95924) inner /opt/stack/data/venv/lib/python3.12/site-packages/oslo_concurrency/lockutils.py:524}}
May 26 19:27:15.470097 np0000001454 nova-scheduler[95924]: DEBUG oslo_concurrency.lockutils [None req-1d2046fc-b458-4051-b7fe-8e09194ffe52 tempest-ServersNegativeTestJSON-279856555 tempest-ServersNegativeTestJSON-279856555-project-member] Lock "0510983a-24a1-4618-a029-98934831445e" "released" by "nova.context.set_target_cell..get_or_set_cached_cell_and_set_connections" :: held 0.000s {{(pid=95924) inner /opt/stack/data/venv/lib/python3.12/site-packages/oslo_concurrency/lockutils.py:543}}
May 26 19:27:15.473665 np0000001454 nova-scheduler[95924]: DEBUG oslo_concurrency.lockutils [None req-1d2046fc-b458-4051-b7fe-8e09194ffe52 tempest-ServersNegativeTestJSON-279856555 tempest-ServersNegativeTestJSON-279856555-project-member] Acquiring lock "('np0000001454', 'np0000001454')" by "nova.scheduler.host_manager.HostState.update.._locked_update" {{(pid=95924) inner /opt/stack/data/venv/lib/python3.12/site-packages/oslo_concurrency/lockutils.py:511}}
May 26 19:27:15.473819 np0000001454 nova-scheduler[95924]: DEBUG oslo_concurrency.lockutils [None req-1d2046fc-b458-4051-b7fe-8e09194ffe52 tempest-ServersNegativeTestJSON-279856555 tempest-ServersNegativeTestJSON-279856555-project-member] Lock "('np0000001454', 'np0000001454')" acquired by "nova.scheduler.host_manager.HostState.update.._locked_update" :: waited 0.000s {{(pid=95924) inner /opt/stack/data/venv/lib/python3.12/site-packages/oslo_concurrency/lockutils.py:524}}
May 26 19:27:15.475180 np0000001454 nova-scheduler[95924]: DEBUG nova.scheduler.host_manager [None req-1d2046fc-b458-4051-b7fe-8e09194ffe52 tempest-ServersNegativeTestJSON-279856555 tempest-ServersNegativeTestJSON-279856555-project-member] Update host state from compute node: ComputeNode(cpu_allocation_ratio=4.0,cpu_info='{"arch": "x86_64", "model": "EPYC-Milan", "vendor": "AMD", "topology": {"cells": 1, "sockets": 12, "cores": 1, "threads": 1}, "maxphysaddr": {"mode": "emulate", "bits": 40}, "features": ["rdrand", "sse4.1", "ibpb", "movbe", "arch-capabilities", "tsc", "lahf_lm", "hypervisor", "rdctl-no", "mtrr", "vme", "flushbyasid", "ssse3", "3dnowprefetch", "topoext", "fpu", "pni", "f16c", "cmp_legacy", "ssbd", "aes", "arat", "osvw", "clflushopt", "lbrv", "de", "xsaveerptr", "sha-ni", "pcid", "pge", "pfthreshold", "xsaveopt", "bmi1", "vmcb-clean", "cr8legacy", "amd-ssbd", "misalignsse", "mce", "null-sel-clr-base", "mds-no", "pse", "lfence-always-serializing", "cx8", "popcnt", "wbnoinvd", "abm", "perfctr_core", "amd-stibp", "pause-filter", "vgif", "sse4a", "pschange-mc-no", "cmov", "tsc-deadline", "pclmuldq", "svme-addr-chk", "xsavec", "invpcid", "nx", "stibp-always-on", "fxsr_opt", "nrip-save", "v-vmsave-vmload", "lm", "bmi2", "sep", "ibrs", "stibp", "clwb", "rdpid", "xgetbv1", "clzero", "fma", "pse36", "syscall", "mca", "sse4.2", "adx", "no-nested-data-bp", "pat", "umip", "gds-no", "amd-psfd", "xsaves", "spec-ctrl", "tsc_adjust", "avx", "tsc-scale", "erms", "x2apic", "rdtscp", "smep", "mmxext", "npt", "skip-l1dfl-vmentry", "svm", "rdseed", "virt-ssbd", "xsave", "apic", "fsrm", "fsgsbase", "msr", "cx16", "avx2", "sse", "pae", "pdpe1gb", "smap", "fxsr", "vaes", "pku", "clflush", "sse2", "vpclmulqdq", "mmx"]}',created_at=2026-05-26T19:24:54Z,current_workload=0,deleted=False,deleted_at=None,disk_allocation_ratio=1.0,disk_available_least=74,free_disk_gb=95,free_ram_mb=23518,host='np0000001454',host_ip=10.4.3.240,hypervisor_hostname='np0000001454',hypervisor_type='QEMU',hypervisor_version=8002002,id=1,local_gb=95,local_gb_used=0,mapped=1,memory_mb=24030,memory_mb_used=512,metrics='[]',numa_topology='{"nova_object.name": "NUMATopology", "nova_object.namespace": "nova", "nova_object.version": "1.2", "nova_object.data": {"cells": [{"nova_object.name": "NUMACell", "nova_object.namespace": "nova", "nova_object.version": "1.5", "nova_object.data": {"id": 0, "cpuset": [0, 1, 2, 3, 4, 5, 6, 7, 8, 9, 10, 11], "pcpuset": [0, 1, 2, 3, 4, 5, 6, 7, 8, 9, 10, 11], "memory": 24030, "cpu_usage": 0, "memory_usage": 0, "pinned_cpus": [], "siblings": [[6], [2], [5], [11], [8], [4], [1], [7], [10], [0], [3], [9]], "mempages": [{"nova_object.name": "NUMAPagesTopology", "nova_object.namespace": "nova", "nova_object.version": "1.1", "nova_object.data": {"size_kb": 4, "total": 6151798, "used": 0, "reserved": 0}, "nova_object.changes": ["size_kb", "used", "total", "reserved"]}, {"nova_object.name": "NUMAPagesTopology", "nova_object.namespace": "nova", "nova_object.version": "1.1", "nova_object.data": {"size_kb": 2048, "total": 0, "used": 0, "reserved": 0}, "nova_object.changes": ["size_kb", "used", "total", "reserved"]}, {"nova_object.name": "NUMAPagesTopology", "nova_object.namespace": "nova", "nova_object.version": "1.1", "nova_object.data": {"size_kb": 1048576, "total": 0, "used": 0, "reserved": 0}, "nova_object.changes": ["size_kb", "used", "total", "reserved"]}], "network_metadata": {"nova_object.name": "NetworkMetadata", "nova_object.namespace": "nova", "nova_object.version": "1.0", "nova_object.data": {"physnets": [], "tunneled": false}, "nova_object.changes": ["physnets", "tunneled"]}, "socket": null}, "nova_object.changes": ["id", "cpuset", "memory", "network_metadata", "pcpuset", "socket", "cpu_usage", "pinned_cpus", "memory_usage", "siblings", "mempages"]}]}, "nova_object.changes": ["cells"]}',pci_device_pools=PciDevicePoolList,ram_allocation_ratio=1.0,running_vms=0,service_id=2,stats={failed_builds='0',uptime=' 19:26:40 up 26 min, 2 users, load average: 1.16, 1.48, 0.87
May 26 19:27:15.475180 np0000001454 nova-scheduler[95924]: '},supported_hv_specs=[HVSpec,HVSpec,HVSpec,HVSpec,HVSpec,HVSpec,HVSpec,HVSpec,HVSpec,HVSpec,HVSpec,HVSpec,HVSpec,HVSpec,HVSpec,HVSpec,HVSpec,HVSpec,HVSpec,HVSpec,HVSpec,HVSpec,HVSpec,HVSpec,HVSpec],updated_at=2026-05-26T19:26:42Z,uuid=43f04a82-4eff-4bc3-b077-a90b08f28838,vcpus=12,vcpus_used=0) {{(pid=95924) _locked_update /opt/stack/nova/nova/scheduler/host_manager.py:168}}
May 26 19:27:15.475871 np0000001454 nova-scheduler[95924]: DEBUG nova.scheduler.host_manager [None req-1d2046fc-b458-4051-b7fe-8e09194ffe52 tempest-ServersNegativeTestJSON-279856555 tempest-ServersNegativeTestJSON-279856555-project-member] Update host state with aggregates: [] {{(pid=95924) _locked_update /opt/stack/nova/nova/scheduler/host_manager.py:171}}
May 26 19:27:15.475977 np0000001454 nova-scheduler[95924]: DEBUG nova.scheduler.host_manager [None req-1d2046fc-b458-4051-b7fe-8e09194ffe52 tempest-ServersNegativeTestJSON-279856555 tempest-ServersNegativeTestJSON-279856555-project-member] Update host state with service dict: {'id': 2, 'uuid': '250ddfba-58af-48a0-b938-4ebc22f24aa2', 'host': 'np0000001454', 'binary': 'nova-compute', 'topic': 'compute', 'report_count': 2, 'disabled': False, 'disabled_reason': None, 'last_seen_up': datetime.datetime(2026, 5, 26, 19, 27, 2, tzinfo=datetime.timezone.utc), 'forced_down': False, 'version': 72, 'created_at': datetime.datetime(2026, 5, 26, 19, 24, 52, tzinfo=datetime.timezone.utc), 'updated_at': datetime.datetime(2026, 5, 26, 19, 27, 2, tzinfo=datetime.timezone.utc), 'deleted_at': None, 'deleted': False} {{(pid=95924) _locked_update /opt/stack/nova/nova/scheduler/host_manager.py:174}}
May 26 19:27:15.476097 np0000001454 nova-scheduler[95924]: DEBUG nova.scheduler.host_manager [None req-1d2046fc-b458-4051-b7fe-8e09194ffe52 tempest-ServersNegativeTestJSON-279856555 tempest-ServersNegativeTestJSON-279856555-project-member] Update host state with instances: [] {{(pid=95924) _locked_update /opt/stack/nova/nova/scheduler/host_manager.py:177}}
May 26 19:27:15.476212 np0000001454 nova-scheduler[95924]: DEBUG oslo_concurrency.lockutils [None req-1d2046fc-b458-4051-b7fe-8e09194ffe52 tempest-ServersNegativeTestJSON-279856555 tempest-ServersNegativeTestJSON-279856555-project-member] Lock "('np0000001454', 'np0000001454')" "released" by "nova.scheduler.host_manager.HostState.update.._locked_update" :: held 0.002s {{(pid=95924) inner /opt/stack/data/venv/lib/python3.12/site-packages/oslo_concurrency/lockutils.py:543}}
May 26 19:27:15.476665 np0000001454 nova-scheduler[95924]: DEBUG nova.filters [None req-1d2046fc-b458-4051-b7fe-8e09194ffe52 tempest-ServersNegativeTestJSON-279856555 tempest-ServersNegativeTestJSON-279856555-project-member] Starting with 1 host(s) {{(pid=95924) get_filtered_objects /opt/stack/nova/nova/filters.py:70}}
May 26 19:27:15.476856 np0000001454 nova-scheduler[95924]: DEBUG nova.filters [None req-1d2046fc-b458-4051-b7fe-8e09194ffe52 tempest-ServersNegativeTestJSON-279856555 tempest-ServersNegativeTestJSON-279856555-project-member] Filter ComputeFilter returned 1 host(s) {{(pid=95924) get_filtered_objects /opt/stack/nova/nova/filters.py:102}}
May 26 19:27:15.476984 np0000001454 nova-scheduler[95924]: DEBUG nova.filters [None req-1d2046fc-b458-4051-b7fe-8e09194ffe52 tempest-ServersNegativeTestJSON-279856555 tempest-ServersNegativeTestJSON-279856555-project-member] Filter ComputeCapabilitiesFilter returned 1 host(s) {{(pid=95924) get_filtered_objects /opt/stack/nova/nova/filters.py:102}}
May 26 19:27:15.477446 np0000001454 nova-scheduler[95924]: DEBUG nova.filters [None req-1d2046fc-b458-4051-b7fe-8e09194ffe52 tempest-ServersNegativeTestJSON-279856555 tempest-ServersNegativeTestJSON-279856555-project-member] Filter ImagePropertiesFilter returned 1 host(s) {{(pid=95924) get_filtered_objects /opt/stack/nova/nova/filters.py:102}}
May 26 19:27:15.477627 np0000001454 nova-scheduler[95924]: DEBUG nova.filters [None req-1d2046fc-b458-4051-b7fe-8e09194ffe52 tempest-ServersNegativeTestJSON-279856555 tempest-ServersNegativeTestJSON-279856555-project-member] Filter ServerGroupAntiAffinityFilter returned 1 host(s) {{(pid=95924) get_filtered_objects /opt/stack/nova/nova/filters.py:102}}
May 26 19:27:15.477986 np0000001454 nova-scheduler[95924]: DEBUG nova.filters [None req-1d2046fc-b458-4051-b7fe-8e09194ffe52 tempest-ServersNegativeTestJSON-279856555 tempest-ServersNegativeTestJSON-279856555-project-member] Filter ServerGroupAffinityFilter returned 1 host(s) {{(pid=95924) get_filtered_objects /opt/stack/nova/nova/filters.py:102}}
May 26 19:27:15.477986 np0000001454 nova-scheduler[95924]: DEBUG nova.filters [None req-1d2046fc-b458-4051-b7fe-8e09194ffe52 tempest-ServersNegativeTestJSON-279856555 tempest-ServersNegativeTestJSON-279856555-project-member] Filter SameHostFilter returned 1 host(s) {{(pid=95924) get_filtered_objects /opt/stack/nova/nova/filters.py:102}}
May 26 19:27:15.478126 np0000001454 nova-scheduler[95924]: DEBUG nova.filters [None req-1d2046fc-b458-4051-b7fe-8e09194ffe52 tempest-ServersNegativeTestJSON-279856555 tempest-ServersNegativeTestJSON-279856555-project-member] Filter DifferentHostFilter returned 1 host(s) {{(pid=95924) get_filtered_objects /opt/stack/nova/nova/filters.py:102}}
May 26 19:27:15.478265 np0000001454 nova-scheduler[95924]: DEBUG nova.scheduler.manager [None req-1d2046fc-b458-4051-b7fe-8e09194ffe52 tempest-ServersNegativeTestJSON-279856555 tempest-ServersNegativeTestJSON-279856555-project-member] Filtered [(np0000001454, np0000001454) ram: 23518MB disk: 75776MB io_ops: 0 instances: 0, allocation_candidates: 1] {{(pid=95924) _get_sorted_hosts /opt/stack/nova/nova/scheduler/manager.py:743}}
May 26 19:27:15.478471 np0000001454 nova-scheduler[95924]: DEBUG nova.scheduler.manager [None req-1d2046fc-b458-4051-b7fe-8e09194ffe52 tempest-ServersNegativeTestJSON-279856555 tempest-ServersNegativeTestJSON-279856555-project-member] Weighed [WeighedHost [host: (np0000001454, np0000001454) ram: 23518MB disk: 75776MB io_ops: 0 instances: 0, allocation_candidates: 1, weight: 0.0]] {{(pid=95924) _get_sorted_hosts /opt/stack/nova/nova/scheduler/manager.py:765}}
May 26 19:27:15.478672 np0000001454 nova-scheduler[95924]: DEBUG nova.scheduler.utils [None req-1d2046fc-b458-4051-b7fe-8e09194ffe52 tempest-ServersNegativeTestJSON-279856555 tempest-ServersNegativeTestJSON-279856555-project-member] Attempting to claim resources in the placement API for instance 8e47a502-82b5-424d-8a97-a58e542b6686 {{(pid=95924) claim_resources /opt/stack/nova/nova/scheduler/utils.py:1304}}
May 26 19:27:15.662051 np0000001454 nova-scheduler[95924]: DEBUG nova.scheduler.manager [None req-1d2046fc-b458-4051-b7fe-8e09194ffe52 tempest-ServersNegativeTestJSON-279856555 tempest-ServersNegativeTestJSON-279856555-project-member] [instance: 8e47a502-82b5-424d-8a97-a58e542b6686] Selected host: (np0000001454, np0000001454) ram: 23518MB disk: 75776MB io_ops: 0 instances: 0, allocation_candidates: 1 {{(pid=95924) _consume_selected_host /opt/stack/nova/nova/scheduler/manager.py:625}}
May 26 19:27:15.662450 np0000001454 nova-scheduler[95924]: DEBUG oslo_concurrency.lockutils [None req-1d2046fc-b458-4051-b7fe-8e09194ffe52 tempest-ServersNegativeTestJSON-279856555 tempest-ServersNegativeTestJSON-279856555-project-member] Acquiring lock "('np0000001454', 'np0000001454')" by "nova.scheduler.host_manager.HostState.consume_from_request.._locked" {{(pid=95924) inner /opt/stack/data/venv/lib/python3.12/site-packages/oslo_concurrency/lockutils.py:511}}
May 26 19:27:15.662673 np0000001454 nova-scheduler[95924]: DEBUG oslo_concurrency.lockutils [None req-1d2046fc-b458-4051-b7fe-8e09194ffe52 tempest-ServersNegativeTestJSON-279856555 tempest-ServersNegativeTestJSON-279856555-project-member] Lock "('np0000001454', 'np0000001454')" acquired by "nova.scheduler.host_manager.HostState.consume_from_request.._locked" :: waited 0.000s {{(pid=95924) inner /opt/stack/data/venv/lib/python3.12/site-packages/oslo_concurrency/lockutils.py:524}}
May 26 19:27:15.662907 np0000001454 nova-scheduler[95924]: DEBUG oslo_concurrency.lockutils [None req-1d2046fc-b458-4051-b7fe-8e09194ffe52 tempest-ServersNegativeTestJSON-279856555 tempest-ServersNegativeTestJSON-279856555-project-member] Lock "('np0000001454', 'np0000001454')" "released" by "nova.scheduler.host_manager.HostState.consume_from_request.._locked" :: held 0.000s {{(pid=95924) inner /opt/stack/data/venv/lib/python3.12/site-packages/oslo_concurrency/lockutils.py:543}}
May 26 19:27:22.160021 np0000001454 nova-scheduler[95924]: DEBUG oslo.service.backend._threading.loopingcall [None req-2680e23b-f36f-4eef-82a9-fd4f69f79de7 None None] Dynamic interval looping call 'nova.service.Service.periodic_tasks' sleeping for 60.00 seconds {{(pid=95924) _run_loop /opt/stack/data/venv/lib/python3.12/site-packages/oslo_service/backend/_threading/loopingcall.py:125}}
May 26 19:27:25.467687 np0000001454 nova-scheduler[95924]: DEBUG dbcounter [-] [95924] Writing DB stats nova_api:SELECT=1 {{(pid=95924) stat_writer /opt/stack/data/venv/lib/python3.12/site-packages/dbcounter.py:115}}
May 26 19:27:25.472401 np0000001454 nova-scheduler[95924]: DEBUG dbcounter [-] [95924] Writing DB stats nova_cell1:SELECT=3 {{(pid=95924) stat_writer /opt/stack/data/venv/lib/python3.12/site-packages/dbcounter.py:115}}
May 26 19:27:29.181011 np0000001454 nova-scheduler[95917]: DEBUG nova.scheduler.manager [None req-102de177-5f53-41f3-84cd-64edbdaf789c tempest-VolumesAdminNegativeTest-153533935 tempest-VolumesAdminNegativeTest-153533935-project-member] Starting to schedule for instances: ['c7b1aba0-6074-4e20-b0eb-7a5df1d219db'] {{(pid=95917) select_destinations /opt/stack/nova/nova/scheduler/manager.py:210}}
May 26 19:27:29.181664 np0000001454 nova-scheduler[95917]: DEBUG nova.scheduler.request_filter [None req-102de177-5f53-41f3-84cd-64edbdaf789c tempest-VolumesAdminNegativeTest-153533935 tempest-VolumesAdminNegativeTest-153533935-project-member] compute_status_filter request filter added forbidden trait COMPUTE_STATUS_DISABLED {{(pid=95917) compute_status_filter /opt/stack/nova/nova/scheduler/request_filter.py:253}}
May 26 19:27:29.181805 np0000001454 nova-scheduler[95917]: DEBUG nova.scheduler.request_filter [None req-102de177-5f53-41f3-84cd-64edbdaf789c tempest-VolumesAdminNegativeTest-153533935 tempest-VolumesAdminNegativeTest-153533935-project-member] Request filter 'compute_status_filter' took 0.0 seconds {{(pid=95917) wrapper /opt/stack/nova/nova/scheduler/request_filter.py:46}}
May 26 19:27:29.182098 np0000001454 nova-scheduler[95917]: DEBUG nova.scheduler.request_filter [None req-102de177-5f53-41f3-84cd-64edbdaf789c tempest-VolumesAdminNegativeTest-153533935 tempest-VolumesAdminNegativeTest-153533935-project-member] Request filter 'accelerators_filter' took 0.0 seconds {{(pid=95917) wrapper /opt/stack/nova/nova/scheduler/request_filter.py:46}}
May 26 19:27:29.182405 np0000001454 nova-scheduler[95917]: DEBUG nova.scheduler.request_filter [None req-102de177-5f53-41f3-84cd-64edbdaf789c tempest-VolumesAdminNegativeTest-153533935 tempest-VolumesAdminNegativeTest-153533935-project-member] Request filter 'packed_virtqueue_filter' took 0.0 seconds {{(pid=95917) wrapper /opt/stack/nova/nova/scheduler/request_filter.py:46}}
May 26 19:27:29.182725 np0000001454 nova-scheduler[95917]: DEBUG nova.scheduler.request_filter [None req-102de177-5f53-41f3-84cd-64edbdaf789c tempest-VolumesAdminNegativeTest-153533935 tempest-VolumesAdminNegativeTest-153533935-project-member] Request filter 'remote_managed_ports_filter' took 0.0 seconds {{(pid=95917) wrapper /opt/stack/nova/nova/scheduler/request_filter.py:46}}
May 26 19:27:29.182916 np0000001454 nova-scheduler[95917]: DEBUG nova.scheduler.request_filter [None req-102de177-5f53-41f3-84cd-64edbdaf789c tempest-VolumesAdminNegativeTest-153533935 tempest-VolumesAdminNegativeTest-153533935-project-member] ephemeral_encryption_filter skipped {{(pid=95917) ephemeral_encryption_filter /opt/stack/nova/nova/scheduler/request_filter.py:426}}
May 26 19:27:29.183139 np0000001454 nova-scheduler[95917]: DEBUG nova.scheduler.request_filter [None req-102de177-5f53-41f3-84cd-64edbdaf789c tempest-VolumesAdminNegativeTest-153533935 tempest-VolumesAdminNegativeTest-153533935-project-member] virtio_sound_filter skipped {{(pid=95917) virtio_sound_filter /opt/stack/nova/nova/scheduler/request_filter.py:460}}
May 26 19:27:29.183335 np0000001454 nova-scheduler[95917]: DEBUG nova.scheduler.request_filter [None req-102de177-5f53-41f3-84cd-64edbdaf789c tempest-VolumesAdminNegativeTest-153533935 tempest-VolumesAdminNegativeTest-153533935-project-member] tpm_secret_security_filter skipped {{(pid=95917) tpm_secret_security_filter /opt/stack/nova/nova/scheduler/request_filter.py:477}}
May 26 19:27:29.279417 np0000001454 nova-scheduler[95917]: INFO nova.utils [None req-102de177-5f53-41f3-84cd-64edbdaf789c tempest-VolumesAdminNegativeTest-153533935 tempest-VolumesAdminNegativeTest-153533935-project-member] The cell worker thread pool ForkProcess-1.cell_worker is initialized
May 26 19:27:29.279711 np0000001454 nova-scheduler[95917]: DEBUG oslo_concurrency.lockutils [None req-102de177-5f53-41f3-84cd-64edbdaf789c tempest-VolumesAdminNegativeTest-153533935 tempest-VolumesAdminNegativeTest-153533935-project-member] Acquiring lock "0510983a-24a1-4618-a029-98934831445e" by "nova.context.set_target_cell..get_or_set_cached_cell_and_set_connections" {{(pid=95917) inner /opt/stack/data/venv/lib/python3.12/site-packages/oslo_concurrency/lockutils.py:511}}
May 26 19:27:29.280073 np0000001454 nova-scheduler[95917]: DEBUG oslo_concurrency.lockutils [None req-102de177-5f53-41f3-84cd-64edbdaf789c tempest-VolumesAdminNegativeTest-153533935 tempest-VolumesAdminNegativeTest-153533935-project-member] Lock "0510983a-24a1-4618-a029-98934831445e" acquired by "nova.context.set_target_cell..get_or_set_cached_cell_and_set_connections" :: waited 0.000s {{(pid=95917) inner /opt/stack/data/venv/lib/python3.12/site-packages/oslo_concurrency/lockutils.py:524}}
May 26 19:27:29.281828 np0000001454 nova-scheduler[95917]: DEBUG oslo_concurrency.lockutils [None req-102de177-5f53-41f3-84cd-64edbdaf789c tempest-VolumesAdminNegativeTest-153533935 tempest-VolumesAdminNegativeTest-153533935-project-member] Lock "0510983a-24a1-4618-a029-98934831445e" "released" by "nova.context.set_target_cell..get_or_set_cached_cell_and_set_connections" :: held 0.002s {{(pid=95917) inner /opt/stack/data/venv/lib/python3.12/site-packages/oslo_concurrency/lockutils.py:543}}
May 26 19:27:29.284296 np0000001454 nova-scheduler[95917]: INFO dbcounter [None req-102de177-5f53-41f3-84cd-64edbdaf789c tempest-VolumesAdminNegativeTest-153533935 tempest-VolumesAdminNegativeTest-153533935-project-member] Registered counter for database nova_cell1
May 26 19:27:29.326335 np0000001454 nova-scheduler[95917]: DEBUG oslo_db.sqlalchemy.engines [None req-102de177-5f53-41f3-84cd-64edbdaf789c tempest-VolumesAdminNegativeTest-153533935 tempest-VolumesAdminNegativeTest-153533935-project-member] MySQL server mode set to STRICT_TRANS_TABLES,STRICT_ALL_TABLES,NO_ZERO_IN_DATE,NO_ZERO_DATE,ERROR_FOR_DIVISION_BY_ZERO,TRADITIONAL,NO_ENGINE_SUBSTITUTION {{(pid=95917) _check_effective_sql_mode /opt/stack/data/venv/lib/python3.12/site-packages/oslo_db/sqlalchemy/engines.py:325}}
May 26 19:27:29.331830 np0000001454 nova-scheduler[95917]: DEBUG dbcounter [-] [95917] Writer thread running {{(pid=95917) stat_writer /opt/stack/data/venv/lib/python3.12/site-packages/dbcounter.py:102}}
May 26 19:27:29.384421 np0000001454 nova-scheduler[95917]: DEBUG dbcounter [-] [95917] Writer thread running {{(pid=95917) stat_writer /opt/stack/data/venv/lib/python3.12/site-packages/dbcounter.py:102}}
May 26 19:27:29.392238 np0000001454 nova-scheduler[95917]: DEBUG oslo_concurrency.lockutils [None req-102de177-5f53-41f3-84cd-64edbdaf789c tempest-VolumesAdminNegativeTest-153533935 tempest-VolumesAdminNegativeTest-153533935-project-member] Acquiring lock "0510983a-24a1-4618-a029-98934831445e" by "nova.context.set_target_cell..get_or_set_cached_cell_and_set_connections" {{(pid=95917) inner /opt/stack/data/venv/lib/python3.12/site-packages/oslo_concurrency/lockutils.py:511}}
May 26 19:27:29.392238 np0000001454 nova-scheduler[95917]: DEBUG oslo_concurrency.lockutils [None req-102de177-5f53-41f3-84cd-64edbdaf789c tempest-VolumesAdminNegativeTest-153533935 tempest-VolumesAdminNegativeTest-153533935-project-member] Lock "0510983a-24a1-4618-a029-98934831445e" acquired by "nova.context.set_target_cell..get_or_set_cached_cell_and_set_connections" :: waited 0.000s {{(pid=95917) inner /opt/stack/data/venv/lib/python3.12/site-packages/oslo_concurrency/lockutils.py:524}}
May 26 19:27:29.392238 np0000001454 nova-scheduler[95917]: DEBUG oslo_concurrency.lockutils [None req-102de177-5f53-41f3-84cd-64edbdaf789c tempest-VolumesAdminNegativeTest-153533935 tempest-VolumesAdminNegativeTest-153533935-project-member] Lock "0510983a-24a1-4618-a029-98934831445e" "released" by "nova.context.set_target_cell..get_or_set_cached_cell_and_set_connections" :: held 0.000s {{(pid=95917) inner /opt/stack/data/venv/lib/python3.12/site-packages/oslo_concurrency/lockutils.py:543}}
May 26 19:27:29.396272 np0000001454 nova-scheduler[95917]: DEBUG oslo_concurrency.lockutils [None req-102de177-5f53-41f3-84cd-64edbdaf789c tempest-VolumesAdminNegativeTest-153533935 tempest-VolumesAdminNegativeTest-153533935-project-member] Acquiring lock "('np0000001454', 'np0000001454')" by "nova.scheduler.host_manager.HostState.update.._locked_update" {{(pid=95917) inner /opt/stack/data/venv/lib/python3.12/site-packages/oslo_concurrency/lockutils.py:511}}
May 26 19:27:29.396498 np0000001454 nova-scheduler[95917]: DEBUG oslo_concurrency.lockutils [None req-102de177-5f53-41f3-84cd-64edbdaf789c tempest-VolumesAdminNegativeTest-153533935 tempest-VolumesAdminNegativeTest-153533935-project-member] Lock "('np0000001454', 'np0000001454')" acquired by "nova.scheduler.host_manager.HostState.update.._locked_update" :: waited 0.000s {{(pid=95917) inner /opt/stack/data/venv/lib/python3.12/site-packages/oslo_concurrency/lockutils.py:524}}
