May 26 19:24:00.964641 np0000001454 neutron-periodic-workers[92172]: DEBUG cotyledon.oslo_config_glue [-] database.synchronous_reader = True {{(pid=92172) log_opt_values /opt/stack/data/venv/lib/python3.12/site-packages/oslo_config/cfg.py:3256}}
May 26 19:24:00.964641 np0000001454 neutron-periodic-workers[92172]: DEBUG cotyledon.oslo_config_glue [-] database.use_db_reconnect = False {{(pid=92172) log_opt_values /opt/stack/data/venv/lib/python3.12/site-packages/oslo_config/cfg.py:3256}}
May 26 19:24:00.964641 np0000001454 neutron-periodic-workers[92172]: DEBUG cotyledon.oslo_config_glue [-] ovn.bfd_min_rx = 1000 {{(pid=92172) log_opt_values /opt/stack/data/venv/lib/python3.12/site-packages/oslo_config/cfg.py:3256}}
May 26 19:24:00.964972 np0000001454 neutron-periodic-workers[92172]: DEBUG cotyledon.oslo_config_glue [-] ovn.bfd_min_tx = 100 {{(pid=92172) log_opt_values /opt/stack/data/venv/lib/python3.12/site-packages/oslo_config/cfg.py:3256}}
May 26 19:24:00.964972 np0000001454 neutron-periodic-workers[92172]: DEBUG cotyledon.oslo_config_glue [-] ovn.bfd_mult = 3 {{(pid=92172) log_opt_values /opt/stack/data/venv/lib/python3.12/site-packages/oslo_config/cfg.py:3256}}
May 26 19:24:00.964972 np0000001454 neutron-periodic-workers[92172]: DEBUG cotyledon.oslo_config_glue [-] ovn.broadcast_arps_to_all_routers = True {{(pid=92172) log_opt_values /opt/stack/data/venv/lib/python3.12/site-packages/oslo_config/cfg.py:3256}}
May 26 19:24:00.964972 np0000001454 neutron-periodic-workers[92172]: DEBUG cotyledon.oslo_config_glue [-] ovn.dhcp_default_lease_time = 43200 {{(pid=92172) log_opt_values /opt/stack/data/venv/lib/python3.12/site-packages/oslo_config/cfg.py:3256}}
May 26 19:24:00.964972 np0000001454 neutron-periodic-workers[92172]: DEBUG cotyledon.oslo_config_glue [-] ovn.disable_ovn_dhcp_for_baremetal_ports = False {{(pid=92172) log_opt_values /opt/stack/data/venv/lib/python3.12/site-packages/oslo_config/cfg.py:3256}}
May 26 19:24:00.964972 np0000001454 neutron-periodic-workers[92172]: DEBUG cotyledon.oslo_config_glue [-] ovn.dns_records_ovn_owned = False {{(pid=92172) log_opt_values /opt/stack/data/venv/lib/python3.12/site-packages/oslo_config/cfg.py:3256}}
May 26 19:24:00.964972 np0000001454 neutron-periodic-workers[92172]: DEBUG cotyledon.oslo_config_glue [-] ovn.dns_servers = [] {{(pid=92172) log_opt_values /opt/stack/data/venv/lib/python3.12/site-packages/oslo_config/cfg.py:3256}}
May 26 19:24:00.964972 np0000001454 neutron-periodic-workers[92172]: DEBUG cotyledon.oslo_config_glue [-] ovn.enable_distributed_floating_ip = False {{(pid=92172) log_opt_values /opt/stack/data/venv/lib/python3.12/site-packages/oslo_config/cfg.py:3256}}
May 26 19:24:00.964972 np0000001454 neutron-periodic-workers[92172]: DEBUG cotyledon.oslo_config_glue [-] ovn.fdb_age_threshold = 300 {{(pid=92172) log_opt_values /opt/stack/data/venv/lib/python3.12/site-packages/oslo_config/cfg.py:3256}}
May 26 19:24:00.965353 np0000001454 neutron-periodic-workers[92172]: DEBUG cotyledon.oslo_config_glue [-] ovn.ha_failover_strategy = normal {{(pid=92172) log_opt_values /opt/stack/data/venv/lib/python3.12/site-packages/oslo_config/cfg.py:3256}}
May 26 19:24:00.965353 np0000001454 neutron-periodic-workers[92172]: DEBUG cotyledon.oslo_config_glue [-] ovn.live_migration_activation_strategy = rarp {{(pid=92172) log_opt_values /opt/stack/data/venv/lib/python3.12/site-packages/oslo_config/cfg.py:3256}}
May 26 19:24:00.965353 np0000001454 neutron-periodic-workers[92172]: DEBUG cotyledon.oslo_config_glue [-] ovn.localnet_learn_fdb = False {{(pid=92172) log_opt_values /opt/stack/data/venv/lib/python3.12/site-packages/oslo_config/cfg.py:3256}}
May 26 19:24:00.965353 np0000001454 neutron-periodic-workers[92172]: DEBUG cotyledon.oslo_config_glue [-] ovn.mac_binding_age_threshold = 300 {{(pid=92172) log_opt_values /opt/stack/data/venv/lib/python3.12/site-packages/oslo_config/cfg.py:3256}}
May 26 19:24:00.965353 np0000001454 neutron-periodic-workers[92172]: DEBUG cotyledon.oslo_config_glue [-] ovn.neutron_sync_mode = log {{(pid=92172) log_opt_values /opt/stack/data/venv/lib/python3.12/site-packages/oslo_config/cfg.py:3256}}
May 26 19:24:00.965353 np0000001454 neutron-periodic-workers[92172]: DEBUG cotyledon.oslo_config_glue [-] ovn.ovn_dhcp4_global_options = {} {{(pid=92172) log_opt_values /opt/stack/data/venv/lib/python3.12/site-packages/oslo_config/cfg.py:3256}}
May 26 19:24:00.965353 np0000001454 neutron-periodic-workers[92172]: DEBUG cotyledon.oslo_config_glue [-] ovn.ovn_dhcp6_global_options = {} {{(pid=92172) log_opt_values /opt/stack/data/venv/lib/python3.12/site-packages/oslo_config/cfg.py:3256}}
May 26 19:24:00.965353 np0000001454 neutron-periodic-workers[92172]: DEBUG cotyledon.oslo_config_glue [-] ovn.ovn_l3_scheduler = leastloaded {{(pid=92172) log_opt_values /opt/stack/data/venv/lib/python3.12/site-packages/oslo_config/cfg.py:3256}}
May 26 19:24:00.965353 np0000001454 neutron-periodic-workers[92172]: DEBUG cotyledon.oslo_config_glue [-] ovn.ovn_metadata_enabled = True {{(pid=92172) log_opt_values /opt/stack/data/venv/lib/python3.12/site-packages/oslo_config/cfg.py:3256}}
May 26 19:24:00.965725 np0000001454 neutron-periodic-workers[92172]: DEBUG cotyledon.oslo_config_glue [-] ovn.ovn_nb_ca_cert = /opt/stack/data/CA/int-ca/ca-chain.pem {{(pid=92172) log_opt_values /opt/stack/data/venv/lib/python3.12/site-packages/oslo_config/cfg.py:3256}}
May 26 19:24:00.965725 np0000001454 neutron-periodic-workers[92172]: DEBUG cotyledon.oslo_config_glue [-] ovn.ovn_nb_certificate = /opt/stack/data/CA/int-ca/devstack-cert.crt {{(pid=92172) log_opt_values /opt/stack/data/venv/lib/python3.12/site-packages/oslo_config/cfg.py:3256}}
May 26 19:24:00.965725 np0000001454 neutron-periodic-workers[92172]: DEBUG cotyledon.oslo_config_glue [-] ovn.ovn_nb_connection = ['ssl:10.4.3.240:6641'] {{(pid=92172) log_opt_values /opt/stack/data/venv/lib/python3.12/site-packages/oslo_config/cfg.py:3256}}
May 26 19:24:00.965725 np0000001454 neutron-periodic-workers[92172]: DEBUG cotyledon.oslo_config_glue [-] ovn.ovn_nb_private_key = /opt/stack/data/CA/int-ca/private/devstack-cert.key {{(pid=92172) log_opt_values /opt/stack/data/venv/lib/python3.12/site-packages/oslo_config/cfg.py:3256}}
May 26 19:24:00.965725 np0000001454 neutron-periodic-workers[92172]: DEBUG cotyledon.oslo_config_glue [-] ovn.ovn_router_indirect_snat = False {{(pid=92172) log_opt_values /opt/stack/data/venv/lib/python3.12/site-packages/oslo_config/cfg.py:3256}}
May 26 19:24:00.965725 np0000001454 neutron-periodic-workers[92172]: DEBUG cotyledon.oslo_config_glue [-] ovn.ovn_sb_ca_cert = /opt/stack/data/CA/int-ca/ca-chain.pem {{(pid=92172) log_opt_values /opt/stack/data/venv/lib/python3.12/site-packages/oslo_config/cfg.py:3256}}
May 26 19:24:00.965725 np0000001454 neutron-periodic-workers[92172]: DEBUG cotyledon.oslo_config_glue [-] ovn.ovn_sb_certificate = /opt/stack/data/CA/int-ca/devstack-cert.crt {{(pid=92172) log_opt_values /opt/stack/data/venv/lib/python3.12/site-packages/oslo_config/cfg.py:3256}}
May 26 19:24:00.965725 np0000001454 neutron-periodic-workers[92172]: DEBUG cotyledon.oslo_config_glue [-] ovn.ovn_sb_connection = ['ssl:10.4.3.240:6642'] {{(pid=92172) log_opt_values /opt/stack/data/venv/lib/python3.12/site-packages/oslo_config/cfg.py:3256}}
May 26 19:24:00.966070 np0000001454 neutron-periodic-workers[92172]: DEBUG cotyledon.oslo_config_glue [-] ovn.ovn_sb_private_key = /opt/stack/data/CA/int-ca/private/devstack-cert.key {{(pid=92172) log_opt_values /opt/stack/data/venv/lib/python3.12/site-packages/oslo_config/cfg.py:3256}}
May 26 19:24:00.966070 np0000001454 neutron-periodic-workers[92172]: DEBUG cotyledon.oslo_config_glue [-] ovn.ovs_create_tap = False {{(pid=92172) log_opt_values /opt/stack/data/venv/lib/python3.12/site-packages/oslo_config/cfg.py:3256}}
May 26 19:24:00.966070 np0000001454 neutron-periodic-workers[92172]: DEBUG cotyledon.oslo_config_glue [-] ovn.ovsdb_connection_timeout = 180 {{(pid=92172) log_opt_values /opt/stack/data/venv/lib/python3.12/site-packages/oslo_config/cfg.py:3256}}
May 26 19:24:00.966070 np0000001454 neutron-periodic-workers[92172]: DEBUG cotyledon.oslo_config_glue [-] ovn.ovsdb_log_level = INFO {{(pid=92172) log_opt_values /opt/stack/data/venv/lib/python3.12/site-packages/oslo_config/cfg.py:3256}}
May 26 19:24:00.966070 np0000001454 neutron-periodic-workers[92172]: DEBUG cotyledon.oslo_config_glue [-] ovn.ovsdb_probe_interval = 60000 {{(pid=92172) log_opt_values /opt/stack/data/venv/lib/python3.12/site-packages/oslo_config/cfg.py:3256}}
May 26 19:24:00.966070 np0000001454 neutron-periodic-workers[92172]: DEBUG cotyledon.oslo_config_glue [-] ovn.ovsdb_retry_max_interval = 180 {{(pid=92172) log_opt_values /opt/stack/data/venv/lib/python3.12/site-packages/oslo_config/cfg.py:3256}}
May 26 19:24:00.966070 np0000001454 neutron-periodic-workers[92172]: DEBUG cotyledon.oslo_config_glue [-] ovn.stateless_nat_enabled = False {{(pid=92172) log_opt_values /opt/stack/data/venv/lib/python3.12/site-packages/oslo_config/cfg.py:3256}}
May 26 19:24:00.966070 np0000001454 neutron-periodic-workers[92172]: DEBUG cotyledon.oslo_config_glue [-] ovn.vhost_sock_dir = /var/run/openvswitch {{(pid=92172) log_opt_values /opt/stack/data/venv/lib/python3.12/site-packages/oslo_config/cfg.py:3256}}
May 26 19:24:00.966070 np0000001454 neutron-periodic-workers[92172]: DEBUG cotyledon.oslo_config_glue [-] OVS.bridge_mac_table_size = 50000 {{(pid=92172) log_opt_values /opt/stack/data/venv/lib/python3.12/site-packages/oslo_config/cfg.py:3256}}
May 26 19:24:00.966497 np0000001454 neutron-periodic-workers[92172]: DEBUG cotyledon.oslo_config_glue [-] OVS.igmp_flood = False {{(pid=92172) log_opt_values /opt/stack/data/venv/lib/python3.12/site-packages/oslo_config/cfg.py:3256}}
May 26 19:24:00.966497 np0000001454 neutron-periodic-workers[92172]: DEBUG cotyledon.oslo_config_glue [-] OVS.igmp_flood_reports = True {{(pid=92172) log_opt_values /opt/stack/data/venv/lib/python3.12/site-packages/oslo_config/cfg.py:3256}}
May 26 19:24:00.966497 np0000001454 neutron-periodic-workers[92172]: DEBUG cotyledon.oslo_config_glue [-] OVS.igmp_flood_unregistered = False {{(pid=92172) log_opt_values /opt/stack/data/venv/lib/python3.12/site-packages/oslo_config/cfg.py:3256}}
May 26 19:24:00.966497 np0000001454 neutron-periodic-workers[92172]: DEBUG cotyledon.oslo_config_glue [-] OVS.igmp_snooping_enable = False {{(pid=92172) log_opt_values /opt/stack/data/venv/lib/python3.12/site-packages/oslo_config/cfg.py:3256}}
May 26 19:24:00.966497 np0000001454 neutron-periodic-workers[92172]: DEBUG cotyledon.oslo_config_glue [-] OVS.ovsdb_timeout = 10 {{(pid=92172) log_opt_values /opt/stack/data/venv/lib/python3.12/site-packages/oslo_config/cfg.py:3256}}
May 26 19:24:00.966497 np0000001454 neutron-periodic-workers[92172]: DEBUG cotyledon.oslo_config_glue [-] ovn_nb_global.fdb_removal_limit = 0 {{(pid=92172) log_opt_values /opt/stack/data/venv/lib/python3.12/site-packages/oslo_config/cfg.py:3256}}
May 26 19:24:00.966497 np0000001454 neutron-periodic-workers[92172]: DEBUG cotyledon.oslo_config_glue [-] ovn_nb_global.ignore_lsp_down = False {{(pid=92172) log_opt_values /opt/stack/data/venv/lib/python3.12/site-packages/oslo_config/cfg.py:3256}}
May 26 19:24:00.966497 np0000001454 neutron-periodic-workers[92172]: DEBUG cotyledon.oslo_config_glue [-] ovn_nb_global.mac_binding_removal_limit = 0 {{(pid=92172) log_opt_values /opt/stack/data/venv/lib/python3.12/site-packages/oslo_config/cfg.py:3256}}
May 26 19:24:00.966497 np0000001454 neutron-periodic-workers[92172]: DEBUG cotyledon.oslo_config_glue [-] ******************************************************************************** {{(pid=92172) log_opt_values /opt/stack/data/venv/lib/python3.12/site-packages/oslo_config/cfg.py:3263}}
May 26 19:24:00.966847 np0000001454 neutron-periodic-workers[92172]: DEBUG cotyledon._service_worker [-] Run service ServiceWrapper(0) [92172] {{(pid=92172) wait_forever /opt/stack/data/venv/lib/python3.12/site-packages/cotyledon/_service_worker.py:218}}
May 26 19:24:10.615738 np0000001454 neutron-periodic-workers[91232]: DEBUG dbcounter [-] [91232] Writing DB stats neutron:SELECT=4 {{(pid=91232) stat_writer /opt/stack/data/venv/lib/python3.12/site-packages/dbcounter.py:115}}
May 26 19:24:42.954643 np0000001454 neutron-periodic-workers[92172]: DEBUG oslo_db.sqlalchemy.engines [None req-df8e2b5b-3ce1-4503-991e-b32afcdaacee None None] Parent process 91232 forked (92172) with an open database connection, which is being discarded and recreated. {{(pid=92172) checkout /opt/stack/data/venv/lib/python3.12/site-packages/oslo_db/sqlalchemy/engines.py:402}}
May 26 19:24:43.015263 np0000001454 neutron-periodic-workers[92172]: DEBUG dbcounter [-] [92172] Writer thread running {{(pid=92172) stat_writer /opt/stack/data/venv/lib/python3.12/site-packages/dbcounter.py:102}}
May 26 19:24:43.024374 np0000001454 neutron-periodic-workers[92172]: DEBUG oslo.service.backend._threading.loopingcall [None req-df8e2b5b-3ce1-4503-991e-b32afcdaacee None None] Fixed interval looping call 'neutron.services.ovn_l3.plugin.L3_NAT_dbonly_mixin._clean_garbage' sleeping for 299.93 seconds {{(pid=92172) _run_loop /opt/stack/data/venv/lib/python3.12/site-packages/oslo_service/backend/_threading/loopingcall.py:125}}
May 26 19:24:53.015787 np0000001454 neutron-periodic-workers[92172]: DEBUG dbcounter [-] [92172] Writing DB stats neutron:SELECT=1 {{(pid=92172) stat_writer /opt/stack/data/venv/lib/python3.12/site-packages/dbcounter.py:115}}
May 26 19:24:54.989976 np0000001454 neutron-periodic-workers[92154]: DEBUG dbcounter [-] [92154] Writer thread running {{(pid=92154) stat_writer /opt/stack/data/venv/lib/python3.12/site-packages/dbcounter.py:102}}
May 26 19:24:54.993237 np0000001454 neutron-periodic-workers[92154]: DEBUG neutron.db.agents_db [None req-7d73ff2d-ffbc-4580-8f2c-754aa9dc950c None None] Agent healthcheck: found 0 active agents {{(pid=92154) agent_health_check /opt/stack/neutron/neutron/db/agents_db.py:322}}
May 26 19:24:54.993415 np0000001454 neutron-periodic-workers[92154]: DEBUG oslo.service.backend._threading.loopingcall [None req-7d73ff2d-ffbc-4580-8f2c-754aa9dc950c None None] Fixed interval looping call 'neutron.plugins.ml2.plugin.AgentDbMixin.agent_health_check' sleeping for 36.94 seconds {{(pid=92154) _run_loop /opt/stack/data/venv/lib/python3.12/site-packages/oslo_service/backend/_threading/loopingcall.py:125}}
May 26 19:25:04.990399 np0000001454 neutron-periodic-workers[92154]: DEBUG dbcounter [-] [92154] Writing DB stats neutron:SELECT=1 {{(pid=92154) stat_writer /opt/stack/data/venv/lib/python3.12/site-packages/dbcounter.py:115}}
May 26 19:25:13.954112 np0000001454 neutron-periodic-workers[92144]: DEBUG dbcounter [-] [92144] Writer thread running {{(pid=92144) stat_writer /opt/stack/data/venv/lib/python3.12/site-packages/dbcounter.py:102}}
May 26 19:25:13.973466 np0000001454 neutron-periodic-workers[92144]: DEBUG oslo.service.backend._threading.loopingcall [None req-238911db-9c8f-4888-9a17-d48def60e41e None None] Fixed interval looping call 'neutron.plugins.ml2.plugin.DhcpAgentSchedulerDbMixin.remove_networks_from_down_agents' sleeping for 36.94 seconds {{(pid=92144) _run_loop /opt/stack/data/venv/lib/python3.12/site-packages/oslo_service/backend/_threading/loopingcall.py:125}}
May 26 19:25:23.971716 np0000001454 neutron-periodic-workers[92144]: DEBUG dbcounter [-] [92144] Writing DB stats neutron:SELECT=3 {{(pid=92144) stat_writer /opt/stack/data/venv/lib/python3.12/site-packages/dbcounter.py:115}}
May 26 19:25:31.936913 np0000001454 neutron-periodic-workers[92154]: DEBUG neutron.db.agents_db [None req-7d73ff2d-ffbc-4580-8f2c-754aa9dc950c None None] Agent healthcheck: found 0 active agents {{(pid=92154) agent_health_check /opt/stack/neutron/neutron/db/agents_db.py:322}}
May 26 19:25:31.937533 np0000001454 neutron-periodic-workers[92154]: DEBUG oslo.service.backend._threading.loopingcall [None req-7d73ff2d-ffbc-4580-8f2c-754aa9dc950c None None] Fixed interval looping call 'neutron.plugins.ml2.plugin.AgentDbMixin.agent_health_check' sleeping for 37.00 seconds {{(pid=92154) _run_loop /opt/stack/data/venv/lib/python3.12/site-packages/oslo_service/backend/_threading/loopingcall.py:125}}
May 26 19:25:41.935761 np0000001454 neutron-periodic-workers[92154]: DEBUG dbcounter [-] [92154] Writing DB stats neutron:SELECT=1 {{(pid=92154) stat_writer /opt/stack/data/venv/lib/python3.12/site-packages/dbcounter.py:115}}
May 26 19:25:50.921993 np0000001454 neutron-periodic-workers[92144]: DEBUG oslo.service.backend._threading.loopingcall [None req-238911db-9c8f-4888-9a17-d48def60e41e None None] Fixed interval looping call 'neutron.plugins.ml2.plugin.DhcpAgentSchedulerDbMixin.remove_networks_from_down_agents' sleeping for 36.99 seconds {{(pid=92144) _run_loop /opt/stack/data/venv/lib/python3.12/site-packages/oslo_service/backend/_threading/loopingcall.py:125}}
May 26 19:26:00.920890 np0000001454 neutron-periodic-workers[92144]: DEBUG dbcounter [-] [92144] Writing DB stats neutron:SELECT=3 {{(pid=92144) stat_writer /opt/stack/data/venv/lib/python3.12/site-packages/dbcounter.py:115}}
May 26 19:26:00.986615 np0000001454 neutron-periodic-workers[92162]: DEBUG dbcounter [-] [92162] Writer thread running {{(pid=92162) stat_writer /opt/stack/data/venv/lib/python3.12/site-packages/dbcounter.py:102}}
May 26 19:26:00.988239 np0000001454 neutron-periodic-workers[92162]: DEBUG oslo.service.backend._threading.loopingcall [None req-0fe27678-a4b7-453d-9a91-6adaff297378 None None] Fixed interval looping call 'neutron.db.quota.driver_nolock.DbQuotaNoLockDriver._remove_expired_reservations' sleeping for 119.96 seconds {{(pid=92162) _run_loop /opt/stack/data/venv/lib/python3.12/site-packages/oslo_service/backend/_threading/loopingcall.py:125}}
May 26 19:26:08.940303 np0000001454 neutron-periodic-workers[92154]: DEBUG neutron.db.agents_db [None req-7d73ff2d-ffbc-4580-8f2c-754aa9dc950c None None] Agent healthcheck: found 0 active agents {{(pid=92154) agent_health_check /opt/stack/neutron/neutron/db/agents_db.py:322}}
May 26 19:26:08.940303 np0000001454 neutron-periodic-workers[92154]: DEBUG oslo.service.backend._threading.loopingcall [None req-7d73ff2d-ffbc-4580-8f2c-754aa9dc950c None None] Fixed interval looping call 'neutron.plugins.ml2.plugin.AgentDbMixin.agent_health_check' sleeping for 37.00 seconds {{(pid=92154) _run_loop /opt/stack/data/venv/lib/python3.12/site-packages/oslo_service/backend/_threading/loopingcall.py:125}}
May 26 19:26:10.987077 np0000001454 neutron-periodic-workers[92162]: DEBUG dbcounter [-] [92162] Writing DB stats neutron:DELETE=1 {{(pid=92162) stat_writer /opt/stack/data/venv/lib/python3.12/site-packages/dbcounter.py:115}}
May 26 19:26:18.939149 np0000001454 neutron-periodic-workers[92154]: DEBUG dbcounter [-] [92154] Writing DB stats neutron:SELECT=1 {{(pid=92154) stat_writer /opt/stack/data/venv/lib/python3.12/site-packages/dbcounter.py:115}}
May 26 19:26:27.918581 np0000001454 neutron-periodic-workers[92144]: DEBUG oslo.service.backend._threading.loopingcall [None req-238911db-9c8f-4888-9a17-d48def60e41e None None] Fixed interval looping call 'neutron.plugins.ml2.plugin.DhcpAgentSchedulerDbMixin.remove_networks_from_down_agents' sleeping for 36.99 seconds {{(pid=92144) _run_loop /opt/stack/data/venv/lib/python3.12/site-packages/oslo_service/backend/_threading/loopingcall.py:125}}
May 26 19:26:37.917688 np0000001454 neutron-periodic-workers[92144]: DEBUG dbcounter [-] [92144] Writing DB stats neutron:SELECT=3 {{(pid=92144) stat_writer /opt/stack/data/venv/lib/python3.12/site-packages/dbcounter.py:115}}
May 26 19:26:45.943772 np0000001454 neutron-periodic-workers[92154]: DEBUG neutron.db.agents_db [None req-7d73ff2d-ffbc-4580-8f2c-754aa9dc950c None None] Agent healthcheck: found 0 active agents {{(pid=92154) agent_health_check /opt/stack/neutron/neutron/db/agents_db.py:322}}
May 26 19:26:45.944377 np0000001454 neutron-periodic-workers[92154]: DEBUG oslo.service.backend._threading.loopingcall [None req-7d73ff2d-ffbc-4580-8f2c-754aa9dc950c None None] Fixed interval looping call 'neutron.plugins.ml2.plugin.AgentDbMixin.agent_health_check' sleeping for 37.00 seconds {{(pid=92154) _run_loop /opt/stack/data/venv/lib/python3.12/site-packages/oslo_service/backend/_threading/loopingcall.py:125}}
May 26 19:26:55.942774 np0000001454 neutron-periodic-workers[92154]: DEBUG dbcounter [-] [92154] Writing DB stats neutron:SELECT=1 {{(pid=92154) stat_writer /opt/stack/data/venv/lib/python3.12/site-packages/dbcounter.py:115}}
May 26 19:27:04.919010 np0000001454 neutron-periodic-workers[92144]: DEBUG oslo.service.backend._threading.loopingcall [None req-238911db-9c8f-4888-9a17-d48def60e41e None None] Fixed interval looping call 'neutron.plugins.ml2.plugin.DhcpAgentSchedulerDbMixin.remove_networks_from_down_agents' sleeping for 36.99 seconds {{(pid=92144) _run_loop /opt/stack/data/venv/lib/python3.12/site-packages/oslo_service/backend/_threading/loopingcall.py:125}}
May 26 19:27:14.915433 np0000001454 neutron-periodic-workers[92144]: DEBUG dbcounter [-] [92144] Writing DB stats neutron:SELECT=3 {{(pid=92144) stat_writer /opt/stack/data/venv/lib/python3.12/site-packages/dbcounter.py:115}}
May 26 19:27:22.948963 np0000001454 neutron-periodic-workers[92154]: DEBUG neutron.db.agents_db [None req-7d73ff2d-ffbc-4580-8f2c-754aa9dc950c None None] Agent healthcheck: found 0 active agents {{(pid=92154) agent_health_check /opt/stack/neutron/neutron/db/agents_db.py:322}}
May 26 19:27:22.949402 np0000001454 neutron-periodic-workers[92154]: DEBUG oslo.service.backend._threading.loopingcall [None req-7d73ff2d-ffbc-4580-8f2c-754aa9dc950c None None] Fixed interval looping call 'neutron.plugins.ml2.plugin.AgentDbMixin.agent_health_check' sleeping for 37.00 seconds {{(pid=92154) _run_loop /opt/stack/data/venv/lib/python3.12/site-packages/oslo_service/backend/_threading/loopingcall.py:125}}
May 26 19:27:32.947589 np0000001454 neutron-periodic-workers[92154]: DEBUG dbcounter [-] [92154] Writing DB stats neutron:SELECT=1 {{(pid=92154) stat_writer /opt/stack/data/venv/lib/python3.12/site-packages/dbcounter.py:115}}
May 26 19:27:41.919584 np0000001454 neutron-periodic-workers[92144]: DEBUG oslo.service.backend._threading.loopingcall [None req-238911db-9c8f-4888-9a17-d48def60e41e None None] Fixed interval looping call 'neutron.plugins.ml2.plugin.DhcpAgentSchedulerDbMixin.remove_networks_from_down_agents' sleeping for 36.99 seconds {{(pid=92144) _run_loop /opt/stack/data/venv/lib/python3.12/site-packages/oslo_service/backend/_threading/loopingcall.py:125}}
May 26 19:27:51.915236 np0000001454 neutron-periodic-workers[92144]: DEBUG dbcounter [-] [92144] Writing DB stats neutron:SELECT=3 {{(pid=92144) stat_writer /opt/stack/data/venv/lib/python3.12/site-packages/dbcounter.py:115}}
May 26 19:27:59.959831 np0000001454 neutron-periodic-workers[92154]: DEBUG neutron.db.agents_db [None req-7d73ff2d-ffbc-4580-8f2c-754aa9dc950c None None] Agent healthcheck: found 0 active agents {{(pid=92154) agent_health_check /opt/stack/neutron/neutron/db/agents_db.py:322}}
May 26 19:27:59.959831 np0000001454 neutron-periodic-workers[92154]: DEBUG oslo.service.backend._threading.loopingcall [None req-7d73ff2d-ffbc-4580-8f2c-754aa9dc950c None None] Fixed interval looping call 'neutron.plugins.ml2.plugin.AgentDbMixin.agent_health_check' sleeping for 36.99 seconds {{(pid=92154) _run_loop /opt/stack/data/venv/lib/python3.12/site-packages/oslo_service/backend/_threading/loopingcall.py:125}}
May 26 19:28:00.961520 np0000001454 neutron-periodic-workers[92162]: DEBUG oslo.service.backend._threading.loopingcall [None req-0fe27678-a4b7-453d-9a91-6adaff297378 None None] Fixed interval looping call 'neutron.db.quota.driver_nolock.DbQuotaNoLockDriver._remove_expired_reservations' sleeping for 119.99 seconds {{(pid=92162) _run_loop /opt/stack/data/venv/lib/python3.12/site-packages/oslo_service/backend/_threading/loopingcall.py:125}}
May 26 19:28:09.962471 np0000001454 neutron-periodic-workers[92154]: DEBUG dbcounter [-] [92154] Writing DB stats neutron:SELECT=1 {{(pid=92154) stat_writer /opt/stack/data/venv/lib/python3.12/site-packages/dbcounter.py:115}}
May 26 19:28:10.960485 np0000001454 neutron-periodic-workers[92162]: DEBUG dbcounter [-] [92162] Writing DB stats neutron:DELETE=1 {{(pid=92162) stat_writer /opt/stack/data/venv/lib/python3.12/site-packages/dbcounter.py:115}}
May 26 19:28:18.918135 np0000001454 neutron-periodic-workers[92144]: DEBUG oslo.service.backend._threading.loopingcall [None req-238911db-9c8f-4888-9a17-d48def60e41e None None] Fixed interval looping call 'neutron.plugins.ml2.plugin.DhcpAgentSchedulerDbMixin.remove_networks_from_down_agents' sleeping for 36.99 seconds {{(pid=92144) _run_loop /opt/stack/data/venv/lib/python3.12/site-packages/oslo_service/backend/_threading/loopingcall.py:125}}
May 26 19:28:28.921249 np0000001454 neutron-periodic-workers[92144]: DEBUG dbcounter [-] [92144] Writing DB stats neutron:SELECT=3 {{(pid=92144) stat_writer /opt/stack/data/venv/lib/python3.12/site-packages/dbcounter.py:115}}
May 26 19:28:36.958264 np0000001454 neutron-periodic-workers[92154]: DEBUG neutron.db.agents_db [None req-7d73ff2d-ffbc-4580-8f2c-754aa9dc950c None None] Agent healthcheck: found 0 active agents {{(pid=92154) agent_health_check /opt/stack/neutron/neutron/db/agents_db.py:322}}
May 26 19:28:36.958726 np0000001454 neutron-periodic-workers[92154]: DEBUG oslo.service.backend._threading.loopingcall [None req-7d73ff2d-ffbc-4580-8f2c-754aa9dc950c None None] Fixed interval looping call 'neutron.plugins.ml2.plugin.AgentDbMixin.agent_health_check' sleeping for 36.99 seconds {{(pid=92154) _run_loop /opt/stack/data/venv/lib/python3.12/site-packages/oslo_service/backend/_threading/loopingcall.py:125}}
May 26 19:28:46.954928 np0000001454 neutron-periodic-workers[92154]: DEBUG dbcounter [-] [92154] Writing DB stats neutron:SELECT=1 {{(pid=92154) stat_writer /opt/stack/data/venv/lib/python3.12/site-packages/dbcounter.py:115}}
May 26 19:28:55.917345 np0000001454 neutron-periodic-workers[92144]: DEBUG oslo.service.backend._threading.loopingcall [None req-238911db-9c8f-4888-9a17-d48def60e41e None None] Fixed interval looping call 'neutron.plugins.ml2.plugin.DhcpAgentSchedulerDbMixin.remove_networks_from_down_agents' sleeping for 36.99 seconds {{(pid=92144) _run_loop /opt/stack/data/venv/lib/python3.12/site-packages/oslo_service/backend/_threading/loopingcall.py:125}}
May 26 19:29:05.917084 np0000001454 neutron-periodic-workers[92144]: DEBUG dbcounter [-] [92144] Writing DB stats neutron:SELECT=3 {{(pid=92144) stat_writer /opt/stack/data/venv/lib/python3.12/site-packages/dbcounter.py:115}}
May 26 19:29:13.954443 np0000001454 neutron-periodic-workers[92154]: DEBUG neutron.db.agents_db [None req-7d73ff2d-ffbc-4580-8f2c-754aa9dc950c None None] Agent healthcheck: found 0 active agents {{(pid=92154) agent_health_check /opt/stack/neutron/neutron/db/agents_db.py:322}}
May 26 19:29:13.956118 np0000001454 neutron-periodic-workers[92154]: DEBUG oslo.service.backend._threading.loopingcall [None req-7d73ff2d-ffbc-4580-8f2c-754aa9dc950c None None] Fixed interval looping call 'neutron.plugins.ml2.plugin.AgentDbMixin.agent_health_check' sleeping for 36.99 seconds {{(pid=92154) _run_loop /opt/stack/data/venv/lib/python3.12/site-packages/oslo_service/backend/_threading/loopingcall.py:125}}
May 26 19:29:23.952482 np0000001454 neutron-periodic-workers[92154]: DEBUG dbcounter [-] [92154] Writing DB stats neutron:SELECT=1 {{(pid=92154) stat_writer /opt/stack/data/venv/lib/python3.12/site-packages/dbcounter.py:115}}
May 26 19:29:32.915507 np0000001454 neutron-periodic-workers[92144]: DEBUG oslo.service.backend._threading.loopingcall [None req-238911db-9c8f-4888-9a17-d48def60e41e None None] Fixed interval looping call 'neutron.plugins.ml2.plugin.DhcpAgentSchedulerDbMixin.remove_networks_from_down_agents' sleeping for 36.99 seconds {{(pid=92144) _run_loop /opt/stack/data/venv/lib/python3.12/site-packages/oslo_service/backend/_threading/loopingcall.py:125}}
May 26 19:29:42.913827 np0000001454 neutron-periodic-workers[92144]: DEBUG dbcounter [-] [92144] Writing DB stats neutron:SELECT=3 {{(pid=92144) stat_writer /opt/stack/data/venv/lib/python3.12/site-packages/dbcounter.py:115}}
May 26 19:29:42.964491 np0000001454 neutron-periodic-workers[92172]: DEBUG oslo.service.backend._threading.loopingcall [None req-df8e2b5b-3ce1-4503-991e-b32afcdaacee None None] Fixed interval looping call 'neutron.services.ovn_l3.plugin.L3_NAT_dbonly_mixin._clean_garbage' sleeping for 299.99 seconds {{(pid=92172) _run_loop /opt/stack/data/venv/lib/python3.12/site-packages/oslo_service/backend/_threading/loopingcall.py:125}}
May 26 19:29:50.953262 np0000001454 neutron-periodic-workers[92154]: DEBUG neutron.db.agents_db [None req-7d73ff2d-ffbc-4580-8f2c-754aa9dc950c None None] Agent healthcheck: found 0 active agents {{(pid=92154) agent_health_check /opt/stack/neutron/neutron/db/agents_db.py:322}}
May 26 19:29:50.953624 np0000001454 neutron-periodic-workers[92154]: DEBUG oslo.service.backend._threading.loopingcall [None req-7d73ff2d-ffbc-4580-8f2c-754aa9dc950c None None] Fixed interval looping call 'neutron.plugins.ml2.plugin.AgentDbMixin.agent_health_check' sleeping for 36.99 seconds {{(pid=92154) _run_loop /opt/stack/data/venv/lib/python3.12/site-packages/oslo_service/backend/_threading/loopingcall.py:125}}
May 26 19:29:52.959216 np0000001454 neutron-periodic-workers[92172]: DEBUG dbcounter [-] [92172] Writing DB stats neutron:SELECT=1 {{(pid=92172) stat_writer /opt/stack/data/venv/lib/python3.12/site-packages/dbcounter.py:115}}
May 26 19:30:00.952131 np0000001454 neutron-periodic-workers[92154]: DEBUG dbcounter [-] [92154] Writing DB stats neutron:SELECT=1 {{(pid=92154) stat_writer /opt/stack/data/venv/lib/python3.12/site-packages/dbcounter.py:115}}
May 26 19:30:00.956357 np0000001454 neutron-periodic-workers[92162]: DEBUG oslo.service.backend._threading.loopingcall [None req-0fe27678-a4b7-453d-9a91-6adaff297378 None None] Fixed interval looping call 'neutron.db.quota.driver_nolock.DbQuotaNoLockDriver._remove_expired_reservations' sleeping for 120.00 seconds {{(pid=92162) _run_loop /opt/stack/data/venv/lib/python3.12/site-packages/oslo_service/backend/_threading/loopingcall.py:125}}
May 26 19:30:09.918357 np0000001454 neutron-periodic-workers[92144]: DEBUG oslo.service.backend._threading.loopingcall [None req-238911db-9c8f-4888-9a17-d48def60e41e None None] Fixed interval looping call 'neutron.plugins.ml2.plugin.DhcpAgentSchedulerDbMixin.remove_networks_from_down_agents' sleeping for 36.99 seconds {{(pid=92144) _run_loop /opt/stack/data/venv/lib/python3.12/site-packages/oslo_service/backend/_threading/loopingcall.py:125}}
May 26 19:30:10.954890 np0000001454 neutron-periodic-workers[92162]: DEBUG dbcounter [-] [92162] Writing DB stats neutron:DELETE=1 {{(pid=92162) stat_writer /opt/stack/data/venv/lib/python3.12/site-packages/dbcounter.py:115}}
May 26 19:30:19.917703 np0000001454 neutron-periodic-workers[92144]: DEBUG dbcounter [-] [92144] Writing DB stats neutron:SELECT=3 {{(pid=92144) stat_writer /opt/stack/data/venv/lib/python3.12/site-packages/dbcounter.py:115}}
May 26 19:30:27.949364 np0000001454 neutron-periodic-workers[92154]: DEBUG neutron.db.agents_db [None req-7d73ff2d-ffbc-4580-8f2c-754aa9dc950c None None] Agent healthcheck: found 0 active agents {{(pid=92154) agent_health_check /opt/stack/neutron/neutron/db/agents_db.py:322}}
May 26 19:30:27.949813 np0000001454 neutron-periodic-workers[92154]: DEBUG oslo.service.backend._threading.loopingcall [None req-7d73ff2d-ffbc-4580-8f2c-754aa9dc950c None None] Fixed interval looping call 'neutron.plugins.ml2.plugin.AgentDbMixin.agent_health_check' sleeping for 36.99 seconds {{(pid=92154) _run_loop /opt/stack/data/venv/lib/python3.12/site-packages/oslo_service/backend/_threading/loopingcall.py:125}}
May 26 19:30:37.948569 np0000001454 neutron-periodic-workers[92154]: DEBUG dbcounter [-] [92154] Writing DB stats neutron:SELECT=1 {{(pid=92154) stat_writer /opt/stack/data/venv/lib/python3.12/site-packages/dbcounter.py:115}}
May 26 19:30:46.915408 np0000001454 neutron-periodic-workers[92144]: DEBUG oslo.service.backend._threading.loopingcall [None req-238911db-9c8f-4888-9a17-d48def60e41e None None] Fixed interval looping call 'neutron.plugins.ml2.plugin.DhcpAgentSchedulerDbMixin.remove_networks_from_down_agents' sleeping for 36.99 seconds {{(pid=92144) _run_loop /opt/stack/data/venv/lib/python3.12/site-packages/oslo_service/backend/_threading/loopingcall.py:125}}
May 26 19:30:56.914230 np0000001454 neutron-periodic-workers[92144]: DEBUG dbcounter [-] [92144] Writing DB stats neutron:SELECT=3 {{(pid=92144) stat_writer /opt/stack/data/venv/lib/python3.12/site-packages/dbcounter.py:115}}
May 26 19:31:04.957650 np0000001454 neutron-periodic-workers[92154]: DEBUG neutron.db.agents_db [None req-7d73ff2d-ffbc-4580-8f2c-754aa9dc950c None None] Agent healthcheck: found 0 active agents {{(pid=92154) agent_health_check /opt/stack/neutron/neutron/db/agents_db.py:322}}
May 26 19:31:04.957650 np0000001454 neutron-periodic-workers[92154]: DEBUG oslo.service.backend._threading.loopingcall [None req-7d73ff2d-ffbc-4580-8f2c-754aa9dc950c None None] Fixed interval looping call 'neutron.plugins.ml2.plugin.AgentDbMixin.agent_health_check' sleeping for 36.98 seconds {{(pid=92154) _run_loop /opt/stack/data/venv/lib/python3.12/site-packages/oslo_service/backend/_threading/loopingcall.py:125}}
May 26 19:31:14.954899 np0000001454 neutron-periodic-workers[92154]: DEBUG dbcounter [-] [92154] Writing DB stats neutron:SELECT=1 {{(pid=92154) stat_writer /opt/stack/data/venv/lib/python3.12/site-packages/dbcounter.py:115}}
May 26 19:31:23.919510 np0000001454 neutron-periodic-workers[92144]: DEBUG oslo.service.backend._threading.loopingcall [None req-238911db-9c8f-4888-9a17-d48def60e41e None None] Fixed interval looping call 'neutron.plugins.ml2.plugin.DhcpAgentSchedulerDbMixin.remove_networks_from_down_agents' sleeping for 36.99 seconds {{(pid=92144) _run_loop /opt/stack/data/venv/lib/python3.12/site-packages/oslo_service/backend/_threading/loopingcall.py:125}}
May 26 19:31:33.917121 np0000001454 neutron-periodic-workers[92144]: DEBUG dbcounter [-] [92144] Writing DB stats neutron:SELECT=3 {{(pid=92144) stat_writer /opt/stack/data/venv/lib/python3.12/site-packages/dbcounter.py:115}}
May 26 19:31:41.942228 np0000001454 neutron-periodic-workers[92154]: DEBUG neutron.db.agents_db [None req-7d73ff2d-ffbc-4580-8f2c-754aa9dc950c None None] Agent healthcheck: found 0 active agents {{(pid=92154) agent_health_check /opt/stack/neutron/neutron/db/agents_db.py:322}}
May 26 19:31:41.942228 np0000001454 neutron-periodic-workers[92154]: DEBUG oslo.service.backend._threading.loopingcall [None req-7d73ff2d-ffbc-4580-8f2c-754aa9dc950c None None] Fixed interval looping call 'neutron.plugins.ml2.plugin.AgentDbMixin.agent_health_check' sleeping for 37.00 seconds {{(pid=92154) _run_loop /opt/stack/data/venv/lib/python3.12/site-packages/oslo_service/backend/_threading/loopingcall.py:125}}
May 26 19:31:51.941638 np0000001454 neutron-periodic-workers[92154]: DEBUG dbcounter [-] [92154] Writing DB stats neutron:SELECT=1 {{(pid=92154) stat_writer /opt/stack/data/venv/lib/python3.12/site-packages/dbcounter.py:115}}
May 26 19:32:00.919296 np0000001454 neutron-periodic-workers[92144]: DEBUG oslo.service.backend._threading.loopingcall [None req-238911db-9c8f-4888-9a17-d48def60e41e None None] Fixed interval looping call 'neutron.plugins.ml2.plugin.DhcpAgentSchedulerDbMixin.remove_networks_from_down_agents' sleeping for 36.99 seconds {{(pid=92144) _run_loop /opt/stack/data/venv/lib/python3.12/site-packages/oslo_service/backend/_threading/loopingcall.py:125}}
May 26 19:32:00.960337 np0000001454 neutron-periodic-workers[92162]: DEBUG oslo.service.backend._threading.loopingcall [None req-0fe27678-a4b7-453d-9a91-6adaff297378 None None] Fixed interval looping call 'neutron.db.quota.driver_nolock.DbQuotaNoLockDriver._remove_expired_reservations' sleeping for 120.00 seconds {{(pid=92162) _run_loop /opt/stack/data/venv/lib/python3.12/site-packages/oslo_service/backend/_threading/loopingcall.py:125}}
May 26 19:32:10.918056 np0000001454 neutron-periodic-workers[92144]: DEBUG dbcounter [-] [92144] Writing DB stats neutron:SELECT=3 {{(pid=92144) stat_writer /opt/stack/data/venv/lib/python3.12/site-packages/dbcounter.py:115}}
May 26 19:32:10.958897 np0000001454 neutron-periodic-workers[92162]: DEBUG dbcounter [-] [92162] Writing DB stats neutron:DELETE=1 {{(pid=92162) stat_writer /opt/stack/data/venv/lib/python3.12/site-packages/dbcounter.py:115}}
May 26 19:32:18.946111 np0000001454 neutron-periodic-workers[92154]: DEBUG neutron.db.agents_db [None req-7d73ff2d-ffbc-4580-8f2c-754aa9dc950c None None] Agent healthcheck: found 0 active agents {{(pid=92154) agent_health_check /opt/stack/neutron/neutron/db/agents_db.py:322}}
May 26 19:32:18.946111 np0000001454 neutron-periodic-workers[92154]: DEBUG oslo.service.backend._threading.loopingcall [None req-7d73ff2d-ffbc-4580-8f2c-754aa9dc950c None None] Fixed interval looping call 'neutron.plugins.ml2.plugin.AgentDbMixin.agent_health_check' sleeping for 37.00 seconds {{(pid=92154) _run_loop /opt/stack/data/venv/lib/python3.12/site-packages/oslo_service/backend/_threading/loopingcall.py:125}}
May 26 19:32:28.944727 np0000001454 neutron-periodic-workers[92154]: DEBUG dbcounter [-] [92154] Writing DB stats neutron:SELECT=1 {{(pid=92154) stat_writer /opt/stack/data/venv/lib/python3.12/site-packages/dbcounter.py:115}}
May 26 19:32:37.917794 np0000001454 neutron-periodic-workers[92144]: DEBUG oslo.service.backend._threading.loopingcall [None req-238911db-9c8f-4888-9a17-d48def60e41e None None] Fixed interval looping call 'neutron.plugins.ml2.plugin.DhcpAgentSchedulerDbMixin.remove_networks_from_down_agents' sleeping for 36.99 seconds {{(pid=92144) _run_loop /opt/stack/data/venv/lib/python3.12/site-packages/oslo_service/backend/_threading/loopingcall.py:125}}
May 26 19:32:47.917806 np0000001454 neutron-periodic-workers[92144]: DEBUG dbcounter [-] [92144] Writing DB stats neutron:SELECT=3 {{(pid=92144) stat_writer /opt/stack/data/venv/lib/python3.12/site-packages/dbcounter.py:115}}
May 26 19:32:55.951257 np0000001454 neutron-periodic-workers[92154]: DEBUG neutron.db.agents_db [None req-7d73ff2d-ffbc-4580-8f2c-754aa9dc950c None None] Agent healthcheck: found 0 active agents {{(pid=92154) agent_health_check /opt/stack/neutron/neutron/db/agents_db.py:322}}
May 26 19:32:55.951257 np0000001454 neutron-periodic-workers[92154]: DEBUG oslo.service.backend._threading.loopingcall [None req-7d73ff2d-ffbc-4580-8f2c-754aa9dc950c None None] Fixed interval looping call 'neutron.plugins.ml2.plugin.AgentDbMixin.agent_health_check' sleeping for 37.00 seconds {{(pid=92154) _run_loop /opt/stack/data/venv/lib/python3.12/site-packages/oslo_service/backend/_threading/loopingcall.py:125}}
May 26 19:33:05.949573 np0000001454 neutron-periodic-workers[92154]: DEBUG dbcounter [-] [92154] Writing DB stats neutron:SELECT=1 {{(pid=92154) stat_writer /opt/stack/data/venv/lib/python3.12/site-packages/dbcounter.py:115}}
May 26 19:33:14.914200 np0000001454 neutron-periodic-workers[92144]: DEBUG oslo.service.backend._threading.loopingcall [None req-238911db-9c8f-4888-9a17-d48def60e41e None None] Fixed interval looping call 'neutron.plugins.ml2.plugin.DhcpAgentSchedulerDbMixin.remove_networks_from_down_agents' sleeping for 36.99 seconds {{(pid=92144) _run_loop /opt/stack/data/venv/lib/python3.12/site-packages/oslo_service/backend/_threading/loopingcall.py:125}}
May 26 19:33:24.913644 np0000001454 neutron-periodic-workers[92144]: DEBUG dbcounter [-] [92144] Writing DB stats neutron:SELECT=3 {{(pid=92144) stat_writer /opt/stack/data/venv/lib/python3.12/site-packages/dbcounter.py:115}}
May 26 19:33:32.955673 np0000001454 neutron-periodic-workers[92154]: DEBUG neutron.db.agents_db [None req-7d73ff2d-ffbc-4580-8f2c-754aa9dc950c None None] Agent healthcheck: found 0 active agents {{(pid=92154) agent_health_check /opt/stack/neutron/neutron/db/agents_db.py:322}}
May 26 19:33:32.955980 np0000001454 neutron-periodic-workers[92154]: DEBUG oslo.service.backend._threading.loopingcall [None req-7d73ff2d-ffbc-4580-8f2c-754aa9dc950c None None] Fixed interval looping call 'neutron.plugins.ml2.plugin.AgentDbMixin.agent_health_check' sleeping for 37.00 seconds {{(pid=92154) _run_loop /opt/stack/data/venv/lib/python3.12/site-packages/oslo_service/backend/_threading/loopingcall.py:125}}
May 26 19:33:42.954292 np0000001454 neutron-periodic-workers[92154]: DEBUG dbcounter [-] [92154] Writing DB stats neutron:SELECT=1 {{(pid=92154) stat_writer /opt/stack/data/venv/lib/python3.12/site-packages/dbcounter.py:115}}
May 26 19:33:51.923162 np0000001454 neutron-periodic-workers[92144]: DEBUG oslo.service.backend._threading.loopingcall [None req-238911db-9c8f-4888-9a17-d48def60e41e None None] Fixed interval looping call 'neutron.plugins.ml2.plugin.DhcpAgentSchedulerDbMixin.remove_networks_from_down_agents' sleeping for 36.98 seconds {{(pid=92144) _run_loop /opt/stack/data/venv/lib/python3.12/site-packages/oslo_service/backend/_threading/loopingcall.py:125}}
May 26 19:34:00.964948 np0000001454 neutron-periodic-workers[92162]: DEBUG oslo.service.backend._threading.loopingcall [None req-0fe27678-a4b7-453d-9a91-6adaff297378 None None] Fixed interval looping call 'neutron.db.quota.driver_nolock.DbQuotaNoLockDriver._remove_expired_reservations' sleeping for 120.00 seconds {{(pid=92162) _run_loop /opt/stack/data/venv/lib/python3.12/site-packages/oslo_service/backend/_threading/loopingcall.py:125}}
May 26 19:34:01.920200 np0000001454 neutron-periodic-workers[92144]: DEBUG dbcounter [-] [92144] Writing DB stats neutron:SELECT=3 {{(pid=92144) stat_writer /opt/stack/data/venv/lib/python3.12/site-packages/dbcounter.py:115}}
May 26 19:34:09.960368 np0000001454 neutron-periodic-workers[92154]: DEBUG neutron.db.agents_db [None req-7d73ff2d-ffbc-4580-8f2c-754aa9dc950c None None] Agent healthcheck: found 0 active agents {{(pid=92154) agent_health_check /opt/stack/neutron/neutron/db/agents_db.py:322}}
May 26 19:34:09.960818 np0000001454 neutron-periodic-workers[92154]: DEBUG oslo.service.backend._threading.loopingcall [None req-7d73ff2d-ffbc-4580-8f2c-754aa9dc950c None None] Fixed interval looping call 'neutron.plugins.ml2.plugin.AgentDbMixin.agent_health_check' sleeping for 37.00 seconds {{(pid=92154) _run_loop /opt/stack/data/venv/lib/python3.12/site-packages/oslo_service/backend/_threading/loopingcall.py:125}}
May 26 19:34:10.966198 np0000001454 neutron-periodic-workers[92162]: DEBUG dbcounter [-] [92162] Writing DB stats neutron:DELETE=1 {{(pid=92162) stat_writer /opt/stack/data/venv/lib/python3.12/site-packages/dbcounter.py:115}}
May 26 19:34:19.959709 np0000001454 neutron-periodic-workers[92154]: DEBUG dbcounter [-] [92154] Writing DB stats neutron:SELECT=1 {{(pid=92154) stat_writer /opt/stack/data/venv/lib/python3.12/site-packages/dbcounter.py:115}}
May 26 19:34:28.909856 np0000001454 neutron-periodic-workers[92144]: DEBUG oslo.service.backend._threading.loopingcall [None req-238911db-9c8f-4888-9a17-d48def60e41e None None] Fixed interval looping call 'neutron.plugins.ml2.plugin.DhcpAgentSchedulerDbMixin.remove_networks_from_down_agents' sleeping for 36.99 seconds {{(pid=92144) _run_loop /opt/stack/data/venv/lib/python3.12/site-packages/oslo_service/backend/_threading/loopingcall.py:125}}
May 26 19:34:38.912023 np0000001454 neutron-periodic-workers[92144]: DEBUG dbcounter [-] [92144] Writing DB stats neutron:SELECT=3 {{(pid=92144) stat_writer /opt/stack/data/venv/lib/python3.12/site-packages/dbcounter.py:115}}
May 26 19:34:42.960976 np0000001454 neutron-periodic-workers[92172]: DEBUG oslo.service.backend._threading.loopingcall [None req-df8e2b5b-3ce1-4503-991e-b32afcdaacee None None] Fixed interval looping call 'neutron.services.ovn_l3.plugin.L3_NAT_dbonly_mixin._clean_garbage' sleeping for 299.99 seconds {{(pid=92172) _run_loop /opt/stack/data/venv/lib/python3.12/site-packages/oslo_service/backend/_threading/loopingcall.py:125}}
May 26 19:34:46.964651 np0000001454 neutron-periodic-workers[92154]: DEBUG neutron.db.agents_db [None req-7d73ff2d-ffbc-4580-8f2c-754aa9dc950c None None] Agent healthcheck: found 0 active agents {{(pid=92154) agent_health_check /opt/stack/neutron/neutron/db/agents_db.py:322}}
May 26 19:34:46.965037 np0000001454 neutron-periodic-workers[92154]: DEBUG oslo.service.backend._threading.loopingcall [None req-7d73ff2d-ffbc-4580-8f2c-754aa9dc950c None None] Fixed interval looping call 'neutron.plugins.ml2.plugin.AgentDbMixin.agent_health_check' sleeping for 37.00 seconds {{(pid=92154) _run_loop /opt/stack/data/venv/lib/python3.12/site-packages/oslo_service/backend/_threading/loopingcall.py:125}}
May 26 19:34:52.956674 np0000001454 neutron-periodic-workers[92172]: DEBUG dbcounter [-] [92172] Writing DB stats neutron:SELECT=1 {{(pid=92172) stat_writer /opt/stack/data/venv/lib/python3.12/site-packages/dbcounter.py:115}}
May 26 19:34:56.963018 np0000001454 neutron-periodic-workers[92154]: DEBUG dbcounter [-] [92154] Writing DB stats neutron:SELECT=1 {{(pid=92154) stat_writer /opt/stack/data/venv/lib/python3.12/site-packages/dbcounter.py:115}}
May 26 19:35:05.909177 np0000001454 neutron-periodic-workers[92144]: DEBUG oslo.service.backend._threading.loopingcall [None req-238911db-9c8f-4888-9a17-d48def60e41e None None] Fixed interval looping call 'neutron.plugins.ml2.plugin.DhcpAgentSchedulerDbMixin.remove_networks_from_down_agents' sleeping for 36.99 seconds {{(pid=92144) _run_loop /opt/stack/data/venv/lib/python3.12/site-packages/oslo_service/backend/_threading/loopingcall.py:125}}
May 26 19:35:15.907395 np0000001454 neutron-periodic-workers[92144]: DEBUG dbcounter [-] [92144] Writing DB stats neutron:SELECT=3 {{(pid=92144) stat_writer /opt/stack/data/venv/lib/python3.12/site-packages/dbcounter.py:115}}
May 26 19:35:23.969287 np0000001454 neutron-periodic-workers[92154]: DEBUG neutron.db.agents_db [None req-7d73ff2d-ffbc-4580-8f2c-754aa9dc950c None None] Agent healthcheck: found 0 active agents {{(pid=92154) agent_health_check /opt/stack/neutron/neutron/db/agents_db.py:322}}
May 26 19:35:23.969635 np0000001454 neutron-periodic-workers[92154]: DEBUG oslo.service.backend._threading.loopingcall [None req-7d73ff2d-ffbc-4580-8f2c-754aa9dc950c None None] Fixed interval looping call 'neutron.plugins.ml2.plugin.AgentDbMixin.agent_health_check' sleeping for 37.00 seconds {{(pid=92154) _run_loop /opt/stack/data/venv/lib/python3.12/site-packages/oslo_service/backend/_threading/loopingcall.py:125}}
May 26 19:35:33.968375 np0000001454 neutron-periodic-workers[92154]: DEBUG dbcounter [-] [92154] Writing DB stats neutron:SELECT=1 {{(pid=92154) stat_writer /opt/stack/data/venv/lib/python3.12/site-packages/dbcounter.py:115}}
May 26 19:35:42.906648 np0000001454 neutron-periodic-workers[92144]: DEBUG oslo.service.backend._threading.loopingcall [None req-238911db-9c8f-4888-9a17-d48def60e41e None None] Fixed interval looping call 'neutron.plugins.ml2.plugin.DhcpAgentSchedulerDbMixin.remove_networks_from_down_agents' sleeping for 36.99 seconds {{(pid=92144) _run_loop /opt/stack/data/venv/lib/python3.12/site-packages/oslo_service/backend/_threading/loopingcall.py:125}}
May 26 19:35:52.905531 np0000001454 neutron-periodic-workers[92144]: DEBUG dbcounter [-] [92144] Writing DB stats neutron:SELECT=3 {{(pid=92144) stat_writer /opt/stack/data/venv/lib/python3.12/site-packages/dbcounter.py:115}}
May 26 19:36:00.967876 np0000001454 neutron-periodic-workers[92162]: DEBUG oslo.service.backend._threading.loopingcall [None req-0fe27678-a4b7-453d-9a91-6adaff297378 None None] Fixed interval looping call 'neutron.db.quota.driver_nolock.DbQuotaNoLockDriver._remove_expired_reservations' sleeping for 120.00 seconds {{(pid=92162) _run_loop /opt/stack/data/venv/lib/python3.12/site-packages/oslo_service/backend/_threading/loopingcall.py:125}}
May 26 19:36:00.972330 np0000001454 neutron-periodic-workers[92154]: DEBUG neutron.db.agents_db [None req-7d73ff2d-ffbc-4580-8f2c-754aa9dc950c None None] Agent healthcheck: found 0 active agents {{(pid=92154) agent_health_check /opt/stack/neutron/neutron/db/agents_db.py:322}}
May 26 19:36:00.972603 np0000001454 neutron-periodic-workers[92154]: DEBUG oslo.service.backend._threading.loopingcall [None req-7d73ff2d-ffbc-4580-8f2c-754aa9dc950c None None] Fixed interval looping call 'neutron.plugins.ml2.plugin.AgentDbMixin.agent_health_check' sleeping for 37.00 seconds {{(pid=92154) _run_loop /opt/stack/data/venv/lib/python3.12/site-packages/oslo_service/backend/_threading/loopingcall.py:125}}
May 26 19:36:10.967390 np0000001454 neutron-periodic-workers[92162]: DEBUG dbcounter [-] [92162] Writing DB stats neutron:DELETE=1 {{(pid=92162) stat_writer /opt/stack/data/venv/lib/python3.12/site-packages/dbcounter.py:115}}
May 26 19:36:10.971593 np0000001454 neutron-periodic-workers[92154]: DEBUG dbcounter [-] [92154] Writing DB stats neutron:SELECT=1 {{(pid=92154) stat_writer /opt/stack/data/venv/lib/python3.12/site-packages/dbcounter.py:115}}
May 26 19:36:19.903923 np0000001454 neutron-periodic-workers[92144]: DEBUG oslo.service.backend._threading.loopingcall [None req-238911db-9c8f-4888-9a17-d48def60e41e None None] Fixed interval looping call 'neutron.plugins.ml2.plugin.DhcpAgentSchedulerDbMixin.remove_networks_from_down_agents' sleeping for 36.99 seconds {{(pid=92144) _run_loop /opt/stack/data/venv/lib/python3.12/site-packages/oslo_service/backend/_threading/loopingcall.py:125}}
May 26 19:36:29.902755 np0000001454 neutron-periodic-workers[92144]: DEBUG dbcounter [-] [92144] Writing DB stats neutron:SELECT=3 {{(pid=92144) stat_writer /opt/stack/data/venv/lib/python3.12/site-packages/dbcounter.py:115}}
