Jul 24 14:17:39.499427 np0000005837 devstack@g-api.service[99711]: DEBUG glance_store.location [-] Registering scheme swift+http with {'store': , 'location_class': , 'store_entry': 'swift'} {{(pid=99711) register_scheme_map /opt/stack/data/venv/lib/python3.12/site-packages/glance_store/location.py:146}}
Jul 24 14:17:39.499427 np0000005837 devstack@g-api.service[99711]: DEBUG glance_store.location [-] Registering scheme swift+config with {'store': , 'location_class': , 'store_entry': 'swift'} {{(pid=99711) register_scheme_map /opt/stack/data/venv/lib/python3.12/site-packages/glance_store/location.py:146}}
Jul 24 14:17:39.499608 np0000005837 devstack@g-api.service[99710]: DEBUG glance.sqlite_migration [-] SQLite caching database not located, skipping migration {{(pid=99710) get_db_path /opt/stack/glance/glance/sqlite_migration.py:68}}
Jul 24 14:17:39.499608 np0000005837 devstack@g-api.service[99710]: WARNING glance.common.wsgi_app [-] Import methods are enabled but staging directory /tmp/staging/ does not exist; Imports will fail!
Jul 24 14:17:39.499694 np0000005837 devstack@g-api.service[99711]: DEBUG glance.sqlite_migration [-] SQLite caching database not located, skipping migration {{(pid=99711) get_db_path /opt/stack/glance/glance/sqlite_migration.py:68}}
Jul 24 14:17:39.499741 np0000005837 devstack@g-api.service[99712]: DEBUG glance_store.capabilities [-] Store glance_store._drivers.swift.store.SingleTenantStore doesn't support updating dynamic storage capabilities. Please overwrite 'update_capabilities' method of the store to implement updating logics if needed. {{(pid=99712) update_capabilities /opt/stack/data/venv/lib/python3.12/site-packages/glance_store/capabilities.py:91}}
Jul 24 14:17:39.499808 np0000005837 devstack@g-api.service[99711]: WARNING glance.common.wsgi_app [-] Import methods are enabled but staging directory /tmp/staging/ does not exist; Imports will fail!
Jul 24 14:17:39.499857 np0000005837 devstack@g-api.service[99712]: DEBUG glance_store.backend [-] Registering store swift with schemes ('swift+https', 'swift', 'swift+http', 'swift+config') {{(pid=99712) create_stores /opt/stack/data/venv/lib/python3.12/site-packages/glance_store/backend.py:261}}
Jul 24 14:17:39.499857 np0000005837 devstack@g-api.service[99712]: DEBUG glance_store.driver [-] Late loading location class glance_store._drivers.swift.store.StoreLocation {{(pid=99712) get_store_location_class /opt/stack/data/venv/lib/python3.12/site-packages/glance_store/driver.py:134}}
Jul 24 14:17:39.499857 np0000005837 devstack@g-api.service[99712]: DEBUG glance_store.location [-] Registering scheme swift+https with {'store': , 'location_class': , 'store_entry': 'swift'} {{(pid=99712) register_scheme_map /opt/stack/data/venv/lib/python3.12/site-packages/glance_store/location.py:146}}
Jul 24 14:17:39.499857 np0000005837 devstack@g-api.service[99712]: DEBUG glance_store.location [-] Registering scheme swift with {'store': , 'location_class': , 'store_entry': 'swift'} {{(pid=99712) register_scheme_map /opt/stack/data/venv/lib/python3.12/site-packages/glance_store/location.py:146}}
Jul 24 14:17:39.499857 np0000005837 devstack@g-api.service[99712]: DEBUG glance_store.location [-] Registering scheme swift+http with {'store': , 'location_class': , 'store_entry': 'swift'} {{(pid=99712) register_scheme_map /opt/stack/data/venv/lib/python3.12/site-packages/glance_store/location.py:146}}
Jul 24 14:17:39.500089 np0000005837 devstack@g-api.service[99712]: DEBUG glance_store.location [-] Registering scheme swift+config with {'store': , 'location_class': , 'store_entry': 'swift'} {{(pid=99712) register_scheme_map /opt/stack/data/venv/lib/python3.12/site-packages/glance_store/location.py:146}}
Jul 24 14:17:39.500089 np0000005837 devstack@g-api.service[99712]: DEBUG glance_store.backend [-] Attempting to import store swift {{(pid=99712) _load_store /opt/stack/data/venv/lib/python3.12/site-packages/glance_store/backend.py:215}}
Jul 24 14:17:39.500502 np0000005837 devstack@g-api.service[99712]: DEBUG glance_store.capabilities [-] Store glance_store._drivers.swift.store.SingleTenantStore doesn't support updating dynamic storage capabilities. Please overwrite 'update_capabilities' method of the store to implement updating logics if needed. {{(pid=99712) update_capabilities /opt/stack/data/venv/lib/python3.12/site-packages/glance_store/capabilities.py:91}}
Jul 24 14:17:39.500602 np0000005837 devstack@g-api.service[99712]: DEBUG glance_store.driver [-] Late loading location class glance_store._drivers.swift.store.StoreLocation {{(pid=99712) get_store_location_class /opt/stack/data/venv/lib/python3.12/site-packages/glance_store/driver.py:134}}
Jul 24 14:17:39.500700 np0000005837 devstack@g-api.service[99712]: DEBUG glance_store.location [-] Registering scheme swift+https with {'store': , 'location_class': , 'store_entry': 'swift'} {{(pid=99712) register_scheme_map /opt/stack/data/venv/lib/python3.12/site-packages/glance_store/location.py:146}}
Jul 24 14:17:39.500793 np0000005837 devstack@g-api.service[99712]: DEBUG glance_store.location [-] Registering scheme swift+https with {'store': , 'location_class': , 'store_entry': 'swift'} {{(pid=99712) register_scheme_map /opt/stack/data/venv/lib/python3.12/site-packages/glance_store/location.py:146}}
Jul 24 14:17:39.500872 np0000005837 devstack@g-api.service[99712]: DEBUG glance_store.location [-] Registering scheme swift with {'store': , 'location_class': , 'store_entry': 'swift'} {{(pid=99712) register_scheme_map /opt/stack/data/venv/lib/python3.12/site-packages/glance_store/location.py:146}}
Jul 24 14:17:39.500960 np0000005837 devstack@g-api.service[99712]: DEBUG glance_store.location [-] Registering scheme swift+https with {'store': , 'location_class': , 'store_entry': 'swift'} {{(pid=99712) register_scheme_map /opt/stack/data/venv/lib/python3.12/site-packages/glance_store/location.py:146}}
Jul 24 14:17:39.501041 np0000005837 devstack@g-api.service[99712]: DEBUG glance_store.location [-] Registering scheme swift with {'store': , 'location_class': , 'store_entry': 'swift'} {{(pid=99712) register_scheme_map /opt/stack/data/venv/lib/python3.12/site-packages/glance_store/location.py:146}}
Jul 24 14:17:39.501125 np0000005837 devstack@g-api.service[99712]: DEBUG glance_store.location [-] Registering scheme swift+http with {'store': , 'location_class': , 'store_entry': 'swift'} {{(pid=99712) register_scheme_map /opt/stack/data/venv/lib/python3.12/site-packages/glance_store/location.py:146}}
Jul 24 14:17:39.501200 np0000005837 devstack@g-api.service[99712]: DEBUG glance_store.location [-] Registering scheme swift+https with {'store': , 'location_class': , 'store_entry': 'swift'} {{(pid=99712) register_scheme_map /opt/stack/data/venv/lib/python3.12/site-packages/glance_store/location.py:146}}
Jul 24 14:17:39.501280 np0000005837 devstack@g-api.service[99712]: DEBUG glance_store.location [-] Registering scheme swift with {'store': , 'location_class': , 'store_entry': 'swift'} {{(pid=99712) register_scheme_map /opt/stack/data/venv/lib/python3.12/site-packages/glance_store/location.py:146}}
Jul 24 14:17:39.501364 np0000005837 devstack@g-api.service[99712]: DEBUG glance_store.location [-] Registering scheme swift+http with {'store': , 'location_class': , 'store_entry': 'swift'} {{(pid=99712) register_scheme_map /opt/stack/data/venv/lib/python3.12/site-packages/glance_store/location.py:146}}
Jul 24 14:17:39.501448 np0000005837 devstack@g-api.service[99712]: DEBUG glance_store.location [-] Registering scheme swift+config with {'store': , 'location_class': , 'store_entry': 'swift'} {{(pid=99712) register_scheme_map /opt/stack/data/venv/lib/python3.12/site-packages/glance_store/location.py:146}}
Jul 24 14:17:39.501759 np0000005837 devstack@g-api.service[99712]: DEBUG glance.sqlite_migration [-] SQLite caching database not located, skipping migration {{(pid=99712) get_db_path /opt/stack/glance/glance/sqlite_migration.py:68}}
Jul 24 14:17:39.501980 np0000005837 devstack@g-api.service[99712]: WARNING glance.common.wsgi_app [-] Import methods are enabled but staging directory /tmp/staging/ does not exist; Imports will fail!
Jul 24 14:17:39.623523 np0000005837 devstack@g-api.service[99710]: DEBUG glance.common.config [None req-c1fa003e-53b9-44b2-919d-95c42a239c56 None None] Loading glance-api-keystone+cachemanagement from /etc/glance/glance-api-paste.ini {{(pid=99710) load_paste_app /opt/stack/glance/glance/common/config.py:765}}
Jul 24 14:17:39.630742 np0000005837 devstack@g-api.service[99712]: DEBUG glance.common.config [None req-a50a085c-f9d5-4845-aa4f-2d69ef00f246 None None] Loading glance-api-keystone+cachemanagement from /etc/glance/glance-api-paste.ini {{(pid=99712) load_paste_app /opt/stack/glance/glance/common/config.py:765}}
Jul 24 14:17:39.633643 np0000005837 devstack@g-api.service[99711]: DEBUG glance.common.config [None req-c52844f6-d789-49c5-96e7-90c98a48299a None None] Loading glance-api-keystone+cachemanagement from /etc/glance/glance-api-paste.ini {{(pid=99711) load_paste_app /opt/stack/glance/glance/common/config.py:765}}
Jul 24 14:17:40.233414 np0000005837 devstack@g-api.service[99710]: INFO glance.image_cache [None req-c1fa003e-53b9-44b2-919d-95c42a239c56 None None] Image cache loaded driver 'centralized_db'.
Jul 24 14:17:40.234800 np0000005837 devstack@g-api.service[99711]: INFO glance.image_cache [None req-c52844f6-d789-49c5-96e7-90c98a48299a None None] Image cache loaded driver 'centralized_db'.
Jul 24 14:17:40.246986 np0000005837 devstack@g-api.service[99712]: INFO glance.image_cache [None req-a50a085c-f9d5-4845-aa4f-2d69ef00f246 None None] Image cache loaded driver 'centralized_db'.
Jul 24 14:17:40.281477 np0000005837 devstack@g-api.service[99710]: INFO dbcounter [None req-c1fa003e-53b9-44b2-919d-95c42a239c56 None None] Registered counter for database glance
Jul 24 14:17:40.283093 np0000005837 devstack@g-api.service[99711]: INFO dbcounter [None req-c52844f6-d789-49c5-96e7-90c98a48299a None None] Registered counter for database glance
Jul 24 14:17:40.294954 np0000005837 devstack@g-api.service[99712]: INFO dbcounter [None req-a50a085c-f9d5-4845-aa4f-2d69ef00f246 None None] Registered counter for database glance
Jul 24 14:17:40.319674 np0000005837 devstack@g-api.service[99710]: DEBUG oslo_db.sqlalchemy.engines [None req-c1fa003e-53b9-44b2-919d-95c42a239c56 None None] MySQL server mode set to STRICT_TRANS_TABLES,STRICT_ALL_TABLES,NO_ZERO_IN_DATE,NO_ZERO_DATE,ERROR_FOR_DIVISION_BY_ZERO,TRADITIONAL,NO_ENGINE_SUBSTITUTION {{(pid=99710) _check_effective_sql_mode /opt/stack/data/venv/lib/python3.12/site-packages/oslo_db/sqlalchemy/engines.py:325}}
Jul 24 14:17:40.325960 np0000005837 devstack@g-api.service[99711]: DEBUG oslo_db.sqlalchemy.engines [None req-c52844f6-d789-49c5-96e7-90c98a48299a None None] MySQL server mode set to STRICT_TRANS_TABLES,STRICT_ALL_TABLES,NO_ZERO_IN_DATE,NO_ZERO_DATE,ERROR_FOR_DIVISION_BY_ZERO,TRADITIONAL,NO_ENGINE_SUBSTITUTION {{(pid=99711) _check_effective_sql_mode /opt/stack/data/venv/lib/python3.12/site-packages/oslo_db/sqlalchemy/engines.py:325}}
Jul 24 14:17:40.333197 np0000005837 devstack@g-api.service[99712]: DEBUG oslo_db.sqlalchemy.engines [None req-a50a085c-f9d5-4845-aa4f-2d69ef00f246 None None] MySQL server mode set to STRICT_TRANS_TABLES,STRICT_ALL_TABLES,NO_ZERO_IN_DATE,NO_ZERO_DATE,ERROR_FOR_DIVISION_BY_ZERO,TRADITIONAL,NO_ENGINE_SUBSTITUTION {{(pid=99712) _check_effective_sql_mode /opt/stack/data/venv/lib/python3.12/site-packages/oslo_db/sqlalchemy/engines.py:325}}
Jul 24 14:17:40.340363 np0000005837 devstack@g-api.service[99710]: DEBUG dbcounter [-] [99710] Writer thread running {{(pid=99710) stat_writer /opt/stack/data/venv/lib/python3.12/site-packages/dbcounter.py:102}}
Jul 24 14:17:40.350169 np0000005837 devstack@g-api.service[99711]: DEBUG dbcounter [-] [99711] Writer thread running {{(pid=99711) stat_writer /opt/stack/data/venv/lib/python3.12/site-packages/dbcounter.py:102}}
Jul 24 14:17:40.353747 np0000005837 devstack@g-api.service[99712]: DEBUG dbcounter [-] [99712] Writer thread running {{(pid=99712) stat_writer /opt/stack/data/venv/lib/python3.12/site-packages/dbcounter.py:102}}
Jul 24 14:17:40.360725 np0000005837 devstack@g-api.service[99712]: DEBUG glance.image_cache.drivers.centralized_db [None req-a50a085c-f9d5-4845-aa4f-2d69ef00f246 None None] Node reference is already recorded, ignoring it {{(pid=99712) configure /opt/stack/glance/glance/image_cache/drivers/centralized_db.py:71}}
Jul 24 14:17:40.360859 np0000005837 devstack@g-api.service[99711]: DEBUG glance.image_cache.drivers.centralized_db [None req-c52844f6-d789-49c5-96e7-90c98a48299a None None] Node reference is already recorded, ignoring it {{(pid=99711) configure /opt/stack/glance/glance/image_cache/drivers/centralized_db.py:71}}
Jul 24 14:17:40.370088 np0000005837 devstack@g-api.service[99712]: INFO glance.image_cache [None req-a50a085c-f9d5-4845-aa4f-2d69ef00f246 None None] Image cache loaded driver 'centralized_db'.
Jul 24 14:17:40.372545 np0000005837 devstack@g-api.service[99711]: INFO glance.image_cache [None req-c52844f6-d789-49c5-96e7-90c98a48299a None None] Image cache loaded driver 'centralized_db'.
Jul 24 14:17:40.450891 np0000005837 devstack@g-api.service[99710]: INFO glance.image_cache [None req-c1fa003e-53b9-44b2-919d-95c42a239c56 None None] Image cache loaded driver 'centralized_db'.
Jul 24 14:17:40.458773 np0000005837 devstack@g-api.service[99710]: DEBUG glance.image_cache.drivers.centralized_db [None req-c1fa003e-53b9-44b2-919d-95c42a239c56 None None] Node reference is already recorded, ignoring it {{(pid=99710) configure /opt/stack/glance/glance/image_cache/drivers/centralized_db.py:71}}
Jul 24 14:17:40.463126 np0000005837 devstack@g-api.service[99710]: DEBUG glance.api.v2.cached_images [None req-c1fa003e-53b9-44b2-919d-95c42a239c56 None None] Started cache worker thread {{(pid=99710) __init__ /opt/stack/glance/glance/api/v2/cached_images.py:71}}
Jul 24 14:17:40.463865 np0000005837 devstack@g-api.service[99710]: INFO glance.image_cache [None req-c1fa003e-53b9-44b2-919d-95c42a239c56 None None] Image cache loaded driver 'centralized_db'.
Jul 24 14:17:40.469445 np0000005837 devstack@g-api.service[99712]: DEBUG glance.image_cache.drivers.centralized_db [None req-a50a085c-f9d5-4845-aa4f-2d69ef00f246 None None] Node reference is already recorded, ignoring it {{(pid=99712) configure /opt/stack/glance/glance/image_cache/drivers/centralized_db.py:71}}
Jul 24 14:17:40.472742 np0000005837 devstack@g-api.service[99710]: DEBUG glance.image_cache.drivers.centralized_db [None req-c1fa003e-53b9-44b2-919d-95c42a239c56 None None] Node reference is already recorded, ignoring it {{(pid=99710) configure /opt/stack/glance/glance/image_cache/drivers/centralized_db.py:71}}
Jul 24 14:17:40.474445 np0000005837 devstack@g-api.service[99712]: DEBUG glance.api.v2.cached_images [None req-a50a085c-f9d5-4845-aa4f-2d69ef00f246 None None] Started cache worker thread {{(pid=99712) __init__ /opt/stack/glance/glance/api/v2/cached_images.py:71}}
Jul 24 14:17:40.475230 np0000005837 devstack@g-api.service[99712]: INFO glance.image_cache [None req-a50a085c-f9d5-4845-aa4f-2d69ef00f246 None None] Image cache loaded driver 'centralized_db'.
Jul 24 14:17:40.477249 np0000005837 devstack@g-api.service[99710]: INFO glance.api.middleware.cache_manage [None req-c1fa003e-53b9-44b2-919d-95c42a239c56 None None] Initialized image cache management middleware
Jul 24 14:17:40.477391 np0000005837 devstack@g-api.service[99710]: INFO glance.image_cache [None req-c1fa003e-53b9-44b2-919d-95c42a239c56 None None] Image cache loaded driver 'centralized_db'.
Jul 24 14:17:40.478228 np0000005837 devstack@g-api.service[99711]: DEBUG glance.image_cache.drivers.centralized_db [None req-c52844f6-d789-49c5-96e7-90c98a48299a None None] Node reference is already recorded, ignoring it {{(pid=99711) configure /opt/stack/glance/glance/image_cache/drivers/centralized_db.py:71}}
Jul 24 14:17:40.482995 np0000005837 devstack@g-api.service[99711]: DEBUG glance.api.v2.cached_images [None req-c52844f6-d789-49c5-96e7-90c98a48299a None None] Started cache worker thread {{(pid=99711) __init__ /opt/stack/glance/glance/api/v2/cached_images.py:71}}
Jul 24 14:17:40.483623 np0000005837 devstack@g-api.service[99711]: INFO glance.image_cache [None req-c52844f6-d789-49c5-96e7-90c98a48299a None None] Image cache loaded driver 'centralized_db'.
Jul 24 14:17:40.487841 np0000005837 devstack@g-api.service[99712]: DEBUG glance.image_cache.drivers.centralized_db [None req-a50a085c-f9d5-4845-aa4f-2d69ef00f246 None None] Node reference is already recorded, ignoring it {{(pid=99712) configure /opt/stack/glance/glance/image_cache/drivers/centralized_db.py:71}}
Jul 24 14:17:40.492511 np0000005837 devstack@g-api.service[99712]: INFO glance.api.middleware.cache_manage [None req-a50a085c-f9d5-4845-aa4f-2d69ef00f246 None None] Initialized image cache management middleware
Jul 24 14:17:40.492597 np0000005837 devstack@g-api.service[99710]: DEBUG glance.image_cache.drivers.centralized_db [None req-c1fa003e-53b9-44b2-919d-95c42a239c56 None None] Node reference is already recorded, ignoring it {{(pid=99710) configure /opt/stack/glance/glance/image_cache/drivers/centralized_db.py:71}}
Jul 24 14:17:40.492670 np0000005837 devstack@g-api.service[99712]: INFO glance.image_cache [None req-a50a085c-f9d5-4845-aa4f-2d69ef00f246 None None] Image cache loaded driver 'centralized_db'.
Jul 24 14:17:40.494629 np0000005837 devstack@g-api.service[99711]: DEBUG glance.image_cache.drivers.centralized_db [None req-c52844f6-d789-49c5-96e7-90c98a48299a None None] Node reference is already recorded, ignoring it {{(pid=99711) configure /opt/stack/glance/glance/image_cache/drivers/centralized_db.py:71}}
Jul 24 14:17:40.497284 np0000005837 devstack@g-api.service[99710]: INFO glance.api.middleware.cache [None req-c1fa003e-53b9-44b2-919d-95c42a239c56 None None] Initialized image cache middleware
Jul 24 14:17:40.499034 np0000005837 devstack@g-api.service[99711]: INFO glance.api.middleware.cache_manage [None req-c52844f6-d789-49c5-96e7-90c98a48299a None None] Initialized image cache management middleware
Jul 24 14:17:40.499172 np0000005837 devstack@g-api.service[99711]: INFO glance.image_cache [None req-c52844f6-d789-49c5-96e7-90c98a48299a None None] Image cache loaded driver 'centralized_db'.
Jul 24 14:17:40.503830 np0000005837 devstack@g-api.service[99712]: DEBUG glance.image_cache.drivers.centralized_db [None req-a50a085c-f9d5-4845-aa4f-2d69ef00f246 None None] Node reference is already recorded, ignoring it {{(pid=99712) configure /opt/stack/glance/glance/image_cache/drivers/centralized_db.py:71}}
Jul 24 14:17:40.506821 np0000005837 devstack@g-api.service[99711]: DEBUG glance.image_cache.drivers.centralized_db [None req-c52844f6-d789-49c5-96e7-90c98a48299a None None] Node reference is already recorded, ignoring it {{(pid=99711) configure /opt/stack/glance/glance/image_cache/drivers/centralized_db.py:71}}
Jul 24 14:17:40.507316 np0000005837 devstack@g-api.service[99712]: INFO glance.api.middleware.cache [None req-a50a085c-f9d5-4845-aa4f-2d69ef00f246 None None] Initialized image cache middleware
Jul 24 14:17:40.507764 np0000005837 devstack@g-api.service[99710]: DEBUG glance.common.config [None req-c1fa003e-53b9-44b2-919d-95c42a239c56 None None] ******************************************************************************** {{(pid=99710) log_opt_values /opt/stack/data/venv/lib/python3.12/site-packages/oslo_config/cfg.py:3226}}
Jul 24 14:17:40.507861 np0000005837 devstack@g-api.service[99710]: DEBUG glance.common.config [None req-c1fa003e-53b9-44b2-919d-95c42a239c56 None None] Configuration options gathered from: {{(pid=99710) log_opt_values /opt/stack/data/venv/lib/python3.12/site-packages/oslo_config/cfg.py:3227}}
Jul 24 14:17:40.508241 np0000005837 devstack@g-api.service[99710]: DEBUG glance.common.config [None req-c1fa003e-53b9-44b2-919d-95c42a239c56 None None] command line args: [] {{(pid=99710) log_opt_values /opt/stack/data/venv/lib/python3.12/site-packages/oslo_config/cfg.py:3228}}
Jul 24 14:17:40.508415 np0000005837 devstack@g-api.service[99710]: DEBUG glance.common.config [None req-c1fa003e-53b9-44b2-919d-95c42a239c56 None None] config files: ['/etc/glance/glance-image-import.conf', '/etc/glance/glance-api.conf'] {{(pid=99710) log_opt_values /opt/stack/data/venv/lib/python3.12/site-packages/oslo_config/cfg.py:3229}}
Jul 24 14:17:40.508523 np0000005837 devstack@g-api.service[99710]: DEBUG glance.common.config [None req-c1fa003e-53b9-44b2-919d-95c42a239c56 None None] ================================================================================ {{(pid=99710) log_opt_values /opt/stack/data/venv/lib/python3.12/site-packages/oslo_config/cfg.py:3234}}
Jul 24 14:17:40.508713 np0000005837 devstack@g-api.service[99710]: DEBUG glance.common.config [None req-c1fa003e-53b9-44b2-919d-95c42a239c56 None None] allow_anonymous_access = False {{(pid=99710) log_opt_values /opt/stack/data/venv/lib/python3.12/site-packages/oslo_config/cfg.py:3242}}
Jul 24 14:17:40.508824 np0000005837 devstack@g-api.service[99710]: DEBUG glance.common.config [None req-c1fa003e-53b9-44b2-919d-95c42a239c56 None None] api_limit_max = 1000 {{(pid=99710) log_opt_values /opt/stack/data/venv/lib/python3.12/site-packages/oslo_config/cfg.py:3242}}
Jul 24 14:17:40.508953 np0000005837 devstack@g-api.service[99710]: DEBUG glance.common.config [None req-c1fa003e-53b9-44b2-919d-95c42a239c56 None None] config_dir = [] {{(pid=99710) log_opt_values /opt/stack/data/venv/lib/python3.12/site-packages/oslo_config/cfg.py:3242}}
Jul 24 14:17:40.509045 np0000005837 devstack@g-api.service[99710]: DEBUG glance.common.config [None req-c1fa003e-53b9-44b2-919d-95c42a239c56 None None] config_file = ['/etc/glance/glance-image-import.conf', '/etc/glance/glance-api.conf'] {{(pid=99710) log_opt_values /opt/stack/data/venv/lib/python3.12/site-packages/oslo_config/cfg.py:3242}}
Jul 24 14:17:40.509116 np0000005837 devstack@g-api.service[99710]: DEBUG glance.common.config [None req-c1fa003e-53b9-44b2-919d-95c42a239c56 None None] config_source = [] {{(pid=99710) log_opt_values /opt/stack/data/venv/lib/python3.12/site-packages/oslo_config/cfg.py:3242}}
Jul 24 14:17:40.509240 np0000005837 devstack@g-api.service[99710]: DEBUG glance.common.config [None req-c1fa003e-53b9-44b2-919d-95c42a239c56 None None] control_exchange = glance {{(pid=99710) log_opt_values /opt/stack/data/venv/lib/python3.12/site-packages/oslo_config/cfg.py:3242}}
Jul 24 14:17:40.509324 np0000005837 devstack@g-api.service[99710]: DEBUG glance.common.config [None req-c1fa003e-53b9-44b2-919d-95c42a239c56 None None] debug = True {{(pid=99710) log_opt_values /opt/stack/data/venv/lib/python3.12/site-packages/oslo_config/cfg.py:3242}}
Jul 24 14:17:40.509508 np0000005837 devstack@g-api.service[99710]: DEBUG glance.common.config [None req-c1fa003e-53b9-44b2-919d-95c42a239c56 None None] default_log_levels = ['amqp=WARN', 'boto=WARN', 'sqlalchemy=WARN', 'suds=INFO', 'oslo.messaging=INFO', 'oslo_messaging=INFO', 'iso8601=WARN', 'requests.packages.urllib3.connectionpool=WARN', 'urllib3.connectionpool=WARN', 'websocket=WARN', 'requests.packages.urllib3.util.retry=WARN', 'urllib3.util.retry=WARN', 'keystonemiddleware=WARN', 'routes.middleware=WARN', 'stevedore=WARN', 'taskflow=WARN', 'keystoneauth=WARN', 'oslo.cache=INFO', 'oslo_policy=INFO', 'dogpile.core.dogpile=INFO'] {{(pid=99710) log_opt_values /opt/stack/data/venv/lib/python3.12/site-packages/oslo_config/cfg.py:3242}}
Jul 24 14:17:40.509620 np0000005837 devstack@g-api.service[99710]: DEBUG glance.common.config [None req-c1fa003e-53b9-44b2-919d-95c42a239c56 None None] default_publisher_id = image.localhost {{(pid=99710) log_opt_values /opt/stack/data/venv/lib/python3.12/site-packages/oslo_config/cfg.py:3242}}
Jul 24 14:17:40.509716 np0000005837 devstack@g-api.service[99710]: DEBUG glance.common.config [None req-c1fa003e-53b9-44b2-919d-95c42a239c56 None None] delayed_delete = False {{(pid=99710) log_opt_values /opt/stack/data/venv/lib/python3.12/site-packages/oslo_config/cfg.py:3242}}
Jul 24 14:17:40.509812 np0000005837 devstack@g-api.service[99710]: DEBUG glance.common.config [None req-c1fa003e-53b9-44b2-919d-95c42a239c56 None None] digest_algorithm = sha256 {{(pid=99710) log_opt_values /opt/stack/data/venv/lib/python3.12/site-packages/oslo_config/cfg.py:3242}}
Jul 24 14:17:40.509926 np0000005837 devstack@g-api.service[99710]: DEBUG glance.common.config [None req-c1fa003e-53b9-44b2-919d-95c42a239c56 None None] disabled_notifications = [] {{(pid=99710) log_opt_values /opt/stack/data/venv/lib/python3.12/site-packages/oslo_config/cfg.py:3242}}
Jul 24 14:17:40.510010 np0000005837 devstack@g-api.service[99710]: DEBUG glance.common.config [None req-c1fa003e-53b9-44b2-919d-95c42a239c56 None None] do_secure_hash = True {{(pid=99710) log_opt_values /opt/stack/data/venv/lib/python3.12/site-packages/oslo_config/cfg.py:3242}}
Jul 24 14:17:40.510097 np0000005837 devstack@g-api.service[99710]: DEBUG glance.common.config [None req-c1fa003e-53b9-44b2-919d-95c42a239c56 None None] enabled_backends = None {{(pid=99710) log_opt_values /opt/stack/data/venv/lib/python3.12/site-packages/oslo_config/cfg.py:3242}}
Jul 24 14:17:40.510202 np0000005837 devstack@g-api.service[99710]: DEBUG glance.common.config [None req-c1fa003e-53b9-44b2-919d-95c42a239c56 None None] enabled_import_methods = ['glance-direct', 'web-download', 'copy-image'] {{(pid=99710) log_opt_values /opt/stack/data/venv/lib/python3.12/site-packages/oslo_config/cfg.py:3242}}
Jul 24 14:17:40.510252 np0000005837 devstack@g-api.service[99711]: INFO glance.api.middleware.cache [None req-c52844f6-d789-49c5-96e7-90c98a48299a None None] Initialized image cache middleware
Jul 24 14:17:40.510288 np0000005837 devstack@g-api.service[99710]: DEBUG glance.common.config [None req-c1fa003e-53b9-44b2-919d-95c42a239c56 None None] fatal_deprecations = False {{(pid=99710) log_opt_values /opt/stack/data/venv/lib/python3.12/site-packages/oslo_config/cfg.py:3242}}
Jul 24 14:17:40.510388 np0000005837 devstack@g-api.service[99710]: DEBUG glance.common.config [None req-c1fa003e-53b9-44b2-919d-95c42a239c56 None None] hashing_algorithm = sha512 {{(pid=99710) log_opt_values /opt/stack/data/venv/lib/python3.12/site-packages/oslo_config/cfg.py:3242}}
Jul 24 14:17:40.510491 np0000005837 devstack@g-api.service[99710]: DEBUG glance.common.config [None req-c1fa003e-53b9-44b2-919d-95c42a239c56 None None] http_retries = 3 {{(pid=99710) log_opt_values /opt/stack/data/venv/lib/python3.12/site-packages/oslo_config/cfg.py:3242}}
Jul 24 14:17:40.510604 np0000005837 devstack@g-api.service[99710]: DEBUG glance.common.config [None req-c1fa003e-53b9-44b2-919d-95c42a239c56 None None] image_cache_dir = /opt/stack/data/glance/cache/ {{(pid=99710) log_opt_values /opt/stack/data/venv/lib/python3.12/site-packages/oslo_config/cfg.py:3242}}
Jul 24 14:17:40.510694 np0000005837 devstack@g-api.service[99710]: DEBUG glance.common.config [None req-c1fa003e-53b9-44b2-919d-95c42a239c56 None None] image_cache_driver = centralized_db {{(pid=99710) log_opt_values /opt/stack/data/venv/lib/python3.12/site-packages/oslo_config/cfg.py:3242}}
Jul 24 14:17:40.510781 np0000005837 devstack@g-api.service[99710]: DEBUG glance.common.config [None req-c1fa003e-53b9-44b2-919d-95c42a239c56 None None] image_cache_max_size = 10737418240 {{(pid=99710) log_opt_values /opt/stack/data/venv/lib/python3.12/site-packages/oslo_config/cfg.py:3242}}
Jul 24 14:17:40.510906 np0000005837 devstack@g-api.service[99710]: DEBUG glance.common.config [None req-c1fa003e-53b9-44b2-919d-95c42a239c56 None None] image_cache_sqlite_db = cache.db {{(pid=99710) log_opt_values /opt/stack/data/venv/lib/python3.12/site-packages/oslo_config/cfg.py:3242}}
Jul 24 14:17:40.510988 np0000005837 devstack@g-api.service[99710]: DEBUG glance.common.config [None req-c1fa003e-53b9-44b2-919d-95c42a239c56 None None] image_cache_stall_time = 86400 {{(pid=99710) log_opt_values /opt/stack/data/venv/lib/python3.12/site-packages/oslo_config/cfg.py:3242}}
Jul 24 14:17:40.511073 np0000005837 devstack@g-api.service[99710]: DEBUG glance.common.config [None req-c1fa003e-53b9-44b2-919d-95c42a239c56 None None] image_location_quota = 10 {{(pid=99710) log_opt_values /opt/stack/data/venv/lib/python3.12/site-packages/oslo_config/cfg.py:3242}}
Jul 24 14:17:40.511157 np0000005837 devstack@g-api.service[99710]: DEBUG glance.common.config [None req-c1fa003e-53b9-44b2-919d-95c42a239c56 None None] image_member_quota = 128 {{(pid=99710) log_opt_values /opt/stack/data/venv/lib/python3.12/site-packages/oslo_config/cfg.py:3242}}
Jul 24 14:17:40.511240 np0000005837 devstack@g-api.service[99710]: DEBUG glance.common.config [None req-c1fa003e-53b9-44b2-919d-95c42a239c56 None None] image_property_quota = 128 {{(pid=99710) log_opt_values /opt/stack/data/venv/lib/python3.12/site-packages/oslo_config/cfg.py:3242}}
Jul 24 14:17:40.511330 np0000005837 devstack@g-api.service[99710]: DEBUG glance.common.config [None req-c1fa003e-53b9-44b2-919d-95c42a239c56 None None] image_size_cap = 1099511627776 {{(pid=99710) log_opt_values /opt/stack/data/venv/lib/python3.12/site-packages/oslo_config/cfg.py:3242}}
Jul 24 14:17:40.511412 np0000005837 devstack@g-api.service[99710]: DEBUG glance.common.config [None req-c1fa003e-53b9-44b2-919d-95c42a239c56 None None] image_tag_quota = 128 {{(pid=99710) log_opt_values /opt/stack/data/venv/lib/python3.12/site-packages/oslo_config/cfg.py:3242}}
Jul 24 14:17:40.511501 np0000005837 devstack@g-api.service[99710]: DEBUG glance.common.config [None req-c1fa003e-53b9-44b2-919d-95c42a239c56 None None] instance_format = [instance: %(uuid)s] {{(pid=99710) log_opt_values /opt/stack/data/venv/lib/python3.12/site-packages/oslo_config/cfg.py:3242}}
Jul 24 14:17:40.511610 np0000005837 devstack@g-api.service[99710]: DEBUG glance.common.config [None req-c1fa003e-53b9-44b2-919d-95c42a239c56 None None] instance_uuid_format = [instance: %(uuid)s] {{(pid=99710) log_opt_values /opt/stack/data/venv/lib/python3.12/site-packages/oslo_config/cfg.py:3242}}
Jul 24 14:17:40.511697 np0000005837 devstack@g-api.service[99710]: DEBUG glance.common.config [None req-c1fa003e-53b9-44b2-919d-95c42a239c56 None None] limit_param_default = 25 {{(pid=99710) log_opt_values /opt/stack/data/venv/lib/python3.12/site-packages/oslo_config/cfg.py:3242}}
Jul 24 14:17:40.511812 np0000005837 devstack@g-api.service[99710]: DEBUG glance.common.config [None req-c1fa003e-53b9-44b2-919d-95c42a239c56 None None] log_color = False {{(pid=99710) log_opt_values /opt/stack/data/venv/lib/python3.12/site-packages/oslo_config/cfg.py:3242}}
Jul 24 14:17:40.511925 np0000005837 devstack@g-api.service[99710]: DEBUG glance.common.config [None req-c1fa003e-53b9-44b2-919d-95c42a239c56 None None] log_config_append = None {{(pid=99710) log_opt_values /opt/stack/data/venv/lib/python3.12/site-packages/oslo_config/cfg.py:3242}}
Jul 24 14:17:40.512018 np0000005837 devstack@g-api.service[99710]: DEBUG glance.common.config [None req-c1fa003e-53b9-44b2-919d-95c42a239c56 None None] log_date_format = %Y-%m-%d %H:%M:%S {{(pid=99710) log_opt_values /opt/stack/data/venv/lib/python3.12/site-packages/oslo_config/cfg.py:3242}}
Jul 24 14:17:40.512104 np0000005837 devstack@g-api.service[99710]: DEBUG glance.common.config [None req-c1fa003e-53b9-44b2-919d-95c42a239c56 None None] log_dir = None {{(pid=99710) log_opt_values /opt/stack/data/venv/lib/python3.12/site-packages/oslo_config/cfg.py:3242}}
Jul 24 14:17:40.512188 np0000005837 devstack@g-api.service[99710]: DEBUG glance.common.config [None req-c1fa003e-53b9-44b2-919d-95c42a239c56 None None] log_file = None {{(pid=99710) log_opt_values /opt/stack/data/venv/lib/python3.12/site-packages/oslo_config/cfg.py:3242}}
Jul 24 14:17:40.512271 np0000005837 devstack@g-api.service[99710]: DEBUG glance.common.config [None req-c1fa003e-53b9-44b2-919d-95c42a239c56 None None] log_rotate_interval = 1 {{(pid=99710) log_opt_values /opt/stack/data/venv/lib/python3.12/site-packages/oslo_config/cfg.py:3242}}
Jul 24 14:17:40.512359 np0000005837 devstack@g-api.service[99710]: DEBUG glance.common.config [None req-c1fa003e-53b9-44b2-919d-95c42a239c56 None None] log_rotate_interval_type = days {{(pid=99710) log_opt_values /opt/stack/data/venv/lib/python3.12/site-packages/oslo_config/cfg.py:3242}}
Jul 24 14:17:40.512449 np0000005837 devstack@g-api.service[99710]: DEBUG glance.common.config [None req-c1fa003e-53b9-44b2-919d-95c42a239c56 None None] log_rotation_type = none {{(pid=99710) log_opt_values /opt/stack/data/venv/lib/python3.12/site-packages/oslo_config/cfg.py:3242}}
Jul 24 14:17:40.512513 np0000005837 devstack@g-api.service[99710]: DEBUG glance.common.config [None req-c1fa003e-53b9-44b2-919d-95c42a239c56 None None] logging_context_format_string = %(color)s%(levelname)s %(name)s [%(global_request_id)s %(request_id)s %(project_name)s %(user_name)s%(color)s] %(instance)s%(color)s%(message)s {{(pid=99710) log_opt_values /opt/stack/data/venv/lib/python3.12/site-packages/oslo_config/cfg.py:3242}}
Jul 24 14:17:40.512595 np0000005837 devstack@g-api.service[99710]: DEBUG glance.common.config [None req-c1fa003e-53b9-44b2-919d-95c42a239c56 None None] logging_debug_format_suffix = {{(pid=%(process)d) %(funcName)s %(pathname)s:%(lineno)d}} {{(pid=99710) log_opt_values /opt/stack/data/venv/lib/python3.12/site-packages/oslo_config/cfg.py:3242}}
Jul 24 14:17:40.512688 np0000005837 devstack@g-api.service[99710]: DEBUG glance.common.config [None req-c1fa003e-53b9-44b2-919d-95c42a239c56 None None] logging_default_format_string = %(color)s%(levelname)s %(name)s [-%(color)s] %(instance)s%(color)s%(message)s {{(pid=99710) log_opt_values /opt/stack/data/venv/lib/python3.12/site-packages/oslo_config/cfg.py:3242}}
Jul 24 14:17:40.512775 np0000005837 devstack@g-api.service[99710]: DEBUG glance.common.config [None req-c1fa003e-53b9-44b2-919d-95c42a239c56 None None] logging_exception_prefix = ERROR %(name)s %(instance)s {{(pid=99710) log_opt_values /opt/stack/data/venv/lib/python3.12/site-packages/oslo_config/cfg.py:3242}}
Jul 24 14:17:40.512852 np0000005837 devstack@g-api.service[99710]: DEBUG glance.common.config [None req-c1fa003e-53b9-44b2-919d-95c42a239c56 None None] logging_user_identity_format = %(user)s %(project)s %(domain)s %(system_scope)s %(user_domain)s %(project_domain)s {{(pid=99710) log_opt_values /opt/stack/data/venv/lib/python3.12/site-packages/oslo_config/cfg.py:3242}}
Jul 24 14:17:40.512957 np0000005837 devstack@g-api.service[99710]: DEBUG glance.common.config [None req-c1fa003e-53b9-44b2-919d-95c42a239c56 None None] max_logfile_count = 30 {{(pid=99710) log_opt_values /opt/stack/data/venv/lib/python3.12/site-packages/oslo_config/cfg.py:3242}}
Jul 24 14:17:40.513043 np0000005837 devstack@g-api.service[99710]: DEBUG glance.common.config [None req-c1fa003e-53b9-44b2-919d-95c42a239c56 None None] max_logfile_size_mb = 200 {{(pid=99710) log_opt_values /opt/stack/data/venv/lib/python3.12/site-packages/oslo_config/cfg.py:3242}}
Jul 24 14:17:40.513127 np0000005837 devstack@g-api.service[99710]: DEBUG glance.common.config [None req-c1fa003e-53b9-44b2-919d-95c42a239c56 None None] max_request_id_length = 64 {{(pid=99710) log_opt_values /opt/stack/data/venv/lib/python3.12/site-packages/oslo_config/cfg.py:3242}}
Jul 24 14:17:40.513214 np0000005837 devstack@g-api.service[99710]: DEBUG glance.common.config [None req-c1fa003e-53b9-44b2-919d-95c42a239c56 None None] metadata_encryption_key = **** {{(pid=99710) log_opt_values /opt/stack/data/venv/lib/python3.12/site-packages/oslo_config/cfg.py:3242}}
Jul 24 14:17:40.513321 np0000005837 devstack@g-api.service[99710]: DEBUG glance.common.config [None req-c1fa003e-53b9-44b2-919d-95c42a239c56 None None] node_staging_uri = file:///tmp/staging/ {{(pid=99710) log_opt_values /opt/stack/data/venv/lib/python3.12/site-packages/oslo_config/cfg.py:3242}}
Jul 24 14:17:40.513407 np0000005837 devstack@g-api.service[99710]: DEBUG glance.common.config [None req-c1fa003e-53b9-44b2-919d-95c42a239c56 None None] property_protection_file = None {{(pid=99710) log_opt_values /opt/stack/data/venv/lib/python3.12/site-packages/oslo_config/cfg.py:3242}}
Jul 24 14:17:40.513518 np0000005837 devstack@g-api.service[99710]: DEBUG glance.common.config [None req-c1fa003e-53b9-44b2-919d-95c42a239c56 None None] property_protection_rule_format = roles {{(pid=99710) log_opt_values /opt/stack/data/venv/lib/python3.12/site-packages/oslo_config/cfg.py:3242}}
Jul 24 14:17:40.513628 np0000005837 devstack@g-api.service[99710]: DEBUG glance.common.config [None req-c1fa003e-53b9-44b2-919d-95c42a239c56 None None] public_endpoint = https://10.4.3.198/image {{(pid=99710) log_opt_values /opt/stack/data/venv/lib/python3.12/site-packages/oslo_config/cfg.py:3242}}
Jul 24 14:17:40.513713 np0000005837 devstack@g-api.service[99710]: DEBUG glance.common.config [None req-c1fa003e-53b9-44b2-919d-95c42a239c56 None None] publish_errors = False {{(pid=99710) log_opt_values /opt/stack/data/venv/lib/python3.12/site-packages/oslo_config/cfg.py:3242}}
Jul 24 14:17:40.513800 np0000005837 devstack@g-api.service[99710]: DEBUG glance.common.config [None req-c1fa003e-53b9-44b2-919d-95c42a239c56 None None] pydev_worker_debug_host = None {{(pid=99710) log_opt_values /opt/stack/data/venv/lib/python3.12/site-packages/oslo_config/cfg.py:3242}}
Jul 24 14:17:40.513914 np0000005837 devstack@g-api.service[99710]: DEBUG glance.common.config [None req-c1fa003e-53b9-44b2-919d-95c42a239c56 None None] pydev_worker_debug_port = 5678 {{(pid=99710) log_opt_values /opt/stack/data/venv/lib/python3.12/site-packages/oslo_config/cfg.py:3242}}
Jul 24 14:17:40.514003 np0000005837 devstack@g-api.service[99710]: DEBUG glance.common.config [None req-c1fa003e-53b9-44b2-919d-95c42a239c56 None None] rate_limit_burst = 0 {{(pid=99710) log_opt_values /opt/stack/data/venv/lib/python3.12/site-packages/oslo_config/cfg.py:3242}}
Jul 24 14:17:40.514093 np0000005837 devstack@g-api.service[99710]: DEBUG glance.common.config [None req-c1fa003e-53b9-44b2-919d-95c42a239c56 None None] rate_limit_except_level = CRITICAL {{(pid=99710) log_opt_values /opt/stack/data/venv/lib/python3.12/site-packages/oslo_config/cfg.py:3242}}
Jul 24 14:17:40.514177 np0000005837 devstack@g-api.service[99710]: DEBUG glance.common.config [None req-c1fa003e-53b9-44b2-919d-95c42a239c56 None None] rate_limit_interval = 0 {{(pid=99710) log_opt_values /opt/stack/data/venv/lib/python3.12/site-packages/oslo_config/cfg.py:3242}}
Jul 24 14:17:40.514278 np0000005837 devstack@g-api.service[99710]: DEBUG glance.common.config [None req-c1fa003e-53b9-44b2-919d-95c42a239c56 None None] scrub_pool_size = 1 {{(pid=99710) log_opt_values /opt/stack/data/venv/lib/python3.12/site-packages/oslo_config/cfg.py:3242}}
Jul 24 14:17:40.514368 np0000005837 devstack@g-api.service[99710]: DEBUG glance.common.config [None req-c1fa003e-53b9-44b2-919d-95c42a239c56 None None] scrub_time = 0 {{(pid=99710) log_opt_values /opt/stack/data/venv/lib/python3.12/site-packages/oslo_config/cfg.py:3242}}
Jul 24 14:17:40.514475 np0000005837 devstack@g-api.service[99710]: DEBUG glance.common.config [None req-c1fa003e-53b9-44b2-919d-95c42a239c56 None None] shell_completion = None {{(pid=99710) log_opt_values /opt/stack/data/venv/lib/python3.12/site-packages/oslo_config/cfg.py:3242}}
Jul 24 14:17:40.514591 np0000005837 devstack@g-api.service[99710]: DEBUG glance.common.config [None req-c1fa003e-53b9-44b2-919d-95c42a239c56 None None] show_image_direct_url = False {{(pid=99710) log_opt_values /opt/stack/data/venv/lib/python3.12/site-packages/oslo_config/cfg.py:3242}}
Jul 24 14:17:40.514793 np0000005837 devstack@g-api.service[99710]: WARNING oslo_config.cfg [None req-c1fa003e-53b9-44b2-919d-95c42a239c56 None None] Deprecated: Option "show_multiple_locations" from group "DEFAULT" is deprecated for removal (Use of this option, deprecated since Newton, is a security risk and will be removed once we figure out a way to satisfy those use cases that currently require it. An earlier announcement that the same functionality can be achieved with greater granularity by using policies is incorrect. You cannot work around this option via policy configuration at the present time, though that is the direction we believe the fix will take. Please keep an eye on the Glance release notes to stay up to date on progress in addressing this issue.). Its value may be silently ignored in the future.
Jul 24 14:17:40.514917 np0000005837 devstack@g-api.service[99710]: DEBUG glance.common.config [None req-c1fa003e-53b9-44b2-919d-95c42a239c56 None None] show_multiple_locations = False {{(pid=99710) log_opt_values /opt/stack/data/venv/lib/python3.12/site-packages/oslo_config/cfg.py:3242}}
Jul 24 14:17:40.515019 np0000005837 devstack@g-api.service[99710]: DEBUG glance.common.config [None req-c1fa003e-53b9-44b2-919d-95c42a239c56 None None] syslog_log_facility = LOG_USER {{(pid=99710) log_opt_values /opt/stack/data/venv/lib/python3.12/site-packages/oslo_config/cfg.py:3242}}
Jul 24 14:17:40.515109 np0000005837 devstack@g-api.service[99710]: DEBUG glance.common.config [None req-c1fa003e-53b9-44b2-919d-95c42a239c56 None None] transport_url = **** {{(pid=99710) log_opt_values /opt/stack/data/venv/lib/python3.12/site-packages/oslo_config/cfg.py:3242}}
Jul 24 14:17:40.515196 np0000005837 devstack@g-api.service[99710]: DEBUG glance.common.config [None req-c1fa003e-53b9-44b2-919d-95c42a239c56 None None] use_journal = False {{(pid=99710) log_opt_values /opt/stack/data/venv/lib/python3.12/site-packages/oslo_config/cfg.py:3242}}
Jul 24 14:17:40.515296 np0000005837 devstack@g-api.service[99710]: DEBUG glance.common.config [None req-c1fa003e-53b9-44b2-919d-95c42a239c56 None None] use_json = False {{(pid=99710) log_opt_values /opt/stack/data/venv/lib/python3.12/site-packages/oslo_config/cfg.py:3242}}
Jul 24 14:17:40.515392 np0000005837 devstack@g-api.service[99710]: DEBUG glance.common.config [None req-c1fa003e-53b9-44b2-919d-95c42a239c56 None None] use_keystone_limits = True {{(pid=99710) log_opt_values /opt/stack/data/venv/lib/python3.12/site-packages/oslo_config/cfg.py:3242}}
Jul 24 14:17:40.515502 np0000005837 devstack@g-api.service[99710]: DEBUG glance.common.config [None req-c1fa003e-53b9-44b2-919d-95c42a239c56 None None] use_stderr = False {{(pid=99710) log_opt_values /opt/stack/data/venv/lib/python3.12/site-packages/oslo_config/cfg.py:3242}}
Jul 24 14:17:40.515636 np0000005837 devstack@g-api.service[99710]: DEBUG glance.common.config [None req-c1fa003e-53b9-44b2-919d-95c42a239c56 None None] use_syslog = False {{(pid=99710) log_opt_values /opt/stack/data/venv/lib/python3.12/site-packages/oslo_config/cfg.py:3242}}
Jul 24 14:17:40.515731 np0000005837 devstack@g-api.service[99710]: DEBUG glance.common.config [None req-c1fa003e-53b9-44b2-919d-95c42a239c56 None None] user_storage_quota = 0 {{(pid=99710) log_opt_values /opt/stack/data/venv/lib/python3.12/site-packages/oslo_config/cfg.py:3242}}
Jul 24 14:17:40.515837 np0000005837 devstack@g-api.service[99710]: DEBUG glance.common.config [None req-c1fa003e-53b9-44b2-919d-95c42a239c56 None None] worker_self_reference_url = http://127.0.0.1:60999 {{(pid=99710) log_opt_values /opt/stack/data/venv/lib/python3.12/site-packages/oslo_config/cfg.py:3242}}
Jul 24 14:17:40.515961 np0000005837 devstack@g-api.service[99710]: DEBUG glance.common.config [None req-c1fa003e-53b9-44b2-919d-95c42a239c56 None None] oslo_concurrency.disable_process_locking = False {{(pid=99710) log_opt_values /opt/stack/data/venv/lib/python3.12/site-packages/oslo_config/cfg.py:3253}}
Jul 24 14:17:40.516059 np0000005837 devstack@g-api.service[99710]: DEBUG glance.common.config [None req-c1fa003e-53b9-44b2-919d-95c42a239c56 None None] oslo_concurrency.lock_path = /opt/stack/data/glance/locks {{(pid=99710) log_opt_values /opt/stack/data/venv/lib/python3.12/site-packages/oslo_config/cfg.py:3253}}
Jul 24 14:17:40.516151 np0000005837 devstack@g-api.service[99710]: DEBUG glance.common.config [None req-c1fa003e-53b9-44b2-919d-95c42a239c56 None None] oslo_middleware.enable_proxy_headers_parsing = False {{(pid=99710) log_opt_values /opt/stack/data/venv/lib/python3.12/site-packages/oslo_config/cfg.py:3253}}
Jul 24 14:17:40.516244 np0000005837 devstack@g-api.service[99710]: DEBUG glance.common.config [None req-c1fa003e-53b9-44b2-919d-95c42a239c56 None None] oslo_middleware.http_basic_auth_user_file = /etc/htpasswd {{(pid=99710) log_opt_values /opt/stack/data/venv/lib/python3.12/site-packages/oslo_config/cfg.py:3253}}
Jul 24 14:17:40.516358 np0000005837 devstack@g-api.service[99710]: DEBUG glance.common.config [None req-c1fa003e-53b9-44b2-919d-95c42a239c56 None None] paste_deploy.config_file = None {{(pid=99710) log_opt_values /opt/stack/data/venv/lib/python3.12/site-packages/oslo_config/cfg.py:3253}}
Jul 24 14:17:40.516474 np0000005837 devstack@g-api.service[99710]: DEBUG glance.common.config [None req-c1fa003e-53b9-44b2-919d-95c42a239c56 None None] paste_deploy.flavor = keystone+cachemanagement {{(pid=99710) log_opt_values /opt/stack/data/venv/lib/python3.12/site-packages/oslo_config/cfg.py:3253}}
Jul 24 14:17:40.516622 np0000005837 devstack@g-api.service[99710]: DEBUG glance.common.config [None req-c1fa003e-53b9-44b2-919d-95c42a239c56 None None] image_format.container_formats = ['ami', 'ari', 'aki', 'bare', 'ovf', 'ova', 'docker', 'compressed'] {{(pid=99710) log_opt_values /opt/stack/data/venv/lib/python3.12/site-packages/oslo_config/cfg.py:3253}}
Jul 24 14:17:40.516743 np0000005837 devstack@g-api.service[99710]: DEBUG glance.common.config [None req-c1fa003e-53b9-44b2-919d-95c42a239c56 None None] image_format.disk_formats = ['ami', 'ari', 'aki', 'vhd', 'vhdx', 'vmdk', 'raw', 'qcow2', 'vdi', 'iso', 'ploop'] {{(pid=99710) log_opt_values /opt/stack/data/venv/lib/python3.12/site-packages/oslo_config/cfg.py:3253}}
Jul 24 14:17:40.516833 np0000005837 devstack@g-api.service[99710]: DEBUG glance.common.config [None req-c1fa003e-53b9-44b2-919d-95c42a239c56 None None] image_format.gpt_safety_checks_nonfatal = [] {{(pid=99710) log_opt_values /opt/stack/data/venv/lib/python3.12/site-packages/oslo_config/cfg.py:3253}}
Jul 24 14:17:40.516958 np0000005837 devstack@g-api.service[99710]: DEBUG glance.common.config [None req-c1fa003e-53b9-44b2-919d-95c42a239c56 None None] image_format.require_image_format_match = True {{(pid=99710) log_opt_values /opt/stack/data/venv/lib/python3.12/site-packages/oslo_config/cfg.py:3253}}
Jul 24 14:17:40.517066 np0000005837 devstack@g-api.service[99710]: DEBUG glance.common.config [None req-c1fa003e-53b9-44b2-919d-95c42a239c56 None None] image_format.vmdk_allowed_types = ['streamOptimized', 'monolithicSparse'] {{(pid=99710) log_opt_values /opt/stack/data/venv/lib/python3.12/site-packages/oslo_config/cfg.py:3253}}
Jul 24 14:17:40.517162 np0000005837 devstack@g-api.service[99710]: DEBUG glance.common.config [None req-c1fa003e-53b9-44b2-919d-95c42a239c56 None None] task.task_executor = taskflow {{(pid=99710) log_opt_values /opt/stack/data/venv/lib/python3.12/site-packages/oslo_config/cfg.py:3253}}
Jul 24 14:17:40.517253 np0000005837 devstack@g-api.service[99710]: DEBUG glance.common.config [None req-c1fa003e-53b9-44b2-919d-95c42a239c56 None None] task.task_time_to_live = 48 {{(pid=99710) log_opt_values /opt/stack/data/venv/lib/python3.12/site-packages/oslo_config/cfg.py:3253}}
Jul 24 14:17:40.517352 np0000005837 devstack@g-api.service[99710]: DEBUG glance.common.config [None req-c1fa003e-53b9-44b2-919d-95c42a239c56 None None] task.work_dir = None {{(pid=99710) log_opt_values /opt/stack/data/venv/lib/python3.12/site-packages/oslo_config/cfg.py:3253}}
Jul 24 14:17:40.517476 np0000005837 devstack@g-api.service[99710]: DEBUG glance.common.config [None req-c1fa003e-53b9-44b2-919d-95c42a239c56 None None] wsgi.python_interpreter = /opt/stack/data/venv/bin/python3 {{(pid=99710) log_opt_values /opt/stack/data/venv/lib/python3.12/site-packages/oslo_config/cfg.py:3253}}
Jul 24 14:17:40.517586 np0000005837 devstack@g-api.service[99710]: DEBUG glance.common.config [None req-c1fa003e-53b9-44b2-919d-95c42a239c56 None None] wsgi.task_pool_threads = 16 {{(pid=99710) log_opt_values /opt/stack/data/venv/lib/python3.12/site-packages/oslo_config/cfg.py:3253}}
Jul 24 14:17:40.517682 np0000005837 devstack@g-api.service[99710]: DEBUG glance.common.config [None req-c1fa003e-53b9-44b2-919d-95c42a239c56 None None] import_filtering_opts.allowed_hosts = [] {{(pid=99710) log_opt_values /opt/stack/data/venv/lib/python3.12/site-packages/oslo_config/cfg.py:3253}}
Jul 24 14:17:40.517775 np0000005837 devstack@g-api.service[99710]: DEBUG glance.common.config [None req-c1fa003e-53b9-44b2-919d-95c42a239c56 None None] import_filtering_opts.allowed_ports = [80, 443] {{(pid=99710) log_opt_values /opt/stack/data/venv/lib/python3.12/site-packages/oslo_config/cfg.py:3253}}
Jul 24 14:17:40.517874 np0000005837 devstack@g-api.service[99710]: DEBUG glance.common.config [None req-c1fa003e-53b9-44b2-919d-95c42a239c56 None None] import_filtering_opts.allowed_schemes = ['http', 'https'] {{(pid=99710) log_opt_values /opt/stack/data/venv/lib/python3.12/site-packages/oslo_config/cfg.py:3253}}
Jul 24 14:17:40.518005 np0000005837 devstack@g-api.service[99710]: DEBUG glance.common.config [None req-c1fa003e-53b9-44b2-919d-95c42a239c56 None None] import_filtering_opts.disallowed_hosts = [] {{(pid=99710) log_opt_values /opt/stack/data/venv/lib/python3.12/site-packages/oslo_config/cfg.py:3253}}
Jul 24 14:17:40.518787 np0000005837 devstack@g-api.service[99710]: DEBUG glance.common.config [None req-c1fa003e-53b9-44b2-919d-95c42a239c56 None None] import_filtering_opts.disallowed_ports = [] {{(pid=99710) log_opt_values /opt/stack/data/venv/lib/python3.12/site-packages/oslo_config/cfg.py:3253}}
Jul 24 14:17:40.518787 np0000005837 devstack@g-api.service[99710]: DEBUG glance.common.config [None req-c1fa003e-53b9-44b2-919d-95c42a239c56 None None] import_filtering_opts.disallowed_schemes = [] {{(pid=99710) log_opt_values /opt/stack/data/venv/lib/python3.12/site-packages/oslo_config/cfg.py:3253}}
