Jul 24 14:17:23.289318 np0000005837 nova-conductor[95847]: DEBUG cotyledon.oslo_config_glue [-] oslo_messaging_rabbit.rabbit_quorum_max_memory_bytes = 0 {{(pid=95847) log_opt_values /opt/stack/data/venv/lib/python3.12/site-packages/oslo_config/cfg.py:3253}}
Jul 24 14:17:23.289318 np0000005837 nova-conductor[95847]: DEBUG cotyledon.oslo_config_glue [-] oslo_messaging_rabbit.rabbit_quorum_max_memory_length = 0 {{(pid=95847) log_opt_values /opt/stack/data/venv/lib/python3.12/site-packages/oslo_config/cfg.py:3253}}
Jul 24 14:17:23.289318 np0000005837 nova-conductor[95847]: DEBUG cotyledon.oslo_config_glue [-] oslo_messaging_rabbit.rabbit_quorum_queue = False {{(pid=95847) log_opt_values /opt/stack/data/venv/lib/python3.12/site-packages/oslo_config/cfg.py:3253}}
Jul 24 14:17:23.289318 np0000005837 nova-conductor[95847]: DEBUG cotyledon.oslo_config_glue [-] oslo_messaging_rabbit.rabbit_retry_backoff = 2 {{(pid=95847) log_opt_values /opt/stack/data/venv/lib/python3.12/site-packages/oslo_config/cfg.py:3253}}
Jul 24 14:17:23.289318 np0000005837 nova-conductor[95847]: DEBUG cotyledon.oslo_config_glue [-] oslo_messaging_rabbit.rabbit_retry_interval = 1 {{(pid=95847) log_opt_values /opt/stack/data/venv/lib/python3.12/site-packages/oslo_config/cfg.py:3253}}
Jul 24 14:17:23.289576 np0000005837 nova-conductor[95847]: DEBUG cotyledon.oslo_config_glue [-] oslo_messaging_rabbit.rabbit_stream_fanout = False {{(pid=95847) log_opt_values /opt/stack/data/venv/lib/python3.12/site-packages/oslo_config/cfg.py:3253}}
Jul 24 14:17:23.289576 np0000005837 nova-conductor[95847]: DEBUG cotyledon.oslo_config_glue [-] oslo_messaging_rabbit.rabbit_transient_queues_ttl = 1800 {{(pid=95847) log_opt_values /opt/stack/data/venv/lib/python3.12/site-packages/oslo_config/cfg.py:3253}}
Jul 24 14:17:23.289576 np0000005837 nova-conductor[95847]: DEBUG cotyledon.oslo_config_glue [-] oslo_messaging_rabbit.rabbit_transient_quorum_queue = False {{(pid=95847) log_opt_values /opt/stack/data/venv/lib/python3.12/site-packages/oslo_config/cfg.py:3253}}
Jul 24 14:17:23.289661 np0000005837 nova-conductor[95823]: INFO dbcounter [None req-4f2cf905-b75b-449d-a422-9b0fb7ddf852 None None] Registered counter for database nova_cell0
Jul 24 14:17:23.289704 np0000005837 nova-conductor[95847]: DEBUG cotyledon.oslo_config_glue [-] oslo_messaging_rabbit.rpc_conn_pool_size = 30 {{(pid=95847) log_opt_values /opt/stack/data/venv/lib/python3.12/site-packages/oslo_config/cfg.py:3253}}
Jul 24 14:17:23.289704 np0000005837 nova-conductor[95847]: DEBUG cotyledon.oslo_config_glue [-] oslo_messaging_rabbit.ssl = False {{(pid=95847) log_opt_values /opt/stack/data/venv/lib/python3.12/site-packages/oslo_config/cfg.py:3253}}
Jul 24 14:17:23.289704 np0000005837 nova-conductor[95847]: DEBUG cotyledon.oslo_config_glue [-] oslo_messaging_rabbit.ssl_ca_file = {{(pid=95847) log_opt_values /opt/stack/data/venv/lib/python3.12/site-packages/oslo_config/cfg.py:3253}}
Jul 24 14:17:23.289704 np0000005837 nova-conductor[95847]: DEBUG cotyledon.oslo_config_glue [-] oslo_messaging_rabbit.ssl_cert_file = {{(pid=95847) log_opt_values /opt/stack/data/venv/lib/python3.12/site-packages/oslo_config/cfg.py:3253}}
Jul 24 14:17:23.289704 np0000005837 nova-conductor[95847]: DEBUG cotyledon.oslo_config_glue [-] oslo_messaging_rabbit.ssl_enforce_fips_mode = False {{(pid=95847) log_opt_values /opt/stack/data/venv/lib/python3.12/site-packages/oslo_config/cfg.py:3253}}
Jul 24 14:17:23.289704 np0000005837 nova-conductor[95847]: DEBUG cotyledon.oslo_config_glue [-] oslo_messaging_rabbit.ssl_enforce_hostname_verification = True {{(pid=95847) log_opt_values /opt/stack/data/venv/lib/python3.12/site-packages/oslo_config/cfg.py:3253}}
Jul 24 14:17:23.289704 np0000005837 nova-conductor[95847]: DEBUG cotyledon.oslo_config_glue [-] oslo_messaging_rabbit.ssl_key_file = {{(pid=95847) log_opt_values /opt/stack/data/venv/lib/python3.12/site-packages/oslo_config/cfg.py:3253}}
Jul 24 14:17:23.289704 np0000005837 nova-conductor[95847]: DEBUG cotyledon.oslo_config_glue [-] oslo_messaging_rabbit.ssl_version = {{(pid=95847) log_opt_values /opt/stack/data/venv/lib/python3.12/site-packages/oslo_config/cfg.py:3253}}
Jul 24 14:17:23.289704 np0000005837 nova-conductor[95847]: DEBUG cotyledon.oslo_config_glue [-] oslo_messaging_rabbit.use_queue_manager = False {{(pid=95847) log_opt_values /opt/stack/data/venv/lib/python3.12/site-packages/oslo_config/cfg.py:3253}}
Jul 24 14:17:23.289947 np0000005837 nova-conductor[95847]: DEBUG cotyledon.oslo_config_glue [-] oslo_messaging_notifications.driver = ['messagingv2'] {{(pid=95847) log_opt_values /opt/stack/data/venv/lib/python3.12/site-packages/oslo_config/cfg.py:3253}}
Jul 24 14:17:23.289947 np0000005837 nova-conductor[95847]: DEBUG cotyledon.oslo_config_glue [-] oslo_messaging_notifications.retry = -1 {{(pid=95847) log_opt_values /opt/stack/data/venv/lib/python3.12/site-packages/oslo_config/cfg.py:3253}}
Jul 24 14:17:23.289947 np0000005837 nova-conductor[95847]: DEBUG cotyledon.oslo_config_glue [-] oslo_messaging_notifications.topics = ['notifications'] {{(pid=95847) log_opt_values /opt/stack/data/venv/lib/python3.12/site-packages/oslo_config/cfg.py:3253}}
Jul 24 14:17:23.289947 np0000005837 nova-conductor[95847]: DEBUG cotyledon.oslo_config_glue [-] oslo_messaging_notifications.transport_url = **** {{(pid=95847) log_opt_values /opt/stack/data/venv/lib/python3.12/site-packages/oslo_config/cfg.py:3253}}
Jul 24 14:17:23.289947 np0000005837 nova-conductor[95847]: DEBUG cotyledon.oslo_config_glue [-] oslo_limit.auth_section = None {{(pid=95847) log_opt_values /opt/stack/data/venv/lib/python3.12/site-packages/oslo_config/cfg.py:3253}}
Jul 24 14:17:23.289947 np0000005837 nova-conductor[95847]: DEBUG cotyledon.oslo_config_glue [-] oslo_limit.auth_type = None {{(pid=95847) log_opt_values /opt/stack/data/venv/lib/python3.12/site-packages/oslo_config/cfg.py:3253}}
Jul 24 14:17:23.289947 np0000005837 nova-conductor[95847]: DEBUG cotyledon.oslo_config_glue [-] oslo_limit.cafile = None {{(pid=95847) log_opt_values /opt/stack/data/venv/lib/python3.12/site-packages/oslo_config/cfg.py:3253}}
Jul 24 14:17:23.289947 np0000005837 nova-conductor[95847]: DEBUG cotyledon.oslo_config_glue [-] oslo_limit.certfile = None {{(pid=95847) log_opt_values /opt/stack/data/venv/lib/python3.12/site-packages/oslo_config/cfg.py:3253}}
Jul 24 14:17:23.289947 np0000005837 nova-conductor[95847]: DEBUG cotyledon.oslo_config_glue [-] oslo_limit.collect_timing = False {{(pid=95847) log_opt_values /opt/stack/data/venv/lib/python3.12/site-packages/oslo_config/cfg.py:3253}}
Jul 24 14:17:23.290195 np0000005837 nova-conductor[95847]: DEBUG cotyledon.oslo_config_glue [-] oslo_limit.connect_retries = None {{(pid=95847) log_opt_values /opt/stack/data/venv/lib/python3.12/site-packages/oslo_config/cfg.py:3253}}
Jul 24 14:17:23.290195 np0000005837 nova-conductor[95847]: DEBUG cotyledon.oslo_config_glue [-] oslo_limit.connect_retry_delay = None {{(pid=95847) log_opt_values /opt/stack/data/venv/lib/python3.12/site-packages/oslo_config/cfg.py:3253}}
Jul 24 14:17:23.290195 np0000005837 nova-conductor[95847]: DEBUG cotyledon.oslo_config_glue [-] oslo_limit.endpoint_id = None {{(pid=95847) log_opt_values /opt/stack/data/venv/lib/python3.12/site-packages/oslo_config/cfg.py:3253}}
Jul 24 14:17:23.290195 np0000005837 nova-conductor[95847]: DEBUG cotyledon.oslo_config_glue [-] oslo_limit.endpoint_interface = public {{(pid=95847) log_opt_values /opt/stack/data/venv/lib/python3.12/site-packages/oslo_config/cfg.py:3253}}
Jul 24 14:17:23.290195 np0000005837 nova-conductor[95847]: DEBUG cotyledon.oslo_config_glue [-] oslo_limit.endpoint_override = None {{(pid=95847) log_opt_values /opt/stack/data/venv/lib/python3.12/site-packages/oslo_config/cfg.py:3253}}
Jul 24 14:17:23.290195 np0000005837 nova-conductor[95847]: DEBUG cotyledon.oslo_config_glue [-] oslo_limit.endpoint_region_name = None {{(pid=95847) log_opt_values /opt/stack/data/venv/lib/python3.12/site-packages/oslo_config/cfg.py:3253}}
Jul 24 14:17:23.290195 np0000005837 nova-conductor[95847]: DEBUG cotyledon.oslo_config_glue [-] oslo_limit.endpoint_service_name = None {{(pid=95847) log_opt_values /opt/stack/data/venv/lib/python3.12/site-packages/oslo_config/cfg.py:3253}}
Jul 24 14:17:23.290195 np0000005837 nova-conductor[95847]: DEBUG cotyledon.oslo_config_glue [-] oslo_limit.endpoint_service_type = None {{(pid=95847) log_opt_values /opt/stack/data/venv/lib/python3.12/site-packages/oslo_config/cfg.py:3253}}
Jul 24 14:17:23.290195 np0000005837 nova-conductor[95847]: DEBUG cotyledon.oslo_config_glue [-] oslo_limit.insecure = False {{(pid=95847) log_opt_values /opt/stack/data/venv/lib/python3.12/site-packages/oslo_config/cfg.py:3253}}
Jul 24 14:17:23.290574 np0000005837 nova-conductor[95847]: DEBUG cotyledon.oslo_config_glue [-] oslo_limit.keyfile = None {{(pid=95847) log_opt_values /opt/stack/data/venv/lib/python3.12/site-packages/oslo_config/cfg.py:3253}}
Jul 24 14:17:23.290574 np0000005837 nova-conductor[95847]: DEBUG cotyledon.oslo_config_glue [-] oslo_limit.max_version = None {{(pid=95847) log_opt_values /opt/stack/data/venv/lib/python3.12/site-packages/oslo_config/cfg.py:3253}}
Jul 24 14:17:23.290574 np0000005837 nova-conductor[95847]: DEBUG cotyledon.oslo_config_glue [-] oslo_limit.min_version = None {{(pid=95847) log_opt_values /opt/stack/data/venv/lib/python3.12/site-packages/oslo_config/cfg.py:3253}}
Jul 24 14:17:23.290574 np0000005837 nova-conductor[95847]: DEBUG cotyledon.oslo_config_glue [-] oslo_limit.region_name = None {{(pid=95847) log_opt_values /opt/stack/data/venv/lib/python3.12/site-packages/oslo_config/cfg.py:3253}}
Jul 24 14:17:23.290574 np0000005837 nova-conductor[95847]: DEBUG cotyledon.oslo_config_glue [-] oslo_limit.retriable_status_codes = None {{(pid=95847) log_opt_values /opt/stack/data/venv/lib/python3.12/site-packages/oslo_config/cfg.py:3253}}
Jul 24 14:17:23.290574 np0000005837 nova-conductor[95847]: DEBUG cotyledon.oslo_config_glue [-] oslo_limit.service_name = None {{(pid=95847) log_opt_values /opt/stack/data/venv/lib/python3.12/site-packages/oslo_config/cfg.py:3253}}
Jul 24 14:17:23.290574 np0000005837 nova-conductor[95847]: DEBUG cotyledon.oslo_config_glue [-] oslo_limit.service_type = None {{(pid=95847) log_opt_values /opt/stack/data/venv/lib/python3.12/site-packages/oslo_config/cfg.py:3253}}
Jul 24 14:17:23.290574 np0000005837 nova-conductor[95847]: DEBUG cotyledon.oslo_config_glue [-] oslo_limit.split_loggers = False {{(pid=95847) log_opt_values /opt/stack/data/venv/lib/python3.12/site-packages/oslo_config/cfg.py:3253}}
Jul 24 14:17:23.290574 np0000005837 nova-conductor[95847]: DEBUG cotyledon.oslo_config_glue [-] oslo_limit.status_code_retries = None {{(pid=95847) log_opt_values /opt/stack/data/venv/lib/python3.12/site-packages/oslo_config/cfg.py:3253}}
Jul 24 14:17:23.290860 np0000005837 nova-conductor[95847]: DEBUG cotyledon.oslo_config_glue [-] oslo_limit.status_code_retry_delay = None {{(pid=95847) log_opt_values /opt/stack/data/venv/lib/python3.12/site-packages/oslo_config/cfg.py:3253}}
Jul 24 14:17:23.290860 np0000005837 nova-conductor[95847]: DEBUG cotyledon.oslo_config_glue [-] oslo_limit.timeout = None {{(pid=95847) log_opt_values /opt/stack/data/venv/lib/python3.12/site-packages/oslo_config/cfg.py:3253}}
Jul 24 14:17:23.290860 np0000005837 nova-conductor[95847]: DEBUG cotyledon.oslo_config_glue [-] oslo_limit.valid_interfaces = None {{(pid=95847) log_opt_values /opt/stack/data/venv/lib/python3.12/site-packages/oslo_config/cfg.py:3253}}
Jul 24 14:17:23.290860 np0000005837 nova-conductor[95847]: DEBUG cotyledon.oslo_config_glue [-] oslo_limit.version = None {{(pid=95847) log_opt_values /opt/stack/data/venv/lib/python3.12/site-packages/oslo_config/cfg.py:3253}}
Jul 24 14:17:23.290860 np0000005837 nova-conductor[95847]: DEBUG cotyledon.oslo_config_glue [-] oslo_reports.file_event_handler = None {{(pid=95847) log_opt_values /opt/stack/data/venv/lib/python3.12/site-packages/oslo_config/cfg.py:3253}}
Jul 24 14:17:23.290860 np0000005837 nova-conductor[95847]: DEBUG cotyledon.oslo_config_glue [-] oslo_reports.file_event_handler_interval = 1 {{(pid=95847) log_opt_values /opt/stack/data/venv/lib/python3.12/site-packages/oslo_config/cfg.py:3253}}
Jul 24 14:17:23.290860 np0000005837 nova-conductor[95847]: DEBUG cotyledon.oslo_config_glue [-] oslo_reports.log_dir = None {{(pid=95847) log_opt_values /opt/stack/data/venv/lib/python3.12/site-packages/oslo_config/cfg.py:3253}}
Jul 24 14:17:23.290860 np0000005837 nova-conductor[95847]: DEBUG cotyledon.oslo_config_glue [-] ******************************************************************************** {{(pid=95847) log_opt_values /opt/stack/data/venv/lib/python3.12/site-packages/oslo_config/cfg.py:3260}}
Jul 24 14:17:23.290860 np0000005837 nova-conductor[95847]: DEBUG cotyledon._service_worker [-] Run service ServiceWrapper(2) [95847] {{(pid=95847) wait_forever /opt/stack/data/venv/lib/python3.12/site-packages/cotyledon/_service_worker.py:218}}
Jul 24 14:17:23.291165 np0000005837 nova-conductor[95847]: INFO nova.service [-] Starting conductor node (version 33.1.0)
Jul 24 14:17:23.291165 np0000005837 nova-conductor[95847]: INFO dbcounter [None req-5a5ffd67-3dc7-4ae1-9ea7-a5577dcd83da None None] Registered counter for database nova_cell0
Jul 24 14:17:23.291235 np0000005837 nova-conductor[95823]: DEBUG oslo_db.sqlalchemy.engines [None req-4f2cf905-b75b-449d-a422-9b0fb7ddf852 None None] MySQL server mode set to STRICT_TRANS_TABLES,STRICT_ALL_TABLES,NO_ZERO_IN_DATE,NO_ZERO_DATE,ERROR_FOR_DIVISION_BY_ZERO,TRADITIONAL,NO_ENGINE_SUBSTITUTION {{(pid=95823) _check_effective_sql_mode /opt/stack/data/venv/lib/python3.12/site-packages/oslo_db/sqlalchemy/engines.py:325}}
Jul 24 14:17:23.298756 np0000005837 nova-conductor[95838]: DEBUG oslo_db.sqlalchemy.engines [None req-e590b522-dbc6-4acc-8335-4cd9336a5667 None None] MySQL server mode set to STRICT_TRANS_TABLES,STRICT_ALL_TABLES,NO_ZERO_IN_DATE,NO_ZERO_DATE,ERROR_FOR_DIVISION_BY_ZERO,TRADITIONAL,NO_ENGINE_SUBSTITUTION {{(pid=95838) _check_effective_sql_mode /opt/stack/data/venv/lib/python3.12/site-packages/oslo_db/sqlalchemy/engines.py:325}}
Jul 24 14:17:23.299215 np0000005837 nova-conductor[95823]: DEBUG dbcounter [-] [95823] Writer thread running {{(pid=95823) stat_writer /opt/stack/data/venv/lib/python3.12/site-packages/dbcounter.py:102}}
Jul 24 14:17:23.301906 np0000005837 nova-conductor[95847]: DEBUG oslo_db.sqlalchemy.engines [None req-5a5ffd67-3dc7-4ae1-9ea7-a5577dcd83da None None] MySQL server mode set to STRICT_TRANS_TABLES,STRICT_ALL_TABLES,NO_ZERO_IN_DATE,NO_ZERO_DATE,ERROR_FOR_DIVISION_BY_ZERO,TRADITIONAL,NO_ENGINE_SUBSTITUTION {{(pid=95847) _check_effective_sql_mode /opt/stack/data/venv/lib/python3.12/site-packages/oslo_db/sqlalchemy/engines.py:325}}
Jul 24 14:17:23.309699 np0000005837 nova-conductor[95838]: DEBUG dbcounter [-] [95838] Writer thread running {{(pid=95838) stat_writer /opt/stack/data/venv/lib/python3.12/site-packages/dbcounter.py:102}}
Jul 24 14:17:23.310960 np0000005837 nova-conductor[95847]: DEBUG dbcounter [-] [95847] Writer thread running {{(pid=95847) stat_writer /opt/stack/data/venv/lib/python3.12/site-packages/dbcounter.py:102}}
Jul 24 14:17:23.314414 np0000005837 nova-conductor[95823]: DEBUG nova.service [None req-4f2cf905-b75b-449d-a422-9b0fb7ddf852 None None] Creating RPC server for service: nova-conductor on topic: conductor {{(pid=95823) start /opt/stack/nova/nova/service.py:196}}
Jul 24 14:17:23.326322 np0000005837 nova-conductor[95838]: DEBUG nova.service [None req-e590b522-dbc6-4acc-8335-4cd9336a5667 None None] Creating RPC server for service: nova-conductor on topic: conductor {{(pid=95838) start /opt/stack/nova/nova/service.py:196}}
Jul 24 14:17:23.327222 np0000005837 nova-conductor[95847]: DEBUG nova.service [None req-5a5ffd67-3dc7-4ae1-9ea7-a5577dcd83da None None] Creating RPC server for service: nova-conductor on topic: conductor {{(pid=95847) start /opt/stack/nova/nova/service.py:196}}
Jul 24 14:17:23.340093 np0000005837 nova-conductor[95823]: DEBUG nova.service [None req-4f2cf905-b75b-449d-a422-9b0fb7ddf852 None None] Join ServiceGroup membership for this service conductor {{(pid=95823) start /opt/stack/nova/nova/service.py:222}}
Jul 24 14:17:23.340322 np0000005837 nova-conductor[95823]: DEBUG nova.servicegroup.drivers.db [None req-4f2cf905-b75b-449d-a422-9b0fb7ddf852 None None] DB_Driver: join new ServiceGroup member np0000005837 to the conductor group, service = {{(pid=95823) join /opt/stack/nova/nova/servicegroup/drivers/db.py:44}}
Jul 24 14:17:23.345012 np0000005837 nova-conductor[95838]: DEBUG nova.service [None req-e590b522-dbc6-4acc-8335-4cd9336a5667 None None] Join ServiceGroup membership for this service conductor {{(pid=95838) start /opt/stack/nova/nova/service.py:222}}
Jul 24 14:17:23.345192 np0000005837 nova-conductor[95838]: DEBUG nova.servicegroup.drivers.db [None req-e590b522-dbc6-4acc-8335-4cd9336a5667 None None] DB_Driver: join new ServiceGroup member np0000005837 to the conductor group, service = {{(pid=95838) join /opt/stack/nova/nova/servicegroup/drivers/db.py:44}}
Jul 24 14:17:23.349695 np0000005837 nova-conductor[95847]: DEBUG nova.service [None req-5a5ffd67-3dc7-4ae1-9ea7-a5577dcd83da None None] Join ServiceGroup membership for this service conductor {{(pid=95847) start /opt/stack/nova/nova/service.py:222}}
Jul 24 14:17:23.350465 np0000005837 nova-conductor[95847]: DEBUG nova.servicegroup.drivers.db [None req-5a5ffd67-3dc7-4ae1-9ea7-a5577dcd83da None None] DB_Driver: join new ServiceGroup member np0000005837 to the conductor group, service = {{(pid=95847) join /opt/stack/nova/nova/servicegroup/drivers/db.py:44}}
Jul 24 14:17:28.357955 np0000005837 nova-conductor[95823]: DEBUG oslo.service.backend._threading.loopingcall [-] Fixed interval looping call 'nova.servicegroup.drivers.db.DbDriver._report_state' sleeping for 119.99 seconds {{(pid=95823) _run_loop /opt/stack/data/venv/lib/python3.12/site-packages/oslo_service/backend/_threading/loopingcall.py:125}}
Jul 24 14:17:28.358575 np0000005837 nova-conductor[95838]: DEBUG oslo.service.backend._threading.loopingcall [-] Fixed interval looping call 'nova.servicegroup.drivers.db.DbDriver._report_state' sleeping for 119.99 seconds {{(pid=95838) _run_loop /opt/stack/data/venv/lib/python3.12/site-packages/oslo_service/backend/_threading/loopingcall.py:125}}
Jul 24 14:17:28.360284 np0000005837 nova-conductor[95847]: DEBUG oslo.service.backend._threading.loopingcall [-] Fixed interval looping call 'nova.servicegroup.drivers.db.DbDriver._report_state' sleeping for 119.99 seconds {{(pid=95847) _run_loop /opt/stack/data/venv/lib/python3.12/site-packages/oslo_service/backend/_threading/loopingcall.py:125}}
Jul 24 14:17:31.909613 np0000005837 nova-conductor[94346]: DEBUG dbcounter [-] [94346] Writing DB stats nova_api:SELECT=1 {{(pid=94346) stat_writer /opt/stack/data/venv/lib/python3.12/site-packages/dbcounter.py:115}}
Jul 24 14:17:32.039648 np0000005837 nova-conductor[94346]: DEBUG dbcounter [-] [94346] Writing DB stats nova_cell0:SELECT=1 {{(pid=94346) stat_writer /opt/stack/data/venv/lib/python3.12/site-packages/dbcounter.py:115}}
Jul 24 14:17:32.040264 np0000005837 nova-conductor[94346]: DEBUG dbcounter [-] [94346] Writing DB stats nova_cell1:SELECT=1 {{(pid=94346) stat_writer /opt/stack/data/venv/lib/python3.12/site-packages/dbcounter.py:115}}
Jul 24 14:17:38.352856 np0000005837 nova-conductor[95823]: DEBUG dbcounter [-] [95823] Writing DB stats nova_cell0:SELECT=4,nova_cell0:INSERT=1,nova_cell0:UPDATE=1 {{(pid=95823) stat_writer /opt/stack/data/venv/lib/python3.12/site-packages/dbcounter.py:115}}
Jul 24 14:17:38.354762 np0000005837 nova-conductor[95838]: DEBUG dbcounter [-] [95838] Writing DB stats nova_cell0:SELECT=4,nova_cell0:INSERT=1,nova_cell0:UPDATE=1 {{(pid=95838) stat_writer /opt/stack/data/venv/lib/python3.12/site-packages/dbcounter.py:115}}
Jul 24 14:17:38.359732 np0000005837 nova-conductor[95847]: DEBUG dbcounter [-] [95847] Writing DB stats nova_cell0:SELECT=4,nova_cell0:INSERT=1,nova_cell0:UPDATE=1 {{(pid=95847) stat_writer /opt/stack/data/venv/lib/python3.12/site-packages/dbcounter.py:115}}
Jul 24 14:17:40.349708 np0000005837 nova-conductor[95838]: DEBUG oslo.service.backend._threading.loopingcall [None req-3e0d1db0-f560-4101-8f46-fb3aafad4448 None None] Dynamic interval looping call 'nova.service.Service.periodic_tasks' sleeping for 60.00 seconds {{(pid=95838) _run_loop /opt/stack/data/venv/lib/python3.12/site-packages/oslo_service/backend/_threading/loopingcall.py:125}}
Jul 24 14:17:42.343363 np0000005837 nova-conductor[95823]: DEBUG oslo.service.backend._threading.loopingcall [None req-51e755f1-b63c-4e7a-8823-9ccab0c9fade None None] Dynamic interval looping call 'nova.service.Service.periodic_tasks' sleeping for 60.00 seconds {{(pid=95823) _run_loop /opt/stack/data/venv/lib/python3.12/site-packages/oslo_service/backend/_threading/loopingcall.py:125}}
Jul 24 14:17:54.352459 np0000005837 nova-conductor[95847]: DEBUG oslo.service.backend._threading.loopingcall [None req-e5a0cb77-1732-4abb-b675-09e6e0135bb4 None None] Dynamic interval looping call 'nova.service.Service.periodic_tasks' sleeping for 60.00 seconds {{(pid=95847) _run_loop /opt/stack/data/venv/lib/python3.12/site-packages/oslo_service/backend/_threading/loopingcall.py:125}}
Jul 24 14:18:40.350174 np0000005837 nova-conductor[95838]: DEBUG oslo.service.backend._threading.loopingcall [None req-3e0d1db0-f560-4101-8f46-fb3aafad4448 None None] Dynamic interval looping call 'nova.service.Service.periodic_tasks' sleeping for 60.00 seconds {{(pid=95838) _run_loop /opt/stack/data/venv/lib/python3.12/site-packages/oslo_service/backend/_threading/loopingcall.py:125}}
Jul 24 14:18:42.343962 np0000005837 nova-conductor[95823]: DEBUG oslo.service.backend._threading.loopingcall [None req-51e755f1-b63c-4e7a-8823-9ccab0c9fade None None] Dynamic interval looping call 'nova.service.Service.periodic_tasks' sleeping for 60.00 seconds {{(pid=95823) _run_loop /opt/stack/data/venv/lib/python3.12/site-packages/oslo_service/backend/_threading/loopingcall.py:125}}
Jul 24 14:18:54.352976 np0000005837 nova-conductor[95847]: DEBUG oslo.service.backend._threading.loopingcall [None req-e5a0cb77-1732-4abb-b675-09e6e0135bb4 None None] Dynamic interval looping call 'nova.service.Service.periodic_tasks' sleeping for 60.00 seconds {{(pid=95847) _run_loop /opt/stack/data/venv/lib/python3.12/site-packages/oslo_service/backend/_threading/loopingcall.py:125}}
Jul 24 14:19:28.355586 np0000005837 nova-conductor[95823]: DEBUG oslo.service.backend._threading.loopingcall [-] Fixed interval looping call 'nova.servicegroup.drivers.db.DbDriver._report_state' sleeping for 119.99 seconds {{(pid=95823) _run_loop /opt/stack/data/venv/lib/python3.12/site-packages/oslo_service/backend/_threading/loopingcall.py:125}}
Jul 24 14:19:28.356113 np0000005837 nova-conductor[95847]: DEBUG oslo.service.backend._threading.loopingcall [-] Fixed interval looping call 'nova.servicegroup.drivers.db.DbDriver._report_state' sleeping for 120.00 seconds {{(pid=95847) _run_loop /opt/stack/data/venv/lib/python3.12/site-packages/oslo_service/backend/_threading/loopingcall.py:125}}
Jul 24 14:19:28.358521 np0000005837 nova-conductor[95838]: DEBUG oslo.service.backend._threading.loopingcall [-] Fixed interval looping call 'nova.servicegroup.drivers.db.DbDriver._report_state' sleeping for 119.99 seconds {{(pid=95838) _run_loop /opt/stack/data/venv/lib/python3.12/site-packages/oslo_service/backend/_threading/loopingcall.py:125}}
Jul 24 14:19:38.350805 np0000005837 nova-conductor[95823]: DEBUG dbcounter [-] [95823] Writing DB stats nova_cell0:SELECT=1,nova_cell0:UPDATE=1 {{(pid=95823) stat_writer /opt/stack/data/venv/lib/python3.12/site-packages/dbcounter.py:115}}
Jul 24 14:19:38.353964 np0000005837 nova-conductor[95847]: DEBUG dbcounter [-] [95847] Writing DB stats nova_cell0:SELECT=1,nova_cell0:UPDATE=1 {{(pid=95847) stat_writer /opt/stack/data/venv/lib/python3.12/site-packages/dbcounter.py:115}}
Jul 24 14:19:38.356171 np0000005837 nova-conductor[95838]: DEBUG dbcounter [-] [95838] Writing DB stats nova_cell0:SELECT=1,nova_cell0:UPDATE=1 {{(pid=95838) stat_writer /opt/stack/data/venv/lib/python3.12/site-packages/dbcounter.py:115}}
Jul 24 14:19:40.350922 np0000005837 nova-conductor[95838]: DEBUG oslo.service.backend._threading.loopingcall [None req-3e0d1db0-f560-4101-8f46-fb3aafad4448 None None] Dynamic interval looping call 'nova.service.Service.periodic_tasks' sleeping for 60.00 seconds {{(pid=95838) _run_loop /opt/stack/data/venv/lib/python3.12/site-packages/oslo_service/backend/_threading/loopingcall.py:125}}
Jul 24 14:19:42.344496 np0000005837 nova-conductor[95823]: DEBUG oslo.service.backend._threading.loopingcall [None req-51e755f1-b63c-4e7a-8823-9ccab0c9fade None None] Dynamic interval looping call 'nova.service.Service.periodic_tasks' sleeping for 60.00 seconds {{(pid=95823) _run_loop /opt/stack/data/venv/lib/python3.12/site-packages/oslo_service/backend/_threading/loopingcall.py:125}}
Jul 24 14:19:44.376264 np0000005837 nova-conductor[95823]: DEBUG oslo_db.sqlalchemy.engines [None req-fd2e1e01-437e-4fa5-93f0-b7f4b38e0de2 tempest-DeleteServersTestJSON-1772579386 tempest-DeleteServersTestJSON-1772579386-project-member] Parent process 94346 forked (95823) with an open database connection, which is being discarded and recreated. {{(pid=95823) checkout /opt/stack/data/venv/lib/python3.12/site-packages/oslo_db/sqlalchemy/engines.py:402}}
Jul 24 14:19:44.417294 np0000005837 nova-conductor[95823]: DEBUG dbcounter [-] [95823] Writer thread running {{(pid=95823) stat_writer /opt/stack/data/venv/lib/python3.12/site-packages/dbcounter.py:102}}
Jul 24 14:19:45.170270 np0000005837 nova-conductor[95823]: DEBUG nova.conductor.manager [None req-fd2e1e01-437e-4fa5-93f0-b7f4b38e0de2 tempest-DeleteServersTestJSON-1772579386 tempest-DeleteServersTestJSON-1772579386-project-member] Took 0.75 seconds to select destinations for 1 instance(s). {{(pid=95823) _schedule_instances /opt/stack/nova/nova/conductor/manager.py:968}}
Jul 24 14:19:45.199899 np0000005837 nova-conductor[95823]: DEBUG oslo_concurrency.lockutils [None req-fd2e1e01-437e-4fa5-93f0-b7f4b38e0de2 tempest-DeleteServersTestJSON-1772579386 tempest-DeleteServersTestJSON-1772579386-project-member] Acquiring lock "7736ed78-d5c0-47c7-9465-f69eb6bfbda1" by "nova.context.set_target_cell..get_or_set_cached_cell_and_set_connections" {{(pid=95823) inner /opt/stack/data/venv/lib/python3.12/site-packages/oslo_concurrency/lockutils.py:512}}
Jul 24 14:19:45.200119 np0000005837 nova-conductor[95823]: DEBUG oslo_concurrency.lockutils [None req-fd2e1e01-437e-4fa5-93f0-b7f4b38e0de2 tempest-DeleteServersTestJSON-1772579386 tempest-DeleteServersTestJSON-1772579386-project-member] Lock "7736ed78-d5c0-47c7-9465-f69eb6bfbda1" acquired by "nova.context.set_target_cell..get_or_set_cached_cell_and_set_connections" :: waited 0.001s {{(pid=95823) inner /opt/stack/data/venv/lib/python3.12/site-packages/oslo_concurrency/lockutils.py:525}}
Jul 24 14:19:45.201323 np0000005837 nova-conductor[95823]: DEBUG oslo_concurrency.lockutils [None req-fd2e1e01-437e-4fa5-93f0-b7f4b38e0de2 tempest-DeleteServersTestJSON-1772579386 tempest-DeleteServersTestJSON-1772579386-project-member] Lock "7736ed78-d5c0-47c7-9465-f69eb6bfbda1" "released" by "nova.context.set_target_cell..get_or_set_cached_cell_and_set_connections" :: held 0.001s {{(pid=95823) inner /opt/stack/data/venv/lib/python3.12/site-packages/oslo_concurrency/lockutils.py:544}}
Jul 24 14:19:45.202941 np0000005837 nova-conductor[95823]: INFO dbcounter [None req-fd2e1e01-437e-4fa5-93f0-b7f4b38e0de2 tempest-DeleteServersTestJSON-1772579386 tempest-DeleteServersTestJSON-1772579386-project-member] Registered counter for database nova_cell1
Jul 24 14:19:45.234907 np0000005837 nova-conductor[95823]: DEBUG oslo_db.sqlalchemy.engines [None req-fd2e1e01-437e-4fa5-93f0-b7f4b38e0de2 tempest-DeleteServersTestJSON-1772579386 tempest-DeleteServersTestJSON-1772579386-project-member] MySQL server mode set to STRICT_TRANS_TABLES,STRICT_ALL_TABLES,NO_ZERO_IN_DATE,NO_ZERO_DATE,ERROR_FOR_DIVISION_BY_ZERO,TRADITIONAL,NO_ENGINE_SUBSTITUTION {{(pid=95823) _check_effective_sql_mode /opt/stack/data/venv/lib/python3.12/site-packages/oslo_db/sqlalchemy/engines.py:325}}
Jul 24 14:19:45.240218 np0000005837 nova-conductor[95823]: DEBUG dbcounter [-] [95823] Writer thread running {{(pid=95823) stat_writer /opt/stack/data/venv/lib/python3.12/site-packages/dbcounter.py:102}}
Jul 24 14:19:45.292821 np0000005837 nova-conductor[95823]: INFO nova.utils [None req-fd2e1e01-437e-4fa5-93f0-b7f4b38e0de2 tempest-DeleteServersTestJSON-1772579386 tempest-DeleteServersTestJSON-1772579386-project-member] The cell worker thread pool ForkProcess-1.cell_worker is initialized
Jul 24 14:19:45.293008 np0000005837 nova-conductor[95823]: DEBUG oslo_concurrency.lockutils [None req-fd2e1e01-437e-4fa5-93f0-b7f4b38e0de2 tempest-DeleteServersTestJSON-1772579386 tempest-DeleteServersTestJSON-1772579386-project-member] Acquiring lock "00000000-0000-0000-0000-000000000000" by "nova.context.set_target_cell..get_or_set_cached_cell_and_set_connections" {{(pid=95823) inner /opt/stack/data/venv/lib/python3.12/site-packages/oslo_concurrency/lockutils.py:512}}
Jul 24 14:19:45.294086 np0000005837 nova-conductor[95823]: DEBUG oslo_concurrency.lockutils [None req-fd2e1e01-437e-4fa5-93f0-b7f4b38e0de2 tempest-DeleteServersTestJSON-1772579386 tempest-DeleteServersTestJSON-1772579386-project-member] Lock "00000000-0000-0000-0000-000000000000" acquired by "nova.context.set_target_cell..get_or_set_cached_cell_and_set_connections" :: waited 0.000s {{(pid=95823) inner /opt/stack/data/venv/lib/python3.12/site-packages/oslo_concurrency/lockutils.py:525}}
Jul 24 14:19:45.294086 np0000005837 nova-conductor[95823]: DEBUG oslo_concurrency.lockutils [None req-fd2e1e01-437e-4fa5-93f0-b7f4b38e0de2 tempest-DeleteServersTestJSON-1772579386 tempest-DeleteServersTestJSON-1772579386-project-member] Lock "00000000-0000-0000-0000-000000000000" "released" by "nova.context.set_target_cell..get_or_set_cached_cell_and_set_connections" :: held 0.000s {{(pid=95823) inner /opt/stack/data/venv/lib/python3.12/site-packages/oslo_concurrency/lockutils.py:544}}
Jul 24 14:19:45.294086 np0000005837 nova-conductor[95823]: DEBUG oslo_concurrency.lockutils [None req-fd2e1e01-437e-4fa5-93f0-b7f4b38e0de2 tempest-DeleteServersTestJSON-1772579386 tempest-DeleteServersTestJSON-1772579386-project-member] Acquiring lock "7736ed78-d5c0-47c7-9465-f69eb6bfbda1" by "nova.context.set_target_cell..get_or_set_cached_cell_and_set_connections" {{(pid=95823) inner /opt/stack/data/venv/lib/python3.12/site-packages/oslo_concurrency/lockutils.py:512}}
Jul 24 14:19:45.295011 np0000005837 nova-conductor[95823]: INFO dbcounter [None req-fd2e1e01-437e-4fa5-93f0-b7f4b38e0de2 tempest-DeleteServersTestJSON-1772579386 tempest-DeleteServersTestJSON-1772579386-project-member] Registered counter for database nova_cell0
Jul 24 14:19:45.296101 np0000005837 nova-conductor[95823]: DEBUG oslo_concurrency.lockutils [None req-fd2e1e01-437e-4fa5-93f0-b7f4b38e0de2 tempest-DeleteServersTestJSON-1772579386 tempest-DeleteServersTestJSON-1772579386-project-member] Lock "7736ed78-d5c0-47c7-9465-f69eb6bfbda1" acquired by "nova.context.set_target_cell..get_or_set_cached_cell_and_set_connections" :: waited 0.001s {{(pid=95823) inner /opt/stack/data/venv/lib/python3.12/site-packages/oslo_concurrency/lockutils.py:525}}
Jul 24 14:19:45.296224 np0000005837 nova-conductor[95823]: DEBUG oslo_concurrency.lockutils [None req-fd2e1e01-437e-4fa5-93f0-b7f4b38e0de2 tempest-DeleteServersTestJSON-1772579386 tempest-DeleteServersTestJSON-1772579386-project-member] Lock "7736ed78-d5c0-47c7-9465-f69eb6bfbda1" "released" by "nova.context.set_target_cell..get_or_set_cached_cell_and_set_connections" :: held 0.001s {{(pid=95823) inner /opt/stack/data/venv/lib/python3.12/site-packages/oslo_concurrency/lockutils.py:544}}
Jul 24 14:19:45.333683 np0000005837 nova-conductor[95823]: DEBUG oslo_db.sqlalchemy.engines [None req-fd2e1e01-437e-4fa5-93f0-b7f4b38e0de2 tempest-DeleteServersTestJSON-1772579386 tempest-DeleteServersTestJSON-1772579386-project-member] MySQL server mode set to STRICT_TRANS_TABLES,STRICT_ALL_TABLES,NO_ZERO_IN_DATE,NO_ZERO_DATE,ERROR_FOR_DIVISION_BY_ZERO,TRADITIONAL,NO_ENGINE_SUBSTITUTION {{(pid=95823) _check_effective_sql_mode /opt/stack/data/venv/lib/python3.12/site-packages/oslo_db/sqlalchemy/engines.py:325}}
Jul 24 14:19:45.339666 np0000005837 nova-conductor[95823]: DEBUG dbcounter [-] [95823] Writer thread running {{(pid=95823) stat_writer /opt/stack/data/venv/lib/python3.12/site-packages/dbcounter.py:102}}
Jul 24 14:19:45.349057 np0000005837 nova-conductor[95823]: DEBUG nova.quota [None req-fd2e1e01-437e-4fa5-93f0-b7f4b38e0de2 tempest-DeleteServersTestJSON-1772579386 tempest-DeleteServersTestJSON-1772579386-project-member] Getting quotas for project 89b906c5a77a4df8955859f09ad5e29f. Resources: {'ram', 'cores', 'instances'} {{(pid=95823) _get_quotas /opt/stack/nova/nova/quota.py:389}}
Jul 24 14:19:45.352660 np0000005837 nova-conductor[95823]: DEBUG nova.quota [None req-fd2e1e01-437e-4fa5-93f0-b7f4b38e0de2 tempest-DeleteServersTestJSON-1772579386 tempest-DeleteServersTestJSON-1772579386-project-member] Getting quotas for user 27ff16ce3be04b17ae0a68342f831885 and project 89b906c5a77a4df8955859f09ad5e29f. Resources: {'ram', 'cores', 'instances'} {{(pid=95823) _get_quotas /opt/stack/nova/nova/quota.py:379}}
Jul 24 14:19:45.358157 np0000005837 nova-conductor[95823]: DEBUG nova.conductor.manager [None req-fd2e1e01-437e-4fa5-93f0-b7f4b38e0de2 tempest-DeleteServersTestJSON-1772579386 tempest-DeleteServersTestJSON-1772579386-project-member] [instance: ec25a132-c3e2-49f7-b356-a1c96d13aa97] Selected host: np0000005837; Selected node: np0000005837; Alternates: [] {{(pid=95823) schedule_and_build_instances /opt/stack/nova/nova/conductor/manager.py:1784}}
Jul 24 14:19:45.358526 np0000005837 nova-conductor[95823]: DEBUG oslo_concurrency.lockutils [None req-fd2e1e01-437e-4fa5-93f0-b7f4b38e0de2 tempest-DeleteServersTestJSON-1772579386 tempest-DeleteServersTestJSON-1772579386-project-member] Acquiring lock "7736ed78-d5c0-47c7-9465-f69eb6bfbda1" by "nova.context.set_target_cell..get_or_set_cached_cell_and_set_connections" {{(pid=95823) inner /opt/stack/data/venv/lib/python3.12/site-packages/oslo_concurrency/lockutils.py:512}}
Jul 24 14:19:45.358769 np0000005837 nova-conductor[95823]: DEBUG oslo_concurrency.lockutils [None req-fd2e1e01-437e-4fa5-93f0-b7f4b38e0de2 tempest-DeleteServersTestJSON-1772579386 tempest-DeleteServersTestJSON-1772579386-project-member] Lock "7736ed78-d5c0-47c7-9465-f69eb6bfbda1" acquired by "nova.context.set_target_cell..get_or_set_cached_cell_and_set_connections" :: waited 0.000s {{(pid=95823) inner /opt/stack/data/venv/lib/python3.12/site-packages/oslo_concurrency/lockutils.py:525}}
Jul 24 14:19:45.358933 np0000005837 nova-conductor[95823]: DEBUG oslo_concurrency.lockutils [None req-fd2e1e01-437e-4fa5-93f0-b7f4b38e0de2 tempest-DeleteServersTestJSON-1772579386 tempest-DeleteServersTestJSON-1772579386-project-member] Lock "7736ed78-d5c0-47c7-9465-f69eb6bfbda1" "released" by "nova.context.set_target_cell..get_or_set_cached_cell_and_set_connections" :: held 0.000s {{(pid=95823) inner /opt/stack/data/venv/lib/python3.12/site-packages/oslo_concurrency/lockutils.py:544}}
Jul 24 14:19:45.369893 np0000005837 nova-conductor[95823]: DEBUG nova.conductor.manager [None req-fd2e1e01-437e-4fa5-93f0-b7f4b38e0de2 tempest-DeleteServersTestJSON-1772579386 tempest-DeleteServersTestJSON-1772579386-project-member] [instance: ec25a132-c3e2-49f7-b356-a1c96d13aa97] block_device_mapping [BlockDeviceMapping(attachment_id=,boot_index=0,connection_info=None,created_at=,delete_on_termination=True,deleted=,deleted_at=,destination_type='local',device_name=None,device_type='disk',disk_bus=None,encrypted=False,encryption_format=None,encryption_options=None,encryption_secret_uuid=None,guest_format=None,id=,image_id='c1530d11-c669-402b-864d-c8788e6bade5',instance=,instance_uuid=,no_device=False,snapshot_id=None,source_type='image',tag=None,updated_at=,uuid=,volume_id=None,volume_size=None,volume_type=None)] {{(pid=95823) _create_block_device_mapping /opt/stack/nova/nova/conductor/manager.py:1529}}
Jul 24 14:19:45.371261 np0000005837 nova-conductor[95823]: DEBUG oslo_concurrency.lockutils [None req-fd2e1e01-437e-4fa5-93f0-b7f4b38e0de2 tempest-DeleteServersTestJSON-1772579386 tempest-DeleteServersTestJSON-1772579386-project-member] Acquiring lock "7736ed78-d5c0-47c7-9465-f69eb6bfbda1" by "nova.context.set_target_cell..get_or_set_cached_cell_and_set_connections" {{(pid=95823) inner /opt/stack/data/venv/lib/python3.12/site-packages/oslo_concurrency/lockutils.py:512}}
Jul 24 14:19:45.371432 np0000005837 nova-conductor[95823]: DEBUG oslo_concurrency.lockutils [None req-fd2e1e01-437e-4fa5-93f0-b7f4b38e0de2 tempest-DeleteServersTestJSON-1772579386 tempest-DeleteServersTestJSON-1772579386-project-member] Lock "7736ed78-d5c0-47c7-9465-f69eb6bfbda1" acquired by "nova.context.set_target_cell..get_or_set_cached_cell_and_set_connections" :: waited 0.000s {{(pid=95823) inner /opt/stack/data/venv/lib/python3.12/site-packages/oslo_concurrency/lockutils.py:525}}
Jul 24 14:19:45.371606 np0000005837 nova-conductor[95823]: DEBUG oslo_concurrency.lockutils [None req-fd2e1e01-437e-4fa5-93f0-b7f4b38e0de2 tempest-DeleteServersTestJSON-1772579386 tempest-DeleteServersTestJSON-1772579386-project-member] Lock "7736ed78-d5c0-47c7-9465-f69eb6bfbda1" "released" by "nova.context.set_target_cell..get_or_set_cached_cell_and_set_connections" :: held 0.000s {{(pid=95823) inner /opt/stack/data/venv/lib/python3.12/site-packages/oslo_concurrency/lockutils.py:544}}
Jul 24 14:19:45.408235 np0000005837 nova-conductor[95823]: DEBUG oslo_concurrency.lockutils [None req-fd2e1e01-437e-4fa5-93f0-b7f4b38e0de2 tempest-DeleteServersTestJSON-1772579386 tempest-DeleteServersTestJSON-1772579386-project-member] Acquiring lock "7736ed78-d5c0-47c7-9465-f69eb6bfbda1" by "nova.context.set_target_cell..get_or_set_cached_cell_and_set_connections" {{(pid=95823) inner /opt/stack/data/venv/lib/python3.12/site-packages/oslo_concurrency/lockutils.py:512}}
Jul 24 14:19:45.408735 np0000005837 nova-conductor[95823]: DEBUG oslo_concurrency.lockutils [None req-fd2e1e01-437e-4fa5-93f0-b7f4b38e0de2 tempest-DeleteServersTestJSON-1772579386 tempest-DeleteServersTestJSON-1772579386-project-member] Lock "7736ed78-d5c0-47c7-9465-f69eb6bfbda1" acquired by "nova.context.set_target_cell..get_or_set_cached_cell_and_set_connections" :: waited 0.000s {{(pid=95823) inner /opt/stack/data/venv/lib/python3.12/site-packages/oslo_concurrency/lockutils.py:525}}
Jul 24 14:19:45.408735 np0000005837 nova-conductor[95823]: DEBUG oslo_concurrency.lockutils [None req-fd2e1e01-437e-4fa5-93f0-b7f4b38e0de2 tempest-DeleteServersTestJSON-1772579386 tempest-DeleteServersTestJSON-1772579386-project-member] Lock "7736ed78-d5c0-47c7-9465-f69eb6bfbda1" "released" by "nova.context.set_target_cell..get_or_set_cached_cell_and_set_connections" :: held 0.000s {{(pid=95823) inner /opt/stack/data/venv/lib/python3.12/site-packages/oslo_concurrency/lockutils.py:544}}
Jul 24 14:19:45.408945 np0000005837 nova-conductor[95823]: DEBUG oslo_concurrency.lockutils [None req-fd2e1e01-437e-4fa5-93f0-b7f4b38e0de2 tempest-DeleteServersTestJSON-1772579386 tempest-DeleteServersTestJSON-1772579386-project-member] Acquiring lock "compute-rpcapi-router" {{(pid=95823) lock /opt/stack/data/venv/lib/python3.12/site-packages/oslo_concurrency/lockutils.py:396}}
Jul 24 14:19:45.409001 np0000005837 nova-conductor[95823]: DEBUG oslo_concurrency.lockutils [None req-fd2e1e01-437e-4fa5-93f0-b7f4b38e0de2 tempest-DeleteServersTestJSON-1772579386 tempest-DeleteServersTestJSON-1772579386-project-member] Acquired lock "compute-rpcapi-router" {{(pid=95823) lock /opt/stack/data/venv/lib/python3.12/site-packages/oslo_concurrency/lockutils.py:399}}
Jul 24 14:19:45.409284 np0000005837 nova-conductor[95823]: DEBUG oslo_concurrency.lockutils [None req-e2ceb814-630b-4106-b756-12cf353cc78b None None] Acquiring lock "00000000-0000-0000-0000-000000000000" by "nova.context.set_target_cell..get_or_set_cached_cell_and_set_connections" {{(pid=95823) inner /opt/stack/data/venv/lib/python3.12/site-packages/oslo_concurrency/lockutils.py:512}}
Jul 24 14:19:45.409391 np0000005837 nova-conductor[95823]: DEBUG oslo_concurrency.lockutils [None req-e2ceb814-630b-4106-b756-12cf353cc78b None None] Lock "00000000-0000-0000-0000-000000000000" acquired by "nova.context.set_target_cell..get_or_set_cached_cell_and_set_connections" :: waited 0.000s {{(pid=95823) inner /opt/stack/data/venv/lib/python3.12/site-packages/oslo_concurrency/lockutils.py:525}}
Jul 24 14:19:45.409485 np0000005837 nova-conductor[95823]: DEBUG oslo_concurrency.lockutils [None req-e2ceb814-630b-4106-b756-12cf353cc78b None None] Lock "00000000-0000-0000-0000-000000000000" "released" by "nova.context.set_target_cell..get_or_set_cached_cell_and_set_connections" :: held 0.000s {{(pid=95823) inner /opt/stack/data/venv/lib/python3.12/site-packages/oslo_concurrency/lockutils.py:544}}
Jul 24 14:19:45.411282 np0000005837 nova-conductor[95823]: DEBUG oslo_concurrency.lockutils [None req-e2ceb814-630b-4106-b756-12cf353cc78b None None] Acquiring lock "7736ed78-d5c0-47c7-9465-f69eb6bfbda1" by "nova.context.set_target_cell..get_or_set_cached_cell_and_set_connections" {{(pid=95823) inner /opt/stack/data/venv/lib/python3.12/site-packages/oslo_concurrency/lockutils.py:512}}
Jul 24 14:19:45.411282 np0000005837 nova-conductor[95823]: DEBUG oslo_concurrency.lockutils [None req-e2ceb814-630b-4106-b756-12cf353cc78b None None] Lock "7736ed78-d5c0-47c7-9465-f69eb6bfbda1" acquired by "nova.context.set_target_cell..get_or_set_cached_cell_and_set_connections" :: waited 0.001s {{(pid=95823) inner /opt/stack/data/venv/lib/python3.12/site-packages/oslo_concurrency/lockutils.py:525}}
Jul 24 14:19:45.411282 np0000005837 nova-conductor[95823]: DEBUG oslo_concurrency.lockutils [None req-e2ceb814-630b-4106-b756-12cf353cc78b None None] Lock "7736ed78-d5c0-47c7-9465-f69eb6bfbda1" "released" by "nova.context.set_target_cell..get_or_set_cached_cell_and_set_connections" :: held 0.000s {{(pid=95823) inner /opt/stack/data/venv/lib/python3.12/site-packages/oslo_concurrency/lockutils.py:544}}
Jul 24 14:19:45.417582 np0000005837 nova-conductor[95823]: INFO nova.compute.rpcapi [None req-e2ceb814-630b-4106-b756-12cf353cc78b None None] Automatically selected compute RPC version 6.5 from minimum service version 72
Jul 24 14:19:45.417952 np0000005837 nova-conductor[95823]: DEBUG oslo_concurrency.lockutils [None req-e2ceb814-630b-4106-b756-12cf353cc78b None None] Releasing lock "compute-rpcapi-router" {{(pid=95823) lock /opt/stack/data/venv/lib/python3.12/site-packages/oslo_concurrency/lockutils.py:419}}
Jul 24 14:19:46.581734 np0000005837 nova-conductor[95838]: DEBUG dbcounter [-] [95838] Writer thread running {{(pid=95838) stat_writer /opt/stack/data/venv/lib/python3.12/site-packages/dbcounter.py:102}}
Jul 24 14:19:47.011193 np0000005837 nova-conductor[95838]: DEBUG nova.conductor.manager [None req-9ded6f61-9d50-4849-94e7-95448ded9a4f tempest-ServerRescueNegativeTestJSON-798137417 tempest-ServerRescueNegativeTestJSON-798137417-project-member] Took 0.42 seconds to select destinations for 1 instance(s). {{(pid=95838) _schedule_instances /opt/stack/nova/nova/conductor/manager.py:968}}
Jul 24 14:19:47.042539 np0000005837 nova-conductor[95838]: DEBUG oslo_concurrency.lockutils [None req-9ded6f61-9d50-4849-94e7-95448ded9a4f tempest-ServerRescueNegativeTestJSON-798137417 tempest-ServerRescueNegativeTestJSON-798137417-project-member] Acquiring lock "7736ed78-d5c0-47c7-9465-f69eb6bfbda1" by "nova.context.set_target_cell..get_or_set_cached_cell_and_set_connections" {{(pid=95838) inner /opt/stack/data/venv/lib/python3.12/site-packages/oslo_concurrency/lockutils.py:512}}
Jul 24 14:19:47.042539 np0000005837 nova-conductor[95838]: DEBUG oslo_concurrency.lockutils [None req-9ded6f61-9d50-4849-94e7-95448ded9a4f tempest-ServerRescueNegativeTestJSON-798137417 tempest-ServerRescueNegativeTestJSON-798137417-project-member] Lock "7736ed78-d5c0-47c7-9465-f69eb6bfbda1" acquired by "nova.context.set_target_cell..get_or_set_cached_cell_and_set_connections" :: waited 0.000s {{(pid=95838) inner /opt/stack/data/venv/lib/python3.12/site-packages/oslo_concurrency/lockutils.py:525}}
Jul 24 14:19:47.043822 np0000005837 nova-conductor[95838]: DEBUG oslo_concurrency.lockutils [None req-9ded6f61-9d50-4849-94e7-95448ded9a4f tempest-ServerRescueNegativeTestJSON-798137417 tempest-ServerRescueNegativeTestJSON-798137417-project-member] Lock "7736ed78-d5c0-47c7-9465-f69eb6bfbda1" "released" by "nova.context.set_target_cell..get_or_set_cached_cell_and_set_connections" :: held 0.001s {{(pid=95838) inner /opt/stack/data/venv/lib/python3.12/site-packages/oslo_concurrency/lockutils.py:544}}
Jul 24 14:19:47.045878 np0000005837 nova-conductor[95838]: INFO dbcounter [None req-9ded6f61-9d50-4849-94e7-95448ded9a4f tempest-ServerRescueNegativeTestJSON-798137417 tempest-ServerRescueNegativeTestJSON-798137417-project-member] Registered counter for database nova_cell1
Jul 24 14:19:47.083134 np0000005837 nova-conductor[95838]: DEBUG oslo_db.sqlalchemy.engines [None req-9ded6f61-9d50-4849-94e7-95448ded9a4f tempest-ServerRescueNegativeTestJSON-798137417 tempest-ServerRescueNegativeTestJSON-798137417-project-member] MySQL server mode set to STRICT_TRANS_TABLES,STRICT_ALL_TABLES,NO_ZERO_IN_DATE,NO_ZERO_DATE,ERROR_FOR_DIVISION_BY_ZERO,TRADITIONAL,NO_ENGINE_SUBSTITUTION {{(pid=95838) _check_effective_sql_mode /opt/stack/data/venv/lib/python3.12/site-packages/oslo_db/sqlalchemy/engines.py:325}}
Jul 24 14:19:47.088461 np0000005837 nova-conductor[95838]: DEBUG dbcounter [-] [95838] Writer thread running {{(pid=95838) stat_writer /opt/stack/data/venv/lib/python3.12/site-packages/dbcounter.py:102}}
Jul 24 14:19:47.163853 np0000005837 nova-conductor[95838]: INFO nova.utils [None req-9ded6f61-9d50-4849-94e7-95448ded9a4f tempest-ServerRescueNegativeTestJSON-798137417 tempest-ServerRescueNegativeTestJSON-798137417-project-member] The cell worker thread pool ForkProcess-2.cell_worker is initialized
Jul 24 14:19:47.164018 np0000005837 nova-conductor[95838]: DEBUG oslo_concurrency.lockutils [None req-9ded6f61-9d50-4849-94e7-95448ded9a4f tempest-ServerRescueNegativeTestJSON-798137417 tempest-ServerRescueNegativeTestJSON-798137417-project-member] Acquiring lock "00000000-0000-0000-0000-000000000000" by "nova.context.set_target_cell..get_or_set_cached_cell_and_set_connections" {{(pid=95838) inner /opt/stack/data/venv/lib/python3.12/site-packages/oslo_concurrency/lockutils.py:512}}
Jul 24 14:19:47.164135 np0000005837 nova-conductor[95838]: DEBUG oslo_concurrency.lockutils [None req-9ded6f61-9d50-4849-94e7-95448ded9a4f tempest-ServerRescueNegativeTestJSON-798137417 tempest-ServerRescueNegativeTestJSON-798137417-project-member] Lock "00000000-0000-0000-0000-000000000000" acquired by "nova.context.set_target_cell..get_or_set_cached_cell_and_set_connections" :: waited 0.000s {{(pid=95838) inner /opt/stack/data/venv/lib/python3.12/site-packages/oslo_concurrency/lockutils.py:525}}
Jul 24 14:19:47.164456 np0000005837 nova-conductor[95838]: DEBUG oslo_concurrency.lockutils [None req-9ded6f61-9d50-4849-94e7-95448ded9a4f tempest-ServerRescueNegativeTestJSON-798137417 tempest-ServerRescueNegativeTestJSON-798137417-project-member] Lock "00000000-0000-0000-0000-000000000000" "released" by "nova.context.set_target_cell..get_or_set_cached_cell_and_set_connections" :: held 0.000s {{(pid=95838) inner /opt/stack/data/venv/lib/python3.12/site-packages/oslo_concurrency/lockutils.py:544}}
Jul 24 14:19:47.165060 np0000005837 nova-conductor[95838]: DEBUG oslo_concurrency.lockutils [None req-9ded6f61-9d50-4849-94e7-95448ded9a4f tempest-ServerRescueNegativeTestJSON-798137417 tempest-ServerRescueNegativeTestJSON-798137417-project-member] Acquiring lock "7736ed78-d5c0-47c7-9465-f69eb6bfbda1" by "nova.context.set_target_cell..get_or_set_cached_cell_and_set_connections" {{(pid=95838) inner /opt/stack/data/venv/lib/python3.12/site-packages/oslo_concurrency/lockutils.py:512}}
Jul 24 14:19:47.165213 np0000005837 nova-conductor[95838]: DEBUG oslo_concurrency.lockutils [None req-9ded6f61-9d50-4849-94e7-95448ded9a4f tempest-ServerRescueNegativeTestJSON-798137417 tempest-ServerRescueNegativeTestJSON-798137417-project-member] Lock "7736ed78-d5c0-47c7-9465-f69eb6bfbda1" acquired by "nova.context.set_target_cell..get_or_set_cached_cell_and_set_connections" :: waited 0.000s {{(pid=95838) inner /opt/stack/data/venv/lib/python3.12/site-packages/oslo_concurrency/lockutils.py:525}}
Jul 24 14:19:47.165322 np0000005837 nova-conductor[95838]: DEBUG oslo_concurrency.lockutils [None req-9ded6f61-9d50-4849-94e7-95448ded9a4f tempest-ServerRescueNegativeTestJSON-798137417 tempest-ServerRescueNegativeTestJSON-798137417-project-member] Lock "7736ed78-d5c0-47c7-9465-f69eb6bfbda1" "released" by "nova.context.set_target_cell..get_or_set_cached_cell_and_set_connections" :: held 0.000s {{(pid=95838) inner /opt/stack/data/venv/lib/python3.12/site-packages/oslo_concurrency/lockutils.py:544}}
Jul 24 14:19:47.167296 np0000005837 nova-conductor[95838]: INFO dbcounter [None req-9ded6f61-9d50-4849-94e7-95448ded9a4f tempest-ServerRescueNegativeTestJSON-798137417 tempest-ServerRescueNegativeTestJSON-798137417-project-member] Registered counter for database nova_cell0
