Jun 18 13:04:15.936892 np0000003137 devstack@g-api.service[98810]: [pid: 98810|app: 0|req: 149/292] 127.0.0.1 () {46 vars in 1154 bytes} [Thu Jun 18 13:04:15 2026] PATCH /v2/images/e402df0b-4ae3-4298-a9cb-457bb2fb0d27 => generated 1468 bytes in 171 msecs (HTTP/1.1 200) 4 headers in 158 bytes (1 switches on core 0)
Jun 18 13:04:15.984890 np0000003137 devstack@g-api.service[98811]: DEBUG glance.api.middleware.version_negotiation [None req-562e32f6-3f12-4b8b-9f0e-977a84cae76a tempest-ServerBootFromVolumeStableRescueTest-907401414 tempest-ServerBootFromVolumeStableRescueTest-907401414-project-member] Determining version of request: GET /v2/images/e402df0b-4ae3-4298-a9cb-457bb2fb0d27 Accept: */* {{(pid=98811) process_request /opt/stack/glance/glance/api/middleware/version_negotiation.py:44}}
Jun 18 13:04:15.984890 np0000003137 devstack@g-api.service[98811]: DEBUG glance.api.middleware.version_negotiation [None req-562e32f6-3f12-4b8b-9f0e-977a84cae76a tempest-ServerBootFromVolumeStableRescueTest-907401414 tempest-ServerBootFromVolumeStableRescueTest-907401414-project-member] Using url versioning {{(pid=98811) process_request /opt/stack/glance/glance/api/middleware/version_negotiation.py:57}}
Jun 18 13:04:15.984890 np0000003137 devstack@g-api.service[98811]: DEBUG glance.api.middleware.version_negotiation [None req-562e32f6-3f12-4b8b-9f0e-977a84cae76a tempest-ServerBootFromVolumeStableRescueTest-907401414 tempest-ServerBootFromVolumeStableRescueTest-907401414-project-member] Matched version: v2 {{(pid=98811) process_request /opt/stack/glance/glance/api/middleware/version_negotiation.py:69}}
Jun 18 13:04:15.984890 np0000003137 devstack@g-api.service[98811]: DEBUG glance.api.middleware.version_negotiation [None req-562e32f6-3f12-4b8b-9f0e-977a84cae76a tempest-ServerBootFromVolumeStableRescueTest-907401414 tempest-ServerBootFromVolumeStableRescueTest-907401414-project-member] new path /v2/images/e402df0b-4ae3-4298-a9cb-457bb2fb0d27 {{(pid=98811) process_request /opt/stack/glance/glance/api/middleware/version_negotiation.py:70}}
Jun 18 13:04:15.985367 np0000003137 devstack@g-api.service[98810]: DEBUG glance.api.middleware.version_negotiation [None req-562e32f6-3f12-4b8b-9f0e-977a84cae76a tempest-ServerBootFromVolumeStableRescueTest-907401414 tempest-ServerBootFromVolumeStableRescueTest-907401414-project-member] Determining version of request: GET /v2/images/e402df0b-4ae3-4298-a9cb-457bb2fb0d27 Accept: application/json {{(pid=98810) process_request /opt/stack/glance/glance/api/middleware/version_negotiation.py:44}}
Jun 18 13:04:15.985759 np0000003137 devstack@g-api.service[98810]: DEBUG glance.api.middleware.version_negotiation [None req-562e32f6-3f12-4b8b-9f0e-977a84cae76a tempest-ServerBootFromVolumeStableRescueTest-907401414 tempest-ServerBootFromVolumeStableRescueTest-907401414-project-member] Using url versioning {{(pid=98810) process_request /opt/stack/glance/glance/api/middleware/version_negotiation.py:57}}
Jun 18 13:04:15.985917 np0000003137 devstack@g-api.service[98810]: DEBUG glance.api.middleware.version_negotiation [None req-562e32f6-3f12-4b8b-9f0e-977a84cae76a tempest-ServerBootFromVolumeStableRescueTest-907401414 tempest-ServerBootFromVolumeStableRescueTest-907401414-project-member] Matched version: v2 {{(pid=98810) process_request /opt/stack/glance/glance/api/middleware/version_negotiation.py:69}}
Jun 18 13:04:15.986180 np0000003137 devstack@g-api.service[98810]: DEBUG glance.api.middleware.version_negotiation [None req-562e32f6-3f12-4b8b-9f0e-977a84cae76a tempest-ServerBootFromVolumeStableRescueTest-907401414 tempest-ServerBootFromVolumeStableRescueTest-907401414-project-member] new path /v2/images/e402df0b-4ae3-4298-a9cb-457bb2fb0d27 {{(pid=98810) process_request /opt/stack/glance/glance/api/middleware/version_negotiation.py:70}}
Jun 18 13:04:15.999001 np0000003137 devstack@g-api.service[98810]: [pid: 98810|app: 0|req: 150/293] 127.0.0.1 () {40 vars in 834 bytes} [Thu Jun 18 13:04:15 2026] GET /v2/images/e402df0b-4ae3-4298-a9cb-457bb2fb0d27 => generated 1468 bytes in 14 msecs (HTTP/1.1 200) 4 headers in 158 bytes (1 switches on core 0)
Jun 18 13:04:16.005307 np0000003137 devstack@g-api.service[98811]: [pid: 98811|app: 0|req: 144/294] 127.0.0.1 () {44 vars in 1111 bytes} [Thu Jun 18 13:04:15 2026] GET /v2/images/e402df0b-4ae3-4298-a9cb-457bb2fb0d27 => generated 1468 bytes in 21 msecs (HTTP/1.1 200) 4 headers in 158 bytes (1 switches on core 0)
Jun 18 13:04:16.036803 np0000003137 devstack@g-api.service[98810]: DEBUG glance.api.middleware.version_negotiation [None req-f64e9103-0732-453c-92c7-577e33be77a9 tempest-ServerBootFromVolumeStableRescueTest-907401414 tempest-ServerBootFromVolumeStableRescueTest-907401414-project-member] Determining version of request: PUT /v2/images/e402df0b-4ae3-4298-a9cb-457bb2fb0d27/file Accept: */* {{(pid=98810) process_request /opt/stack/glance/glance/api/middleware/version_negotiation.py:44}}
Jun 18 13:04:16.037043 np0000003137 devstack@g-api.service[98810]: DEBUG glance.api.middleware.version_negotiation [None req-f64e9103-0732-453c-92c7-577e33be77a9 tempest-ServerBootFromVolumeStableRescueTest-907401414 tempest-ServerBootFromVolumeStableRescueTest-907401414-project-member] Using url versioning {{(pid=98810) process_request /opt/stack/glance/glance/api/middleware/version_negotiation.py:57}}
Jun 18 13:04:16.037373 np0000003137 devstack@g-api.service[98810]: DEBUG glance.api.middleware.version_negotiation [None req-f64e9103-0732-453c-92c7-577e33be77a9 tempest-ServerBootFromVolumeStableRescueTest-907401414 tempest-ServerBootFromVolumeStableRescueTest-907401414-project-member] Matched version: v2 {{(pid=98810) process_request /opt/stack/glance/glance/api/middleware/version_negotiation.py:69}}
Jun 18 13:04:16.037469 np0000003137 devstack@g-api.service[98810]: DEBUG glance.api.middleware.version_negotiation [None req-f64e9103-0732-453c-92c7-577e33be77a9 tempest-ServerBootFromVolumeStableRescueTest-907401414 tempest-ServerBootFromVolumeStableRescueTest-907401414-project-member] new path /v2/images/e402df0b-4ae3-4298-a9cb-457bb2fb0d27/file {{(pid=98810) process_request /opt/stack/glance/glance/api/middleware/version_negotiation.py:70}}
Jun 18 13:04:17.011686 np0000003137 devstack@g-api.service[98811]: DEBUG glance.api.middleware.version_negotiation [None req-562e32f6-3f12-4b8b-9f0e-977a84cae76a tempest-ServerBootFromVolumeStableRescueTest-907401414 tempest-ServerBootFromVolumeStableRescueTest-907401414-project-member] Determining version of request: GET /v2/images/e402df0b-4ae3-4298-a9cb-457bb2fb0d27 Accept: application/json {{(pid=98811) process_request /opt/stack/glance/glance/api/middleware/version_negotiation.py:44}}
Jun 18 13:04:17.011686 np0000003137 devstack@g-api.service[98811]: DEBUG glance.api.middleware.version_negotiation [None req-562e32f6-3f12-4b8b-9f0e-977a84cae76a tempest-ServerBootFromVolumeStableRescueTest-907401414 tempest-ServerBootFromVolumeStableRescueTest-907401414-project-member] Using url versioning {{(pid=98811) process_request /opt/stack/glance/glance/api/middleware/version_negotiation.py:57}}
Jun 18 13:04:17.012258 np0000003137 devstack@g-api.service[98811]: DEBUG glance.api.middleware.version_negotiation [None req-562e32f6-3f12-4b8b-9f0e-977a84cae76a tempest-ServerBootFromVolumeStableRescueTest-907401414 tempest-ServerBootFromVolumeStableRescueTest-907401414-project-member] Matched version: v2 {{(pid=98811) process_request /opt/stack/glance/glance/api/middleware/version_negotiation.py:69}}
Jun 18 13:04:17.012258 np0000003137 devstack@g-api.service[98811]: DEBUG glance.api.middleware.version_negotiation [None req-562e32f6-3f12-4b8b-9f0e-977a84cae76a tempest-ServerBootFromVolumeStableRescueTest-907401414 tempest-ServerBootFromVolumeStableRescueTest-907401414-project-member] new path /v2/images/e402df0b-4ae3-4298-a9cb-457bb2fb0d27 {{(pid=98811) process_request /opt/stack/glance/glance/api/middleware/version_negotiation.py:70}}
Jun 18 13:04:17.034822 np0000003137 devstack@g-api.service[98811]: [pid: 98811|app: 0|req: 145/295] 127.0.0.1 () {40 vars in 834 bytes} [Thu Jun 18 13:04:17 2026] GET /v2/images/e402df0b-4ae3-4298-a9cb-457bb2fb0d27 => generated 1468 bytes in 24 msecs (HTTP/1.1 200) 4 headers in 158 bytes (1 switches on core 0)
Jun 18 13:04:17.068549 np0000003137 devstack@g-api.service[98810]: INFO glance.api.v2.image_data [None req-562e32f6-3f12-4b8b-9f0e-977a84cae76a tempest-ServerBootFromVolumeStableRescueTest-907401414 tempest-ServerBootFromVolumeStableRescueTest-907401414-project-member] Unable to create trust: no such option collect_timing in group [keystone_authtoken] Use the existing user token.
Jun 18 13:04:18.054216 np0000003137 devstack@g-api.service[98811]: DEBUG glance.api.middleware.version_negotiation [None req-9058b8f5-5aa5-466e-8ced-586f8c70f4ff tempest-ServerBootFromVolumeStableRescueTest-907401414 tempest-ServerBootFromVolumeStableRescueTest-907401414-project-member] Determining version of request: GET /v2/images/e402df0b-4ae3-4298-a9cb-457bb2fb0d27 Accept: application/json {{(pid=98811) process_request /opt/stack/glance/glance/api/middleware/version_negotiation.py:44}}
Jun 18 13:04:18.054675 np0000003137 devstack@g-api.service[98811]: DEBUG glance.api.middleware.version_negotiation [None req-9058b8f5-5aa5-466e-8ced-586f8c70f4ff tempest-ServerBootFromVolumeStableRescueTest-907401414 tempest-ServerBootFromVolumeStableRescueTest-907401414-project-member] Using url versioning {{(pid=98811) process_request /opt/stack/glance/glance/api/middleware/version_negotiation.py:57}}
Jun 18 13:04:18.054675 np0000003137 devstack@g-api.service[98811]: DEBUG glance.api.middleware.version_negotiation [None req-9058b8f5-5aa5-466e-8ced-586f8c70f4ff tempest-ServerBootFromVolumeStableRescueTest-907401414 tempest-ServerBootFromVolumeStableRescueTest-907401414-project-member] Matched version: v2 {{(pid=98811) process_request /opt/stack/glance/glance/api/middleware/version_negotiation.py:69}}
Jun 18 13:04:18.054675 np0000003137 devstack@g-api.service[98811]: DEBUG glance.api.middleware.version_negotiation [None req-9058b8f5-5aa5-466e-8ced-586f8c70f4ff tempest-ServerBootFromVolumeStableRescueTest-907401414 tempest-ServerBootFromVolumeStableRescueTest-907401414-project-member] new path /v2/images/e402df0b-4ae3-4298-a9cb-457bb2fb0d27 {{(pid=98811) process_request /opt/stack/glance/glance/api/middleware/version_negotiation.py:70}}
Jun 18 13:04:18.117142 np0000003137 devstack@g-api.service[98811]: [pid: 98811|app: 0|req: 146/296] 127.0.0.1 () {40 vars in 834 bytes} [Thu Jun 18 13:04:18 2026] GET /v2/images/e402df0b-4ae3-4298-a9cb-457bb2fb0d27 => generated 1468 bytes in 63 msecs (HTTP/1.1 200) 4 headers in 158 bytes (1 switches on core 0)
Jun 18 13:04:18.329205 np0000003137 devstack@g-api.service[98810]: DEBUG glance.location [None req-562e32f6-3f12-4b8b-9f0e-977a84cae76a tempest-ServerBootFromVolumeStableRescueTest-907401414 tempest-ServerBootFromVolumeStableRescueTest-907401414-project-member] Enabling in-flight format inspection for qcow2 {{(pid=98810) set_data /opt/stack/glance/glance/location.py:616}}
Jun 18 13:04:18.330584 np0000003137 devstack@g-api.service[98810]: DEBUG glance_store.backend [None req-562e32f6-3f12-4b8b-9f0e-977a84cae76a tempest-ServerBootFromVolumeStableRescueTest-907401414 tempest-ServerBootFromVolumeStableRescueTest-907401414-project-member] Attempting to import store swift {{(pid=98810) _load_store /opt/stack/data/venv/lib/python3.12/site-packages/glance_store/backend.py:215}}
Jun 18 13:04:18.332572 np0000003137 devstack@g-api.service[98810]: DEBUG glance_store.capabilities [None req-562e32f6-3f12-4b8b-9f0e-977a84cae76a tempest-ServerBootFromVolumeStableRescueTest-907401414 tempest-ServerBootFromVolumeStableRescueTest-907401414-project-member] Store glance_store._drivers.swift.store.SingleTenantStore doesn't support updating dynamic storage capabilities. Please overwrite 'update_capabilities' method of the store to implement updating logics if needed. {{(pid=98810) update_capabilities /opt/stack/data/venv/lib/python3.12/site-packages/glance_store/capabilities.py:91}}
Jun 18 13:04:18.332854 np0000003137 devstack@g-api.service[98810]: DEBUG glance_store.driver [None req-562e32f6-3f12-4b8b-9f0e-977a84cae76a tempest-ServerBootFromVolumeStableRescueTest-907401414 tempest-ServerBootFromVolumeStableRescueTest-907401414-project-member] Late loading location class glance_store._drivers.swift.store.StoreLocation {{(pid=98810) get_store_location_class /opt/stack/data/venv/lib/python3.12/site-packages/glance_store/driver.py:134}}
Jun 18 13:04:18.333170 np0000003137 devstack@g-api.service[98810]: DEBUG glance_store.location [None req-562e32f6-3f12-4b8b-9f0e-977a84cae76a tempest-ServerBootFromVolumeStableRescueTest-907401414 tempest-ServerBootFromVolumeStableRescueTest-907401414-project-member] Registering scheme swift+https with {'store': , 'location_class': , 'store_entry': 'swift'} {{(pid=98810) register_scheme_map /opt/stack/data/venv/lib/python3.12/site-packages/glance_store/location.py:146}}
Jun 18 13:04:18.333883 np0000003137 devstack@g-api.service[98810]: DEBUG glance_store.location [None req-562e32f6-3f12-4b8b-9f0e-977a84cae76a tempest-ServerBootFromVolumeStableRescueTest-907401414 tempest-ServerBootFromVolumeStableRescueTest-907401414-project-member] Registering scheme swift+https with {'store': , 'location_class': , 'store_entry': 'swift'} {{(pid=98810) register_scheme_map /opt/stack/data/venv/lib/python3.12/site-packages/glance_store/location.py:146}}
Jun 18 13:04:18.333883 np0000003137 devstack@g-api.service[98810]: DEBUG glance_store.location [None req-562e32f6-3f12-4b8b-9f0e-977a84cae76a tempest-ServerBootFromVolumeStableRescueTest-907401414 tempest-ServerBootFromVolumeStableRescueTest-907401414-project-member] Registering scheme swift with {'store': , 'location_class': , 'store_entry': 'swift'} {{(pid=98810) register_scheme_map /opt/stack/data/venv/lib/python3.12/site-packages/glance_store/location.py:146}}
Jun 18 13:04:18.334336 np0000003137 devstack@g-api.service[98810]: DEBUG glance_store.location [None req-562e32f6-3f12-4b8b-9f0e-977a84cae76a tempest-ServerBootFromVolumeStableRescueTest-907401414 tempest-ServerBootFromVolumeStableRescueTest-907401414-project-member] Registering scheme swift+https with {'store': , 'location_class': , 'store_entry': 'swift'} {{(pid=98810) register_scheme_map /opt/stack/data/venv/lib/python3.12/site-packages/glance_store/location.py:146}}
Jun 18 13:04:18.334336 np0000003137 devstack@g-api.service[98810]: DEBUG glance_store.location [None req-562e32f6-3f12-4b8b-9f0e-977a84cae76a tempest-ServerBootFromVolumeStableRescueTest-907401414 tempest-ServerBootFromVolumeStableRescueTest-907401414-project-member] Registering scheme swift with {'store': , 'location_class': , 'store_entry': 'swift'} {{(pid=98810) register_scheme_map /opt/stack/data/venv/lib/python3.12/site-packages/glance_store/location.py:146}}
Jun 18 13:04:18.334336 np0000003137 devstack@g-api.service[98810]: DEBUG glance_store.location [None req-562e32f6-3f12-4b8b-9f0e-977a84cae76a tempest-ServerBootFromVolumeStableRescueTest-907401414 tempest-ServerBootFromVolumeStableRescueTest-907401414-project-member] Registering scheme swift+http with {'store': , 'location_class': , 'store_entry': 'swift'} {{(pid=98810) register_scheme_map /opt/stack/data/venv/lib/python3.12/site-packages/glance_store/location.py:146}}
Jun 18 13:04:18.334590 np0000003137 devstack@g-api.service[98810]: DEBUG glance_store.location [None req-562e32f6-3f12-4b8b-9f0e-977a84cae76a tempest-ServerBootFromVolumeStableRescueTest-907401414 tempest-ServerBootFromVolumeStableRescueTest-907401414-project-member] Registering scheme swift+https with {'store': , 'location_class': , 'store_entry': 'swift'} {{(pid=98810) register_scheme_map /opt/stack/data/venv/lib/python3.12/site-packages/glance_store/location.py:146}}
Jun 18 13:04:18.334748 np0000003137 devstack@g-api.service[98810]: DEBUG glance_store.location [None req-562e32f6-3f12-4b8b-9f0e-977a84cae76a tempest-ServerBootFromVolumeStableRescueTest-907401414 tempest-ServerBootFromVolumeStableRescueTest-907401414-project-member] Registering scheme swift with {'store': , 'location_class': , 'store_entry': 'swift'} {{(pid=98810) register_scheme_map /opt/stack/data/venv/lib/python3.12/site-packages/glance_store/location.py:146}}
Jun 18 13:04:18.334908 np0000003137 devstack@g-api.service[98810]: DEBUG glance_store.location [None req-562e32f6-3f12-4b8b-9f0e-977a84cae76a tempest-ServerBootFromVolumeStableRescueTest-907401414 tempest-ServerBootFromVolumeStableRescueTest-907401414-project-member] Registering scheme swift+http with {'store': , 'location_class': , 'store_entry': 'swift'} {{(pid=98810) register_scheme_map /opt/stack/data/venv/lib/python3.12/site-packages/glance_store/location.py:146}}
Jun 18 13:04:18.335085 np0000003137 devstack@g-api.service[98810]: DEBUG glance_store.location [None req-562e32f6-3f12-4b8b-9f0e-977a84cae76a tempest-ServerBootFromVolumeStableRescueTest-907401414 tempest-ServerBootFromVolumeStableRescueTest-907401414-project-member] Registering scheme swift+config with {'store': , 'location_class': , 'store_entry': 'swift'} {{(pid=98810) register_scheme_map /opt/stack/data/venv/lib/python3.12/site-packages/glance_store/location.py:146}}
Jun 18 13:04:18.638641 np0000003137 devstack@g-api.service[98810]: DEBUG swiftclient [None req-562e32f6-3f12-4b8b-9f0e-977a84cae76a tempest-ServerBootFromVolumeStableRescueTest-907401414 tempest-ServerBootFromVolumeStableRescueTest-907401414-project-member] REQ: curl -i https://10.4.3.45:8080/v1/AUTH_54b2c9bbe4304eb99baef5052ec84e2f/glance -I -H "X-Auth-Token: gAAAAABqM-zSjjDT..." {{(pid=98810) http_log /opt/stack/data/venv/lib/python3.12/site-packages/swiftclient/client.py:160}}
Jun 18 13:04:18.638771 np0000003137 devstack@g-api.service[98810]: DEBUG swiftclient [None req-562e32f6-3f12-4b8b-9f0e-977a84cae76a tempest-ServerBootFromVolumeStableRescueTest-907401414 tempest-ServerBootFromVolumeStableRescueTest-907401414-project-member] RESP STATUS: 204 No Content {{(pid=98810) http_log /opt/stack/data/venv/lib/python3.12/site-packages/swiftclient/client.py:161}}
Jun 18 13:04:18.639029 np0000003137 devstack@g-api.service[98810]: DEBUG swiftclient [None req-562e32f6-3f12-4b8b-9f0e-977a84cae76a tempest-ServerBootFromVolumeStableRescueTest-907401414 tempest-ServerBootFromVolumeStableRescueTest-907401414-project-member] RESP HEADERS: {'Date': 'Thu, 18 Jun 2026 13:04:18 GMT', 'Server': 'Apache/2.4.58 (Ubuntu)', 'Content-Type': 'text/plain; charset=utf-8', 'X-Container-Object-Count': '5', 'X-Container-Bytes-Used': '87883776', 'X-Timestamp': '1781787430.28148', 'Last-Modified': 'Thu, 18 Jun 2026 12:57:11 GMT', 'Accept-Ranges': 'bytes', 'X-Storage-Policy': 'Policy-0', 'X-Container-Sharding': 'False', 'Vary': 'Accept', 'X-Trans-Id': 'tx0ffa5f82345640eaa416b-006a33ecd2', 'X-Openstack-Request-Id': 'tx0ffa5f82345640eaa416b-006a33ecd2', 'Connection': 'close'} {{(pid=98810) http_log /opt/stack/data/venv/lib/python3.12/site-packages/swiftclient/client.py:162}}
Jun 18 13:04:18.641124 np0000003137 devstack@g-api.service[98810]: DEBUG glance_store._drivers.swift.store [None req-562e32f6-3f12-4b8b-9f0e-977a84cae76a tempest-ServerBootFromVolumeStableRescueTest-907401414 tempest-ServerBootFromVolumeStableRescueTest-907401414-project-member] Adding image object 'e402df0b-4ae3-4298-a9cb-457bb2fb0d27' to Swift {{(pid=98810) add /opt/stack/data/venv/lib/python3.12/site-packages/glance_store/_drivers/swift/store.py:970}}
Jun 18 13:04:18.641330 np0000003137 devstack@g-api.service[98810]: DEBUG glance_store._drivers.swift.store [None req-562e32f6-3f12-4b8b-9f0e-977a84cae76a tempest-ServerBootFromVolumeStableRescueTest-907401414 tempest-ServerBootFromVolumeStableRescueTest-907401414-project-member] Cannot determine image size because it is either not provided in the request or chunked-transfer encoding is used. Adding image as a segmented object to Swift. {{(pid=98810) add /opt/stack/data/venv/lib/python3.12/site-packages/glance_store/_drivers/swift/store.py:994}}
Jun 18 13:04:18.652435 np0000003137 devstack@g-api.service[98810]: DEBUG oslo_utils.imageutils.format_inspector [None req-562e32f6-3f12-4b8b-9f0e-977a84cae76a tempest-ServerBootFromVolumeStableRescueTest-907401414 tempest-ServerBootFromVolumeStableRescueTest-907401414-project-member] Format inspector for vmdk does not match, excluding from consideration (Signature KDMV not found: b'QFI\xfb') {{(pid=98810) _process_chunk /opt/stack/data/venv/lib/python3.12/site-packages/oslo_utils/imageutils/format_inspector.py:1758}}
Jun 18 13:04:18.659311 np0000003137 devstack@g-api.service[98810]: DEBUG oslo_utils.imageutils.format_inspector [None req-562e32f6-3f12-4b8b-9f0e-977a84cae76a tempest-ServerBootFromVolumeStableRescueTest-907401414 tempest-ServerBootFromVolumeStableRescueTest-907401414-project-member] Format inspector for vhdx does not match, excluding from consideration (Region signature not found at 30000) {{(pid=98810) _process_chunk /opt/stack/data/venv/lib/python3.12/site-packages/oslo_utils/imageutils/format_inspector.py:1758}}
Jun 18 13:04:19.032798 np0000003137 devstack@g-api.service[98810]: DEBUG swiftclient [None req-562e32f6-3f12-4b8b-9f0e-977a84cae76a tempest-ServerBootFromVolumeStableRescueTest-907401414 tempest-ServerBootFromVolumeStableRescueTest-907401414-project-member] REQ: curl -i https://10.4.3.45:8080/v1/AUTH_54b2c9bbe4304eb99baef5052ec84e2f/glance/e402df0b-4ae3-4298-a9cb-457bb2fb0d27-00001 -X PUT -H "X-Auth-Token: gAAAAABqM-zSjjDT..." {{(pid=98810) http_log /opt/stack/data/venv/lib/python3.12/site-packages/swiftclient/client.py:160}}
Jun 18 13:04:19.032935 np0000003137 devstack@g-api.service[98810]: DEBUG swiftclient [None req-562e32f6-3f12-4b8b-9f0e-977a84cae76a tempest-ServerBootFromVolumeStableRescueTest-907401414 tempest-ServerBootFromVolumeStableRescueTest-907401414-project-member] RESP STATUS: 201 Created {{(pid=98810) http_log /opt/stack/data/venv/lib/python3.12/site-packages/swiftclient/client.py:161}}
Jun 18 13:04:19.033090 np0000003137 devstack@g-api.service[98810]: DEBUG swiftclient [None req-562e32f6-3f12-4b8b-9f0e-977a84cae76a tempest-ServerBootFromVolumeStableRescueTest-907401414 tempest-ServerBootFromVolumeStableRescueTest-907401414-project-member] RESP HEADERS: {'Date': 'Thu, 18 Jun 2026 13:04:19 GMT', 'Server': 'Apache/2.4.58 (Ubuntu)', 'Content-Type': 'text/html; charset=UTF-8', 'Content-Length': '0', 'Etag': '4fa343ee581d8d2e78533191fd1ac3e1', 'Last-Modified': 'Thu, 18 Jun 2026 13:04:19 GMT', 'X-Trans-Id': 'tx7b31f38ee9094afe90d43-006a33ecd2', 'X-Openstack-Request-Id': 'tx7b31f38ee9094afe90d43-006a33ecd2', 'Connection': 'close'} {{(pid=98810) http_log /opt/stack/data/venv/lib/python3.12/site-packages/swiftclient/client.py:162}}
Jun 18 13:04:19.033187 np0000003137 devstack@g-api.service[98810]: DEBUG glance_store._drivers.swift.store [None req-562e32f6-3f12-4b8b-9f0e-977a84cae76a tempest-ServerBootFromVolumeStableRescueTest-907401414 tempest-ServerBootFromVolumeStableRescueTest-907401414-project-member] Wrote chunk e402df0b-4ae3-4298-a9cb-457bb2fb0d27-00001 (1/?) of length 23527424 to Swift returning MD5 of content: 4fa343ee581d8d2e78533191fd1ac3e1 {{(pid=98810) add /opt/stack/data/venv/lib/python3.12/site-packages/glance_store/_drivers/swift/store.py:1059}}
Jun 18 13:04:19.033524 np0000003137 devstack@g-api.service[98810]: DEBUG glance_store._drivers.swift.store [None req-562e32f6-3f12-4b8b-9f0e-977a84cae76a tempest-ServerBootFromVolumeStableRescueTest-907401414 tempest-ServerBootFromVolumeStableRescueTest-907401414-project-member] Not writing zero-length chunk. {{(pid=98810) add /opt/stack/data/venv/lib/python3.12/site-packages/glance_store/_drivers/swift/store.py:1028}}
Jun 18 13:04:19.072474 np0000003137 devstack@g-api.service[98810]: DEBUG swiftclient [None req-562e32f6-3f12-4b8b-9f0e-977a84cae76a tempest-ServerBootFromVolumeStableRescueTest-907401414 tempest-ServerBootFromVolumeStableRescueTest-907401414-project-member] REQ: curl -i https://10.4.3.45:8080/v1/AUTH_54b2c9bbe4304eb99baef5052ec84e2f/glance/e402df0b-4ae3-4298-a9cb-457bb2fb0d27 -X PUT -H "X-Object-Manifest: glance/e402df0b-4ae3-4298-a9cb-457bb2fb0d27-" -H "X-Auth-Token: gAAAAABqM-zSjjDT..." -H "Content-Length: 0" {{(pid=98810) http_log /opt/stack/data/venv/lib/python3.12/site-packages/swiftclient/client.py:160}}
Jun 18 13:04:19.072474 np0000003137 devstack@g-api.service[98810]: DEBUG swiftclient [None req-562e32f6-3f12-4b8b-9f0e-977a84cae76a tempest-ServerBootFromVolumeStableRescueTest-907401414 tempest-ServerBootFromVolumeStableRescueTest-907401414-project-member] RESP STATUS: 201 Created {{(pid=98810) http_log /opt/stack/data/venv/lib/python3.12/site-packages/swiftclient/client.py:161}}
Jun 18 13:04:19.072474 np0000003137 devstack@g-api.service[98810]: DEBUG swiftclient [None req-562e32f6-3f12-4b8b-9f0e-977a84cae76a tempest-ServerBootFromVolumeStableRescueTest-907401414 tempest-ServerBootFromVolumeStableRescueTest-907401414-project-member] RESP HEADERS: {'Date': 'Thu, 18 Jun 2026 13:04:19 GMT', 'Server': 'Apache/2.4.58 (Ubuntu)', 'Content-Type': 'text/html; charset=UTF-8', 'Content-Length': '0', 'Etag': 'd41d8cd98f00b204e9800998ecf8427e', 'Last-Modified': 'Thu, 18 Jun 2026 13:04:20 GMT', 'X-Trans-Id': 'txf9eaeebe55374de5a29c4-006a33ecd3', 'X-Openstack-Request-Id': 'txf9eaeebe55374de5a29c4-006a33ecd3', 'Connection': 'close'} {{(pid=98810) http_log /opt/stack/data/venv/lib/python3.12/site-packages/swiftclient/client.py:162}}
Jun 18 13:04:19.072474 np0000003137 devstack@g-api.service[98810]: INFO glance.location [None req-562e32f6-3f12-4b8b-9f0e-977a84cae76a tempest-ServerBootFromVolumeStableRescueTest-907401414 tempest-ServerBootFromVolumeStableRescueTest-907401414-project-member] Image format matched and virtual size computed: 1073741824
Jun 18 13:04:19.127103 np0000003137 devstack@g-api.service[98811]: DEBUG glance.api.middleware.version_negotiation [None req-90ea0d3b-0fa3-4ba2-9ff6-093f9bc1ba39 tempest-ServerBootFromVolumeStableRescueTest-907401414 tempest-ServerBootFromVolumeStableRescueTest-907401414-project-member] Determining version of request: GET /v2/images/e402df0b-4ae3-4298-a9cb-457bb2fb0d27 Accept: application/json {{(pid=98811) process_request /opt/stack/glance/glance/api/middleware/version_negotiation.py:44}}
Jun 18 13:04:19.128058 np0000003137 devstack@g-api.service[98811]: DEBUG glance.api.middleware.version_negotiation [None req-90ea0d3b-0fa3-4ba2-9ff6-093f9bc1ba39 tempest-ServerBootFromVolumeStableRescueTest-907401414 tempest-ServerBootFromVolumeStableRescueTest-907401414-project-member] Using url versioning {{(pid=98811) process_request /opt/stack/glance/glance/api/middleware/version_negotiation.py:57}}
Jun 18 13:04:19.128058 np0000003137 devstack@g-api.service[98811]: DEBUG glance.api.middleware.version_negotiation [None req-90ea0d3b-0fa3-4ba2-9ff6-093f9bc1ba39 tempest-ServerBootFromVolumeStableRescueTest-907401414 tempest-ServerBootFromVolumeStableRescueTest-907401414-project-member] Matched version: v2 {{(pid=98811) process_request /opt/stack/glance/glance/api/middleware/version_negotiation.py:69}}
Jun 18 13:04:19.128058 np0000003137 devstack@g-api.service[98811]: DEBUG glance.api.middleware.version_negotiation [None req-90ea0d3b-0fa3-4ba2-9ff6-093f9bc1ba39 tempest-ServerBootFromVolumeStableRescueTest-907401414 tempest-ServerBootFromVolumeStableRescueTest-907401414-project-member] new path /v2/images/e402df0b-4ae3-4298-a9cb-457bb2fb0d27 {{(pid=98811) process_request /opt/stack/glance/glance/api/middleware/version_negotiation.py:70}}
Jun 18 13:04:19.143483 np0000003137 devstack@g-api.service[98811]: [pid: 98811|app: 0|req: 147/297] 127.0.0.1 () {40 vars in 834 bytes} [Thu Jun 18 13:04:19 2026] GET /v2/images/e402df0b-4ae3-4298-a9cb-457bb2fb0d27 => generated 1638 bytes in 16 msecs (HTTP/1.1 200) 4 headers in 158 bytes (1 switches on core 0)
Jun 18 13:04:19.151608 np0000003137 devstack@g-api.service[98810]: DEBUG glance_store.backend [None req-562e32f6-3f12-4b8b-9f0e-977a84cae76a tempest-ServerBootFromVolumeStableRescueTest-907401414 tempest-ServerBootFromVolumeStableRescueTest-907401414-project-member] Attempting to import store swift {{(pid=98810) _load_store /opt/stack/data/venv/lib/python3.12/site-packages/glance_store/backend.py:215}}
Jun 18 13:04:19.152952 np0000003137 devstack@g-api.service[98810]: DEBUG glance_store.capabilities [None req-562e32f6-3f12-4b8b-9f0e-977a84cae76a tempest-ServerBootFromVolumeStableRescueTest-907401414 tempest-ServerBootFromVolumeStableRescueTest-907401414-project-member] Store glance_store._drivers.swift.store.SingleTenantStore doesn't support updating dynamic storage capabilities. Please overwrite 'update_capabilities' method of the store to implement updating logics if needed. {{(pid=98810) update_capabilities /opt/stack/data/venv/lib/python3.12/site-packages/glance_store/capabilities.py:91}}
Jun 18 13:04:19.153143 np0000003137 devstack@g-api.service[98810]: DEBUG glance_store.driver [None req-562e32f6-3f12-4b8b-9f0e-977a84cae76a tempest-ServerBootFromVolumeStableRescueTest-907401414 tempest-ServerBootFromVolumeStableRescueTest-907401414-project-member] Late loading location class glance_store._drivers.swift.store.StoreLocation {{(pid=98810) get_store_location_class /opt/stack/data/venv/lib/python3.12/site-packages/glance_store/driver.py:134}}
Jun 18 13:04:19.153143 np0000003137 devstack@g-api.service[98810]: DEBUG glance_store.location [None req-562e32f6-3f12-4b8b-9f0e-977a84cae76a tempest-ServerBootFromVolumeStableRescueTest-907401414 tempest-ServerBootFromVolumeStableRescueTest-907401414-project-member] Registering scheme swift+https with {'store': , 'location_class': , 'store_entry': 'swift'} {{(pid=98810) register_scheme_map /opt/stack/data/venv/lib/python3.12/site-packages/glance_store/location.py:146}}
Jun 18 13:04:19.153271 np0000003137 devstack@g-api.service[98810]: DEBUG glance_store.location [None req-562e32f6-3f12-4b8b-9f0e-977a84cae76a tempest-ServerBootFromVolumeStableRescueTest-907401414 tempest-ServerBootFromVolumeStableRescueTest-907401414-project-member] Registering scheme swift+https with {'store': , 'location_class': , 'store_entry': 'swift'} {{(pid=98810) register_scheme_map /opt/stack/data/venv/lib/python3.12/site-packages/glance_store/location.py:146}}
Jun 18 13:04:19.154013 np0000003137 devstack@g-api.service[98810]: DEBUG glance_store.location [None req-562e32f6-3f12-4b8b-9f0e-977a84cae76a tempest-ServerBootFromVolumeStableRescueTest-907401414 tempest-ServerBootFromVolumeStableRescueTest-907401414-project-member] Registering scheme swift with {'store': , 'location_class': , 'store_entry': 'swift'} {{(pid=98810) register_scheme_map /opt/stack/data/venv/lib/python3.12/site-packages/glance_store/location.py:146}}
Jun 18 13:04:19.154013 np0000003137 devstack@g-api.service[98810]: DEBUG glance_store.location [None req-562e32f6-3f12-4b8b-9f0e-977a84cae76a tempest-ServerBootFromVolumeStableRescueTest-907401414 tempest-ServerBootFromVolumeStableRescueTest-907401414-project-member] Registering scheme swift+https with {'store': , 'location_class': , 'store_entry': 'swift'} {{(pid=98810) register_scheme_map /opt/stack/data/venv/lib/python3.12/site-packages/glance_store/location.py:146}}
Jun 18 13:04:19.154013 np0000003137 devstack@g-api.service[98810]: DEBUG glance_store.location [None req-562e32f6-3f12-4b8b-9f0e-977a84cae76a tempest-ServerBootFromVolumeStableRescueTest-907401414 tempest-ServerBootFromVolumeStableRescueTest-907401414-project-member] Registering scheme swift with {'store': , 'location_class': , 'store_entry': 'swift'} {{(pid=98810) register_scheme_map /opt/stack/data/venv/lib/python3.12/site-packages/glance_store/location.py:146}}
Jun 18 13:04:19.154013 np0000003137 devstack@g-api.service[98810]: DEBUG glance_store.location [None req-562e32f6-3f12-4b8b-9f0e-977a84cae76a tempest-ServerBootFromVolumeStableRescueTest-907401414 tempest-ServerBootFromVolumeStableRescueTest-907401414-project-member] Registering scheme swift+http with {'store': , 'location_class': , 'store_entry': 'swift'} {{(pid=98810) register_scheme_map /opt/stack/data/venv/lib/python3.12/site-packages/glance_store/location.py:146}}
Jun 18 13:04:19.154013 np0000003137 devstack@g-api.service[98810]: DEBUG glance_store.location [None req-562e32f6-3f12-4b8b-9f0e-977a84cae76a tempest-ServerBootFromVolumeStableRescueTest-907401414 tempest-ServerBootFromVolumeStableRescueTest-907401414-project-member] Registering scheme swift+https with {'store': , 'location_class': , 'store_entry': 'swift'} {{(pid=98810) register_scheme_map /opt/stack/data/venv/lib/python3.12/site-packages/glance_store/location.py:146}}
Jun 18 13:04:19.154013 np0000003137 devstack@g-api.service[98810]: DEBUG glance_store.location [None req-562e32f6-3f12-4b8b-9f0e-977a84cae76a tempest-ServerBootFromVolumeStableRescueTest-907401414 tempest-ServerBootFromVolumeStableRescueTest-907401414-project-member] Registering scheme swift with {'store': , 'location_class': , 'store_entry': 'swift'} {{(pid=98810) register_scheme_map /opt/stack/data/venv/lib/python3.12/site-packages/glance_store/location.py:146}}
Jun 18 13:04:19.154013 np0000003137 devstack@g-api.service[98810]: DEBUG glance_store.location [None req-562e32f6-3f12-4b8b-9f0e-977a84cae76a tempest-ServerBootFromVolumeStableRescueTest-907401414 tempest-ServerBootFromVolumeStableRescueTest-907401414-project-member] Registering scheme swift+http with {'store': , 'location_class': , 'store_entry': 'swift'} {{(pid=98810) register_scheme_map /opt/stack/data/venv/lib/python3.12/site-packages/glance_store/location.py:146}}
Jun 18 13:04:19.154013 np0000003137 devstack@g-api.service[98810]: DEBUG glance_store.location [None req-562e32f6-3f12-4b8b-9f0e-977a84cae76a tempest-ServerBootFromVolumeStableRescueTest-907401414 tempest-ServerBootFromVolumeStableRescueTest-907401414-project-member] Registering scheme swift+config with {'store': , 'location_class': , 'store_entry': 'swift'} {{(pid=98810) register_scheme_map /opt/stack/data/venv/lib/python3.12/site-packages/glance_store/location.py:146}}
Jun 18 13:04:19.154013 np0000003137 devstack@g-api.service[98810]: DEBUG glance_store.backend [None req-562e32f6-3f12-4b8b-9f0e-977a84cae76a tempest-ServerBootFromVolumeStableRescueTest-907401414 tempest-ServerBootFromVolumeStableRescueTest-907401414-project-member] Skipping store.set_acls... not implemented. {{(pid=98810) set_acls /opt/stack/data/venv/lib/python3.12/site-packages/glance_store/backend.py:507}}
Jun 18 13:04:19.157209 np0000003137 devstack@g-api.service[98811]: DEBUG glance.api.middleware.version_negotiation [None req-65e9781a-32bc-43d3-a629-387083f4d790 tempest-ServerBootFromVolumeStableRescueTest-907401414 tempest-ServerBootFromVolumeStableRescueTest-907401414-project-member] Determining version of request: GET /v2/images/e402df0b-4ae3-4298-a9cb-457bb2fb0d27 Accept: application/json {{(pid=98811) process_request /opt/stack/glance/glance/api/middleware/version_negotiation.py:44}}
Jun 18 13:04:19.157667 np0000003137 devstack@g-api.service[98810]: [pid: 98810|app: 0|req: 151/298] 127.0.0.1 () {46 vars in 1154 bytes} [Thu Jun 18 13:04:16 2026] PUT /v2/images/e402df0b-4ae3-4298-a9cb-457bb2fb0d27/file => generated 0 bytes in 3121 msecs (HTTP/1.1 204) 4 headers in 171 bytes (1 switches on core 0)
Jun 18 13:04:19.158071 np0000003137 devstack@g-api.service[98811]: DEBUG glance.api.middleware.version_negotiation [None req-65e9781a-32bc-43d3-a629-387083f4d790 tempest-ServerBootFromVolumeStableRescueTest-907401414 tempest-ServerBootFromVolumeStableRescueTest-907401414-project-member] Using url versioning {{(pid=98811) process_request /opt/stack/glance/glance/api/middleware/version_negotiation.py:57}}
Jun 18 13:04:19.158865 np0000003137 devstack@g-api.service[98811]: DEBUG glance.api.middleware.version_negotiation [None req-65e9781a-32bc-43d3-a629-387083f4d790 tempest-ServerBootFromVolumeStableRescueTest-907401414 tempest-ServerBootFromVolumeStableRescueTest-907401414-project-member] Matched version: v2 {{(pid=98811) process_request /opt/stack/glance/glance/api/middleware/version_negotiation.py:69}}
Jun 18 13:04:19.159254 np0000003137 devstack@g-api.service[98811]: DEBUG glance.api.middleware.version_negotiation [None req-65e9781a-32bc-43d3-a629-387083f4d790 tempest-ServerBootFromVolumeStableRescueTest-907401414 tempest-ServerBootFromVolumeStableRescueTest-907401414-project-member] new path /v2/images/e402df0b-4ae3-4298-a9cb-457bb2fb0d27 {{(pid=98811) process_request /opt/stack/glance/glance/api/middleware/version_negotiation.py:70}}
Jun 18 13:04:19.178329 np0000003137 devstack@g-api.service[98811]: [pid: 98811|app: 0|req: 148/299] 127.0.0.1 () {40 vars in 834 bytes} [Thu Jun 18 13:04:19 2026] GET /v2/images/e402df0b-4ae3-4298-a9cb-457bb2fb0d27 => generated 1638 bytes in 21 msecs (HTTP/1.1 200) 4 headers in 158 bytes (1 switches on core 0)
Jun 18 13:04:19.227578 np0000003137 devstack@g-api.service[98810]: DEBUG glance.api.middleware.version_negotiation [None req-562e32f6-3f12-4b8b-9f0e-977a84cae76a tempest-ServerBootFromVolumeStableRescueTest-907401414 tempest-ServerBootFromVolumeStableRescueTest-907401414-project-member] Determining version of request: GET /v2/images/e402df0b-4ae3-4298-a9cb-457bb2fb0d27 Accept: */* {{(pid=98810) process_request /opt/stack/glance/glance/api/middleware/version_negotiation.py:44}}
Jun 18 13:04:19.227578 np0000003137 devstack@g-api.service[98810]: DEBUG glance.api.middleware.version_negotiation [None req-562e32f6-3f12-4b8b-9f0e-977a84cae76a tempest-ServerBootFromVolumeStableRescueTest-907401414 tempest-ServerBootFromVolumeStableRescueTest-907401414-project-member] Using url versioning {{(pid=98810) process_request /opt/stack/glance/glance/api/middleware/version_negotiation.py:57}}
Jun 18 13:04:19.227578 np0000003137 devstack@g-api.service[98810]: DEBUG glance.api.middleware.version_negotiation [None req-562e32f6-3f12-4b8b-9f0e-977a84cae76a tempest-ServerBootFromVolumeStableRescueTest-907401414 tempest-ServerBootFromVolumeStableRescueTest-907401414-project-member] Matched version: v2 {{(pid=98810) process_request /opt/stack/glance/glance/api/middleware/version_negotiation.py:69}}
Jun 18 13:04:19.227578 np0000003137 devstack@g-api.service[98810]: DEBUG glance.api.middleware.version_negotiation [None req-562e32f6-3f12-4b8b-9f0e-977a84cae76a tempest-ServerBootFromVolumeStableRescueTest-907401414 tempest-ServerBootFromVolumeStableRescueTest-907401414-project-member] new path /v2/images/e402df0b-4ae3-4298-a9cb-457bb2fb0d27 {{(pid=98810) process_request /opt/stack/glance/glance/api/middleware/version_negotiation.py:70}}
Jun 18 13:04:19.260809 np0000003137 devstack@g-api.service[98810]: [pid: 98810|app: 0|req: 152/300] 127.0.0.1 () {44 vars in 1111 bytes} [Thu Jun 18 13:04:19 2026] GET /v2/images/e402df0b-4ae3-4298-a9cb-457bb2fb0d27 => generated 1638 bytes in 35 msecs (HTTP/1.1 200) 4 headers in 158 bytes (1 switches on core 0)
Jun 18 13:04:19.321477 np0000003137 devstack@g-api.service[98811]: DEBUG glance.api.middleware.version_negotiation [None req-d4737594-fe96-41a0-bef2-737817c276c8 tempest-ServerBootFromVolumeStableRescueTest-907401414 tempest-ServerBootFromVolumeStableRescueTest-907401414-project-member] Determining version of request: GET /v2/schemas/image Accept: */* {{(pid=98811) process_request /opt/stack/glance/glance/api/middleware/version_negotiation.py:44}}
Jun 18 13:04:19.322614 np0000003137 devstack@g-api.service[98811]: DEBUG glance.api.middleware.version_negotiation [None req-d4737594-fe96-41a0-bef2-737817c276c8 tempest-ServerBootFromVolumeStableRescueTest-907401414 tempest-ServerBootFromVolumeStableRescueTest-907401414-project-member] Using url versioning {{(pid=98811) process_request /opt/stack/glance/glance/api/middleware/version_negotiation.py:57}}
Jun 18 13:04:19.322896 np0000003137 devstack@g-api.service[98811]: DEBUG glance.api.middleware.version_negotiation [None req-d4737594-fe96-41a0-bef2-737817c276c8 tempest-ServerBootFromVolumeStableRescueTest-907401414 tempest-ServerBootFromVolumeStableRescueTest-907401414-project-member] Matched version: v2 {{(pid=98811) process_request /opt/stack/glance/glance/api/middleware/version_negotiation.py:69}}
Jun 18 13:04:19.323109 np0000003137 devstack@g-api.service[98811]: DEBUG glance.api.middleware.version_negotiation [None req-d4737594-fe96-41a0-bef2-737817c276c8 tempest-ServerBootFromVolumeStableRescueTest-907401414 tempest-ServerBootFromVolumeStableRescueTest-907401414-project-member] new path /v2/schemas/image {{(pid=98811) process_request /opt/stack/glance/glance/api/middleware/version_negotiation.py:70}}
Jun 18 13:04:19.329726 np0000003137 devstack@g-api.service[98811]: [pid: 98811|app: 0|req: 149/301] 127.0.0.1 () {44 vars in 1051 bytes} [Thu Jun 18 13:04:19 2026] GET /v2/schemas/image => generated 6083 bytes in 9 msecs (HTTP/1.1 200) 4 headers in 158 bytes (1 switches on core 0)
Jun 18 13:04:21.684151 np0000003137 devstack@g-api.service[98810]: DEBUG glance.api.middleware.version_negotiation [None req-562e32f6-3f12-4b8b-9f0e-977a84cae76a tempest-ServerBootFromVolumeStableRescueTest-907401414 tempest-ServerBootFromVolumeStableRescueTest-907401414-project-member] Determining version of request: GET /v2/images/12cf4e4e-14ea-4fa3-bec1-ef28d8285c33 Accept: */* {{(pid=98810) process_request /opt/stack/glance/glance/api/middleware/version_negotiation.py:44}}
Jun 18 13:04:21.684582 np0000003137 devstack@g-api.service[98810]: DEBUG glance.api.middleware.version_negotiation [None req-562e32f6-3f12-4b8b-9f0e-977a84cae76a tempest-ServerBootFromVolumeStableRescueTest-907401414 tempest-ServerBootFromVolumeStableRescueTest-907401414-project-member] Using url versioning {{(pid=98810) process_request /opt/stack/glance/glance/api/middleware/version_negotiation.py:57}}
Jun 18 13:04:21.684582 np0000003137 devstack@g-api.service[98810]: DEBUG glance.api.middleware.version_negotiation [None req-562e32f6-3f12-4b8b-9f0e-977a84cae76a tempest-ServerBootFromVolumeStableRescueTest-907401414 tempest-ServerBootFromVolumeStableRescueTest-907401414-project-member] Matched version: v2 {{(pid=98810) process_request /opt/stack/glance/glance/api/middleware/version_negotiation.py:69}}
Jun 18 13:04:21.684780 np0000003137 devstack@g-api.service[98810]: DEBUG glance.api.middleware.version_negotiation [None req-562e32f6-3f12-4b8b-9f0e-977a84cae76a tempest-ServerBootFromVolumeStableRescueTest-907401414 tempest-ServerBootFromVolumeStableRescueTest-907401414-project-member] new path /v2/images/12cf4e4e-14ea-4fa3-bec1-ef28d8285c33 {{(pid=98810) process_request /opt/stack/glance/glance/api/middleware/version_negotiation.py:70}}
Jun 18 13:04:21.710193 np0000003137 devstack@g-api.service[98810]: [pid: 98810|app: 0|req: 153/302] 127.0.0.1 () {44 vars in 1111 bytes} [Thu Jun 18 13:04:21 2026] GET /v2/images/12cf4e4e-14ea-4fa3-bec1-ef28d8285c33 => generated 1044 bytes in 26 msecs (HTTP/1.1 200) 4 headers in 158 bytes (1 switches on core 0)
Jun 18 13:04:21.742555 np0000003137 devstack@g-api.service[98811]: DEBUG glance.api.middleware.version_negotiation [None req-562e32f6-3f12-4b8b-9f0e-977a84cae76a tempest-ServerBootFromVolumeStableRescueTest-907401414 tempest-ServerBootFromVolumeStableRescueTest-907401414-project-member] Determining version of request: GET /v2/schemas/image Accept: */* {{(pid=98811) process_request /opt/stack/glance/glance/api/middleware/version_negotiation.py:44}}
Jun 18 13:04:21.743068 np0000003137 devstack@g-api.service[98811]: DEBUG glance.api.middleware.version_negotiation [None req-562e32f6-3f12-4b8b-9f0e-977a84cae76a tempest-ServerBootFromVolumeStableRescueTest-907401414 tempest-ServerBootFromVolumeStableRescueTest-907401414-project-member] Using url versioning {{(pid=98811) process_request /opt/stack/glance/glance/api/middleware/version_negotiation.py:57}}
Jun 18 13:04:21.743068 np0000003137 devstack@g-api.service[98811]: DEBUG glance.api.middleware.version_negotiation [None req-562e32f6-3f12-4b8b-9f0e-977a84cae76a tempest-ServerBootFromVolumeStableRescueTest-907401414 tempest-ServerBootFromVolumeStableRescueTest-907401414-project-member] Matched version: v2 {{(pid=98811) process_request /opt/stack/glance/glance/api/middleware/version_negotiation.py:69}}
Jun 18 13:04:21.743068 np0000003137 devstack@g-api.service[98811]: DEBUG glance.api.middleware.version_negotiation [None req-562e32f6-3f12-4b8b-9f0e-977a84cae76a tempest-ServerBootFromVolumeStableRescueTest-907401414 tempest-ServerBootFromVolumeStableRescueTest-907401414-project-member] new path /v2/schemas/image {{(pid=98811) process_request /opt/stack/glance/glance/api/middleware/version_negotiation.py:70}}
Jun 18 13:04:21.747337 np0000003137 devstack@g-api.service[98811]: [pid: 98811|app: 0|req: 150/303] 127.0.0.1 () {44 vars in 1051 bytes} [Thu Jun 18 13:04:21 2026] GET /v2/schemas/image => generated 6083 bytes in 4 msecs (HTTP/1.1 200) 4 headers in 158 bytes (1 switches on core 0)
Jun 18 13:04:25.131687 np0000003137 devstack@g-api.service[98810]: DEBUG glance.api.middleware.version_negotiation [None req-1598ee3f-9264-4f44-ae69-7fad8d5c7d52 tempest-ServerBootFromVolumeStableRescueTest-907401414 tempest-ServerBootFromVolumeStableRescueTest-907401414-project-member] Determining version of request: GET /v2/images/12cf4e4e-14ea-4fa3-bec1-ef28d8285c33 Accept: application/json {{(pid=98810) process_request /opt/stack/glance/glance/api/middleware/version_negotiation.py:44}}
Jun 18 13:04:25.131687 np0000003137 devstack@g-api.service[98810]: DEBUG glance.api.middleware.version_negotiation [None req-1598ee3f-9264-4f44-ae69-7fad8d5c7d52 tempest-ServerBootFromVolumeStableRescueTest-907401414 tempest-ServerBootFromVolumeStableRescueTest-907401414-project-member] Using url versioning {{(pid=98810) process_request /opt/stack/glance/glance/api/middleware/version_negotiation.py:57}}
Jun 18 13:04:25.131687 np0000003137 devstack@g-api.service[98810]: DEBUG glance.api.middleware.version_negotiation [None req-1598ee3f-9264-4f44-ae69-7fad8d5c7d52 tempest-ServerBootFromVolumeStableRescueTest-907401414 tempest-ServerBootFromVolumeStableRescueTest-907401414-project-member] Matched version: v2 {{(pid=98810) process_request /opt/stack/glance/glance/api/middleware/version_negotiation.py:69}}
Jun 18 13:04:25.131687 np0000003137 devstack@g-api.service[98810]: DEBUG glance.api.middleware.version_negotiation [None req-1598ee3f-9264-4f44-ae69-7fad8d5c7d52 tempest-ServerBootFromVolumeStableRescueTest-907401414 tempest-ServerBootFromVolumeStableRescueTest-907401414-project-member] new path /v2/images/12cf4e4e-14ea-4fa3-bec1-ef28d8285c33 {{(pid=98810) process_request /opt/stack/glance/glance/api/middleware/version_negotiation.py:70}}
Jun 18 13:04:25.151706 np0000003137 devstack@g-api.service[98810]: [pid: 98810|app: 0|req: 154/304] 127.0.0.1 () {40 vars in 834 bytes} [Thu Jun 18 13:04:25 2026] GET /v2/images/12cf4e4e-14ea-4fa3-bec1-ef28d8285c33 => generated 1044 bytes in 21 msecs (HTTP/1.1 200) 4 headers in 158 bytes (1 switches on core 0)
Jun 18 13:04:25.183775 np0000003137 devstack@g-api.service[98811]: DEBUG glance.api.middleware.version_negotiation [None req-1598ee3f-9264-4f44-ae69-7fad8d5c7d52 tempest-ServerBootFromVolumeStableRescueTest-907401414 tempest-ServerBootFromVolumeStableRescueTest-907401414-project-member] Determining version of request: GET /v2/images/12cf4e4e-14ea-4fa3-bec1-ef28d8285c33 Accept: */* {{(pid=98811) process_request /opt/stack/glance/glance/api/middleware/version_negotiation.py:44}}
Jun 18 13:04:25.184316 np0000003137 devstack@g-api.service[98811]: DEBUG glance.api.middleware.version_negotiation [None req-1598ee3f-9264-4f44-ae69-7fad8d5c7d52 tempest-ServerBootFromVolumeStableRescueTest-907401414 tempest-ServerBootFromVolumeStableRescueTest-907401414-project-member] Using url versioning {{(pid=98811) process_request /opt/stack/glance/glance/api/middleware/version_negotiation.py:57}}
Jun 18 13:04:25.184316 np0000003137 devstack@g-api.service[98811]: DEBUG glance.api.middleware.version_negotiation [None req-1598ee3f-9264-4f44-ae69-7fad8d5c7d52 tempest-ServerBootFromVolumeStableRescueTest-907401414 tempest-ServerBootFromVolumeStableRescueTest-907401414-project-member] Matched version: v2 {{(pid=98811) process_request /opt/stack/glance/glance/api/middleware/version_negotiation.py:69}}
Jun 18 13:04:25.184472 np0000003137 devstack@g-api.service[98811]: DEBUG glance.api.middleware.version_negotiation [None req-1598ee3f-9264-4f44-ae69-7fad8d5c7d52 tempest-ServerBootFromVolumeStableRescueTest-907401414 tempest-ServerBootFromVolumeStableRescueTest-907401414-project-member] new path /v2/images/12cf4e4e-14ea-4fa3-bec1-ef28d8285c33 {{(pid=98811) process_request /opt/stack/glance/glance/api/middleware/version_negotiation.py:70}}
Jun 18 13:04:25.492974 np0000003137 devstack@g-api.service[98811]: [pid: 98811|app: 0|req: 151/305] 127.0.0.1 () {44 vars in 1111 bytes} [Thu Jun 18 13:04:25 2026] GET /v2/images/12cf4e4e-14ea-4fa3-bec1-ef28d8285c33 => generated 1044 bytes in 309 msecs (HTTP/1.1 200) 4 headers in 158 bytes (1 switches on core 0)
Jun 18 13:04:25.503537 np0000003137 devstack@g-api.service[98810]: DEBUG glance.api.middleware.version_negotiation [None req-b8791ebf-3ebd-45a1-b50e-da6ba131d1cf tempest-VolumesSnapshotTestJSON-541257008 tempest-VolumesSnapshotTestJSON-541257008-project-member] Determining version of request: GET /v2/schemas/image Accept: */* {{(pid=98810) process_request /opt/stack/glance/glance/api/middleware/version_negotiation.py:44}}
Jun 18 13:04:25.504051 np0000003137 devstack@g-api.service[98810]: DEBUG glance.api.middleware.version_negotiation [None req-b8791ebf-3ebd-45a1-b50e-da6ba131d1cf tempest-VolumesSnapshotTestJSON-541257008 tempest-VolumesSnapshotTestJSON-541257008-project-member] Using url versioning {{(pid=98810) process_request /opt/stack/glance/glance/api/middleware/version_negotiation.py:57}}
